000
CDUS41 KLWX 160524
CLIBWI


CLIMATE REPORT
NATIONAL WEATHER SERVICE BALTIMORE MD/WASHINGTON DC
1223 AM EST MON JAN 16 2017


...................................

...THE BALTIMORE MD CLIMATE SUMMARY FOR JANUARY 15 2017...

CLIMATE NORMAL PERIOD 1981 TO 2010
CLIMATE RECORD PERIOD 1870 TO 2017


WEATHER ITEM   OBSERVED TIME   RECORD YEAR NORMAL DEPARTURE LAST
                VALUE   (LST)  VALUE       VALUE  FROM      YEAR
                                                  NORMAL
..................................................................
TEMPERATURE (F)
 YESTERDAY
  MAXIMUM         43    403 PM  78    1932  41      2       50
  MINIMUM         33    718 AM  -2    1964  24      9       27
  AVERAGE         38                        33      5       39

PRECIPITATION (IN)
  YESTERDAY        0.00          1.06 1998   0.10  -0.10     0.24
  MONTH TO DATE    1.83                      1.47   0.36     1.29
  SINCE DEC 1      4.60                      4.84  -0.24     7.14
  SINCE JAN 1      1.83                      1.47   0.36     1.29

SNOWFALL (IN)
  YESTERDAY        0.0           3.4  1957   0.2   -0.2
  MONTH TO DATE    0.7                       2.7   -2.0
  SINCE JUL 1      0.7                       6.1   -5.4
  SNOW DEPTH       0

DEGREE DAYS
 HEATING
  YESTERDAY       27                        32     -5       26
  MONTH TO DATE  425                       480    -55      450
  SINCE DEC 1   1243                      1357   -114      939
  SINCE JUL 1   1942                      2261   -319     1659

 COOLING
  YESTERDAY        0                         0      0        0
  MONTH TO DATE    0                         0      0        0
  SINCE DEC 1      0                         0      0        1
  SINCE JAN 1      0                         0      0        0
..................................................................


WIND (MPH)
  HIGHEST WIND SPEED    10   HIGHEST WIND DIRECTION     N (10)
  HIGHEST GUST SPEED    16   HIGHEST GUST DIRECTION     N (360)
  AVERAGE WIND SPEED     3.4


SKY COVER
  POSSIBLE SUNSHINE  MM
  AVERAGE SKY COVER 0.8


WEATHER CONDITIONS
 THE FOLLOWING WEATHER WAS RECORDED YESTERDAY.
  FOG


RELATIVE HUMIDITY (PERCENT)
 HIGHEST   100          1200 AM
 LOWEST     51          1200 PM
 AVERAGE    76

..........................................................


THE BALTIMORE MD CLIMATE NORMALS FOR TODAY
                         NORMAL    RECORD    YEAR
 MAXIMUM TEMPERATURE (F)   41        71      1953
 MINIMUM TEMPERATURE (F)   24         1      1893


SUNRISE AND SUNSET
JANUARY 16 2017.......SUNRISE   724 AM EST   SUNSET   509 PM EST
JANUARY 17 2017.......SUNRISE   724 AM EST   SUNSET   511 PM EST


-  INDICATES NEGATIVE NUMBERS.
R  INDICATES RECORD WAS SET OR TIED.
MM INDICATES DATA IS MISSING.
T  INDICATES TRACE AMOUNT.




$$
