000
CDUS41 KLWX 300523
CLIBWI


CLIMATE REPORT
NATIONAL WEATHER SERVICE BALTIMORE MD/WASHINGTON DC
121 AM EDT TUE SEP 30 2014


...................................

...THE BALTIMORE MD CLIMATE SUMMARY FOR SEPTEMBER 29 2014...

CLIMATE NORMAL PERIOD 1981 TO 2010
CLIMATE RECORD PERIOD 1870 TO 2014


WEATHER ITEM   OBSERVED TIME   RECORD YEAR NORMAL DEPARTURE LAST
                VALUE   (LST)  VALUE       VALUE  FROM      YEAR
                                                  NORMAL
..................................................................
TEMPERATURE (F)
 YESTERDAY
  MAXIMUM         70    434 PM  91    1945  73     -3       73
  MINIMUM         59    515 AM  38    1951  52      7       49
  AVERAGE         65                        62      3       61

PRECIPITATION (IN)
  YESTERDAY        0.01          2.00 1963   0.14  -0.13     0.00
  MONTH TO DATE    2.32                      3.89  -1.57     1.65
  SINCE SEP 1      2.32                      3.89  -1.57     1.65
  SINCE JAN 1     40.59                     31.74   8.85    27.22

SNOWFALL (IN)
  YESTERDAY        0.0          MM      MM   0.0    0.0
  MONTH TO DATE    0.0                       0.0    0.0
  SINCE JUL 1      0.0                       0.0    0.0
  SNOW DEPTH       0

DEGREE DAYS
 HEATING
  YESTERDAY        0                         4     -4        4
  MONTH TO DATE   37                        45     -8       50
  SINCE SEP 1     37                        45     -8       50
  SINCE JUL 1     37                        46     -9       50

 COOLING
  YESTERDAY        0                         2     -2        0
  MONTH TO DATE  149                       132     17      143
  SINCE SEP 1    149                       132     17      143
  SINCE JAN 1   1066                      1142    -76     1288
..................................................................


WIND (MPH)
  HIGHEST WIND SPEED     6   HIGHEST WIND DIRECTION     S (170)
  HIGHEST GUST SPEED     8   HIGHEST GUST DIRECTION     W (290)
  AVERAGE WIND SPEED     0.5


SKY COVER
  POSSIBLE SUNSHINE  MM
  AVERAGE SKY COVER 0.9


WEATHER CONDITIONS
 THE FOLLOWING WEATHER WAS RECORDED YESTERDAY.
  LIGHT RAIN
  FOG
  HAZE


RELATIVE HUMIDITY (PERCENT)
 HIGHEST    97           100 AM
 LOWEST     78          1000 AM
 AVERAGE    88

..........................................................


THE BALTIMORE MD CLIMATE NORMALS FOR TODAY
                         NORMAL    RECORD    YEAR
 MAXIMUM TEMPERATURE (F)   72        92      1986
 MINIMUM TEMPERATURE (F)   52        39      1888


SUNRISE AND SUNSET
SEPTEMBER 30 2014.....SUNRISE   702 AM EDT   SUNSET   651 PM EDT
OCTOBER  1 2014.......SUNRISE   703 AM EDT   SUNSET   649 PM EDT


-  INDICATES NEGATIVE NUMBERS.
R  INDICATES RECORD WAS SET OR TIED.
MM INDICATES DATA IS MISSING.
T  INDICATES TRACE AMOUNT.




$$
