000
CDUS41 KLWX 042123
CLIBWI


CLIMATE REPORT
NATIONAL WEATHER SERVICE BALTIMORE MD/WASHINGTON DC
523 PM EDT FRI SEP 4 2015


...................................

...THE BALTIMORE MD CLIMATE SUMMARY FOR SEPTEMBER 4 2015...
VALID TODAY AS OF 0500 PM LOCAL TIME.

CLIMATE NORMAL PERIOD 1981 TO 2010
CLIMATE RECORD PERIOD 1870 TO 2015


WEATHER ITEM   OBSERVED TIME   RECORD YEAR NORMAL DEPARTURE LAST
                VALUE   (LST)  VALUE       VALUE  FROM      YEAR
                                                  NORMAL
..................................................................
TEMPERATURE (F)
 TODAY
  MAXIMUM         90    336 PM  96    1937  82      8       86
  MINIMUM         71    552 AM  50    1997  62      9       65
                                      1872
  AVERAGE         81                        72      9       76

PRECIPITATION (IN)
  TODAY            0.00          1.86 1935   0.12  -0.12     0.00
  MONTH TO DATE    0.00                      0.48  -0.48     0.14
  SINCE SEP 1      0.00                      0.48  -0.48     0.14
  SINCE JAN 1     36.24                     28.33   7.91    38.41

SNOWFALL (IN)
  TODAY            0.0          MM      MM   0.0    0.0
  MONTH TO DATE    0.0                       0.0    0.0
  SINCE JUL 1      T                         0.0    0.0
  SNOW DEPTH       0

DEGREE DAYS
 HEATING
  TODAY            0                         0      0        0
  MONTH TO DATE    0                         0      0        0
  SINCE SEP 1      0                         0      0        0
  SINCE JUL 1      0                         1     -1        0

 COOLING
  TODAY           16                         7      9       11
  MONTH TO DATE   64                        30     34       55
  SINCE SEP 1     64                        30     34       55
  SINCE JAN 1   1253                      1040    213      972
..................................................................


WIND (MPH)
  HIGHEST WIND SPEED    15   HIGHEST WIND DIRECTION     E (100)
  HIGHEST GUST SPEED    18   HIGHEST GUST DIRECTION     E (100)
  AVERAGE WIND SPEED     4.9


SKY COVER
  POSSIBLE SUNSHINE  MM
  AVERAGE SKY COVER 0.6


WEATHER CONDITIONS
 THE FOLLOWING WEATHER WAS RECORDED TODAY.
  FOG
  HAZE


RELATIVE HUMIDITY (PERCENT)
 HIGHEST    93           100 AM
 LOWEST     47           100 PM
 AVERAGE    70

..........................................................


THE BALTIMORE MD CLIMATE NORMALS FOR TOMORROW
                         NORMAL    RECORD    YEAR
 MAXIMUM TEMPERATURE (F)   82        96      1954
 MINIMUM TEMPERATURE (F)   62        47      1997


SUNRISE AND SUNSET
SEPTEMBER  4 2015.....SUNRISE   638 AM EDT   SUNSET   733 PM EDT
SEPTEMBER  5 2015.....SUNRISE   639 AM EDT   SUNSET   731 PM EDT


-  INDICATES NEGATIVE NUMBERS.
R  INDICATES RECORD WAS SET OR TIED.
MM INDICATES DATA IS MISSING.
T  INDICATES TRACE AMOUNT.




$$
