000
CDUS41 KLWX 210528
CLIBWI


CLIMATE REPORT
NATIONAL WEATHER SERVICE BALTIMORE MD/WASHINGTON DC
128 AM EDT TUE OCT 21 2014


...................................

...THE BALTIMORE MD CLIMATE SUMMARY FOR OCTOBER 20 2014...

CLIMATE NORMAL PERIOD 1981 TO 2010
CLIMATE RECORD PERIOD 1870 TO 2014


WEATHER ITEM   OBSERVED TIME   RECORD YEAR NORMAL DEPARTURE LAST
                VALUE   (LST)  VALUE       VALUE  FROM      YEAR
                                                  NORMAL
..................................................................
TEMPERATURE (F)
 YESTERDAY
  MAXIMUM         66    315 PM  87    1969  66      0       63
  MINIMUM         35    427 AM  28    1992  44     -9       42
                                      1981
                                      1972
  AVERAGE         51                        55     -4       53

PRECIPITATION (IN)
  YESTERDAY        T             2.69 1873   0.10  -0.10     0.00
  MONTH TO DATE    2.44                      2.17   0.27     7.50
  SINCE SEP 1      5.65                      6.20  -0.55     9.15
  SINCE JAN 1     43.92                     34.05   9.87    34.72

SNOWFALL (IN)
  YESTERDAY        0.0           T    1952   0.0    0.0
  MONTH TO DATE    0.0                       0.0    0.0
  SINCE JUL 1      0.0                       0.0    0.0
  SNOW DEPTH       0

DEGREE DAYS
 HEATING
  YESTERDAY       14                        11      3       12
  MONTH TO DATE  120                       159    -39       75
  SINCE SEP 1    157                       211    -54      127
  SINCE JUL 1    157                       212    -55      127

 COOLING
  YESTERDAY        0                         0      0        0
  MONTH TO DATE   12                        15     -3       51
  SINCE SEP 1    167                       150     17      194
  SINCE JAN 1   1084                      1160    -76     1339
..................................................................


WIND (MPH)
  HIGHEST WIND SPEED    17   HIGHEST WIND DIRECTION     S (200)
  HIGHEST GUST SPEED    24   HIGHEST GUST DIRECTION    SW (210)
  AVERAGE WIND SPEED     3.8


SKY COVER
  POSSIBLE SUNSHINE  MM
  AVERAGE SKY COVER 0.7


WEATHER CONDITIONS
 THE FOLLOWING WEATHER WAS RECORDED YESTERDAY.
  LIGHT RAIN


RELATIVE HUMIDITY (PERCENT)
 HIGHEST    92           200 AM
 LOWEST     43           100 PM
 AVERAGE    68

..........................................................


THE BALTIMORE MD CLIMATE NORMALS FOR TODAY
                         NORMAL    RECORD    YEAR
 MAXIMUM TEMPERATURE (F)   65        90      1947
 MINIMUM TEMPERATURE (F)   44        26      1952


SUNRISE AND SUNSET
OCTOBER 21 2014.......SUNRISE   722 AM EDT   SUNSET   619 PM EDT
OCTOBER 22 2014.......SUNRISE   724 AM EDT   SUNSET   618 PM EDT


-  INDICATES NEGATIVE NUMBERS.
R  INDICATES RECORD WAS SET OR TIED.
MM INDICATES DATA IS MISSING.
T  INDICATES TRACE AMOUNT.




$$
