000
CDUS45 KRIW 280734
CLIBYG


CLIMATE REPORT
NATIONAL WEATHER SERVICE RIVERTON WY
1234 AM MST SAT FEB 28 2015


...................................

...THE BUFFALO WY CLIMATE SUMMARY FOR FEBRUARY 27 2015...

CLIMATE NORMAL PERIOD 1981 TO 2010
CLIMATE RECORD PERIOD 1998 TO 2015


WEATHER ITEM   OBSERVED TIME   RECORD YEAR NORMAL DEPARTURE LAST
                VALUE   (LST)  VALUE       VALUE  FROM      YEAR
                                                  NORMAL
..................................................................
TEMPERATURE (F)
 YESTERDAY
  MAXIMUM         22    351 PM  64    2006  41    -19       45
  MINIMUM         -3R   700 AM   4    2009  19    -22       14
  AVERAGE         10                        30    -20       30

PRECIPITATION (IN)
  YESTERDAY        0.00          0.01 2009   0.01  -0.01     0.00
                                      2007
                                      2004
  MONTH TO DATE    0.48                      0.33   0.15     0.15
  SINCE DEC 1      0.72                      1.15  -0.43     0.60
  SINCE JAN 1      0.64                      0.75  -0.11     0.36

DEGREE DAYS
 HEATING
  YESTERDAY       55                        35     20       35
  MONTH TO DATE  899                       999   -100     1250
  SINCE DEC 1   2884                      3372   -488     3489
  SINCE JUL 1   4640                      5206   -566     5197

 COOLING
  YESTERDAY        0                         0      0        0
  MONTH TO DATE    0                         0      0        0
  SINCE DEC 1      0                         0      0        0
  SINCE JAN 1      0                         0      0        0
..................................................................


WIND (MPH)
  HIGHEST WIND SPEED    22   HIGHEST WIND DIRECTION     S (160)
  HIGHEST GUST SPEED    26   HIGHEST GUST DIRECTION     S (160)
  AVERAGE WIND SPEED     9.7


SKY COVER
  POSSIBLE SUNSHINE  MM
  AVERAGE SKY COVER 0.2


WEATHER CONDITIONS
 THE FOLLOWING WEATHER WAS RECORDED YESTERDAY.
  NO SIGNIFICANT WEATHER WAS OBSERVED.


RELATIVE HUMIDITY (PERCENT)
 HIGHEST    87           100 AM
 LOWEST     41           300 PM
 AVERAGE    64

..........................................................


THE BUFFALO WY CLIMATE NORMALS FOR TODAY
                         NORMAL    RECORD    YEAR
 MAXIMUM TEMPERATURE (F)   41        66      2006
 MINIMUM TEMPERATURE (F)   19        -2      2002


SUNRISE AND SUNSET
FEBRUARY 28 2015......SUNRISE   646 AM MST   SUNSET   553 PM MST
MARCH  1 2015.........SUNRISE   644 AM MST   SUNSET   555 PM MST


-  INDICATES NEGATIVE NUMBERS.
R  INDICATES RECORD WAS SET OR TIED.
MM INDICATES DATA IS MISSING.
T  INDICATES TRACE AMOUNT.




$$
