000
CDUS45 KRIW 180731
CLIBYG


CLIMATE REPORT
NATIONAL WEATHER SERVICE RIVERTON WY
130 AM MDT FRI APR 18 2014


...................................

...THE BUFFALO WY CLIMATE SUMMARY FOR APRIL 17 2014...

CLIMATE NORMAL PERIOD 1981 TO 2010
CLIMATE RECORD PERIOD 1998 TO 2014


WEATHER ITEM   OBSERVED TIME   RECORD YEAR NORMAL DEPARTURE LAST
                VALUE   (LST)  VALUE       VALUE  FROM      YEAR
                                                  NORMAL
..................................................................
TEMPERATURE (F)
 YESTERDAY
  MAXIMUM         60    456 PM  78    2005  54      6       27
  MINIMUM         27    351 AM  16    2013  33     -6       16
  AVERAGE         44                        44      0       22

PRECIPITATION (IN)
  YESTERDAY        0.00          0.25 2011   0.04  -0.04     0.02
  MONTH TO DATE    0.59                      0.54   0.05     0.36
  SINCE MAR 1      1.20                      1.46  -0.26     0.44
  SINCE JAN 1      1.56                      2.23  -0.67     1.05

DEGREE DAYS
 HEATING
  YESTERDAY       21                        21      0       43
  MONTH TO DATE  435                       406     29      493
  SINCE MAR 1   1431                      1356     75     1428
  SINCE JUL 1   6675                      6596     79     6377

 COOLING
  YESTERDAY        0                         0      0        0
  MONTH TO DATE    0                         0      0        0
  SINCE MAR 1      0                         0      0        0
  SINCE JAN 1      0                         0      0        0
..................................................................


WIND (MPH)
  HIGHEST WIND SPEED    14   HIGHEST WIND DIRECTION     S (190)
  HIGHEST GUST SPEED    19   HIGHEST GUST DIRECTION     E (80)
  AVERAGE WIND SPEED     5.0


SKY COVER
  POSSIBLE SUNSHINE  MM
  AVERAGE SKY COVER 0.5


WEATHER CONDITIONS
 THE FOLLOWING WEATHER WAS RECORDED YESTERDAY.
  FOG
  FOG W/VISIBILITY <= 1/4 MILE


RELATIVE HUMIDITY (PERCENT)
 HIGHEST   100           100 AM
 LOWEST     23           500 PM
 AVERAGE    62

..........................................................


THE BUFFALO WY CLIMATE NORMALS FOR TODAY
                         NORMAL    RECORD    YEAR
 MAXIMUM TEMPERATURE (F)   55        77      2001
 MINIMUM TEMPERATURE (F)   33        10      2013


SUNRISE AND SUNSET
APRIL 18 2014.........SUNRISE   618 AM MDT   SUNSET   755 PM MDT
APRIL 19 2014.........SUNRISE   616 AM MDT   SUNSET   756 PM MDT


-  INDICATES NEGATIVE NUMBERS.
R  INDICATES RECORD WAS SET OR TIED.
MM INDICATES DATA IS MISSING.
T  INDICATES TRACE AMOUNT.




$$
