000
CDUS45 KRIW 250753
CLIBYG


CLIMATE REPORT
NATIONAL WEATHER SERVICE RIVERTON WY
146 AM MDT SAT OCT 25 2014


...................................

...THE BUFFALO WY CLIMATE SUMMARY FOR OCTOBER 24 2014...

CLIMATE NORMAL PERIOD 1981 TO 2010
CLIMATE RECORD PERIOD 1998 TO 2014


WEATHER ITEM   OBSERVED TIME   RECORD YEAR NORMAL DEPARTURE LAST
                VALUE   (LST)  VALUE       VALUE  FROM      YEAR
                                                  NORMAL
..................................................................
TEMPERATURE (F)
 YESTERDAY
  MAXIMUM         68    212 PM  77    2007  55     13       56
  MINIMUM         37   1121 PM  22    2012  32      5       32
  AVERAGE         53                        44      9       44

PRECIPITATION (IN)
  YESTERDAY        0.00          0.09 2009   0.02  -0.02     0.00
  MONTH TO DATE    0.20                      0.84  -0.64     1.95
  SINCE SEP 1      1.30                      2.15  -0.85     5.29
  SINCE JAN 1     11.51                     12.42  -0.91     9.71

DEGREE DAYS
 HEATING
  YESTERDAY       12                        21     -9       21
  MONTH TO DATE  282                       432   -150      517
  SINCE SEP 1    520                       681   -161      668
  SINCE JUL 1    579                       746   -167      669

 COOLING
  YESTERDAY        0                         0      0        0
  MONTH TO DATE    2                         0      2        0
  SINCE SEP 1     53                        45      8       95
  SINCE JAN 1    387                       491   -104      709
..................................................................


WIND (MPH)
  HIGHEST WIND SPEED    15   HIGHEST WIND DIRECTION     N (340)
  HIGHEST GUST SPEED    24   HIGHEST GUST DIRECTION     N (340)
  AVERAGE WIND SPEED     5.7


SKY COVER
  POSSIBLE SUNSHINE  MM
  AVERAGE SKY COVER 0.1


WEATHER CONDITIONS
 THE FOLLOWING WEATHER WAS RECORDED YESTERDAY.
  NO SIGNIFICANT WEATHER WAS OBSERVED.


RELATIVE HUMIDITY (PERCENT)
 HIGHEST    62           900 PM
 LOWEST     22           100 PM
 AVERAGE    42

..........................................................


THE BUFFALO WY CLIMATE NORMALS FOR TODAY
                         NORMAL    RECORD    YEAR
 MAXIMUM TEMPERATURE (F)   55        74      2007
 MINIMUM TEMPERATURE (F)   32        21      2012
                                             2001


SUNRISE AND SUNSET
OCTOBER 25 2014.......SUNRISE   735 AM MDT   SUNSET   606 PM MDT
OCTOBER 26 2014.......SUNRISE   736 AM MDT   SUNSET   605 PM MDT


-  INDICATES NEGATIVE NUMBERS.
R  INDICATES RECORD WAS SET OR TIED.
MM INDICATES DATA IS MISSING.
T  INDICATES TRACE AMOUNT.




$$
