000
CDUS45 KRIW 060748
CLIBYG


CLIMATE REPORT
NATIONAL WEATHER SERVICE RIVERTON WY
1246 AM MST SAT FEB 6 2016


...................................

...THE BUFFALO WY CLIMATE SUMMARY FOR FEBRUARY 5 2016...

CLIMATE NORMAL PERIOD 1981 TO 2010
CLIMATE RECORD PERIOD 1998 TO 2016


WEATHER ITEM   OBSERVED TIME   RECORD YEAR NORMAL DEPARTURE LAST
                VALUE   (LST)  VALUE       VALUE  FROM      YEAR
                                                  NORMAL
..................................................................
TEMPERATURE (F)
 YESTERDAY
  MAXIMUM         35    155 PM  59    2015  37     -2       59
  MINIMUM         23    834 AM -20    2014  17      6       27
  AVERAGE         29                        27      2       43

PRECIPITATION (IN)
  YESTERDAY        T             0.02 2003   0.02  -0.02     0.00
  MONTH TO DATE    0.21                      0.07   0.14     0.03
  SINCE DEC 1      0.44                      0.89  -0.45     0.27
  SINCE JAN 1      0.34                      0.49  -0.15     0.19

DEGREE DAYS
 HEATING
  YESTERDAY       36                        38     -2       22
  MONTH TO DATE  216                       190     26      178
  SINCE DEC 1   2373                      2563   -190     2163
  SINCE JUL 1   3802                      4397   -595     3919

 COOLING
  YESTERDAY        0                         0      0        0
  MONTH TO DATE    0                         0      0        0
  SINCE DEC 1      0                         0      0        0
  SINCE JAN 1      0                         0      0        0
..................................................................


WIND (MPH)
  HIGHEST WIND SPEED    29   HIGHEST WIND DIRECTION    NW (330)
  HIGHEST GUST SPEED    39   HIGHEST GUST DIRECTION     N (340)
  AVERAGE WIND SPEED     9.8


SKY COVER
  POSSIBLE SUNSHINE  MM
  AVERAGE SKY COVER 0.1


WEATHER CONDITIONS
 THE FOLLOWING WEATHER WAS RECORDED YESTERDAY.
  LIGHT SNOW
  FOG


RELATIVE HUMIDITY (PERCENT)
 HIGHEST    75           300 AM
 LOWEST     41          1100 AM
 AVERAGE    58

..........................................................


THE BUFFALO WY CLIMATE NORMALS FOR TODAY
                         NORMAL    RECORD    YEAR
 MAXIMUM TEMPERATURE (F)   37        69      2015
 MINIMUM TEMPERATURE (F)   17       -22      2014


SUNRISE AND SUNSET
FEBRUARY  6 2016......SUNRISE   720 AM MST   SUNSET   523 PM MST
FEBRUARY  7 2016......SUNRISE   718 AM MST   SUNSET   524 PM MST


-  INDICATES NEGATIVE NUMBERS.
R  INDICATES RECORD WAS SET OR TIED.
MM INDICATES DATA IS MISSING.
T  INDICATES TRACE AMOUNT.




$$
