000
CDUS45 KRIW 270731
CLIBYG


CLIMATE REPORT
NATIONAL WEATHER SERVICE RIVERTON WY
1229 AM MST MON FEB 27 2017


...................................

...THE BUFFALO WY CLIMATE SUMMARY FOR FEBRUARY 26 2017...

CLIMATE NORMAL PERIOD 1981 TO 2010
CLIMATE RECORD PERIOD 1998 TO 2017


WEATHER ITEM   OBSERVED TIME   RECORD YEAR NORMAL DEPARTURE LAST
                VALUE   (LST)  VALUE       VALUE  FROM      YEAR
                                                  NORMAL
..................................................................
TEMPERATURE (F)
 YESTERDAY
  MAXIMUM         29    220 PM  61    2016  40    -11       61
  MINIMUM         11    441 AM  -7    2011  19     -8       29
                                      2002
  AVERAGE         20                        30    -10       45

PRECIPITATION (IN)
  YESTERDAY        0.00          0.07 2015   0.01  -0.01     0.00
  MONTH TO DATE    0.33                      0.32   0.01     0.45
  SINCE DEC 1      0.68                      1.14  -0.46     0.68
  SINCE JAN 1      0.43                      0.74  -0.31     0.58

DEGREE DAYS
 HEATING
  YESTERDAY       45                        35     10       20
  MONTH TO DATE  835                       964   -129      743
  SINCE DEC 1   3580                      3337    243     2900
  SINCE JUL 1   4762                      5171   -409     4329

 COOLING
  YESTERDAY        0                         0      0        0
  MONTH TO DATE    0                         0      0        0
  SINCE DEC 1      0                         0      0        0
  SINCE JAN 1      0                         0      0        0
..................................................................


WIND (MPH)
  HIGHEST WIND SPEED    13   HIGHEST WIND DIRECTION     S (180)
  HIGHEST GUST SPEED    14   HIGHEST GUST DIRECTION     S (170)
  AVERAGE WIND SPEED     6.2


SKY COVER
  POSSIBLE SUNSHINE  MM
  AVERAGE SKY COVER 0.1


WEATHER CONDITIONS
 THE FOLLOWING WEATHER WAS RECORDED YESTERDAY.
  NO SIGNIFICANT WEATHER WAS OBSERVED.


RELATIVE HUMIDITY (PERCENT)
 HIGHEST    58          1200 AM
 LOWEST     39          1100 AM
 AVERAGE    49

..........................................................


THE BUFFALO WY CLIMATE NORMALS FOR TODAY
                         NORMAL    RECORD    YEAR
 MAXIMUM TEMPERATURE (F)   41        65      2016
 MINIMUM TEMPERATURE (F)   19        -3      2015


SUNRISE AND SUNSET
FEBRUARY 27 2017......SUNRISE   647 AM MST   SUNSET   553 PM MST
FEBRUARY 28 2017......SUNRISE   645 AM MST   SUNSET   554 PM MST


-  INDICATES NEGATIVE NUMBERS.
R  INDICATES RECORD WAS SET OR TIED.
MM INDICATES DATA IS MISSING.
T  INDICATES TRACE AMOUNT.




$$
