000
CDUS45 KRIW 280738
CLIBYG


CLIMATE REPORT
NATIONAL WEATHER SERVICE RIVERTON WY
1231 AM MST SUN DEC 28 2014


...................................

...THE BUFFALO WY CLIMATE SUMMARY FOR DECEMBER 27 2014...

CLIMATE NORMAL PERIOD 1981 TO 2010
CLIMATE RECORD PERIOD 1998 TO 2014


WEATHER ITEM   OBSERVED TIME   RECORD YEAR NORMAL DEPARTURE LAST
                VALUE   (LST)  VALUE       VALUE  FROM      YEAR
                                                  NORMAL
..................................................................
TEMPERATURE (F)
 YESTERDAY
  MAXIMUM         26    203 PM  60    2004  37    -11       58
  MINIMUM          3R   656 AM   4    2009  15    -12       35
  AVERAGE         15                        26    -11       47

PRECIPITATION (IN)
  YESTERDAY        0.00          T    2005   0.01  -0.01     0.00
                                      2005
                                      2012
  MONTH TO DATE    0.07                      0.35  -0.28     0.21
  SINCE DEC 1      0.07                      0.35  -0.28     0.21
  SINCE JAN 1     11.93                     13.40  -1.47    10.34

DEGREE DAYS
 HEATING
  YESTERDAY       50                        39     11       18
  MONTH TO DATE  687                      1061   -374      946
  SINCE DEC 1    687                      1061   -374      946
  SINCE JUL 1   2443                      2895   -452     2654

 COOLING
  YESTERDAY        0                         0      0        0
  MONTH TO DATE    0                         0      0        0
  SINCE DEC 1      0                         0      0        0
  SINCE JAN 1    387                       492   -105      709
..................................................................


WIND (MPH)
  HIGHEST WIND SPEED    13   HIGHEST WIND DIRECTION     S (180)
  HIGHEST GUST SPEED    14   HIGHEST GUST DIRECTION     S (190)
  AVERAGE WIND SPEED     4.1


SKY COVER
  POSSIBLE SUNSHINE  MM
  AVERAGE SKY COVER 0.1


WEATHER CONDITIONS
 THE FOLLOWING WEATHER WAS RECORDED YESTERDAY.
  NO SIGNIFICANT WEATHER WAS OBSERVED.


RELATIVE HUMIDITY (PERCENT)
 HIGHEST    92          1200 AM
 LOWEST     46          1200 PM
 AVERAGE    69

..........................................................


THE BUFFALO WY CLIMATE NORMALS FOR TODAY
                         NORMAL    RECORD    YEAR
 MAXIMUM TEMPERATURE (F)   38        63      2004
 MINIMUM TEMPERATURE (F)   15         2      2001


SUNRISE AND SUNSET
DECEMBER 28 2014......SUNRISE   742 AM MST   SUNSET   435 PM MST
DECEMBER 29 2014......SUNRISE   743 AM MST   SUNSET   436 PM MST


-  INDICATES NEGATIVE NUMBERS.
R  INDICATES RECORD WAS SET OR TIED.
MM INDICATES DATA IS MISSING.
T  INDICATES TRACE AMOUNT.




$$
