000
CDUS45 KRIW 300733
CLIBYG


CLIMATE REPORT
NATIONAL WEATHER SERVICE RIVERTON WY
132 AM MDT TUE SEP 30 2014


...................................

...THE BUFFALO WY CLIMATE SUMMARY FOR SEPTEMBER 29 2014...

CLIMATE NORMAL PERIOD 1981 TO 2010
CLIMATE RECORD PERIOD 1998 TO 2014


WEATHER ITEM   OBSERVED TIME   RECORD YEAR NORMAL DEPARTURE LAST
                VALUE   (LST)  VALUE       VALUE  FROM      YEAR
                                                  NORMAL
..................................................................
TEMPERATURE (F)
 YESTERDAY
  MAXIMUM         65    414 PM  88    2009  64      1       66
  MINIMUM         45    444 AM  29    1999  39      6       44
  AVERAGE         55                        52      3       55

PRECIPITATION (IN)
  YESTERDAY        0.16R         0.01 2007   0.06   0.10     0.00
  MONTH TO DATE    1.08                      1.25  -0.17     3.34
  SINCE SEP 1      1.08                      1.25  -0.17     3.34
  SINCE JAN 1     11.29                     11.52  -0.23     7.76

DEGREE DAYS
 HEATING
  YESTERDAY       10                        14     -4       10
  MONTH TO DATE  228                       235     -7      144
  SINCE SEP 1    228                       235     -7      144
  SINCE JUL 1    287                       300    -13      145

 COOLING
  YESTERDAY        0                         0      0        0
  MONTH TO DATE   51                        44      7       95
  SINCE SEP 1     51                        44      7       95
  SINCE JAN 1    385                       490   -105      709
..................................................................


WIND (MPH)
  HIGHEST WIND SPEED    22   HIGHEST WIND DIRECTION     S (170)
  HIGHEST GUST SPEED    28   HIGHEST GUST DIRECTION     S (170)
  AVERAGE WIND SPEED     8.8


SKY COVER
  POSSIBLE SUNSHINE  MM
  AVERAGE SKY COVER 0.5


WEATHER CONDITIONS
 THE FOLLOWING WEATHER WAS RECORDED YESTERDAY.
  RAIN
  LIGHT RAIN
  FOG
  FOG W/VISIBILITY <= 1/4 MILE


RELATIVE HUMIDITY (PERCENT)
 HIGHEST   100           300 AM
 LOWEST     56           300 PM
 AVERAGE    78

..........................................................


THE BUFFALO WY CLIMATE NORMALS FOR TODAY
                         NORMAL    RECORD    YEAR
 MAXIMUM TEMPERATURE (F)   64        85      2011
 MINIMUM TEMPERATURE (F)   39        32      2003


SUNRISE AND SUNSET
SEPTEMBER 30 2014.....SUNRISE   704 AM MDT   SUNSET   649 PM MDT
OCTOBER  1 2014.......SUNRISE   705 AM MDT   SUNSET   647 PM MDT


-  INDICATES NEGATIVE NUMBERS.
R  INDICATES RECORD WAS SET OR TIED.
MM INDICATES DATA IS MISSING.
T  INDICATES TRACE AMOUNT.




$$
