000
CDUS45 KRIW 020736
CLIBYG


CLIMATE REPORT
NATIONAL WEATHER SERVICE RIVERTON WY
132 AM MDT SAT AUG 2 2014


...................................

...THE BUFFALO WY CLIMATE SUMMARY FOR AUGUST 1 2014...

CLIMATE NORMAL PERIOD 1981 TO 2010
CLIMATE RECORD PERIOD 1998 TO 2014


WEATHER ITEM   OBSERVED TIME   RECORD YEAR NORMAL DEPARTURE LAST
                VALUE   (LST)  VALUE       VALUE  FROM      YEAR
                                                  NORMAL
..................................................................
TEMPERATURE (F)
 YESTERDAY
  MAXIMUM         89   1210 PM 101    2008  86      3       89
  MINIMUM         60    528 AM  46    2009  58      2       59
  AVERAGE         75                        72      3       74

PRECIPITATION (IN)
  YESTERDAY        0.00          0.11 2010   0.04  -0.04     0.05
  MONTH TO DATE    0.00                      0.04  -0.04     0.05
  SINCE JUN 1      3.85                      3.98  -0.13     1.11
  SINCE JAN 1      7.61                      9.50  -1.89     4.24

DEGREE DAYS
 HEATING
  YESTERDAY        0                         1     -1        0
  MONTH TO DATE    0                         1     -1        0
  SINCE JUN 1    217                       189     28      101
  SINCE JUL 1     11                        26    -15        1

 COOLING
  YESTERDAY       10                         8      2        9
  MONTH TO DATE   10                         8      2        9
  SINCE JUN 1    204                       262    -58      344
  SINCE JAN 1    215                       269    -54      354
..................................................................


WIND (MPH)
  HIGHEST WIND SPEED    30   HIGHEST WIND DIRECTION     W (260)
  HIGHEST GUST SPEED    37   HIGHEST GUST DIRECTION     W (260)
  AVERAGE WIND SPEED    10.5


SKY COVER
  POSSIBLE SUNSHINE  MM
  AVERAGE SKY COVER 0.0


WEATHER CONDITIONS
 THE FOLLOWING WEATHER WAS RECORDED YESTERDAY.
  NO SIGNIFICANT WEATHER WAS OBSERVED.


RELATIVE HUMIDITY (PERCENT)
 HIGHEST    40           600 AM
 LOWEST     16          1200 PM
 AVERAGE    28

..........................................................


THE BUFFALO WY CLIMATE NORMALS FOR TODAY
                         NORMAL    RECORD    YEAR
 MAXIMUM TEMPERATURE (F)   86        97      2001
 MINIMUM TEMPERATURE (F)   58        49      1999


SUNRISE AND SUNSET
AUGUST  2 2014........SUNRISE   555 AM MDT   SUNSET   830 PM MDT
AUGUST  3 2014........SUNRISE   556 AM MDT   SUNSET   829 PM MDT


-  INDICATES NEGATIVE NUMBERS.
R  INDICATES RECORD WAS SET OR TIED.
MM INDICATES DATA IS MISSING.
T  INDICATES TRACE AMOUNT.




$$
