000
CDUS45 KPIH 100732
CLIBYI


CLIMATE REPORT
NATIONAL WEATHER SERVICE POCATELLO ID
132 AM MDT THU JUL 10 2014


...................................

...THE BURLEY ID CLIMATE SUMMARY FOR JULY 9 2014...

CLIMATE NORMAL PERIOD 1981 TO 2010
CLIMATE RECORD PERIOD 1948 TO 2014


WEATHER ITEM   OBSERVED TIME   RECORD YEAR NORMAL DEPARTURE LAST
                VALUE   (LST)  VALUE       VALUE  FROM      YEAR
                                                  NORMAL
..................................................................
TEMPERATURE (F)
 YESTERDAY
  MAXIMUM         90    311 PM 102    1994  84      6       91
  MINIMUM         58    520 AM  43    1981  53      5       53
  AVERAGE         74                        69      5       72

PRECIPITATION (IN)
  YESTERDAY        0.00          0.32 1983   0.01  -0.01     0.00
  MONTH TO DATE    T                         0.10  -0.10     0.01
  SINCE OCT 1      7.37                      8.99  -1.62     5.90
  SINCE JAN 1      6.76                      6.16   0.60     2.30

SNOWFALL (IN)
  YESTERDAY       MM
  MONTH TO DATE   MM
  SINCE JUN 1     MM
  SINCE JUL 1     MM
  SNOW DEPTH      MM

DEGREE DAYS
 HEATING
  YESTERDAY        0                         1     -1        0
  MONTH TO DATE    0                        11    -11        0
  SINCE JUN 1    104                       145    -41      101
  SINCE JUL 1      0                        11    -11        0

 COOLING
  YESTERDAY        9                         5      4        7
  MONTH TO DATE   67                        34     33       99
  SINCE JUN 1     86                        81      5      185
  SINCE JAN 1     87                        87      0      195
..................................................................


WIND (MPH)
  HIGHEST WIND SPEED    18   HIGHEST WIND DIRECTION     W (250)
  HIGHEST GUST SPEED    26   HIGHEST GUST DIRECTION     W (250)
  AVERAGE WIND SPEED     9.2


SKY COVER
  POSSIBLE SUNSHINE  MM
  AVERAGE SKY COVER 0.0


WEATHER CONDITIONS
 THE FOLLOWING WEATHER WAS RECORDED YESTERDAY.
  NO SIGNIFICANT WEATHER WAS OBSERVED.


RELATIVE HUMIDITY (PERCENT)
 HIGHEST    60           100 AM
 LOWEST     25           500 PM
 AVERAGE    43

..........................................................


THE BURLEY ID CLIMATE NORMALS FOR TODAY
                         NORMAL    RECORD    YEAR
 MAXIMUM TEMPERATURE (F)   84       102      1973
 MINIMUM TEMPERATURE (F)   53        43      1983


SUNRISE AND SUNSET
JULY 10 2014..........SUNRISE   607 AM MDT   SUNSET   913 PM MDT
JULY 11 2014..........SUNRISE   608 AM MDT   SUNSET   913 PM MDT


-  INDICATES NEGATIVE NUMBERS.
R  INDICATES RECORD WAS SET OR TIED.
MM INDICATES DATA IS MISSING.
T  INDICATES TRACE AMOUNT.




$$
