000
CDUS45 KPIH 242331
CLIBYI


CLIMATE REPORT
NATIONAL WEATHER SERVICE POCATELLO ID
428 PM MST MON NOV 24 2014


...................................

...THE BURLEY ID CLIMATE SUMMARY FOR NOVEMBER 24 2014...
VALID TODAY AS OF 0400 PM LOCAL TIME.

CLIMATE NORMAL PERIOD 1981 TO 2010
CLIMATE RECORD PERIOD 1948 TO 2014


WEATHER ITEM   OBSERVED TIME   RECORD YEAR NORMAL DEPARTURE LAST
                VALUE   (LST)  VALUE       VALUE  FROM      YEAR
                                                  NORMAL
..................................................................
TEMPERATURE (F)
 TODAY
  MAXIMUM         42    309 PM  66    1995  41      1       42
  MINIMUM         31    820 AM   3    2010  23      8       11
  AVERAGE         37                        32      5       27

PRECIPITATION (IN)
  TODAY            0.00          0.47 1984   0.03  -0.03     0.00
  MONTH TO DATE    1.05                      0.73   0.32     0.19
  SINCE OCT 1      1.17                      1.49  -0.32     0.44
  SINCE JAN 1     11.09                      8.80   2.29     4.52

SNOWFALL (IN)
  TODAY           MM
  MONTH TO DATE   MM
  SINCE SEP 1     MM
  SINCE JUL 1     MM
  SNOW DEPTH      MM

DEGREE DAYS
 HEATING
  TODAY           28                        33     -5       38
  MONTH TO DATE  729                       674     55      643
  SINCE SEP 1   1232                      1425   -193     1392
  SINCE JUL 1   1262                      1482   -220     1392

 COOLING
  TODAY            0                         0      0        0
  MONTH TO DATE    0                         0      0        0
  SINCE SEP 1     27                        21      6       54
  SINCE JAN 1    428                       365     63      642
..................................................................


WIND (MPH)
  HIGHEST WIND SPEED    24   HIGHEST WIND DIRECTION     W (260)
  HIGHEST GUST SPEED    33   HIGHEST GUST DIRECTION     W (280)
  AVERAGE WIND SPEED    15.7


SKY COVER
  POSSIBLE SUNSHINE  MM
  AVERAGE SKY COVER 0.1


WEATHER CONDITIONS
 THE FOLLOWING WEATHER WAS RECORDED TODAY.
  NO SIGNIFICANT WEATHER WAS OBSERVED.


RELATIVE HUMIDITY (PERCENT)
 HIGHEST    78           500 AM
 LOWEST     46           400 PM
 AVERAGE    62

..........................................................


THE BURLEY ID CLIMATE NORMALS FOR TOMORROW
                         NORMAL    RECORD    YEAR
 MAXIMUM TEMPERATURE (F)   41        63      1990
 MINIMUM TEMPERATURE (F)   23        -6      1952


SUNRISE AND SUNSET
NOVEMBER 24 2014......SUNRISE   737 AM MST   SUNSET   506 PM MST
NOVEMBER 25 2014......SUNRISE   738 AM MST   SUNSET   505 PM MST


-  INDICATES NEGATIVE NUMBERS.
R  INDICATES RECORD WAS SET OR TIED.
MM INDICATES DATA IS MISSING.
T  INDICATES TRACE AMOUNT.




$$
