000
CDUS45 KPIH 292325
CLIBYI


CLIMATE REPORT
NATIONAL WEATHER SERVICE POCATELLO ID
523 PM MDT SUN MAY 29 2016


...................................

...THE BURLEY ID CLIMATE SUMMARY FOR MAY 29 2016...
VALID TODAY AS OF 0500 PM LOCAL TIME.

CLIMATE NORMAL PERIOD 1981 TO 2010
CLIMATE RECORD PERIOD 1948 TO 2016


WEATHER ITEM   OBSERVED TIME   RECORD YEAR NORMAL DEPARTURE LAST
                VALUE   (LST)  VALUE       VALUE  FROM      YEAR
                                                  NORMAL
..................................................................
TEMPERATURE (F)
 TODAY
  MAXIMUM         77    150 PM  92    2003  71      6       77
  MINIMUM         41    544 AM  33    1982  44     -3       50
  AVERAGE         59                        58      1       64

PRECIPITATION (IN)
  TODAY            0.00          1.21 1964   0.04  -0.04     0.00
  MONTH TO DATE    1.27                      1.31  -0.04     3.65
  SINCE OCT 1      7.90                      7.94  -0.04     7.22
  SINCE JAN 1      5.10                      5.11  -0.01     5.17

SNOWFALL (IN)
  TODAY           MM
  MONTH TO DATE   MM
  SINCE MAR 1     MM
  SINCE JUL 1     MM
  SNOW DEPTH      MM

DEGREE DAYS
 HEATING
  TODAY            6                         8     -2        1
  MONTH TO DATE  286                       327    -41      265
  SINCE MAR 1   1389                      1693   -304     1388
  SINCE JUL 1   5896                      6715   -819     5365

 COOLING
  TODAY            0                         0      0        0
  MONTH TO DATE    4                         0      4        0
  SINCE MAR 1      4                         0      4        0
  SINCE JAN 1      4                         0      4        0
..................................................................


WIND (MPH)
  HIGHEST WIND SPEED    16   HIGHEST WIND DIRECTION     W (280)
  HIGHEST GUST SPEED    22   HIGHEST GUST DIRECTION     W (290)
  AVERAGE WIND SPEED     3.3


SKY COVER
  POSSIBLE SUNSHINE  MM
  AVERAGE SKY COVER 0.1


WEATHER CONDITIONS
 THE FOLLOWING WEATHER WAS RECORDED TODAY.
  NO SIGNIFICANT WEATHER WAS OBSERVED.


RELATIVE HUMIDITY (PERCENT)
 HIGHEST    89           400 AM
 LOWEST     25           100 PM
 AVERAGE    57

..........................................................


THE BURLEY ID CLIMATE NORMALS FOR TOMORROW
                         NORMAL    RECORD    YEAR
 MAXIMUM TEMPERATURE (F)   71        89      2002
 MINIMUM TEMPERATURE (F)   45        32      1979


SUNRISE AND SUNSET
MAY 29 2016...........SUNRISE   602 AM MDT   SUNSET   904 PM MDT
MAY 30 2016...........SUNRISE   601 AM MDT   SUNSET   905 PM MDT


-  INDICATES NEGATIVE NUMBERS.
R  INDICATES RECORD WAS SET OR TIED.
MM INDICATES DATA IS MISSING.
T  INDICATES TRACE AMOUNT.




$$
