000
CDUS45 KPIH 142322
CLIBYI


CLIMATE REPORT
NATIONAL WEATHER SERVICE POCATELLO ID
521 PM MDT SUN SEP 14 2014


...................................

...THE BURLEY ID CLIMATE SUMMARY FOR SEPTEMBER 14 2014...
VALID TODAY AS OF 0500 PM LOCAL TIME.

CLIMATE NORMAL PERIOD 1981 TO 2010
CLIMATE RECORD PERIOD 1948 TO 2014


WEATHER ITEM   OBSERVED TIME   RECORD YEAR NORMAL DEPARTURE LAST
                VALUE   (LST)  VALUE       VALUE  FROM      YEAR
                                                  NORMAL
..................................................................
TEMPERATURE (F)
 TODAY
  MAXIMUM         84    352 PM  97    1990  75      9       77
  MINIMUM         44    508 AM  28    1952  44      0       58
  AVERAGE         64                        59      5       68

PRECIPITATION (IN)
  TODAY            0.00          0.61 1959   0.02  -0.02     0.11
  MONTH TO DATE    0.00                      0.23  -0.23     1.02
  SINCE OCT 1     10.09                      9.82   0.27     7.32
  SINCE JAN 1      9.48                      6.99   2.49     3.72

SNOWFALL (IN)
  TODAY           MM
  MONTH TO DATE   MM
  SINCE SEP 1     MM
  SINCE JUL 1     MM
  SNOW DEPTH      MM

DEGREE DAYS
 HEATING
  TODAY            1                         6     -5        0
  MONTH TO DATE   65                        64      1        2
  SINCE SEP 1     65                        64      1        2
  SINCE JUL 1     95                       121    -26        2

 COOLING
  TODAY            0                         1     -1        3
  MONTH TO DATE    2                        17    -15       47
  SINCE SEP 1      2                        17    -15       47
  SINCE JAN 1    403                       361     42      635
..................................................................


WIND (MPH)
  HIGHEST WIND SPEED     6   HIGHEST WIND DIRECTION     N (10)
  HIGHEST GUST SPEED     8   HIGHEST GUST DIRECTION    NE (30)
  AVERAGE WIND SPEED     1.4


SKY COVER
  POSSIBLE SUNSHINE  MM
  AVERAGE SKY COVER 0.0


WEATHER CONDITIONS
 THE FOLLOWING WEATHER WAS RECORDED TODAY.
  NO SIGNIFICANT WEATHER WAS OBSERVED.


RELATIVE HUMIDITY (PERCENT)
 HIGHEST    76           600 AM
 LOWEST     15           400 PM
 AVERAGE    46

..........................................................


THE BURLEY ID CLIMATE NORMALS FOR TOMORROW
                         NORMAL    RECORD    YEAR
 MAXIMUM TEMPERATURE (F)   75        95      1995
 MINIMUM TEMPERATURE (F)   43        32      1952


SUNRISE AND SUNSET
SEPTEMBER 14 2014.....SUNRISE   714 AM MDT   SUNSET   746 PM MDT
SEPTEMBER 15 2014.....SUNRISE   715 AM MDT   SUNSET   745 PM MDT


-  INDICATES NEGATIVE NUMBERS.
R  INDICATES RECORD WAS SET OR TIED.
MM INDICATES DATA IS MISSING.
T  INDICATES TRACE AMOUNT.




$$
