000
CDUS45 KPIH 290736
CLIBYI


CLIMATE REPORT
NATIONAL WEATHER SERVICE POCATELLO ID
135 AM MDT MON AUG 29 2016


...................................

...THE BURLEY ID CLIMATE SUMMARY FOR AUGUST 28 2016...

CLIMATE NORMAL PERIOD 1981 TO 2010
CLIMATE RECORD PERIOD 1948 TO 2016


WEATHER ITEM   OBSERVED TIME   RECORD YEAR NORMAL DEPARTURE LAST
                VALUE   (LST)  VALUE       VALUE  FROM      YEAR
                                                  NORMAL
..................................................................
TEMPERATURE (F)
 YESTERDAY
  MAXIMUM         83    412 PM  95    2012  82      1       MM
                                      1995
  MINIMUM         46    623 AM  33    1960  49     -3       52
  AVERAGE         65                        65      0       MM

PRECIPITATION (IN)
  YESTERDAY        0.00          0.07 2013   0.01  -0.01     0.00
  MONTH TO DATE    0.02                      0.35  -0.33     0.17
  SINCE OCT 1      8.19                      9.54  -1.35     8.49
  SINCE JAN 1      5.39                      6.71  -1.32     6.44

SNOWFALL (IN)
  YESTERDAY       MM
  MONTH TO DATE   MM
  SINCE JUN 1     MM
  SINCE JUL 1     MM
  SNOW DEPTH      MM

DEGREE DAYS
 HEATING
  YESTERDAY        0                         2     -2       MM
  MONTH TO DATE   30                        26      4        6
  SINCE JUN 1    106                       182    -76       51
  SINCE JUL 1     56                        48      8       25

 COOLING
  YESTERDAY        0                         2     -2       MM
  MONTH TO DATE   87                       125    -38      138
  SINCE JUN 1    324                       332     -8      441
  SINCE JAN 1    328                       338    -10      446
..................................................................


WIND (MPH)
  HIGHEST WIND SPEED    15   HIGHEST WIND DIRECTION     W (260)
  HIGHEST GUST SPEED    20   HIGHEST GUST DIRECTION     W (270)
  AVERAGE WIND SPEED     6.8


SKY COVER
  POSSIBLE SUNSHINE  MM
  AVERAGE SKY COVER 0.0


WEATHER CONDITIONS
 THE FOLLOWING WEATHER WAS RECORDED YESTERDAY.
  NO SIGNIFICANT WEATHER WAS OBSERVED.


RELATIVE HUMIDITY (PERCENT)
 HIGHEST    80           500 AM
 LOWEST     23           400 PM
 AVERAGE    52

..........................................................


THE BURLEY ID CLIMATE NORMALS FOR TODAY
                         NORMAL    RECORD    YEAR
 MAXIMUM TEMPERATURE (F)   81        99      1998
 MINIMUM TEMPERATURE (F)   48        33      1965


SUNRISE AND SUNSET
AUGUST 29 2016........SUNRISE   657 AM MDT   SUNSET   813 PM MDT
AUGUST 30 2016........SUNRISE   658 AM MDT   SUNSET   812 PM MDT


-  INDICATES NEGATIVE NUMBERS.
R  INDICATES RECORD WAS SET OR TIED.
MM INDICATES DATA IS MISSING.
T  INDICATES TRACE AMOUNT.




$$
