000
CDUS45 KPIH 300733
CLIBYI


CLIMATE REPORT
NATIONAL WEATHER SERVICE POCATELLO ID
131 AM MDT SAT JUL 30 2016


...................................

...THE BURLEY ID CLIMATE SUMMARY FOR JULY 29 2016...

CLIMATE NORMAL PERIOD 1981 TO 2010
CLIMATE RECORD PERIOD 1948 TO 2016


WEATHER ITEM   OBSERVED TIME   RECORD YEAR NORMAL DEPARTURE LAST
                VALUE   (LST)  VALUE       VALUE  FROM      YEAR
                                                  NORMAL
..................................................................
TEMPERATURE (F)
 YESTERDAY
  MAXIMUM         92    318 PM 101    2000  87      5       83
  MINIMUM         54    521 AM  41    2015  55     -1       41
                                      1959
  AVERAGE         73                        71      2       62

PRECIPITATION (IN)
  YESTERDAY        0.00          0.84 1975   0.01  -0.01     0.00
  MONTH TO DATE    0.24                      0.28  -0.04     1.10
  SINCE OCT 1      8.17                      9.17  -1.00     8.32
  SINCE JAN 1      5.37                      6.34  -0.97     6.27

SNOWFALL (IN)
  YESTERDAY       MM
  MONTH TO DATE   MM
  SINCE JUN 1     MM
  SINCE JUL 1     MM
  SNOW DEPTH      MM

DEGREE DAYS
 HEATING
  YESTERDAY        0                         0      0        3
  MONTH TO DATE   26                        20      6       19
  SINCE JUN 1     76                       154    -78       45
  SINCE JUL 1     26                        20      6       19

 COOLING
  YESTERDAY        8                         6      2        0
  MONTH TO DATE  115                       148    -33      145
  SINCE JUN 1    215                       195     20      293
  SINCE JAN 1    219                       201     18      298
..................................................................


WIND (MPH)
  HIGHEST WIND SPEED    15   HIGHEST WIND DIRECTION     W (250)
  HIGHEST GUST SPEED    18   HIGHEST GUST DIRECTION     W (270)
  AVERAGE WIND SPEED     6.5


SKY COVER
  POSSIBLE SUNSHINE  MM
  AVERAGE SKY COVER 0.0


WEATHER CONDITIONS
 THE FOLLOWING WEATHER WAS RECORDED YESTERDAY.
  HAZE


RELATIVE HUMIDITY (PERCENT)
 HIGHEST    72           400 AM
 LOWEST     19           600 PM
 AVERAGE    46

..........................................................


THE BURLEY ID CLIMATE NORMALS FOR TODAY
                         NORMAL    RECORD    YEAR
 MAXIMUM TEMPERATURE (F)   87       107      2000
 MINIMUM TEMPERATURE (F)   55        46      1950


SUNRISE AND SUNSET
JULY 30 2016..........SUNRISE   626 AM MDT   SUNSET   857 PM MDT
JULY 31 2016..........SUNRISE   627 AM MDT   SUNSET   855 PM MDT


-  INDICATES NEGATIVE NUMBERS.
R  INDICATES RECORD WAS SET OR TIED.
MM INDICATES DATA IS MISSING.
T  INDICATES TRACE AMOUNT.




$$
