654
CDUS45 KPIH 290736
CLIBYI


CLIMATE REPORT
NATIONAL WEATHER SERVICE POCATELLO ID
135 AM MDT THU SEP 29 2016


...................................

...THE BURLEY ID CLIMATE SUMMARY FOR SEPTEMBER 28 2016...

CLIMATE NORMAL PERIOD 1981 TO 2010
CLIMATE RECORD PERIOD 1948 TO 2016


WEATHER ITEM   OBSERVED TIME   RECORD YEAR NORMAL DEPARTURE LAST
                VALUE   (LST)  VALUE       VALUE  FROM      YEAR
                                                  NORMAL
..................................................................
TEMPERATURE (F)
 YESTERDAY
  MAXIMUM         82    423 PM  94    1994  69     13       80
  MINIMUM         43    411 AM  29    1985  39      4       45
  AVERAGE         63                        54      9       63

PRECIPITATION (IN)
  YESTERDAY        0.00          0.10 1959   0.02  -0.02     0.00
  MONTH TO DATE    3.31                      0.51   2.80     0.43
  SINCE OCT 1     11.50                     10.10   1.40     8.92
  SINCE JAN 1      8.70                      7.27   1.43     6.87

SNOWFALL (IN)
  YESTERDAY       MM
  MONTH TO DATE   MM
  SINCE SEP 1     MM
  SINCE JUL 1     MM
  SNOW DEPTH      MM

DEGREE DAYS
 HEATING
  YESTERDAY        2                        11     -9        2
  MONTH TO DATE  215                       188     27      120
  SINCE SEP 1    215                       188     27      120
  SINCE JUL 1    271                       245     26      149

 COOLING
  YESTERDAY        0                         0      0        0
  MONTH TO DATE    9                        19    -10       17
  SINCE SEP 1      9                        19    -10       17
  SINCE JAN 1    352                       363    -11      463
..................................................................


WIND (MPH)
  HIGHEST WIND SPEED    14   HIGHEST WIND DIRECTION    NE (50)
  HIGHEST GUST SPEED    18   HIGHEST GUST DIRECTION    SW (210)
  AVERAGE WIND SPEED     6.0


SKY COVER
  POSSIBLE SUNSHINE  MM
  AVERAGE SKY COVER 0.0


WEATHER CONDITIONS
 THE FOLLOWING WEATHER WAS RECORDED YESTERDAY.
  NO SIGNIFICANT WEATHER WAS OBSERVED.


RELATIVE HUMIDITY (PERCENT)
 HIGHEST   100           400 AM
 LOWEST     26           300 PM
 AVERAGE    63

..........................................................


THE BURLEY ID CLIMATE NORMALS FOR TODAY
                         NORMAL    RECORD    YEAR
 MAXIMUM TEMPERATURE (F)   68        89      1992
 MINIMUM TEMPERATURE (F)   39        23      1984


SUNRISE AND SUNSET
SEPTEMBER 29 2016.....SUNRISE   731 AM MDT   SUNSET   719 PM MDT
SEPTEMBER 30 2016.....SUNRISE   732 AM MDT   SUNSET   717 PM MDT


-  INDICATES NEGATIVE NUMBERS.
R  INDICATES RECORD WAS SET OR TIED.
MM INDICATES DATA IS MISSING.
T  INDICATES TRACE AMOUNT.




$$
