000
CDUS45 KPIH 030730
CLIBYI


CLIMATE REPORT
NATIONAL WEATHER SERVICE POCATELLO ID
1229 AM MST SAT DEC 3 2016


...................................

...THE BURLEY ID CLIMATE SUMMARY FOR DECEMBER 2 2016...

CLIMATE NORMAL PERIOD 1981 TO 2010
CLIMATE RECORD PERIOD 1948 TO 2016


WEATHER ITEM   OBSERVED TIME   RECORD YEAR NORMAL DEPARTURE LAST
                VALUE   (LST)  VALUE       VALUE  FROM      YEAR
                                                  NORMAL
..................................................................
TEMPERATURE (F)
 YESTERDAY
  MAXIMUM         34    422 PM  59    1959  38     -4       29
  MINIMUM         21    431 AM   1    2015  20      1        1
  AVERAGE         28                        29     -1       15

PRECIPITATION (IN)
  YESTERDAY        0.00          0.37 1992   0.04  -0.04      T
  MONTH TO DATE    T                         0.08  -0.08      T
  SINCE OCT 1      3.26                      1.78   1.48     1.95
  SINCE JAN 1     11.96                      9.09   2.87     8.82

SNOWFALL (IN)
  YESTERDAY       MM
  MONTH TO DATE   MM
  SINCE DEC 1     MM
  SINCE JUL 1     MM
  SNOW DEPTH      MM

DEGREE DAYS
 HEATING
  YESTERDAY       37                        36      1       50
  MONTH TO DATE   71                        72     -1      108
  SINCE DEC 1     71                        72     -1      108
  SINCE JUL 1   1469                      1760   -291     1529

 COOLING
  YESTERDAY        0                         0      0        0
  MONTH TO DATE    0                         0      0        0
  SINCE DEC 1      0                         0      0        0
  SINCE JAN 1    353                       365    -12      472
..................................................................


WIND (MPH)
  HIGHEST WIND SPEED    12   HIGHEST WIND DIRECTION    SW (220)
  HIGHEST GUST SPEED    14   HIGHEST GUST DIRECTION    NW (300)
  AVERAGE WIND SPEED     5.7


SKY COVER
  POSSIBLE SUNSHINE  MM
  AVERAGE SKY COVER 0.6


WEATHER CONDITIONS
 THE FOLLOWING WEATHER WAS RECORDED YESTERDAY.
  NO SIGNIFICANT WEATHER WAS OBSERVED.


RELATIVE HUMIDITY (PERCENT)
 HIGHEST    92           500 AM
 LOWEST     61           200 PM
 AVERAGE    77

..........................................................


THE BURLEY ID CLIMATE NORMALS FOR TODAY
                         NORMAL    RECORD    YEAR
 MAXIMUM TEMPERATURE (F)   37        61      1987
 MINIMUM TEMPERATURE (F)   20         7      2011


SUNRISE AND SUNSET
DECEMBER  3 2016......SUNRISE   748 AM MST   SUNSET   502 PM MST
DECEMBER  4 2016......SUNRISE   749 AM MST   SUNSET   502 PM MST


-  INDICATES NEGATIVE NUMBERS.
R  INDICATES RECORD WAS SET OR TIED.
MM INDICATES DATA IS MISSING.
T  INDICATES TRACE AMOUNT.




$$
