000
CDUS45 KPIH 240732
CLIBYI


CLIMATE REPORT
NATIONAL WEATHER SERVICE POCATELLO ID
131 AM MDT SAT JUN 24 2017


...................................

...THE BURLEY ID CLIMATE SUMMARY FOR JUNE 23 2017...

CLIMATE NORMAL PERIOD 1981 TO 2010
CLIMATE RECORD PERIOD 1948 TO 2017


WEATHER ITEM   OBSERVED TIME   RECORD YEAR NORMAL DEPARTURE LAST
                VALUE   (LST)  VALUE       VALUE  FROM      YEAR
                                                  NORMAL
..................................................................
TEMPERATURE (F)
 YESTERDAY
  MAXIMUM         78    503 PM  99    1988  79     -1       86
  MINIMUM         45    500 AM  36    1951  50     -5       52
  AVERAGE         62                        64     -2       69

PRECIPITATION (IN)
  YESTERDAY        0.00          0.20 1969   0.02  -0.02     0.00
  MONTH TO DATE    0.72                      0.76  -0.04     0.03
  SINCE OCT 1     13.13                      8.78   4.35     7.93
  SINCE JAN 1      8.34                      5.95   2.39     5.13

SNOWFALL (IN)
  YESTERDAY       MM
  MONTH TO DATE   MM
  SINCE JUN 1     MM
  SINCE JUL 1     MM
  SNOW DEPTH      MM

DEGREE DAYS
 HEATING
  YESTERDAY        3                         3      0        0
  MONTH TO DATE   71                       119    -48       40
  SINCE JUN 1     71                       119    -48       40
  SINCE JUL 1   6313                      6850   -537     5948

 COOLING
  YESTERDAY        0                         2     -2        4
  MONTH TO DATE   49                        30     19       68
  SINCE JUN 1     49                        30     19       68
  SINCE JAN 1     54                        36     18       72
..................................................................


WIND (MPH)
  HIGHEST WIND SPEED    13   HIGHEST WIND DIRECTION    NE (60)
  HIGHEST GUST SPEED    16   HIGHEST GUST DIRECTION    NE (60)
  AVERAGE WIND SPEED     5.4


SKY COVER
  POSSIBLE SUNSHINE  MM
  AVERAGE SKY COVER 0.0


WEATHER CONDITIONS
 THE FOLLOWING WEATHER WAS RECORDED YESTERDAY.
  NO SIGNIFICANT WEATHER WAS OBSERVED.


RELATIVE HUMIDITY (PERCENT)
 HIGHEST    77           600 AM
 LOWEST     18           600 PM
 AVERAGE    48

..........................................................


THE BURLEY ID CLIMATE NORMALS FOR TODAY
                         NORMAL    RECORD    YEAR
 MAXIMUM TEMPERATURE (F)   79        99      1990
 MINIMUM TEMPERATURE (F)   50        37      1976


SUNRISE AND SUNSET
JUNE 24 2017..........SUNRISE   559 AM MDT   SUNSET   917 PM MDT
JUNE 25 2017..........SUNRISE   559 AM MDT   SUNSET   917 PM MDT


-  INDICATES NEGATIVE NUMBERS.
R  INDICATES RECORD WAS SET OR TIED.
MM INDICATES DATA IS MISSING.
T  INDICATES TRACE AMOUNT.




$$
