000
CDUS45 KTFX 281012
CLIBZN


CLIMATE REPORT
NATIONAL WEATHER SERVICE GREAT FALLS MT
410 AM MDT THU MAY 28 2015


...................................

...THE BOZEMAN/GALLATIN FIELD MT CLIMATE SUMMARY FOR MAY 27 2015...

CLIMATE NORMAL PERIOD 1981 TO 2010
CLIMATE RECORD PERIOD 1935 TO 2015


WEATHER ITEM   OBSERVED TIME   RECORD YEAR NORMAL DEPARTURE LAST
                VALUE   (LST)  VALUE       VALUE  FROM      YEAR
                                                  NORMAL
..................................................................
TEMPERATURE (F)
 YESTERDAY
  MAXIMUM         64   1233 PM  86    1966  71     -7       78
  MINIMUM         48    532 AM  29    1973  42      6       40
  AVERAGE         56                        57     -1       59

PRECIPITATION (IN)
  YESTERDAY        0.07          0.85 1987   0.09  -0.02     0.00
  MONTH TO DATE    2.44                      2.06   0.38     1.53
  SINCE OCT 1      7.00                      7.89  -0.89     5.96
  SINCE JAN 1      5.07                      5.51  -0.44     4.91

SNOWFALL (IN)
  YESTERDAY        0.0           T    1982   0.0    0.0      0.0
                                      1995
  MONTH TO DATE    0.0                       2.3   -2.3       T
  SINCE MAR 1      7.0                      17.5  -10.5      7.3
  SINCE JUL 1     37.4                      39.8   -2.4     32.3
  SNOW DEPTH       0

DEGREE DAYS
 HEATING
  YESTERDAY        9                         9      0        6
  MONTH TO DATE  412                       324     88      378
  SINCE MAR 1   1854                      1805     49     2021
  SINCE JUL 1   7436                      7385     51     8036

 COOLING
  YESTERDAY        0                         0      0        0
  MONTH TO DATE    0                         0      0        0
  SINCE MAR 1      0                         0      0        0
  SINCE JAN 1      0                         0      0        0
..................................................................


WIND (MPH)
  HIGHEST WIND SPEED    16   HIGHEST WIND DIRECTION     W (290)
  HIGHEST GUST SPEED    20   HIGHEST GUST DIRECTION    NW (300)
  AVERAGE WIND SPEED     4.8


SKY COVER
  AVERAGE SKY COVER 0.7


WEATHER CONDITIONS
 THE FOLLOWING WEATHER WAS RECORDED YESTERDAY.
  THUNDERSTORM
  LIGHT RAIN
  FOG


RELATIVE HUMIDITY (PERCENT)
 HIGHEST    93
 LOWEST     52
 AVERAGE    73

..........................................................


THE BOZEMAN/GALLATIN FIELD MT CLIMATE NORMALS FOR TODAY
                         NORMAL    RECORD    YEAR
 MAXIMUM TEMPERATURE (F)   71        87      2014
                                             1958
 MINIMUM TEMPERATURE (F)   42        24      1947


SUNRISE AND SUNSET
MAY 28 2015...........SUNRISE   541 AM MDT   SUNSET   903 PM MDT
MAY 29 2015...........SUNRISE   540 AM MDT   SUNSET   904 PM MDT


-  INDICATES NEGATIVE NUMBERS.
R  INDICATES RECORD WAS SET OR TIED.
MM INDICATES DATA IS MISSING.
T  INDICATES TRACE AMOUNT.




$$
