000
CDUS45 KTFX 190915
CLIBZN


CLIMATE REPORT
NATIONAL WEATHER SERVICE GREAT FALLS MT
314 AM MDT THU OCT 19 2017


...................................

...THE BOZEMAN/GALLATIN FIELD MT CLIMATE SUMMARY FOR OCTOBER 18 2017...

CLIMATE NORMAL PERIOD 1981 TO 2010
CLIMATE RECORD PERIOD 1935 TO 2017


WEATHER ITEM   OBSERVED TIME   RECORD YEAR NORMAL DEPARTURE LAST
                VALUE   (LST)  VALUE       VALUE  FROM      YEAR
                                                  NORMAL
..................................................................
TEMPERATURE (F)
 YESTERDAY
  MAXIMUM         70    123 PM  82    2003  61      9       54
  MINIMUM         36   1207 AM  10    1938  30      6       36
  AVERAGE         53                        45      8       45

PRECIPITATION (IN)
  YESTERDAY        0.00          0.26 1949   0.03  -0.03     0.03
  MONTH TO DATE    0.30                      0.70  -0.40     1.68
  SINCE OCT 1      0.30                      0.70  -0.40     1.68
  SINCE JAN 1     10.40                     12.31  -1.91    11.57

SNOWFALL (IN)
  YESTERDAY        0.0           3.4  1949   0.0    0.0      0.0
  MONTH TO DATE    0.2                       0.9   -0.7      3.0
  SINCE SEP 1      0.2                       1.2   -1.0      3.0
  SINCE JUL 1      0.2                       1.2   -1.0      3.0
  SNOW DEPTH       0

DEGREE DAYS
 HEATING
  YESTERDAY       12                        20     -8       20
  MONTH TO DATE  396                       301     95      337
  SINCE SEP 1    714                       539    175      644
  SINCE JUL 1    725                       606    119      753

 COOLING
  YESTERDAY        0                         0      0        0
  MONTH TO DATE    0                         0      0        0
  SINCE SEP 1     27                        22      5       10
  SINCE JAN 1    327                       368    -41      232
..................................................................


WIND (MPH)
  HIGHEST WIND SPEED    25   HIGHEST WIND DIRECTION    SW (240)
  HIGHEST GUST SPEED    36   HIGHEST GUST DIRECTION    SW (230)
  AVERAGE WIND SPEED     7.4


SKY COVER
  AVERAGE SKY COVER 0.1


WEATHER CONDITIONS
 THE FOLLOWING WEATHER WAS RECORDED YESTERDAY.
  NO SIGNIFICANT WEATHER WAS OBSERVED.


RELATIVE HUMIDITY (PERCENT)
 HIGHEST    59
 LOWEST     10
 AVERAGE    35

..........................................................


THE BOZEMAN/GALLATIN FIELD MT CLIMATE NORMALS FOR TODAY
                         NORMAL    RECORD    YEAR
 MAXIMUM TEMPERATURE (F)   60        81      2003
 MINIMUM TEMPERATURE (F)   30         9      1938


SUNRISE AND SUNSET
OCTOBER 19 2017.......SUNRISE   747 AM MDT   SUNSET   631 PM MDT
OCTOBER 20 2017.......SUNRISE   748 AM MDT   SUNSET   629 PM MDT


-  INDICATES NEGATIVE NUMBERS.
R  INDICATES RECORD WAS SET OR TIED.
MM INDICATES DATA IS MISSING.
T  INDICATES TRACE AMOUNT.




$$
