000
CDUS45 KTFX 191014
CLIBZN


CLIMATE REPORT
NATIONAL WEATHER SERVICE GREAT FALLS MT
414 AM MDT SAT APR 19 2014


...................................

...THE BOZEMAN/GALLATIN FIELD MT CLIMATE SUMMARY FOR APRIL 18 2014...

CLIMATE NORMAL PERIOD 1981 TO 2010
CLIMATE RECORD PERIOD 1935 TO 2014


WEATHER ITEM   OBSERVED TIME   RECORD YEAR NORMAL DEPARTURE
                VALUE   (LST)  VALUE       VALUE  FROM
                                                  NORMAL
...............................................................
TEMPERATURE (F)
 YESTERDAY
  MAXIMUM         62    145 PM  79    1936  60      2
  MINIMUM         34   1157 PM   7    1941  31      3
  AVERAGE         48                        46      2

PRECIPITATION (IN)
  YESTERDAY        0.07          0.70 2005   0.05   0.02
  MONTH TO DATE    0.14                      0.90  -0.76
  SINCE OCT 1      3.63                      5.13  -1.50
  SINCE JAN 1      2.58                      2.75  -0.17

SNOWFALL (IN)
  YESTERDAY        0.0           1.0  1979   0.3   -0.3
  MONTH TO DATE    0.3                       5.2   -4.9
  SINCE MAR 1      4.8                      12.9   -8.1
  SINCE JUL 1     29.8                      35.2   -5.4
  SNOW DEPTH       0

DEGREE DAYS
 HEATING
  YESTERDAY       17                               -2
  MONTH TO DATE  427                               40
  SINCE MAR 1   1398                              127
  SINCE JUL 1   7413                              562

 COOLING
  YESTERDAY        0                                0
  MONTH TO DATE    0                                0
  SINCE MAR 1      0                                0
  SINCE JAN 1      0                                0
...............................................................


WIND (MPH)
  HIGHEST WIND SPEED    44   HIGHEST WIND DIRECTION    NW (300)
  HIGHEST GUST SPEED    58   HIGHEST GUST DIRECTION     W (290)
  AVERAGE WIND SPEED    13.2



WEATHER CONDITIONS
 THE FOLLOWING WEATHER WAS RECORDED YESTERDAY.
  LIGHT RAIN
  FOG
  HAZE


RELATIVE HUMIDITY (PERCENT)
 HIGHEST    89
 LOWEST     18
 AVERAGE    54

..........................................................


THE BOZEMAN/GALLATIN FIELD MT CLIMATE NORMALS FOR TODAY
                         NORMAL    RECORD    YEAR
 MAXIMUM TEMPERATURE (F)   60        86      1962
 MINIMUM TEMPERATURE (F)   32         2      1941


SUNRISE AND SUNSET
APRIL 19 2014.........SUNRISE   632 AM MDT   SUNSET   817 PM MDT
APRIL 20 2014.........SUNRISE   630 AM MDT   SUNSET   818 PM MDT


-  INDICATES NEGATIVE NUMBERS.
R  INDICATES RECORD WAS SET OR TIED.
MM INDICATES DATA IS MISSING.
T  INDICATES TRACE AMOUNT.




$$
