000
CDUS45 KTFX 211822
CLIBZN


CLIMATE REPORT
NATIONAL WEATHER SERVICE GREAT FALLS MT
1120 AM MST SAT JAN 21 2017


...................................

...THE BOZEMAN/GALLATIN FIELD MT CLIMATE SUMMARY FOR JANUARY 20 2017...

CLIMATE NORMAL PERIOD 1981 TO 2010
CLIMATE RECORD PERIOD 1935 TO 2017


WEATHER ITEM   OBSERVED TIME   RECORD YEAR NORMAL DEPARTURE LAST
                VALUE   (LST)  VALUE       VALUE  FROM      YEAR
                                                  NORMAL
..................................................................
TEMPERATURE (F)
 YESTERDAY
  MAXIMUM         34   1256 AM  51    1950  37     -3       36
  MINIMUM          5   1006 PM -42    1949  12     -7       24
  AVERAGE         20                        24     -4       30

PRECIPITATION (IN)
  YESTERDAY        T             0.39 1962   0.02  -0.02     0.14
  MONTH TO DATE    0.15                      0.32  -0.17     0.32
  SINCE OCT 1      3.48                      2.70   0.78     3.17
  SINCE JAN 1      0.15                      0.32  -0.17     0.32

SNOWFALL (IN)
  YESTERDAY        T             4.8  1957   0.1   -0.1      1.9
  MONTH TO DATE    6.1                       2.5    3.6      7.2
  SINCE DEC 1     20.2                       8.5   11.7     16.7
  SINCE JUL 1     24.1                      15.9    8.2     23.3
  SNOW DEPTH       4

DEGREE DAYS
 HEATING
  YESTERDAY       45                        41      4       35
  MONTH TO DATE 1183                       842    341      940
  SINCE DEC 1   2778                      2196    582     2280
  SINCE JUL 1   4555                      4077    478     4244

 COOLING
  YESTERDAY        0                         0      0        0
  MONTH TO DATE    0                         0      0        0
  SINCE DEC 1      0                         0      0        0
  SINCE JAN 1      0                         0      0        0
..................................................................


WIND (MPH)
  HIGHEST WIND SPEED    13   HIGHEST WIND DIRECTION    SE (130)
  HIGHEST GUST SPEED    13   HIGHEST GUST DIRECTION    SE (130)
  AVERAGE WIND SPEED     3.9


SKY COVER
  AVERAGE SKY COVER 0.3


WEATHER CONDITIONS
 THE FOLLOWING WEATHER WAS RECORDED YESTERDAY.
  FOG


RELATIVE HUMIDITY (PERCENT)
 HIGHEST   100
 LOWEST     69
 AVERAGE    85

..........................................................


THE BOZEMAN/GALLATIN FIELD MT CLIMATE NORMALS FOR TODAY
                         NORMAL    RECORD    YEAR
 MAXIMUM TEMPERATURE (F)   37        52      2005
                                             1950
 MINIMUM TEMPERATURE (F)   12       -45      1962


SUNRISE AND SUNSET
JANUARY 21 2017.......SUNRISE   757 AM MST   SUNSET   515 PM MST
JANUARY 22 2017.......SUNRISE   756 AM MST   SUNSET   517 PM MST


-  INDICATES NEGATIVE NUMBERS.
R  INDICATES RECORD WAS SET OR TIED.
MM INDICATES DATA IS MISSING.
T  INDICATES TRACE AMOUNT.




$$
