000
CDUS45 KTFX 010901
CLIBZN


CLIMATE REPORT
NATIONAL WEATHER SERVICE GREAT FALLS MT
159 AM MST SUN FEB 1 2015


...................................

...THE BOZEMAN/GALLATIN FIELD MT CLIMATE SUMMARY FOR JANUARY 31 2015...

CLIMATE NORMAL PERIOD 1981 TO 2010
CLIMATE RECORD PERIOD 1935 TO 2015


WEATHER ITEM   OBSERVED TIME   RECORD YEAR NORMAL DEPARTURE LAST
                VALUE   (LST)  VALUE       VALUE  FROM      YEAR
                                                  NORMAL
..................................................................
TEMPERATURE (F)
 YESTERDAY
  MAXIMUM         37   1252 PM  58    1992  37      0       23
  MINIMUM         18   1159 PM -35    1937  13      5       -1
  AVERAGE         28                        25      3       11

PRECIPITATION (IN)
  YESTERDAY        0.00          0.16 1961   0.01  -0.01     0.03
  MONTH TO DATE    0.22                      0.48  -0.26     0.29
  SINCE OCT 1      2.15                      2.86  -0.71     1.34
  SINCE JAN 1      0.22                      0.48  -0.26     0.29

SNOWFALL (IN)
  YESTERDAY        0.0           2.0  1966   0.1   -0.1      0.8
  MONTH TO DATE    4.8                       4.0    0.8      5.3
  SINCE DEC 1     12.9                      10.0    2.9     11.8
  SINCE JUL 1     28.5                      17.4   11.1     12.3
  SNOW DEPTH       0

DEGREE DAYS
 HEATING
  YESTERDAY       37                        40     -3       54
  MONTH TO DATE 1255                      1287    -32     1181
  SINCE DEC 1   2544                      2641    -97     2654
  SINCE JUL 1   4671                      4522    149     4626

 COOLING
  YESTERDAY        0                         0      0        0
  MONTH TO DATE    0                         0      0        0
  SINCE DEC 1      0                         0      0        0
  SINCE JAN 1      0                         0      0        0
..................................................................


WIND (MPH)
  HIGHEST WIND SPEED    17   HIGHEST WIND DIRECTION     N (350)
  HIGHEST GUST SPEED    20   HIGHEST GUST DIRECTION     N (350)
  AVERAGE WIND SPEED     5.4


SKY COVER
  AVERAGE SKY COVER 0.6


WEATHER CONDITIONS
 THE FOLLOWING WEATHER WAS RECORDED YESTERDAY.
  NO SIGNIFICANT WEATHER WAS OBSERVED.


RELATIVE HUMIDITY (PERCENT)
 HIGHEST    88
 LOWEST     63
 AVERAGE    76

..........................................................


THE BOZEMAN/GALLATIN FIELD MT CLIMATE NORMALS FOR TODAY
                         NORMAL    RECORD    YEAR
 MAXIMUM TEMPERATURE (F)   37        52      2003
 MINIMUM TEMPERATURE (F)   13       -35      1985


SUNRISE AND SUNSET
FEBRUARY  1 2015......SUNRISE   746 AM MST   SUNSET   530 PM MST
FEBRUARY  2 2015......SUNRISE   745 AM MST   SUNSET   532 PM MST


-  INDICATES NEGATIVE NUMBERS.
R  INDICATES RECORD WAS SET OR TIED.
MM INDICATES DATA IS MISSING.
T  INDICATES TRACE AMOUNT.




$$
