000
CDUS45 KTFX 212217
CLIBZN


CLIMATE REPORT
NATIONAL WEATHER SERVICE GREAT FALLS MT
416 PM MDT TUE OCT 21 2014


...................................

...THE BOZEMAN/GALLATIN FIELD MT CLIMATE SUMMARY FOR OCTOBER 21 2014...
VALID TODAY AS OF 0400 PM LOCAL TIME.

CLIMATE NORMAL PERIOD 1981 TO 2010
CLIMATE RECORD PERIOD 1935 TO 2014


WEATHER ITEM   OBSERVED TIME   RECORD YEAR NORMAL DEPARTURE LAST
                VALUE   (LST)  VALUE       VALUE  FROM      YEAR
                                                  NORMAL
..................................................................
TEMPERATURE (F)
 TODAY
  MAXIMUM         66    133 PM  79    2003  59      7       59
  MINIMUM         39    406 AM   5    1996  29     10       25
  AVERAGE         53                        44      9       42

PRECIPITATION (IN)
  TODAY            0.07          0.77 1961   0.03   0.04     0.00
  MONTH TO DATE    0.28                      0.80  -0.52     0.34
  SINCE OCT 1      0.28                      0.80  -0.52     0.34
  SINCE JAN 1     13.89                     12.41   1.48    11.11

SNOWFALL (IN)
  TODAY            0.0           7.0  1961   0.1   -0.1      0.0
  MONTH TO DATE    0.0                       1.1   -1.1       T
  SINCE SEP 1      T                         1.4   -1.4       T
  SINCE JUL 1      T                         1.4   -1.4       T
  SNOW DEPTH       0

DEGREE DAYS
 HEATING
  TODAY           12                        21     -9       23
  MONTH TO DATE  330                       362    -32      532
  SINCE SEP 1    635                       600     35      738
  SINCE JUL 1    721                       667     54      741

 COOLING
  TODAY            0                         0      0        0
  MONTH TO DATE    0                         0      0        0
  SINCE SEP 1      5                        22    -17       23
  SINCE JAN 1    187                       368   -181      284
..................................................................


WIND (MPH)
  HIGHEST WIND SPEED    43   HIGHEST WIND DIRECTION     W (260)
  HIGHEST GUST SPEED    53   HIGHEST GUST DIRECTION     W (250)
  AVERAGE WIND SPEED     8.2


SKY COVER
  AVERAGE SKY COVER 0.5


WEATHER CONDITIONS
 THE FOLLOWING WEATHER WAS RECORDED TODAY.
  THUNDERSTORM
  LIGHT RAIN


RELATIVE HUMIDITY (PERCENT)
 HIGHEST    73           400 AM
 LOWEST     30           200 PM
 AVERAGE    52

..........................................................


THE BOZEMAN/GALLATIN FIELD MT CLIMATE NORMALS FOR TOMORROW
                         NORMAL    RECORD    YEAR
 MAXIMUM TEMPERATURE (F)   59        76      2003
 MINIMUM TEMPERATURE (F)   29        16      1961


SUNRISE AND SUNSET
OCTOBER 21 2014.......SUNRISE   749 AM MDT   SUNSET   628 PM MDT
OCTOBER 22 2014.......SUNRISE   751 AM MDT   SUNSET   627 PM MDT


-  INDICATES NEGATIVE NUMBERS.
R  INDICATES RECORD WAS SET OR TIED.
MM INDICATES DATA IS MISSING.
T  INDICATES TRACE AMOUNT.




$$
