000
CDUS42 KCAE 260541
CLICAE


CLIMATE REPORT
NATIONAL WEATHER SERVICE COLUMBIA SC
1241 AM EST WED NOV 26 2014


...................................

...THE COLUMBIA METRO AIRPORT SC CLIMATE SUMMARY FOR NOVEMBER 25 2014...

CLIMATE NORMAL PERIOD 1981 TO 2010
CLIMATE RECORD PERIOD 1887 TO 2014


WEATHER ITEM   OBSERVED TIME   RECORD YEAR NORMAL DEPARTURE LAST
                VALUE   (LST)  VALUE       VALUE  FROM      YEAR
                                                  NORMAL
..................................................................
TEMPERATURE (F)
 YESTERDAY
  MAXIMUM         63    835 AM  83    1973  64     -1       50
  MINIMUM         57   1159 PM  12    1970  40     17       22
  AVERAGE         60                        52      8       36

PRECIPITATION (IN)
  YESTERDAY        0.18          1.39 2000   0.10   0.08     0.00
  MONTH TO DATE    3.53                      2.25   1.28     1.43
  SINCE SEP 1      9.39                      8.96   0.43     5.45
  SINCE JAN 1     37.47                     40.88  -3.41    48.96

SNOWFALL (IN)
  YESTERDAY        0.0          MM      MM   0.0             0.0
  MONTH TO DATE    T                         0.0              T
  SINCE SEP 1      T                         0.0              T
  SINCE JUL 1      T                         0.0              T

DEGREE DAYS
 HEATING
  YESTERDAY        5                        13     -8       29
  MONTH TO DATE  344                       249     95      271
  SINCE SEP 1    415                       369     46      342
  SINCE JUL 1    415                       369     46      342

 COOLING
  YESTERDAY        0                         0      0        0
  MONTH TO DATE    8                        14     -6       14
  SINCE SEP 1    501                       398    103      479
  SINCE JAN 1   2535                      2166    369     2172
..................................................................


WIND (MPH)
  HIGHEST WIND SPEED    12   HIGHEST WIND DIRECTION     S (190)
  HIGHEST GUST SPEED    14   HIGHEST GUST DIRECTION     S (200)
  AVERAGE WIND SPEED     4.0


SKY COVER
  AVERAGE SKY COVER 0.9


WEATHER CONDITIONS
 THE FOLLOWING WEATHER WAS RECORDED YESTERDAY.
  HEAVY RAIN
  RAIN
  LIGHT RAIN
  FOG


RELATIVE HUMIDITY (PERCENT)
 HIGHEST    93           200 AM
 LOWEST     72           100 PM
 AVERAGE    83

..........................................................


THE COLUMBIA METRO AIRPORT SC CLIMATE NORMALS FOR TODAY
                         NORMAL    RECORD    YEAR
 MAXIMUM TEMPERATURE (F)   64        83      1973
 MINIMUM TEMPERATURE (F)   39        16      1950


SUNRISE AND SUNSET
NOVEMBER 26 2014......SUNRISE   707 AM EST   SUNSET   516 PM EST
NOVEMBER 27 2014......SUNRISE   708 AM EST   SUNSET   516 PM EST


-  INDICATES NEGATIVE NUMBERS.
R  INDICATES RECORD WAS SET OR TIED.
MM INDICATES DATA IS MISSING.
T  INDICATES TRACE AMOUNT.




$$
