000
CDUS42 KCAE 182119
CLICAE


CLIMATE REPORT
NATIONAL WEATHER SERVICE COLUMBIA SC
517 PM EDT THU SEP 18 2014


...................................

...THE COLUMBIA METRO AIRPORT SC CLIMATE SUMMARY FOR SEPTEMBER 18 2014...
VALID TODAY AS OF 0500 PM LOCAL TIME.

CLIMATE NORMAL PERIOD 1981 TO 2010
CLIMATE RECORD PERIOD 1887 TO 2014


WEATHER ITEM   OBSERVED TIME   RECORD YEAR NORMAL DEPARTURE LAST
                VALUE   (LST)  VALUE       VALUE  FROM      YEAR
                                                  NORMAL
..................................................................
TEMPERATURE (F)
 TODAY
  MAXIMUM         86    310 PM 104    1896  85      1       81
  MINIMUM         64    431 AM  48    1985  64      0       62
  AVERAGE         75                        74      1       72

PRECIPITATION (IN)
  TODAY            0.00          3.98 1928   0.10  -0.10     0.00
  MONTH TO DATE    1.02                      2.23  -1.21     0.84
  SINCE SEP 1      1.02                      2.23  -1.21     0.84
  SINCE JAN 1     29.10                     34.15  -5.05    44.35

SNOWFALL (IN)
  TODAY            0.0          MM      MM   0.0             0.0
  MONTH TO DATE    0.0                       0.0             0.0
  SINCE SEP 1      0.0                       0.0             0.0
  SINCE JUL 1      0.0                       0.0             0.0

DEGREE DAYS
 HEATING
  TODAY            0                         0      0        0
  MONTH TO DATE    0                         0      0        0
  SINCE SEP 1      0                         0      0        0
  SINCE JUL 1      0                         0      0        0

 COOLING
  TODAY           10                         9      1        7
  MONTH TO DATE  279                       211     68      274
  SINCE SEP 1    279                       211     68      274
  SINCE JAN 1   2313                      1979    334     1967
..................................................................


WIND (MPH)
  HIGHEST WIND SPEED     9   HIGHEST WIND DIRECTION     E (90)
  HIGHEST GUST SPEED    12   HIGHEST GUST DIRECTION    NE (30)
  AVERAGE WIND SPEED     2.4


SKY COVER
  AVERAGE SKY COVER 0.6


WEATHER CONDITIONS
 THE FOLLOWING WEATHER WAS RECORDED TODAY.
  FOG
  FOG W/VISIBILITY <= 1/4 MILE
  HAZE


RELATIVE HUMIDITY (PERCENT)
 HIGHEST    93           500 AM
 LOWEST     48           300 PM
 AVERAGE    71

..........................................................


THE COLUMBIA METRO AIRPORT SC CLIMATE NORMALS FOR TOMORROW
                         NORMAL    RECORD    YEAR
 MAXIMUM TEMPERATURE (F)   84        99      1896
 MINIMUM TEMPERATURE (F)   63        49      1984
                                             1981


SUNRISE AND SUNSET
SEPTEMBER 18 2014.....SUNRISE   710 AM EDT   SUNSET   727 PM EDT
SEPTEMBER 19 2014.....SUNRISE   710 AM EDT   SUNSET   725 PM EDT


-  INDICATES NEGATIVE NUMBERS.
R  INDICATES RECORD WAS SET OR TIED.
MM INDICATES DATA IS MISSING.
T  INDICATES TRACE AMOUNT.




$$
