000
CDUS42 KCAE 240630
CLICAE


CLIMATE REPORT
NATIONAL WEATHER SERVICE COLUMBIA SC
230 AM EDT THU JUL 24 2014


...................................

...THE COLUMBIA METRO AIRPORT SC CLIMATE SUMMARY FOR JULY 23 2014...

CLIMATE NORMAL PERIOD 1981 TO 2010
CLIMATE RECORD PERIOD 1887 TO 2014


WEATHER ITEM   OBSERVED TIME   RECORD YEAR NORMAL DEPARTURE LAST
                VALUE   (LST)  VALUE       VALUE  FROM      YEAR
                                                  NORMAL
..................................................................
TEMPERATURE (F)
 YESTERDAY
  MAXIMUM         94    412 PM 107    1952  93      1       92
  MINIMUM         75    704 AM  58    2007  72      3       75
  AVERAGE         85                        82      3       84

PRECIPITATION (IN)
  YESTERDAY        0.00          3.43 1997   0.19  -0.19     0.00
  MONTH TO DATE    2.53                      3.90  -1.37     9.94
  SINCE JUN 1      3.94                      8.59  -4.65    16.11
  SINCE JAN 1     22.90                     25.10  -2.20    34.73

SNOWFALL (IN)
  YESTERDAY        0.0          MM      MM   0.0             0.0
  MONTH TO DATE    0.0                       0.0             0.0
  SINCE JUN 1      0.0                       0.0             0.0
  SINCE JUL 1      0.0                       0.0             0.0

DEGREE DAYS
 HEATING
  YESTERDAY        0                         0      0        0
  MONTH TO DATE    0                         0      0        0
  SINCE JUN 1      0                         1     -1        0
  SINCE JUL 1      0                         0      0        0

 COOLING
  YESTERDAY       20                        17      3       19
  MONTH TO DATE  414                       391     23      358
  SINCE JUN 1    934                       815    119      792
  SINCE JAN 1   1348                      1136    212     1112
..................................................................


WIND (MPH)
  HIGHEST WIND SPEED    13   HIGHEST WIND DIRECTION    SW (240)
  HIGHEST GUST SPEED    16   HIGHEST GUST DIRECTION    SW (240)
  AVERAGE WIND SPEED     4.4


SKY COVER
  AVERAGE SKY COVER 0.5


WEATHER CONDITIONS
 THE FOLLOWING WEATHER WAS RECORDED YESTERDAY.
  FOG
  FOG W/VISIBILITY <= 1/4 MILE


RELATIVE HUMIDITY (PERCENT)
 HIGHEST    94           400 AM
 LOWEST     49           200 PM
 AVERAGE    72

..........................................................


THE COLUMBIA METRO AIRPORT SC CLIMATE NORMALS FOR TODAY
                         NORMAL    RECORD    YEAR
 MAXIMUM TEMPERATURE (F)   93       107      1952
 MINIMUM TEMPERATURE (F)   72        59      1977


SUNRISE AND SUNSET
JULY 24 2014..........SUNRISE   630 AM EDT   SUNSET   831 PM EDT
JULY 25 2014..........SUNRISE   631 AM EDT   SUNSET   831 PM EDT


-  INDICATES NEGATIVE NUMBERS.
R  INDICATES RECORD WAS SET OR TIED.
MM INDICATES DATA IS MISSING.
T  INDICATES TRACE AMOUNT.




$$
