000
CDUS42 KCAE 300533
CLICAE


CLIMATE REPORT
NATIONAL WEATHER SERVICE COLUMBIA SC
133 AM EDT SAT AUG 30 2014


...................................

...THE COLUMBIA METRO AIRPORT SC CLIMATE SUMMARY FOR AUGUST 29 2014...

CLIMATE NORMAL PERIOD 1981 TO 2010
CLIMATE RECORD PERIOD 1887 TO 2014


WEATHER ITEM   OBSERVED TIME   RECORD YEAR NORMAL DEPARTURE LAST
                VALUE   (LST)  VALUE       VALUE  FROM      YEAR
                                                  NORMAL
..................................................................
TEMPERATURE (F)
 YESTERDAY
  MAXIMUM         96    434 PM 102    1948  89      7       96
  MINIMUM         68    634 AM  56    1969  70     -2       73
  AVERAGE         82                        79      3       85

PRECIPITATION (IN)
  YESTERDAY        0.00          4.20 1964   0.13  -0.13      T
  MONTH TO DATE    4.79                      4.98  -0.19     7.51
  SINCE JUN 1      9.03                     15.13  -6.10    24.89
  SINCE JAN 1     27.99                     31.64  -3.65    43.51

SNOWFALL (IN)
  YESTERDAY        0.0          MM      MM   0.0             0.0
  MONTH TO DATE    0.0                       0.0             0.0
  SINCE JUN 1      0.0                       0.0             0.0
  SINCE JUL 1      0.0                       0.0             0.0

DEGREE DAYS
 HEATING
  YESTERDAY        0                         0      0        0
  MONTH TO DATE    0                         0      0        0
  SINCE JUN 1      0                         1     -1        0
  SINCE JUL 1      0                         0      0        0

 COOLING
  YESTERDAY       17                        14      3       20
  MONTH TO DATE  491                       465     26      420
  SINCE JUN 1   1578                      1421    157     1342
  SINCE JAN 1   1992                      1742    250     1662
..................................................................


WIND (MPH)
  HIGHEST WIND SPEED    14   HIGHEST WIND DIRECTION    SE (120)
  HIGHEST GUST SPEED    21   HIGHEST GUST DIRECTION    SE (120)
  AVERAGE WIND SPEED     4.4


SKY COVER
  AVERAGE SKY COVER 0.1


WEATHER CONDITIONS
 THE FOLLOWING WEATHER WAS RECORDED YESTERDAY.
  NO SIGNIFICANT WEATHER WAS OBSERVED.


RELATIVE HUMIDITY (PERCENT)
 HIGHEST    78           500 AM
 LOWEST     22           300 PM
 AVERAGE    50

..........................................................


THE COLUMBIA METRO AIRPORT SC CLIMATE NORMALS FOR TODAY
                         NORMAL    RECORD    YEAR
 MAXIMUM TEMPERATURE (F)   89       102      1948
 MINIMUM TEMPERATURE (F)   69        56      1896
                                             1891


SUNRISE AND SUNSET
AUGUST 30 2014........SUNRISE   657 AM EDT   SUNSET   753 PM EDT
AUGUST 31 2014........SUNRISE   657 AM EDT   SUNSET   752 PM EDT


-  INDICATES NEGATIVE NUMBERS.
R  INDICATES RECORD WAS SET OR TIED.
MM INDICATES DATA IS MISSING.
T  INDICATES TRACE AMOUNT.




$$
