000
CDUS42 KCAE 140536
CLICAE


CLIMATE REPORT
NATIONAL WEATHER SERVICE COLUMBIA SC
1235 AM EST SUN FEB 14 2016


...................................

...THE COLUMBIA METRO AIRPORT SC CLIMATE SUMMARY FOR FEBRUARY 13 2016...

CLIMATE NORMAL PERIOD 1981 TO 2010
CLIMATE RECORD PERIOD 1887 TO 2016


WEATHER ITEM   OBSERVED TIME   RECORD YEAR NORMAL DEPARTURE LAST
                VALUE   (LST)  VALUE       VALUE  FROM      YEAR
                                                  NORMAL
..................................................................
TEMPERATURE (F)
 YESTERDAY
  MAXIMUM         48    453 PM  79    1976  60    -12       45
  MINIMUM         29    948 PM   7    1899  36     -7       26
  AVERAGE         39                        48     -9       36

PRECIPITATION (IN)
  YESTERDAY        0.00          2.04 1960   0.13  -0.13     0.00
  MONTH TO DATE    1.73                      1.60   0.13     0.83
  SINCE DEC 1     10.12                      8.40   1.72     7.33
  SINCE JAN 1      3.67                      5.18  -1.51     3.43

SNOWFALL (IN)
  YESTERDAY        0.0           1.4  1958   0.0             0.0
  MONTH TO DATE    T                         0.2             0.0
  SINCE DEC 1      T                         1.1             0.0
  SINCE JUL 1      T                         1.1              T

DEGREE DAYS
 HEATING
  YESTERDAY       26                        17      9       29
  MONTH TO DATE  232                       234     -2      240
  SINCE DEC 1   1064                      1429   -365     1318
  SINCE JUL 1   1334                      1870   -536     1823

 COOLING
  YESTERDAY        0                         0      0        0
  MONTH TO DATE    4                         0      4        0
  SINCE DEC 1     63                         4     59        0
  SINCE JAN 1      4                         1      3        0
..................................................................


WIND (MPH)
  HIGHEST WIND SPEED    20   HIGHEST WIND DIRECTION     W (290)
  HIGHEST GUST SPEED    27   HIGHEST GUST DIRECTION    NW (300)
  AVERAGE WIND SPEED     6.5


SKY COVER
  AVERAGE SKY COVER 0.0


WEATHER CONDITIONS
 THE FOLLOWING WEATHER WAS RECORDED YESTERDAY.
  NO SIGNIFICANT WEATHER WAS OBSERVED.


RELATIVE HUMIDITY (PERCENT)
 HIGHEST    78           100 AM
 LOWEST     14           300 PM
 AVERAGE    46

..........................................................


THE COLUMBIA METRO AIRPORT SC CLIMATE NORMALS FOR TODAY
                         NORMAL    RECORD    YEAR
 MAXIMUM TEMPERATURE (F)   60        80      1989
                                             1962
                                             1949
 MINIMUM TEMPERATURE (F)   37        -2      1899


SUNRISE AND SUNSET
FEBRUARY 14 2016......SUNRISE   711 AM EST   SUNSET   607 PM EST
FEBRUARY 15 2016......SUNRISE   710 AM EST   SUNSET   608 PM EST


-  INDICATES NEGATIVE NUMBERS.
R  INDICATES RECORD WAS SET OR TIED.
MM INDICATES DATA IS MISSING.
T  INDICATES TRACE AMOUNT.




$$
