000
CDUS42 KCAE 232118
CLICAE


CLIMATE REPORT
NATIONAL WEATHER SERVICE COLUMBIA SC
516 PM EDT TUE AUG 23 2016


...................................

...THE COLUMBIA METRO AIRPORT SC CLIMATE SUMMARY FOR AUGUST 23 2016...
VALID TODAY AS OF 0500 PM LOCAL TIME.

CLIMATE NORMAL PERIOD 1981 TO 2010
CLIMATE RECORD PERIOD 1887 TO 2016


WEATHER ITEM   OBSERVED TIME   RECORD YEAR NORMAL DEPARTURE LAST
                VALUE   (LST)  VALUE       VALUE  FROM      YEAR
                                                  NORMAL
..................................................................
TEMPERATURE (F)
 TODAY
  MAXIMUM         93    304 PM 106    1968  90      3       90
  MINIMUM         71    437 AM  55    1930  71      0       73
  AVERAGE         82                        80      2       82

PRECIPITATION (IN)
  TODAY            0.00          2.30 1967   0.16  -0.16     0.01
  MONTH TO DATE    4.48                      4.06   0.42     2.63
  SINCE JUN 1      8.66                     14.21  -5.55    12.95
  SINCE JAN 1     22.58                     30.72  -8.14    28.83

SNOWFALL (IN)
  TODAY            0.0          MM      MM   0.0             0.0
  MONTH TO DATE    0.0                       0.0             0.0
  SINCE JUN 1      0.0                       0.0             0.0
  SINCE JUL 1      0.0                       0.0             0.0

DEGREE DAYS
 HEATING
  TODAY            0                         0      0        0
  MONTH TO DATE    0                         0      0        0
  SINCE JUN 1      0                         1     -1        0
  SINCE JUL 1      0                         0      0        0

 COOLING
  TODAY           17                        15      2       17
  MONTH TO DATE  461                       376     85      426
  SINCE JUN 1   1703                      1332    371     1602
  SINCE JAN 1   2142                      1653    489     2023
..................................................................


WIND (MPH)
  HIGHEST WIND SPEED    13   HIGHEST WIND DIRECTION     E (110)
  HIGHEST GUST SPEED    16   HIGHEST GUST DIRECTION    SE (140)
  AVERAGE WIND SPEED     3.9


SKY COVER
  AVERAGE SKY COVER 0.4


WEATHER CONDITIONS
 THE FOLLOWING WEATHER WAS RECORDED TODAY.
  NO SIGNIFICANT WEATHER WAS OBSERVED.


RELATIVE HUMIDITY (PERCENT)
 HIGHEST    90           400 AM
 LOWEST     41           100 PM
 AVERAGE    66

..........................................................


THE COLUMBIA METRO AIRPORT SC CLIMATE NORMALS FOR TOMORROW
                         NORMAL    RECORD    YEAR
 MAXIMUM TEMPERATURE (F)   90       104      2002
                                             1968
 MINIMUM TEMPERATURE (F)   70        53      1969


SUNRISE AND SUNSET
AUGUST 23 2016........SUNRISE   652 AM EDT   SUNSET   801 PM EDT
AUGUST 24 2016........SUNRISE   653 AM EDT   SUNSET   800 PM EDT


-  INDICATES NEGATIVE NUMBERS.
R  INDICATES RECORD WAS SET OR TIED.
MM INDICATES DATA IS MISSING.
T  INDICATES TRACE AMOUNT.




$$
