000
CDUS42 KCAE 060717
CLICAE


CLIMATE REPORT
NATIONAL WEATHER SERVICE COLUMBIA SC
316 AM EDT FRI MAY 6 2016


...................................

...THE COLUMBIA METRO AIRPORT SC CLIMATE SUMMARY FOR MAY 5 2016...

CLIMATE NORMAL PERIOD 1981 TO 2010
CLIMATE RECORD PERIOD 1887 TO 2016


WEATHER ITEM   OBSERVED TIME   RECORD YEAR NORMAL DEPARTURE LAST
                VALUE   (LST)  VALUE       VALUE  FROM      YEAR
                                                  NORMAL
..................................................................
TEMPERATURE (F)
 YESTERDAY
  MAXIMUM         70        MM  95    2014  81    -11       83
                                      2012
                                      1955
  MINIMUM         53        MM  38    1973  56     -3       54
  AVERAGE         62                        68     -6       69

PRECIPITATION (IN)
  YESTERDAY        0.02          4.20 1991   0.09  -0.07     0.00
  MONTH TO DATE    0.97                      0.46   0.51      T
  SINCE MAR 1      5.65                      6.81  -1.16     6.81
  SINCE JAN 1     12.28                     14.00  -1.72    14.17

SNOWFALL (IN)
  YESTERDAY        0.0          MM      MM   0.0             0.0
  MONTH TO DATE    0.0                       0.0             0.0
  SINCE MAR 1      0.0                       0.1             0.0
  SINCE JUL 1      T                         1.5              T

DEGREE DAYS
 HEATING
  YESTERDAY        3                         1      2        0
  MONTH TO DATE    3                         7     -4        6
  SINCE MAR 1    225                       439   -214      274
  SINCE JUL 1   1788                      2538   -750     2463

 COOLING
  YESTERDAY        0                         5     -5        4
  MONTH TO DATE   40                        22     18        9
  SINCE MAR 1    223                       113    110      152
  SINCE JAN 1    227                       117    110      152
..................................................................


WIND (MPH)
  HIGHEST WIND SPEED    30   HIGHEST WIND DIRECTION     W (290)
  HIGHEST GUST SPEED    39   HIGHEST GUST DIRECTION     W (290)
  AVERAGE WIND SPEED    11.1


SKY COVER
  AVERAGE SKY COVER 0.4


WEATHER CONDITIONS
 THE FOLLOWING WEATHER WAS RECORDED YESTERDAY.
  NO SIGNIFICANT WEATHER WAS OBSERVED.


RELATIVE HUMIDITY (PERCENT)
 HIGHEST    77           600 AM
 LOWEST     34           200 PM
 AVERAGE    56

..........................................................


THE COLUMBIA METRO AIRPORT SC CLIMATE NORMALS FOR TODAY
                         NORMAL    RECORD    YEAR
 MAXIMUM TEMPERATURE (F)   82        97      1977
 MINIMUM TEMPERATURE (F)   56        41      1973


SUNRISE AND SUNSET
MAY  6 2016...........SUNRISE   630 AM EDT   SUNSET   812 PM EDT
MAY  7 2016...........SUNRISE   629 AM EDT   SUNSET   813 PM EDT


-  INDICATES NEGATIVE NUMBERS.
R  INDICATES RECORD WAS SET OR TIED.
MM INDICATES DATA IS MISSING.
T  INDICATES TRACE AMOUNT.




$$
