118
CDUS42 KCAE 230552
CLICAE


CLIMATE REPORT
NATIONAL WEATHER SERVICE COLUMBIA SC
1251 AM EST TUE JAN 23 2018


...................................

...THE COLUMBIA METRO AIRPORT SC CLIMATE SUMMARY FOR JANUARY 22 2018...

CLIMATE NORMAL PERIOD 1981 TO 2010
CLIMATE RECORD PERIOD 1887 TO 2018


WEATHER ITEM   OBSERVED TIME   RECORD YEAR NORMAL DEPARTURE LAST
                VALUE   (LST)  VALUE       VALUE  FROM      YEAR
                                                  NORMAL
..................................................................
TEMPERATURE (F)
 YESTERDAY
  MAXIMUM         69    354 PM  78    1999  56     13       67
                                      1974
                                      1937
  MINIMUM         38    759 AM   7    1985  34      4       60
  AVERAGE         54                        45      9       64

PRECIPITATION (IN)
  YESTERDAY        0.00          1.82 2017   0.12  -0.12     1.82
  MONTH TO DATE    0.73                      2.52  -1.79     6.92
  SINCE DEC 1      4.02                      5.74  -1.72    10.27
  SINCE JAN 1      0.73                      2.52  -1.79     6.92

SNOWFALL (IN)
  YESTERDAY        0.0          MM      MM   0.0             0.0
  MONTH TO DATE    T                         0.6             0.1
  SINCE DEC 1      T                         0.7             0.1
  SINCE JUL 1      T                         0.7             0.1

DEGREE DAYS
 HEATING
  YESTERDAY       11                        20     -9        1
  MONTH TO DATE  536                       453     83      223
  SINCE DEC 1   1007                      1022    -15      692
  SINCE JUL 1   1385                      1463    -78      994

 COOLING
  YESTERDAY        0                         0      0        0
  MONTH TO DATE    2                         0      2        4
  SINCE DEC 1      2                         3     -1        7
  SINCE JAN 1      2                         0      2        4
..................................................................


WIND (MPH)
  HIGHEST WIND SPEED    18   HIGHEST WIND DIRECTION     S (170)
  HIGHEST GUST SPEED    24   HIGHEST GUST DIRECTION    SE (150)
  AVERAGE WIND SPEED     4.2


SKY COVER
  AVERAGE SKY COVER 0.6


WEATHER CONDITIONS
 THE FOLLOWING WEATHER WAS RECORDED YESTERDAY.
  FOG
  HAZE


RELATIVE HUMIDITY (PERCENT)
 HIGHEST   100           700 AM
 LOWEST     49           300 PM
 AVERAGE    75

..........................................................


THE COLUMBIA METRO AIRPORT SC CLIMATE NORMALS FOR TODAY
                         NORMAL    RECORD    YEAR
 MAXIMUM TEMPERATURE (F)   56        79      1974
 MINIMUM TEMPERATURE (F)   34        13      1985


SUNRISE AND SUNSET
JANUARY 23 2018.......SUNRISE   727 AM EST   SUNSET   546 PM EST
JANUARY 24 2018.......SUNRISE   726 AM EST   SUNSET   547 PM EST


-  INDICATES NEGATIVE NUMBERS.
R  INDICATES RECORD WAS SET OR TIED.
MM INDICATES DATA IS MISSING.
T  INDICATES TRACE AMOUNT.




$$
