000
CDUS42 KCAE 302129
CLICAE


CLIMATE REPORT
NATIONAL WEATHER SERVICE COLUMBIA SC
527 PM EDT SUN APR 30 2017


...................................

...THE COLUMBIA METRO AIRPORT SC CLIMATE SUMMARY FOR APRIL 30 2017...
VALID TODAY AS OF 0500 PM LOCAL TIME.

CLIMATE NORMAL PERIOD 1981 TO 2010
CLIMATE RECORD PERIOD 1887 TO 2017


WEATHER ITEM   OBSERVED TIME   RECORD YEAR NORMAL DEPARTURE LAST
                VALUE   (LST)  VALUE       VALUE  FROM      YEAR
                                                  NORMAL
..................................................................
TEMPERATURE (F)
 TODAY
  MAXIMUM         89    202 PM  93    1987  80      9       89
                                      1962
  MINIMUM         72   1229 AM  39    2008  54     18       66
  AVERAGE         81                        67     14       78

PRECIPITATION (IN)
  TODAY            0.02          1.88 1953   0.09  -0.07      T
  MONTH TO DATE    6.11                      2.62   3.49     2.80
  SINCE MAR 1      8.49                      6.35   2.14     4.68
  SINCE JAN 1     17.13                     13.54   3.59    11.31

SNOWFALL (IN)
  TODAY            0.0          MM      MM   0.0             0.0
  MONTH TO DATE    0.0                       0.0             0.0
  SINCE MAR 1      T                         0.1             0.0
  SINCE JUL 1      0.1                       1.5              T

DEGREE DAYS
 HEATING
  TODAY            0                         2     -2        0
  MONTH TO DATE   38                       122    -84       75
  SINCE MAR 1    312                       432   -120      222
  SINCE JUL 1   1653                      2531   -878     1785

 COOLING
  TODAY           16                         4     12       13
  MONTH TO DATE  177                        73    104      110
  SINCE MAR 1    226                        91    135      183
  SINCE JAN 1    244                        95    149      187
..................................................................


WIND (MPH)
  HIGHEST WIND SPEED    22   HIGHEST WIND DIRECTION     S (180)
  HIGHEST GUST SPEED    25   HIGHEST GUST DIRECTION     S (170)
  AVERAGE WIND SPEED     8.6


SKY COVER
  AVERAGE SKY COVER 0.8


WEATHER CONDITIONS
 THE FOLLOWING WEATHER WAS RECORDED TODAY.
  LIGHT RAIN


RELATIVE HUMIDITY (PERCENT)
 HIGHEST    87           400 AM
 LOWEST     50           200 PM
 AVERAGE    69

..........................................................


THE COLUMBIA METRO AIRPORT SC CLIMATE NORMALS FOR TOMORROW
                         NORMAL    RECORD    YEAR
 MAXIMUM TEMPERATURE (F)   80        95      1962
 MINIMUM TEMPERATURE (F)   55        40      1908


SUNRISE AND SUNSET
APRIL 30 2017.........SUNRISE   636 AM EDT   SUNSET   808 PM EDT
MAY  1 2017...........SUNRISE   635 AM EDT   SUNSET   808 PM EDT


-  INDICATES NEGATIVE NUMBERS.
R  INDICATES RECORD WAS SET OR TIED.
MM INDICATES DATA IS MISSING.
T  INDICATES TRACE AMOUNT.




$$
