891
CDUS42 KCAE 070651
CLICAE


CLIMATE REPORT
NATIONAL WEATHER SERVICE COLUMBIA SC
151 AM EST WED DEC 7 2016


...................................

...THE COLUMBIA METRO AIRPORT SC CLIMATE SUMMARY FOR DECEMBER 6 2016...

CLIMATE NORMAL PERIOD 1981 TO 2010
CLIMATE RECORD PERIOD 1887 TO 2016


WEATHER ITEM   OBSERVED TIME   RECORD YEAR NORMAL DEPARTURE LAST
                VALUE   (LST)  VALUE       VALUE  FROM      YEAR
                                                  NORMAL
..................................................................
TEMPERATURE (F)
 YESTERDAY
  MAXIMUM         54    648 AM  82    2013  61     -7       66
                                      1998
  MINIMUM         50   1159 PM  19    1895  37     13       36
  AVERAGE         52                        49      3       51

PRECIPITATION (IN)
  YESTERDAY        0.45          1.80 1983   0.09   0.36     0.00
  MONTH TO DATE    1.56                      0.60   0.96     0.33
  SINCE DEC 1      1.56                      0.60   0.96     0.33
  SINCE JAN 1     37.76                     41.97  -4.21    57.46

SNOWFALL (IN)
  YESTERDAY        0.0          MM      MM   0.0             0.0
  MONTH TO DATE    0.0                       0.0             0.0
  SINCE DEC 1      0.0                       0.0             0.0
  SINCE JUL 1      0.0                       0.0             0.0

DEGREE DAYS
 HEATING
  YESTERDAY       13                        16     -3       14
  MONTH TO DATE   87                        94     -7       72
  SINCE DEC 1     87                        94     -7       72
  SINCE JUL 1    389                       535   -146      342

 COOLING
  YESTERDAY        0                         0      0        0
  MONTH TO DATE    0                         0      0        0
  SINCE DEC 1      0                         0      0        0
  SINCE JAN 1   2886                      2167    719     2602
..................................................................


WIND (MPH)
  HIGHEST WIND SPEED    17   HIGHEST WIND DIRECTION     E (80)
  HIGHEST GUST SPEED    19   HIGHEST GUST DIRECTION     E (80)
  AVERAGE WIND SPEED     6.3


SKY COVER
  AVERAGE SKY COVER 1.0


WEATHER CONDITIONS
 THE FOLLOWING WEATHER WAS RECORDED YESTERDAY.
  HEAVY RAIN
  RAIN
  LIGHT RAIN
  FOG


RELATIVE HUMIDITY (PERCENT)
 HIGHEST    96           900 AM
 LOWEST     83           900 PM
 AVERAGE    90

..........................................................


THE COLUMBIA METRO AIRPORT SC CLIMATE NORMALS FOR TODAY
                         NORMAL    RECORD    YEAR
 MAXIMUM TEMPERATURE (F)   60        80      1998
 MINIMUM TEMPERATURE (F)   37        15      1937


SUNRISE AND SUNSET
DECEMBER  7 2016......SUNRISE   717 AM EST   SUNSET   515 PM EST
DECEMBER  8 2016......SUNRISE   718 AM EST   SUNSET   515 PM EST


-  INDICATES NEGATIVE NUMBERS.
R  INDICATES RECORD WAS SET OR TIED.
MM INDICATES DATA IS MISSING.
T  INDICATES TRACE AMOUNT.




$$
