000
CDUS41 KCLE 030900
CLICAK


CLIMATE REPORT
NATIONAL WEATHER SERVICE CLEVELAND OH
500 AM EDT WED JUN 3 2015


...................................

...THE AKRON CANTON OH CLIMATE SUMMARY FOR JUNE 2 2015...

CLIMATE NORMAL PERIOD 1981 TO 2010
CLIMATE RECORD PERIOD 1887 TO 2015


WEATHER ITEM   OBSERVED TIME   RECORD YEAR NORMAL DEPARTURE LAST
                VALUE   (LST)  VALUE       VALUE  FROM      YEAR
                                                  NORMAL
..................................................................
TEMPERATURE (F)
 YESTERDAY
  MAXIMUM         67    620 PM  95    1934  74     -7       78
                                      1895
  MINIMUM         52    723 AM  38    2003  54     -2       69
                                      1966
  AVERAGE         60                        64     -4       74

PRECIPITATION (IN)
  YESTERDAY        0.00                      0.13  -0.13      T
  MONTH TO DATE    T                         0.26  -0.26      T
  SINCE JUN 1      T                         0.26  -0.26      T
  SINCE JAN 1     16.41                     15.99   0.42    16.63

SNOWFALL (IN)
  YESTERDAY        0.0                       0.0    0.0      0.0
  MONTH TO DATE    0.0                       0.0    0.0      0.0
  SINCE JUN 1      0.0                       0.0    0.0      0.0
  SINCE JUL 1     59.8                      47.5   12.3     69.9
  SNOW DEPTH       0

DEGREE DAYS
 HEATING
  YESTERDAY        5                         4      1        0
  MONTH TO DATE   19                         8     11        0
  SINCE JUN 1     19                         8     11        0
  SINCE JUL 1   6295                      6109    186     6407

 COOLING
  YESTERDAY        0                         3     -3        9
  MONTH TO DATE    0                         5     -5       12
  SINCE JUN 1      0                         5     -5       12
  SINCE JAN 1    144                        47     97       88
..................................................................


WIND (MPH)
  HIGHEST WIND SPEED    14   HIGHEST WIND DIRECTION    SE (120)
  HIGHEST GUST SPEED    21   HIGHEST GUST DIRECTION    NE (60)
  AVERAGE WIND SPEED     7.3


SKY COVER
  POSSIBLE SUNSHINE  MM
  AVERAGE SKY COVER 0.8


WEATHER CONDITIONS
 THE FOLLOWING WEATHER WAS RECORDED YESTERDAY.
  NO SIGNIFICANT WEATHER WAS OBSERVED.


RELATIVE HUMIDITY (PERCENT)
 HIGHEST    86          1000 PM
 LOWEST     58           400 PM
 AVERAGE    72

..........................................................


THE AKRON CANTON OH CLIMATE NORMALS FOR TODAY
                         NORMAL    RECORD    YEAR
 MAXIMUM TEMPERATURE (F)   74        95      1895
 MINIMUM TEMPERATURE (F)   54        40      1986
                                             1977
                                             1901


SUNRISE AND SUNSET
JUNE  3 2015..........SUNRISE   555 AM EDT   SUNSET   853 PM EDT
JUNE  4 2015..........SUNRISE   555 AM EDT   SUNSET   853 PM EDT


-  INDICATES NEGATIVE NUMBERS.
R  INDICATES RECORD WAS SET OR TIED.
MM INDICATES DATA IS MISSING.
T  INDICATES TRACE AMOUNT.




$$
