286
CDUS41 KCLE 270526
CLICAK


CLIMATE REPORT
NATIONAL WEATHER SERVICE CLEVELAND OH
1226 AM EST MON FEB 27 2017


...................................

...THE AKRON CANTON OH CLIMATE SUMMARY FOR FEBRUARY 26 2017...

CLIMATE NORMAL PERIOD 1981 TO 2010
CLIMATE RECORD PERIOD 1887 TO 2017


WEATHER ITEM   OBSERVED TIME   RECORD YEAR NORMAL DEPARTURE LAST
                VALUE   (LST)  VALUE       VALUE  FROM      YEAR
                                                  NORMAL
..................................................................
TEMPERATURE (F)
 YESTERDAY
  MAXIMUM         40    520 PM  72    2000  40      0       29
  MINIMUM         25    749 AM -10    1963  23      2       22
  AVERAGE         33                        32      1       26

PRECIPITATION (IN)
  YESTERDAY        T                         0.08  -0.08     0.03
  MONTH TO DATE    2.37                      2.13   0.24     3.23
  SINCE DEC 1     11.51                      7.58   3.93     8.14
  SINCE JAN 1      8.51                      4.74   3.77     4.44

SNOWFALL (IN)
  YESTERDAY        T                         0.4   -0.4      0.9
  MONTH TO DATE    4.2                       9.7   -5.5     16.4
  SINCE DEC 1     19.1                      32.3  -13.2     22.7
  SINCE JUL 1     21.2                      35.7  -14.5     22.7
  SNOW DEPTH       T

DEGREE DAYS
 HEATING
  YESTERDAY       32                        33     -1       39
  MONTH TO DATE  652                       942   -290      883
  SINCE DEC 1   2678                      3219   -541     2703
  SINCE JUL 1   3556                      4478   -922     3583

 COOLING
  YESTERDAY        0                         0      0        0
  MONTH TO DATE    2                         0      2        0
  SINCE DEC 1      2                         0      2        0
  SINCE JAN 1      2                         0      2        0
..................................................................


WIND (MPH)
  HIGHEST WIND SPEED    21   HIGHEST WIND DIRECTION    SW (220)
  HIGHEST GUST SPEED    24   HIGHEST GUST DIRECTION    SW (230)
  AVERAGE WIND SPEED    12.3


SKY COVER
  POSSIBLE SUNSHINE  MM
  AVERAGE SKY COVER 0.6


WEATHER CONDITIONS
 THE FOLLOWING WEATHER WAS RECORDED YESTERDAY.
  LIGHT SNOW


RELATIVE HUMIDITY (PERCENT)
 HIGHEST    68           100 AM
 LOWEST     37           500 PM
 AVERAGE    53

..........................................................


THE AKRON CANTON OH CLIMATE NORMALS FOR TODAY
                         NORMAL    RECORD    YEAR
 MAXIMUM TEMPERATURE (F)   40        65      1996
 MINIMUM TEMPERATURE (F)   24        -9      1963


SUNRISE AND SUNSET
FEBRUARY 27 2017......SUNRISE   702 AM EST   SUNSET   615 PM EST
FEBRUARY 28 2017......SUNRISE   701 AM EST   SUNSET   616 PM EST


-  INDICATES NEGATIVE NUMBERS.
R  INDICATES RECORD WAS SET OR TIED.
MM INDICATES DATA IS MISSING.
T  INDICATES TRACE AMOUNT.




$$
