871
CDUS41 KCLE 190525
CLICAK


CLIMATE REPORT
NATIONAL WEATHER SERVICE CLEVELAND OH
1225 AM EST FRI JAN 19 2018


...................................

...THE AKRON CANTON OH CLIMATE SUMMARY FOR JANUARY 18 2018...

CLIMATE NORMAL PERIOD 1981 TO 2010
CLIMATE RECORD PERIOD 1887 TO 2018


WEATHER ITEM   OBSERVED TIME   RECORD YEAR NORMAL DEPARTURE LAST
                VALUE   (LST)  VALUE       VALUE  FROM      YEAR
                                                  NORMAL
..................................................................
TEMPERATURE (F)
 YESTERDAY
  MAXIMUM         27        MM  63    1929  33     -6       46
  MINIMUM          7        MM -22    1994  19    -12       37
  AVERAGE         17                        26     -9       42

PRECIPITATION (IN)
  YESTERDAY        0.00                      0.09  -0.09     0.06
  MONTH TO DATE    1.61                      1.55   0.06     4.18
  SINCE DEC 1      3.51                      4.39  -0.88     7.18
  SINCE JAN 1      1.61                      1.55   0.06     4.18

SNOWFALL (IN)
  YESTERDAY        0.0                       0.4   -0.4      0.0
  MONTH TO DATE    9.9                       7.2    2.7      3.8
  SINCE DEC 1     23.9                      17.4    6.5     11.3
  SINCE JUL 1     24.0                      20.8    3.2     13.4
  SNOW DEPTH       4

DEGREE DAYS
 HEATING
  YESTERDAY       48                        39      9       23
  MONTH TO DATE  837                       700    137      616
  SINCE DEC 1   1965                      1771    194     1682
  SINCE JUL 1   2955                      3030    -75     2560

 COOLING
  YESTERDAY        0                         0      0        0
  MONTH TO DATE    0                         0      0        0
  SINCE DEC 1      0                         0      0        0
  SINCE JAN 1      0                         0      0        0
..................................................................


WIND (MPH)
  HIGHEST WIND SPEED    20   HIGHEST WIND DIRECTION    SW (230)
  HIGHEST GUST SPEED    28   HIGHEST GUST DIRECTION    SW (230)
  AVERAGE WIND SPEED    15.4


SKY COVER
  POSSIBLE SUNSHINE  MM
  AVERAGE SKY COVER 0.1


WEATHER CONDITIONS
 THE FOLLOWING WEATHER WAS RECORDED YESTERDAY.
  NO SIGNIFICANT WEATHER WAS OBSERVED.


RELATIVE HUMIDITY (PERCENT)
 HIGHEST    80          1200 AM
 LOWEST     55           200 PM
 AVERAGE    68

..........................................................


THE AKRON CANTON OH CLIMATE NORMALS FOR TODAY
                         NORMAL    RECORD    YEAR
 MAXIMUM TEMPERATURE (F)   33        68      1907
 MINIMUM TEMPERATURE (F)   19       -25      1994


SUNRISE AND SUNSET
JANUARY 19 2018.......SUNRISE   746 AM EST   SUNSET   527 PM EST
JANUARY 20 2018.......SUNRISE   746 AM EST   SUNSET   528 PM EST


-  INDICATES NEGATIVE NUMBERS.
R  INDICATES RECORD WAS SET OR TIED.
MM INDICATES DATA IS MISSING.
T  INDICATES TRACE AMOUNT.




$$
