000
CDUS45 KABQ 080835
CLICAO


CLIMATE REPORT
NATIONAL WEATHER SERVICE ALBUQUERQUE NM
130 AM MST MON FEB 8 2016


...................................

...THE CLAYTON  NM CLIMATE SUMMARY FOR FEBRUARY 7 2016...

CLIMATE NORMAL PERIOD 1981 TO 2010
CLIMATE RECORD PERIOD 1896 TO 2016


WEATHER ITEM   OBSERVED TIME   RECORD YEAR NORMAL DEPARTURE
                VALUE   (LST)  VALUE       VALUE  FROM
                                                  NORMAL
...............................................................
TEMPERATURE (F)
 YESTERDAY
  MAXIMUM         54    154 PM  83    2015  50      4
  MINIMUM         19   1130 PM -14    1933  22     -3
  AVERAGE         37                        36      1

PRECIPITATION (IN)
  YESTERDAY        0.00          0.21 1921   0.01  -0.01
  MONTH TO DATE    0.11                      0.07   0.04
  SINCE DEC 1      1.00                      0.71   0.29
  SINCE JAN 1      0.39                      0.35   0.04

SNOWFALL (IN)
  YESTERDAY        0.0
  MONTH TO DATE    0.9
  SINCE DEC 1     15.1
  SINCE JUL 1     22.2

DEGREE DAYS
 HEATING
  YESTERDAY       28                        29     -1
  MONTH TO DATE  247                       203     44
  SINCE DEC 1   1971                      2057    -86
  SINCE JUL 1   2860                      3109   -249

 COOLING
  YESTERDAY        0                         0      0
  MONTH TO DATE    0                         0      0
  SINCE DEC 1      0                         0      0
  SINCE JAN 1      0                         0      0
...............................................................


WIND (MPH)
  HIGHEST WIND SPEED    23   HIGHEST WIND DIRECTION    NE (40)
  HIGHEST GUST SPEED    29   HIGHEST GUST DIRECTION    NE (40)
  AVERAGE WIND SPEED    12.2


SKY COVER
  AVERAGE SKY COVER 0.0


WEATHER CONDITIONS
 THE FOLLOWING WEATHER WAS RECORDED YESTERDAY.
  NO SIGNIFICANT WEATHER WAS OBSERVED.


RELATIVE HUMIDITY (PERCENT)
 HIGHEST    77           900 PM
 LOWEST     24           200 PM
 AVERAGE    51

..........................................................


THE CLAYTON  NM CLIMATE NORMALS FOR TODAY
                         NORMAL    RECORD    YEAR
 MAXIMUM TEMPERATURE (F)   50        77      1957
 MINIMUM TEMPERATURE (F)   23       -17      1933


SUNRISE AND SUNSET
FEBRUARY  8 2016......SUNRISE   648 AM MST   SUNSET   526 PM MST
FEBRUARY  9 2016......SUNRISE   647 AM MST   SUNSET   527 PM MST


-  INDICATES NEGATIVE NUMBERS.
R  INDICATES RECORD WAS SET OR TIED.
MM INDICATES DATA IS MISSING.
T  INDICATES TRACE AMOUNT.

$$
