000
CDUS45 KABQ 270833
CLICAO


CLIMATE REPORT
NATIONAL WEATHER SERVICE ALBUQUERQUE NM
232 AM MDT THU AUG 27 2015


...................................

...THE CLAYTON  NM CLIMATE SUMMARY FOR AUGUST 26 2015...

CLIMATE NORMAL PERIOD 1981 TO 2010
CLIMATE RECORD PERIOD 1896 TO 2015


WEATHER ITEM   OBSERVED TIME   RECORD YEAR NORMAL DEPARTURE
                VALUE   (LST)  VALUE       VALUE  FROM
                                                  NORMAL
...............................................................
TEMPERATURE (F)
 YESTERDAY
  MAXIMUM         89   1222 PM  99    2002  85      4
  MINIMUM         63    433 AM  48    1914  59      4
  AVERAGE         76                        72      4

PRECIPITATION (IN)
  YESTERDAY        0.00          1.15 2014   0.08  -0.08
  MONTH TO DATE    3.81                      2.57   1.24
  SINCE JUN 1     12.61                      7.36   5.25
  SINCE JAN 1     24.14                     11.83  12.31

SNOWFALL (IN)
  YESTERDAY        0.0
  MONTH TO DATE    0.0
  SINCE JUN 1      0.0
  SINCE JUL 1      0.0

DEGREE DAYS
 HEATING
  YESTERDAY        0                         0      0
  MONTH TO DATE    5                         0      5
  SINCE JUN 1      7                        25    -18
  SINCE JUL 1      5                         2      3

 COOLING
  YESTERDAY       11                         7      4
  MONTH TO DATE  243                       224     19
  SINCE JUN 1    828                       710    118
  SINCE JAN 1    833                       761     72
...............................................................


WIND (MPH)
  HIGHEST WIND SPEED    20   HIGHEST WIND DIRECTION    SW (240)
  HIGHEST GUST SPEED    28   HIGHEST GUST DIRECTION    SW (230)
  AVERAGE WIND SPEED    11.5


SKY COVER
  AVERAGE SKY COVER 0.0


WEATHER CONDITIONS
 THE FOLLOWING WEATHER WAS RECORDED YESTERDAY.
  NO SIGNIFICANT WEATHER WAS OBSERVED.


RELATIVE HUMIDITY (PERCENT)
 HIGHEST    68           100 AM
 LOWEST     31           200 PM
 AVERAGE    50

..........................................................


THE CLAYTON  NM CLIMATE NORMALS FOR TODAY
                         NORMAL    RECORD    YEAR
 MAXIMUM TEMPERATURE (F)   85        98      1929
 MINIMUM TEMPERATURE (F)   59        47      1992


SUNRISE AND SUNSET
AUGUST 27 2015........SUNRISE   620 AM MDT   SUNSET   728 PM MDT
AUGUST 28 2015........SUNRISE   621 AM MDT   SUNSET   726 PM MDT


-  INDICATES NEGATIVE NUMBERS.
R  INDICATES RECORD WAS SET OR TIED.
MM INDICATES DATA IS MISSING.
T  INDICATES TRACE AMOUNT.

$$
