000
CDUS45 KABQ 170845
CLICAO


CLIMATE REPORT
NATIONAL WEATHER SERVICE ALBUQUERQUE NM
245 AM MDT WED SEP 17 2014


...................................

...THE CLAYTON  NM CLIMATE SUMMARY FOR SEPTEMBER 16 2014...

CLIMATE NORMAL PERIOD 1981 TO 2010
CLIMATE RECORD PERIOD 1896 TO 2014


WEATHER ITEM   OBSERVED TIME   RECORD YEAR NORMAL DEPARTURE
                VALUE   (LST)  VALUE       VALUE  FROM
                                                  NORMAL
...............................................................
TEMPERATURE (F)
 YESTERDAY
  MAXIMUM         80    227 PM  94    2000  79      1
  MINIMUM         52    514 AM  34    1951  52      0
  AVERAGE         66                        66      0

PRECIPITATION (IN)
  YESTERDAY        0.00          0.52 1976   0.06  -0.06
  MONTH TO DATE    2.68                      0.97   1.71
  SINCE SEP 1      2.68                      0.97   1.71
  SINCE JAN 1     11.21                     13.17  -1.96

SNOWFALL (IN)
  YESTERDAY        0.0
  MONTH TO DATE    0.0
  SINCE SEP 1      0.0
  SINCE JUL 1      0.0

DEGREE DAYS
 HEATING
  YESTERDAY        0                         2     -2
  MONTH TO DATE   43                        19     24
  SINCE SEP 1     43                        19     24
  SINCE JUL 1     43                        25     18

 COOLING
  YESTERDAY        1                         3     -2
  MONTH TO DATE   63                        76    -13
  SINCE SEP 1     63                        76    -13
  SINCE JAN 1   1067                       873    194
...............................................................


WIND (MPH)
  HIGHEST WIND SPEED    24   HIGHEST WIND DIRECTION     S (200)
  HIGHEST GUST SPEED    29   HIGHEST GUST DIRECTION     S (190)
  AVERAGE WIND SPEED    13.5


SKY COVER
  AVERAGE SKY COVER 0.2


WEATHER CONDITIONS
 THE FOLLOWING WEATHER WAS RECORDED YESTERDAY.
  NO SIGNIFICANT WEATHER WAS OBSERVED.


RELATIVE HUMIDITY (PERCENT)
 HIGHEST    96           500 AM
 LOWEST     42           200 PM
 AVERAGE    69

..........................................................


THE CLAYTON  NM CLIMATE NORMALS FOR TODAY
                         NORMAL    RECORD    YEAR
 MAXIMUM TEMPERATURE (F)   79        95      2000
 MINIMUM TEMPERATURE (F)   52        32      1971


SUNRISE AND SUNSET
SEPTEMBER 17 2014.....SUNRISE   637 AM MDT   SUNSET   657 PM MDT
SEPTEMBER 18 2014.....SUNRISE   637 AM MDT   SUNSET   655 PM MDT


-  INDICATES NEGATIVE NUMBERS.
R  INDICATES RECORD WAS SET OR TIED.
MM INDICATES DATA IS MISSING.
T  INDICATES TRACE AMOUNT.




$$
