000
CDUS45 KABQ 260829
CLICAO


CLIMATE REPORT
NATIONAL WEATHER SERVICE ALBUQUERQUE NM
228 AM MDT MON JUN 26 2017


...................................

...THE CLAYTON  NM CLIMATE SUMMARY FOR JUNE 25 2017...

CLIMATE NORMAL PERIOD 1981 TO 2010
CLIMATE RECORD PERIOD 1896 TO 2017


WEATHER ITEM   OBSERVED TIME   RECORD YEAR NORMAL DEPARTURE
                VALUE   (LST)  VALUE       VALUE  FROM
                                                  NORMAL
...............................................................
TEMPERATURE (F)
 YESTERDAY
  MAXIMUM         79    351 PM 100    1911  87     -8
  MINIMUM         57   1159 PM  46    1958  59     -2
  AVERAGE         68                        73     -5

PRECIPITATION (IN)
  YESTERDAY        0.34          0.63 1982   0.07   0.27
  MONTH TO DATE    0.58                      1.76  -1.18
  SINCE JUN 1      0.58                      1.76  -1.18
  SINCE JAN 1      8.33                      6.23   2.10

SNOWFALL (IN)
  YESTERDAY        0.0
  MONTH TO DATE    0.0
  SINCE JUN 1      0.0
  SINCE JUL 1     25.3

DEGREE DAYS
 HEATING
  YESTERDAY        0                         0      0
  MONTH TO DATE    2                        21    -19
  SINCE JUN 1      2                        21    -19
  SINCE JUL 1   4014                      4882   -868

 COOLING
  YESTERDAY        3                         8     -5
  MONTH TO DATE  156                       140     16
  SINCE JUN 1    156                       140     16
  SINCE JAN 1    188                       191     -3
...............................................................


WIND (MPH)
  HIGHEST WIND SPEED    35   HIGHEST WIND DIRECTION     N (340)
  HIGHEST GUST SPEED    48   HIGHEST GUST DIRECTION     N (340)
  AVERAGE WIND SPEED    12.0


SKY COVER
  AVERAGE SKY COVER 0.7


WEATHER CONDITIONS
 THE FOLLOWING WEATHER WAS RECORDED YESTERDAY.
  THUNDERSTORM
  HEAVY RAIN
  RAIN
  LIGHT RAIN
  FOG


RELATIVE HUMIDITY (PERCENT)
 HIGHEST   100           300 AM
 LOWEST     54           400 PM
 AVERAGE    77

..........................................................


THE CLAYTON  NM CLIMATE NORMALS FOR TODAY
                         NORMAL    RECORD    YEAR
 MAXIMUM TEMPERATURE (F)   88       103      2011
                                             1924
 MINIMUM TEMPERATURE (F)   59        40      1968


SUNRISE AND SUNSET
JUNE 26 2017..........SUNRISE   536 AM MDT   SUNSET   815 PM MDT
JUNE 27 2017..........SUNRISE   537 AM MDT   SUNSET   815 PM MDT


-  INDICATES NEGATIVE NUMBERS.
R  INDICATES RECORD WAS SET OR TIED.
MM INDICATES DATA IS MISSING.
T  INDICATES TRACE AMOUNT.




$$
