000
CDUS45 KABQ 240834
CLICAO


CLIMATE REPORT
NATIONAL WEATHER SERVICE ALBUQUERQUE NM
229 AM MDT THU JUL 24 2014


...................................

...THE CLAYTON  NM CLIMATE SUMMARY FOR JULY 23 2014...

CLIMATE NORMAL PERIOD 1981 TO 2010
CLIMATE RECORD PERIOD 1896 TO 2014


WEATHER ITEM   OBSERVED TIME   RECORD YEAR NORMAL DEPARTURE
                VALUE   (LST)  VALUE       VALUE  FROM
                                                  NORMAL
...............................................................
TEMPERATURE (F)
 YESTERDAY
  MAXIMUM         95    228 PM 100    2013  88      7
                                      1910
  MINIMUM         66    504 AM  50    1943  61      5
                                      1919
  AVERAGE         81                        75      6

PRECIPITATION (IN)
  YESTERDAY        0.00          2.02 1921   0.10  -0.10
  MONTH TO DATE    0.48                      1.89  -1.41
  SINCE JUN 1      2.37                      4.02  -1.65
  SINCE JAN 1      4.14                      8.49  -4.35

SNOWFALL (IN)
  YESTERDAY        0.0
  MONTH TO DATE    0.0
  SINCE JUN 1      0.0
  SINCE JUL 1      0.0

DEGREE DAYS
 HEATING
  YESTERDAY        0                         0      0
  MONTH TO DATE    0                         0      0
  SINCE JUN 1     14                        23     -9
  SINCE JUL 1      0                         0      0

 COOLING
  YESTERDAY       16                        10      6
  MONTH TO DATE  261                       226     35
  SINCE JUN 1    506                       409     97
  SINCE JAN 1    601                       460    141
...............................................................


WIND (MPH)
  HIGHEST WIND SPEED    25   HIGHEST WIND DIRECTION     S (160)
  HIGHEST GUST SPEED    30   HIGHEST GUST DIRECTION    SE (140)
  AVERAGE WIND SPEED    10.4


SKY COVER
  AVERAGE SKY COVER 0.0


WEATHER CONDITIONS
 THE FOLLOWING WEATHER WAS RECORDED YESTERDAY.
  NO SIGNIFICANT WEATHER WAS OBSERVED.


RELATIVE HUMIDITY (PERCENT)
 HIGHEST    78           500 AM
 LOWEST     19           600 PM
 AVERAGE    49

..........................................................


THE CLAYTON  NM CLIMATE NORMALS FOR TODAY
                         NORMAL    RECORD    YEAR
 MAXIMUM TEMPERATURE (F)   88        99      1940
                                             1937
 MINIMUM TEMPERATURE (F)   61        50      1928


SUNRISE AND SUNSET
JULY 24 2014..........SUNRISE   553 AM MDT   SUNSET   805 PM MDT
JULY 25 2014..........SUNRISE   554 AM MDT   SUNSET   804 PM MDT


-  INDICATES NEGATIVE NUMBERS.
R  INDICATES RECORD WAS SET OR TIED.
MM INDICATES DATA IS MISSING.
T  INDICATES TRACE AMOUNT.

$$
