000
CDUS45 KABQ 240830
CLICAO


CLIMATE REPORT
NATIONAL WEATHER SERVICE ALBUQUERQUE NM
230 AM MDT THU AUG 24 2017


...................................

...THE CLAYTON  NM CLIMATE SUMMARY FOR AUGUST 23 2017...

CLIMATE NORMAL PERIOD 1981 TO 2010
CLIMATE RECORD PERIOD 1896 TO 2017


WEATHER ITEM   OBSERVED TIME   RECORD YEAR NORMAL DEPARTURE
                VALUE   (LST)  VALUE       VALUE  FROM
                                                  NORMAL
...............................................................
TEMPERATURE (F)
 YESTERDAY
  MAXIMUM         77    246 PM  99    1922  86     -9
  MINIMUM         58   1259 AM  42    1910  60     -2
  AVERAGE         68                        73     -5

PRECIPITATION (IN)
  YESTERDAY        T             0.91 1911   0.08  -0.08
  MONTH TO DATE    2.56                      2.33   0.23
  SINCE JUN 1      7.13                      7.12   0.01
  SINCE JAN 1     14.88                     11.59   3.29

SNOWFALL (IN)
  YESTERDAY        0.0
  MONTH TO DATE    0.0
  SINCE JUN 1      0.0
  SINCE JUL 1      0.0

DEGREE DAYS
 HEATING
  YESTERDAY        0                         0      0
  MONTH TO DATE    4                         0      4
  SINCE JUN 1      6                        25    -19
  SINCE JUL 1      4                         2      2

 COOLING
  YESTERDAY        3                         8     -5
  MONTH TO DATE  107                       201    -94
  SINCE JUN 1    651                       687    -36
  SINCE JAN 1    683                       738    -55
...............................................................


WIND (MPH)
  HIGHEST WIND SPEED    16   HIGHEST WIND DIRECTION     S (160)
  HIGHEST GUST SPEED    20   HIGHEST GUST DIRECTION     S (160)
  AVERAGE WIND SPEED     8.1


SKY COVER
  AVERAGE SKY COVER 0.5


WEATHER CONDITIONS
 THE FOLLOWING WEATHER WAS RECORDED YESTERDAY.
  LIGHT RAIN
  FOG
  FOG W/VISIBILITY <= 1/4 MILE


RELATIVE HUMIDITY (PERCENT)
 HIGHEST   100          1200 AM
 LOWEST     64           100 PM
 AVERAGE    82

..........................................................


THE CLAYTON  NM CLIMATE NORMALS FOR TODAY
                         NORMAL    RECORD    YEAR
 MAXIMUM TEMPERATURE (F)   86       100      1936
                                             1922
 MINIMUM TEMPERATURE (F)   60        42      1928


SUNRISE AND SUNSET
AUGUST 24 2017........SUNRISE   618 AM MDT   SUNSET   731 PM MDT
AUGUST 25 2017........SUNRISE   619 AM MDT   SUNSET   730 PM MDT


-  INDICATES NEGATIVE NUMBERS.
R  INDICATES RECORD WAS SET OR TIED.
MM INDICATES DATA IS MISSING.
T  INDICATES TRACE AMOUNT.




$$
