000
CDUS45 KABQ 270829
CLICAO


CLIMATE REPORT
NATIONAL WEATHER SERVICE ALBUQUERQUE NM
228 AM MDT WED MAY 27 2015


...................................

...THE CLAYTON  NM CLIMATE SUMMARY FOR MAY 26 2015...

CLIMATE NORMAL PERIOD 1981 TO 2010
CLIMATE RECORD PERIOD 1896 TO 2015


WEATHER ITEM   OBSERVED TIME   RECORD YEAR NORMAL DEPARTURE
                VALUE   (LST)  VALUE       VALUE  FROM
                                                  NORMAL
...............................................................
TEMPERATURE (F)
 YESTERDAY
  MAXIMUM         74    421 PM  96    2006  78     -4
  MINIMUM         48    454 AM  35    1950  50     -2
                                      1917
  AVERAGE         61                        64     -3

PRECIPITATION (IN)
  YESTERDAY        0.00          0.81 1944   0.08  -0.08
  MONTH TO DATE    5.97                      1.54   4.43
  SINCE MAR 1      7.67                      3.43   4.24
  SINCE JAN 1     10.69                      4.05   6.64

SNOWFALL (IN)
  YESTERDAY        0.0
  MONTH TO DATE    0.0
  SINCE MAR 1      0.9
  SINCE JUL 1     26.1

DEGREE DAYS
 HEATING
  YESTERDAY        4                         3      1
  MONTH TO DATE  198                       142     56
  SINCE MAR 1   1017                      1171   -154
  SINCE JUL 1   4460                      4848   -388

 COOLING
  YESTERDAY        0                         2     -2
  MONTH TO DATE    3                        33    -30
  SINCE MAR 1      3                        39    -36
  SINCE JAN 1      3                        39    -36
...............................................................


WIND (MPH)
  HIGHEST WIND SPEED    26   HIGHEST WIND DIRECTION     N (340)
  HIGHEST GUST SPEED    35   HIGHEST GUST DIRECTION     N (340)
  AVERAGE WIND SPEED     7.9


SKY COVER
  AVERAGE SKY COVER 0.2


WEATHER CONDITIONS
 THE FOLLOWING WEATHER WAS RECORDED YESTERDAY.
  NO SIGNIFICANT WEATHER WAS OBSERVED.


RELATIVE HUMIDITY (PERCENT)
 HIGHEST    86          1200 AM
 LOWEST     35           300 PM
 AVERAGE    61

..........................................................


THE CLAYTON  NM CLIMATE NORMALS FOR TODAY
                         NORMAL    RECORD    YEAR
 MAXIMUM TEMPERATURE (F)   79        99      1896
 MINIMUM TEMPERATURE (F)   51        32      1917


SUNRISE AND SUNSET
MAY 27 2015...........SUNRISE   538 AM MDT   SUNSET   802 PM MDT
MAY 28 2015...........SUNRISE   538 AM MDT   SUNSET   802 PM MDT


-  INDICATES NEGATIVE NUMBERS.
R  INDICATES RECORD WAS SET OR TIED.
MM INDICATES DATA IS MISSING.
T  INDICATES TRACE AMOUNT.

$$
