000
CDUS45 KABQ 170829
CLICAO


CLIMATE REPORT
NATIONAL WEATHER SERVICE ALBUQUERQUE NM
228 AM MDT THU APR 17 2014


...................................

...THE CLAYTON  NM CLIMATE SUMMARY FOR APRIL 16 2014...

CLIMATE NORMAL PERIOD 1981 TO 2010
CLIMATE RECORD PERIOD 1896 TO 2014


WEATHER ITEM   OBSERVED TIME   RECORD YEAR NORMAL DEPARTURE
                VALUE   (LST)  VALUE       VALUE  FROM
                                                  NORMAL
...............................................................
TEMPERATURE (F)
 YESTERDAY
  MAXIMUM         64    811 AM  86    1937  67     -3
                                      1913
  MINIMUM         44   1159 PM  20    1951  38      6
  AVERAGE         54                        52      2

PRECIPITATION (IN)
  YESTERDAY        0.00          1.28 1952   0.04  -0.04
  MONTH TO DATE    0.26                      0.43  -0.17
  SINCE MAR 1      0.28                      1.38  -1.10
  SINCE JAN 1      0.46                      2.00  -1.54

SNOWFALL (IN)
  YESTERDAY        0.0
  MONTH TO DATE    1.5
  SINCE MAR 1      1.6
  SINCE JUL 1      9.8

DEGREE DAYS
 HEATING
  YESTERDAY       11                        13     -2
  MONTH TO DATE  237                       237      0
  SINCE MAR 1    851                       881    -30
  SINCE JUL 1   4550                      4558     -8

 COOLING
  YESTERDAY        0                         0      0
  MONTH TO DATE    3                         0      3
  SINCE MAR 1      3                         1      2
  SINCE JAN 1      3                         1      2
...............................................................


WIND (MPH)
  HIGHEST WIND SPEED    29   HIGHEST WIND DIRECTION    NE (30)
  HIGHEST GUST SPEED    35   HIGHEST GUST DIRECTION    NE (60)
  AVERAGE WIND SPEED    18.3


SKY COVER
  AVERAGE SKY COVER 0.2


WEATHER CONDITIONS
 THE FOLLOWING WEATHER WAS RECORDED YESTERDAY.
  NO SIGNIFICANT WEATHER WAS OBSERVED.


RELATIVE HUMIDITY (PERCENT)
 HIGHEST    49          1100 PM
 LOWEST     14           800 AM
 AVERAGE    32

..........................................................


THE CLAYTON  NM CLIMATE NORMALS FOR TODAY
                         NORMAL    RECORD    YEAR
 MAXIMUM TEMPERATURE (F)   67        88      1925
                                             1913
 MINIMUM TEMPERATURE (F)   38        17      1945


SUNRISE AND SUNSET
APRIL 17 2014.........SUNRISE   616 AM MDT   SUNSET   729 PM MDT
APRIL 18 2014.........SUNRISE   615 AM MDT   SUNSET   729 PM MDT


-  INDICATES NEGATIVE NUMBERS.
R  INDICATES RECORD WAS SET OR TIED.
MM INDICATES DATA IS MISSING.
T  INDICATES TRACE AMOUNT.

$$
