000
CDUS45 KABQ 260834
CLICAO


CLIMATE REPORT
NATIONAL WEATHER SERVICE ALBUQUERQUE NM
128 AM MST MON JAN 26 2015


...................................

...THE CLAYTON  NM CLIMATE SUMMARY FOR JANUARY 25 2015...

CLIMATE NORMAL PERIOD 1981 TO 2010
CLIMATE RECORD PERIOD 1896 TO 2015


WEATHER ITEM   OBSERVED TIME   RECORD YEAR NORMAL DEPARTURE
                VALUE   (LST)  VALUE       VALUE  FROM
                                                  NORMAL
...............................................................
TEMPERATURE (F)
 YESTERDAY
  MAXIMUM         48   1232 PM  74    1935  49     -1
  MINIMUM         30    428 AM  -4    1929  22      8
  AVERAGE         39                        36      3

PRECIPITATION (IN)
  YESTERDAY        0.00          0.17 1932   0.01  -0.01
  MONTH TO DATE    1.39                      0.22   1.17
  SINCE DEC 1      1.89                      0.58   1.31
  SINCE JAN 1      1.39                      0.22   1.17

SNOWFALL (IN)
  YESTERDAY        0.0
  MONTH TO DATE    9.0
  SINCE DEC 1     12.5
  SINCE JUL 1     15.1

DEGREE DAYS
 HEATING
  YESTERDAY       26                        29     -3
  MONTH TO DATE  763                       740     23
  SINCE DEC 1   1652                      1676    -24
  SINCE JUL 1   2604                      2728   -124

 COOLING
  YESTERDAY        0                         0      0
  MONTH TO DATE    0                         0      0
  SINCE DEC 1      0                         0      0
  SINCE JAN 1      0                         0      0
...............................................................


WIND (MPH)
  HIGHEST WIND SPEED    23   HIGHEST WIND DIRECTION     N (360)
  HIGHEST GUST SPEED    26   HIGHEST GUST DIRECTION     N (360)
  AVERAGE WIND SPEED    12.5


SKY COVER
  AVERAGE SKY COVER 0.0


WEATHER CONDITIONS
 THE FOLLOWING WEATHER WAS RECORDED YESTERDAY.
  NO SIGNIFICANT WEATHER WAS OBSERVED.


RELATIVE HUMIDITY (PERCENT)
 HIGHEST    70           600 PM
 LOWEST     48          1200 AM
 AVERAGE    59

..........................................................


THE CLAYTON  NM CLIMATE NORMALS FOR TODAY
                         NORMAL    RECORD    YEAR
 MAXIMUM TEMPERATURE (F)   49        77      1951
 MINIMUM TEMPERATURE (F)   22        -3      1963


SUNRISE AND SUNSET
JANUARY 26 2015.......SUNRISE   658 AM MST   SUNSET   512 PM MST
JANUARY 27 2015.......SUNRISE   658 AM MST   SUNSET   513 PM MST


-  INDICATES NEGATIVE NUMBERS.
R  INDICATES RECORD WAS SET OR TIED.
MM INDICATES DATA IS MISSING.
T  INDICATES TRACE AMOUNT.

$$
