000
CDUS41 KCAR 250528
CLICAR


CLIMATE REPORT
NATIONAL WEATHER SERVICE CARIBOU, ME
128 AM EDT TUE APR 25 2017


...................................

...THE CARIBOU ME CLIMATE SUMMARY FOR APRIL 24 2017...

CLIMATE NORMAL PERIOD 1981 TO 2010
CLIMATE RECORD PERIOD 1939 TO 2017


WEATHER ITEM   OBSERVED TIME   RECORD YEAR NORMAL DEPARTURE LAST
                VALUE   (LST)  VALUE       VALUE  FROM      YEAR
                                                  NORMAL
..................................................................
TEMPERATURE (F)
 YESTERDAY
  MAXIMUM         47    412 PM  80    1942  53     -6       45
  MINIMUM         28   1135 PM  20    2004  33     -5       27
  AVERAGE         38                        43     -5       36

PRECIPITATION (IN)
  YESTERDAY        0.00          1.28 1970   0.08  -0.08     0.00
  MONTH TO DATE    3.15                      2.12   1.03     2.80
  SINCE MAR 1      5.87                      4.63   1.24     7.50
  SINCE JAN 1     11.49                      9.55   1.94    12.97

SNOWFALL (IN)
  YESTERDAY        0.0           3.3  2014   0.1   -0.1      0.0
  MONTH TO DATE    9.8                       6.9    2.9      2.8
  SINCE MAR 1     33.4                      25.2    8.2     30.0
  SINCE JUL 1    130.0                     107.7   22.3     90.0
  SNOW DEPTH       T

DEGREE DAYS
 HEATING
  YESTERDAY       27                        22      5       29
  MONTH TO DATE  616                       672    -56      686
  SINCE MAR 1   1999                      1926     73     1943
  SINCE JUL 1   7980                      8647   -667     7685

 COOLING
  YESTERDAY        0                         0      0        0
  MONTH TO DATE    0                         0      0        0
  SINCE MAR 1      0                         0      0        0
  SINCE JAN 1      0                         0      0        0
..................................................................


WIND (MPH)
  HIGHEST WIND SPEED    17   HIGHEST WIND DIRECTION     N (340)
  HIGHEST GUST SPEED    22   HIGHEST GUST DIRECTION    NW (330)
  AVERAGE WIND SPEED     9.0


SKY COVER
  POSSIBLE SUNSHINE  MM
  AVERAGE SKY COVER 0.2


WEATHER CONDITIONS
 THE FOLLOWING WEATHER WAS RECORDED YESTERDAY.
  LIGHT RAIN


RELATIVE HUMIDITY (PERCENT)
 HIGHEST    86          1200 AM
 LOWEST     31           400 PM
 AVERAGE    59

..........................................................


THE CARIBOU ME CLIMATE NORMALS FOR TODAY
                         NORMAL    RECORD    YEAR
 MAXIMUM TEMPERATURE (F)   53        77      2009
 MINIMUM TEMPERATURE (F)   34        17      2004


SUNRISE AND SUNSET
APRIL 25 2017.........SUNRISE   526 AM EDT   SUNSET   734 PM EDT
APRIL 26 2017.........SUNRISE   525 AM EDT   SUNSET   736 PM EDT


-  INDICATES NEGATIVE NUMBERS.
R  INDICATES RECORD WAS SET OR TIED.
MM INDICATES DATA IS MISSING.
T  INDICATES TRACE AMOUNT.




$$
