000
CDUS41 KCAR 142132
CLICAR


CLIMATE REPORT
NATIONAL WEATHER SERVICE CARIBOU, ME
431 PM EST THU DEC 14 2017


...................................

...THE CARIBOU ME CLIMATE SUMMARY FOR DECEMBER 14 2017...
VALID TODAY AS OF 0400 PM LOCAL TIME.

CLIMATE NORMAL PERIOD 1981 TO 2010
CLIMATE RECORD PERIOD 1939 TO 2017


WEATHER ITEM   OBSERVED TIME   RECORD YEAR NORMAL DEPARTURE LAST
                VALUE   (LST)  VALUE       VALUE  FROM      YEAR
                                                  NORMAL
..................................................................
TEMPERATURE (F)
 TODAY
  MAXIMUM         10   1247 AM  57    2010  27    -17       29
  MINIMUM          3    841 AM -18    1976  11     -8        6
  AVERAGE          7                        19    -12       18

PRECIPITATION (IN)
  TODAY            T             0.98 1977   0.11  -0.11      T
  MONTH TO DATE    2.59                      1.61   0.98     1.67
  SINCE DEC 1      2.59                      1.61   0.98     1.67
  SINCE JAN 1     41.48                     36.83   4.65    41.43

SNOWFALL (IN)
  TODAY            T            11.1  1977   0.8   -0.8      0.2
  MONTH TO DATE   17.2                       9.6    7.6     18.8
  SINCE DEC 1     17.2                       9.6    7.6     18.8
  SINCE JUL 1     21.1                      21.8   -0.7     39.0
  SNOW DEPTH      10

DEGREE DAYS
 HEATING
  TODAY           58                        46     12       47
  MONTH TO DATE  570                       605    -35      664
  SINCE DEC 1    570                       605    -35      664
  SINCE JUL 1   2274                      2750   -476     2351

 COOLING
  TODAY            0                         0      0        0
  MONTH TO DATE    0                         0      0        0
  SINCE DEC 1      0                         0      0        0
  SINCE JAN 1    222                       180     42      275
..................................................................


WIND (MPH)
  HIGHEST WIND SPEED    25   HIGHEST WIND DIRECTION     W (250)
  HIGHEST GUST SPEED    35   HIGHEST GUST DIRECTION     W (260)
  AVERAGE WIND SPEED    14.7


SKY COVER
  POSSIBLE SUNSHINE  MM
  AVERAGE SKY COVER 0.7


WEATHER CONDITIONS
 THE FOLLOWING WEATHER WAS RECORDED TODAY.
  LIGHT SNOW
  HAZE
  BLOWING SNOW


RELATIVE HUMIDITY (PERCENT)
 HIGHEST    73           100 AM
 LOWEST     63           200 PM
 AVERAGE    68

..........................................................


THE CARIBOU ME CLIMATE NORMALS FOR TOMORROW
                         NORMAL    RECORD    YEAR
 MAXIMUM TEMPERATURE (F)   26        47      2008
 MINIMUM TEMPERATURE (F)   11       -21      1943


SUNRISE AND SUNSET
DECEMBER 14 2017......SUNRISE   710 AM EST   SUNSET   344 PM EST
DECEMBER 15 2017......SUNRISE   711 AM EST   SUNSET   344 PM EST


-  INDICATES NEGATIVE NUMBERS.
R  INDICATES RECORD WAS SET OR TIED.
MM INDICATES DATA IS MISSING.
T  INDICATES TRACE AMOUNT.




$$
