000
CDUS41 KCAR 030528
CLICAR


CLIMATE REPORT
NATIONAL WEATHER SERVICE CARIBOU, ME
126 AM EDT THU SEP 3 2015


...................................

...THE CARIBOU ME CLIMATE SUMMARY FOR SEPTEMBER 2 2015...

CLIMATE NORMAL PERIOD 1981 TO 2010
CLIMATE RECORD PERIOD 1939 TO 2015


WEATHER ITEM   OBSERVED TIME   RECORD YEAR NORMAL DEPARTURE LAST
                VALUE   (LST)  VALUE       VALUE  FROM      YEAR
                                                  NORMAL
..................................................................
TEMPERATURE (F)
 YESTERDAY
  MAXIMUM         81   1209 PM  88    1999  71     10       77
                                      1979
                                      1942
  MINIMUM         56    447 AM  36    1991  49      7       63
  AVERAGE         69                        60      9       70

PRECIPITATION (IN)
  YESTERDAY        T             1.18 2013   0.10  -0.10      T
  MONTH TO DATE    T                         0.21  -0.21     0.23
  SINCE SEP 1      T                         0.21  -0.21     0.23
  SINCE JAN 1     22.47                     24.95  -2.48    28.89

SNOWFALL (IN)
  YESTERDAY        0.0           0.0  2002   0.0    0.0      0.0
                                      2001
  MONTH TO DATE    0.0                       0.0    0.0      0.0
  SINCE SEP 1      0.0                       0.0    0.0      0.0
  SINCE JUL 1      0.0                       0.0    0.0      0.0
  SNOW DEPTH       0

DEGREE DAYS
 HEATING
  YESTERDAY        0                         6     -6        0
  MONTH TO DATE    3                        12     -9        0
  SINCE SEP 1      3                        12     -9        0
  SINCE JUL 1     80                       166    -86       58

 COOLING
  YESTERDAY        4                         1      3        5
  MONTH TO DATE    4                         2      2        9
  SINCE SEP 1      4                         2      2        9
  SINCE JAN 1    207                       171     36      250
..................................................................


WIND (MPH)
  HIGHEST WIND SPEED    12   HIGHEST WIND DIRECTION    NW (310)
  HIGHEST GUST SPEED    16   HIGHEST GUST DIRECTION     W (260)
  AVERAGE WIND SPEED     3.5


SKY COVER
  POSSIBLE SUNSHINE  MM
  AVERAGE SKY COVER 0.2


WEATHER CONDITIONS
 THE FOLLOWING WEATHER WAS RECORDED YESTERDAY.
  LIGHT RAIN
  FOG


RELATIVE HUMIDITY (PERCENT)
 HIGHEST    93           300 AM
 LOWEST     58          1200 PM
 AVERAGE    76

..........................................................


THE CARIBOU ME CLIMATE NORMALS FOR TODAY
                         NORMAL    RECORD    YEAR
 MAXIMUM TEMPERATURE (F)   70        90      1999
 MINIMUM TEMPERATURE (F)   49        30      1976


SUNRISE AND SUNSET
SEPTEMBER  3 2015.....SUNRISE   554 AM EDT   SUNSET   708 PM EDT
SEPTEMBER  4 2015.....SUNRISE   555 AM EDT   SUNSET   706 PM EDT


-  INDICATES NEGATIVE NUMBERS.
R  INDICATES RECORD WAS SET OR TIED.
MM INDICATES DATA IS MISSING.
T  INDICATES TRACE AMOUNT.

----------------------------------------------------------------
THE CARIBOU ME 4 INCH SOIL TEMPERATURES FOR SEP 2 2015

MAXIMUM SOIL TEMPERATURE (F): 71
MINIMUM SOIL TEMPERATURE (F): 67


$$
