000
CDUS41 KCAR 232027
CLICAR

CLIMATE REPORT
NATIONAL WEATHER SERVICE CARIBOU, ME
426 PM EDT WED AUG 23 2017


...................................

...THE CARIBOU ME CLIMATE SUMMARY FOR AUGUST 23 2017...
VALID TODAY AS OF 0400 PM LOCAL TIME.

CLIMATE NORMAL PERIOD 1981 TO 2010
CLIMATE RECORD PERIOD 1939 TO 2017


WEATHER ITEM   OBSERVED TIME   RECORD YEAR NORMAL DEPARTURE LAST
                VALUE   (LST)  VALUE       VALUE  FROM      YEAR
                                                  NORMAL
..................................................................
TEMPERATURE (F)
 TODAY
  MAXIMUM         77    157 PM  89    1947  73      4       77
  MINIMUM         67    537 AM  38    1988  52     15       51
                                      1957
  AVERAGE         72                        62     10       64

PRECIPITATION (IN)
  TODAY            0.18          1.66 1972   0.11   0.07      T
  MONTH TO DATE    2.20                      2.84  -0.64     5.08
  SINCE JUN 1      9.21                     10.40  -1.19    14.37
  SINCE JAN 1     25.78                     23.82   1.96    30.30

SNOWFALL (IN)
  TODAY            0.0           0.0  2002   0.0    0.0      0.0
                                      2001
  MONTH TO DATE    0.0                       0.0    0.0      0.0
  SINCE JUN 1      0.0                       0.0    0.0      0.0
  SINCE JUL 1      0.0                       0.0    0.0      0.0
  SNOW DEPTH       0

DEGREE DAYS
 HEATING
  TODAY            0                         4     -4        1
  MONTH TO DATE   38                        58    -20       27
  SINCE JUN 1    209                       281    -72      219
  SINCE JUL 1     77                       116    -39       75

 COOLING
  TODAY            7                         1      6        0
  MONTH TO DATE   63                        43     20       61
  SINCE JUN 1    186                       154     32      215
  SINCE JAN 1    192                       159     33      223
..................................................................


WIND (MPH)
  HIGHEST WIND SPEED    22   HIGHEST WIND DIRECTION     W (250)
  HIGHEST GUST SPEED    31   HIGHEST GUST DIRECTION    SW (240)
  AVERAGE WIND SPEED    11.3


SKY COVER
  POSSIBLE SUNSHINE  MM
  AVERAGE SKY COVER 0.4


WEATHER CONDITIONS
 THE FOLLOWING WEATHER WAS RECORDED TODAY.
  HEAVY RAIN
  RAIN
  LIGHT RAIN
  FOG


RELATIVE HUMIDITY (PERCENT)
 HIGHEST    87           500 AM
 LOWEST     40           200 PM
 AVERAGE    64

..........................................................


THE CARIBOU ME CLIMATE NORMALS FOR TOMORROW
                         NORMAL    RECORD    YEAR
 MAXIMUM TEMPERATURE (F)   73        88      2014
 MINIMUM TEMPERATURE (F)   52        37      1975


SUNRISE AND SUNSET
AUGUST 23 2017........SUNRISE   540 AM EDT   SUNSET   728 PM EDT
AUGUST 24 2017........SUNRISE   542 AM EDT   SUNSET   726 PM EDT


-  INDICATES NEGATIVE NUMBERS.
R  INDICATES RECORD WAS SET OR TIED.
MM INDICATES DATA IS MISSING.
T  INDICATES TRACE AMOUNT.

.....................................................................

THE CARIBOU ME 4 INCH UNDER SOD SOIL TEMPERATURE FOR AUGUST 23, 2017

MAXIMUM 73F
MINIMUM 70F


$$
