929
CDUS41 KCAR 220535
CLICAR


CLIMATE REPORT
NATIONAL WEATHER SERVICE CARIBOU, ME
1234 AM EST SUN JAN 22 2017


...................................

...THE CARIBOU ME CLIMATE SUMMARY FOR JANUARY 21 2017...

CLIMATE NORMAL PERIOD 1981 TO 2010
CLIMATE RECORD PERIOD 1939 TO 2017


WEATHER ITEM   OBSERVED TIME   RECORD YEAR NORMAL DEPARTURE LAST
                VALUE   (LST)  VALUE       VALUE  FROM      YEAR
                                                  NORMAL
..................................................................
TEMPERATURE (F)
 YESTERDAY
  MAXIMUM         32    433 PM  40    1947  19     13       19
  MINIMUM         27    803 AM -29    1975   0     27       10
  AVERAGE         30                         9     21       15

PRECIPITATION (IN)
  YESTERDAY        T             0.95 1979   0.09  -0.09      T
  MONTH TO DATE    1.63                      1.86  -0.23     1.29
  SINCE DEC 1      5.83                      5.13   0.70     6.17
  SINCE JAN 1      1.63                      1.86  -0.23     1.29

SNOWFALL (IN)
  YESTERDAY        T            10.4  1979   0.8   -0.8       T
  MONTH TO DATE   12.0                      17.0   -5.0      9.8
  SINCE DEC 1     53.2                      39.9   13.3     37.6
  SINCE JUL 1     73.4                      52.1   21.3     41.7
  SNOW DEPTH      21

DEGREE DAYS
 HEATING
  YESTERDAY       35                        56    -21       50
  MONTH TO DATE 1035                      1149   -114     1008
  SINCE DEC 1   2528                      2598    -70     2130
  SINCE JUL 1   4215                      4743   -528     3948

 COOLING
  YESTERDAY        0                         0      0        0
  MONTH TO DATE    0                         0      0        0
  SINCE DEC 1      0                         0      0        0
  SINCE JAN 1      0                         0      0        0
..................................................................


WIND (MPH)
  HIGHEST WIND SPEED    12   HIGHEST WIND DIRECTION     S (170)
  HIGHEST GUST SPEED    14   HIGHEST GUST DIRECTION     S (170)
  AVERAGE WIND SPEED     4.6


SKY COVER
  POSSIBLE SUNSHINE  MM
  AVERAGE SKY COVER 1.0


WEATHER CONDITIONS
 THE FOLLOWING WEATHER WAS RECORDED YESTERDAY.
  LIGHT SNOW


RELATIVE HUMIDITY (PERCENT)
 HIGHEST    92           800 AM
 LOWEST     75          1200 AM
 AVERAGE    84

..........................................................


THE CARIBOU ME CLIMATE NORMALS FOR TODAY
                         NORMAL    RECORD    YEAR
 MAXIMUM TEMPERATURE (F)   19        42      1957
 MINIMUM TEMPERATURE (F)    0       -27      1984


SUNRISE AND SUNSET
JANUARY 22 2017.......SUNRISE   707 AM EST   SUNSET   421 PM EST
JANUARY 23 2017.......SUNRISE   706 AM EST   SUNSET   422 PM EST


-  INDICATES NEGATIVE NUMBERS.
R  INDICATES RECORD WAS SET OR TIED.
MM INDICATES DATA IS MISSING.
T  INDICATES TRACE AMOUNT.




$$
