000
CDUS41 KCAR 230527
CLICAR


CLIMATE REPORT
NATIONAL WEATHER SERVICE CARIBOU, ME
126 AM EDT SAT JUL 23 2016


...................................

...THE CARIBOU ME CLIMATE SUMMARY FOR JULY 22 2016...

CLIMATE NORMAL PERIOD 1981 TO 2010
CLIMATE RECORD PERIOD 1939 TO 2016


WEATHER ITEM   OBSERVED TIME   RECORD YEAR NORMAL DEPARTURE LAST
                VALUE   (LST)  VALUE       VALUE  FROM      YEAR
                                                  NORMAL
..................................................................
TEMPERATURE (F)
 YESTERDAY
  MAXIMUM         85   1238 PM  89    1979  76      9       76
  MINIMUM         64   1149 PM  41    1992  56      8       58
  AVERAGE         75                        66      9       67

PRECIPITATION (IN)
  YESTERDAY        0.17          2.42 1982   0.13   0.04     0.02
  MONTH TO DATE    4.41                      2.95   1.46     2.63
  SINCE JUN 1      8.06                      6.43   1.63     6.88
  SINCE JAN 1     23.99                     19.85   4.14    17.73

SNOWFALL (IN)
  YESTERDAY        0.0           0.0  2002   0.0    0.0      0.0
                                      2001
  MONTH TO DATE    0.0                       0.0    0.0      0.0
  SINCE JUN 1      0.0                       0.0    0.0      0.0
  SINCE JUL 1      0.0                       0.0    0.0      0.0
  SNOW DEPTH       0

DEGREE DAYS
 HEATING
  YESTERDAY        0                         2     -2        0
  MONTH TO DATE   48                        46      2       42
  SINCE JUN 1    192                       211    -19      254
  SINCE JUL 1     48                        46      2       42

 COOLING
  YESTERDAY       10                         3      7        2
  MONTH TO DATE   64                        52     12       33
  SINCE JUN 1    109                        86     23       39
  SINCE JAN 1    117                        91     26       60
..................................................................


WIND (MPH)
  HIGHEST WIND SPEED    20   HIGHEST WIND DIRECTION    SW (240)
  HIGHEST GUST SPEED    24   HIGHEST GUST DIRECTION     W (290)
  AVERAGE WIND SPEED     7.3


SKY COVER
  POSSIBLE SUNSHINE  MM
  AVERAGE SKY COVER 0.6


WEATHER CONDITIONS
 THE FOLLOWING WEATHER WAS RECORDED YESTERDAY.
  THUNDERSTORM
  HEAVY RAIN
  RAIN
  LIGHT RAIN
  FOG


RELATIVE HUMIDITY (PERCENT)
 HIGHEST    90           500 PM
 LOWEST     55           100 PM
 AVERAGE    73

..........................................................


THE CARIBOU ME CLIMATE NORMALS FOR TODAY
                         NORMAL    RECORD    YEAR
 MAXIMUM TEMPERATURE (F)   76        95      1952
 MINIMUM TEMPERATURE (F)   56        42      1997


SUNRISE AND SUNSET
JULY 23 2016..........SUNRISE   502 AM EDT   SUNSET   815 PM EDT
JULY 24 2016..........SUNRISE   503 AM EDT   SUNSET   814 PM EDT


-  INDICATES NEGATIVE NUMBERS.
R  INDICATES RECORD WAS SET OR TIED.
MM INDICATES DATA IS MISSING.
T  INDICATES TRACE AMOUNT.




$$
