000
CDUS41 KCAR 060528
CLICAR


CLIMATE REPORT
NATIONAL WEATHER SERVICE CARIBOU, ME
1226 AM EST TUE DEC 6 2016


...................................

...THE CARIBOU ME CLIMATE SUMMARY FOR DECEMBER 5 2016...

CLIMATE NORMAL PERIOD 1981 TO 2010
CLIMATE RECORD PERIOD 1939 TO 2016


WEATHER ITEM   OBSERVED TIME   RECORD YEAR NORMAL DEPARTURE LAST
                VALUE   (LST)  VALUE       VALUE  FROM      YEAR
                                                  NORMAL
..................................................................
TEMPERATURE (F)
 YESTERDAY
  MAXIMUM         17   1159 PM  58    1950  30    -13       36
  MINIMUM         -1    534 AM -13    2014  16    -17       26
                                      1972
  AVERAGE          8                        23    -15       31

PRECIPITATION (IN)
  YESTERDAY        T             1.12 1961   0.12  -0.12     0.00
  MONTH TO DATE    1.26                      0.59   0.67     1.10
  SINCE DEC 1      1.26                      0.59   0.67     1.10
  SINCE JAN 1     41.02                     35.81   5.21    32.39

SNOWFALL (IN)
  YESTERDAY        T             5.7  1949   0.6   -0.6      0.0
  MONTH TO DATE   13.3                       3.2   10.1      3.4
  SINCE DEC 1     13.3                       3.2   10.1      3.4
  SINCE JUL 1     33.5                      15.4   18.1      7.5
  SNOW DEPTH      19

DEGREE DAYS
 HEATING
  YESTERDAY       57                        42     15       34
  MONTH TO DATE  208                       206      2      182
  SINCE DEC 1    208                       206      2      182
  SINCE JUL 1   1895                      2351   -456     2000

 COOLING
  YESTERDAY        0                         0      0        0
  MONTH TO DATE    0                         0      0        0
  SINCE DEC 1      0                         0      0        0
  SINCE JAN 1    275                       180     95      253
..................................................................


WIND (MPH)
  HIGHEST WIND SPEED     8   HIGHEST WIND DIRECTION     W (260)
  HIGHEST GUST SPEED     9   HIGHEST GUST DIRECTION     W (260)
  AVERAGE WIND SPEED     1.6


SKY COVER
  POSSIBLE SUNSHINE  MM
  AVERAGE SKY COVER 0.6


WEATHER CONDITIONS
 THE FOLLOWING WEATHER WAS RECORDED YESTERDAY.
  LIGHT SNOW
  FOG
  HAZE


RELATIVE HUMIDITY (PERCENT)
 HIGHEST    95           500 AM
 LOWEST     75           700 AM
 AVERAGE    85

..........................................................


THE CARIBOU ME CLIMATE NORMALS FOR TODAY
                         NORMAL    RECORD    YEAR
 MAXIMUM TEMPERATURE (F)   30        56      2001
 MINIMUM TEMPERATURE (F)   15       -11      1976
                                             1971


SUNRISE AND SUNSET
DECEMBER  6 2016......SUNRISE   703 AM EST   SUNSET   344 PM EST
DECEMBER  7 2016......SUNRISE   704 AM EST   SUNSET   344 PM EST


-  INDICATES NEGATIVE NUMBERS.
R  INDICATES RECORD WAS SET OR TIED.
MM INDICATES DATA IS MISSING.
T  INDICATES TRACE AMOUNT.




$$
