000
CDAK48 PAFC 231320 RRA
CLICDB

CLIMATE REPORT
NATIONAL WEATHER SERVICE ANCHORAGE, AK
418 AM AKST THU FEB 23 2017


...................................

...THE COLD BAY CLIMATE SUMMARY FOR FEBRUARY 22 2017...

CLIMATE NORMAL PERIOD 1981 TO 2010
CLIMATE RECORD PERIOD 1942 TO 2017


WEATHER ITEM   OBSERVED TIME   RECORD YEAR NORMAL DEPARTURE LAST
                VALUE   (LST)  VALUE       VALUE  FROM      YEAR
                                                  NORMAL
..................................................................
TEMPERATURE (F)
 YESTERDAY
  MAXIMUM         46R   632 PM  46    1943  34     12       37
  MINIMUM         34   1200 AM  -2    1980  25      9       23
  AVERAGE         40                        29     11       30

PRECIPITATION (IN)
  YESTERDAY        T             2.22 1943   0.11  -0.11     0.02
  MONTH TO DATE    1.24                      2.35  -1.11     1.23
  SINCE DEC 1     12.04                      9.97   2.07    12.98
  SINCE JAN 1      6.37                      5.51   0.86     5.72

SNOWFALL (IN)
  YESTERDAY        T             5.9  1965   0.4   -0.4     MM
  MONTH TO DATE    7.3                      10.2   -2.9      0.0
  SINCE DEC 1     34.8                      36.9   -2.1     33.0
  SINCE JUL 1     36.6                      49.5  -12.9     38.3
  SNOW DEPTH       T

DEGREE DAYS
 HEATING
  YESTERDAY       25                        36    -11       35
  MONTH TO DATE  854                       797     57      659
  SINCE DEC 1   3022                      2987     35     2528
  SINCE JUL 1   5372                      6007   -635     5021

 COOLING
  YESTERDAY        0                         0      0        0
  MONTH TO DATE    0                         0      0        0
  SINCE DEC 1      0                         0      0        0
  SINCE JAN 1      0                         0      0        0
..................................................................


WIND (MPH)
  RESULTANT WIND SPEED  28   RESULTANT WIND DIRECTION  SE (150)
  HIGHEST WIND SPEED    46   HIGHEST WIND DIRECTION    SE (140)
  HIGHEST GUST SPEED    61   HIGHEST GUST DIRECTION    SE (140)
  AVERAGE WIND SPEED    30.3



WEATHER CONDITIONS
 THE FOLLOWING WEATHER WAS RECORDED YESTERDAY.
  LIGHT SNOW
  FOG


RELATIVE HUMIDITY (PERCENT)
 HIGHEST   100
 LOWEST     57
 AVERAGE    79

..........................................................


THE COLD BAY CLIMATE NORMALS FOR TODAY
                         NORMAL    RECORD    YEAR
 MAXIMUM TEMPERATURE (F)   34        44      2003
 MINIMUM TEMPERATURE (F)   25         3      1971


SUNRISE AND SUNSET
FEBRUARY 23 2017......SUNRISE   854 AM AKST  SUNSET   715 PM AKST
FEBRUARY 24 2017......SUNRISE   852 AM AKST  SUNSET   717 PM AKST

CIVIL TWILIGHT
FEBRUARY 23 2017        START    818 AM GMT     END    753 PM GMT
FEBRUARY 24 2017        START    815 AM GMT     END    755 PM GMT



-  INDICATES NEGATIVE NUMBERS.
R  INDICATES RECORD WAS SET OR TIED.
MM INDICATES DATA IS MISSING.
T  INDICATES TRACE AMOUNT.




$$
&&
------------------------------------------------------
AMOUNT OF DAYLIGHT TODAY  (HOUR:MIN)........10:21
GAIN/LOSS SINCE YESTERDAY (HOUR:MIN:SEC)....+0:04:27

$$
