000
CDAK48 PACD 221111
CLICDB

CLIMATE REPORT
NATIONAL WEATHER SERVICE COLD BAY, AK
212 AM AKST SAT NOV 22 2014

...................................
...THE COLD BAY AP CLIMATE SUMMARY FOR NOVEMBER 21 2014...

CLIMATE NORMAL PERIOD  1981 TO  2010
CLIMATE RECORD PERIOD  1942 TO  2014

WEATHER ITEM   OBSERVED TIME    RECORD YEAR NORMAL DEPARTURE LAST
               VALUE    (LST)   VALUE       VALUE  FROM      YEAR
                                                   NORMAL
...................................................................
TEMPERATURE
YESTERDAY
 MAXIMUM            43  0110 PM    53  1946     38       5     35
 MINIMUM            39  0959 PM    10  2005     29      10     26
 AVERAGE            41                          34       7     31

PRECIPITATION
(INCHES)
 YESTERDAY        0.29           1.32  1993   0.17    0.12   0.01
 MONTH TO DATE    4.13                        3.41    0.72   3.76
 SINCE SEP 1     11.68                       12.90   -1.22  14.46
 SINCE JAN 1     30.09                       35.64   -5.55  41.38

SNOWFALL
(INCHES)
 YESTERDAY         0.0            4.7  1989    0.4    -0.4    0.1
 MONTH TO DATE     1.5                         6.5    -5.0    0.4
 SINCE SEP 1       3.9                         8.9    -5.0    0.4
 SINCE JUL 1       3.9                         8.9    -5.0    0.4
 SNOW DEPTH (IN)     0                                          T

DEGREE DAYS
 HEATING
  YESTERDAY         24                          31      -7     34
  MONTH TO DATE    543                         627     -84    502
  SINCE SEP 1     1727                        1896    -169   1541
  SINCE JUL 1     2269                        2740    -471   2212

 COOLING
  YESTERDAY          0                           0       0      0
  MONTH TO DATE      0                           0       0      0
  SINCE SEP 1        0                           0       0      0
  SINCE JAN 1        0                           0       0      0
...................................................................

WIND (MPH)
 HIGHEST WIND SPEED    22     HIGHEST WIND DIRECTION    200
 HIGHEST GUST SPEED    26     HIGHEST GUST DIRECTION    210
 AVERAGE WIND SPEED  13.1


WEATHER CONDITIONS
 THE FOLLOWING WEATHER WAS RECORDED YESTERDAY.
  FOG
  RAIN

...................................................................

THE COLD BAY CLIMATE NORMALS FOR TODAY
                           NORMAL    RECORD   YEAR
 MAXIMUM TEMPERATURE (F)     38        54     1946
 MINIMUM TEMPERATURE (F)     29        15     1986

SUNRISE AND SUNSET
 NOV 22 2014..........SUNRISE  9:39 AM      SUNSET  5:36 PM
 NOV 23 2014..........SUNRISE  9:40 AM      SUNSET  5:35 PM

-  INDICATES NEGATIVE NUMBERS.
R  INDICATES RECORD HAS BEEN SET OR TIED.
MM INDICATES DATA IS MISSING.
T  INDICATES TRACE OF PRECIPITATION.

&&
-------------------------------------------------------------------

AMOUNT OF DAYLIGHT TODAY  (HOUR:MIN)........7 HOURS 57 MINUTES
LOSS SINCE YESTERDAY (HOUR:MIN:SEC).........-0:03:12

$$

RCS NOV 14
