000
CDAK48 PACD 061111
CLICDB

CLIMATE REPORT
NATIONAL WEATHER SERVICE COLD BAY, AK
311 AM AKDT FRI MAY 6 2016

...................................
...THE COLD BAY AP CLIMATE SUMMARY FOR MAY 5 2016...

CLIMATE NORMAL PERIOD  1981 TO  2010
CLIMATE RECORD PERIOD  1950 TO  2016

WEATHER ITEM   OBSERVED TIME    RECORD YEAR NORMAL DEPARTURE LAST
               VALUE    (LST)   VALUE       VALUE  FROM      YEAR
                                                   NORMAL
...................................................................
TEMPERATURE
YESTERDAY
 MAXIMUM            47  0543 PM    56  1963     43       4     50
 MINIMUM            38  1159 PM    22  2010     33       5     34
 AVERAGE            43                          38       5     42

PRECIPITATION
(INCHES)
 YESTERDAY           T           0.83  1989   0.08   -0.08      T
 MONTH TO DATE    0.24                        0.38   -0.14   0.09
 SINCE MAR 1      4.47                        5.50   -1.03   5.20
 SINCE JAN 1     10.96                       11.64   -0.68   7.71

SNOWFALL
(INCHES)
 YESTERDAY         0.0            1.1  1969    0.0     0.0    0.0
 MONTH TO DATE     0.0                         0.4    -0.4    0.0
 SINCE MAR 1       8.2                        20.0   -11.8   13.6
 SINCE JUL 1      50.1                        72.2   -22.1   22.3
 SNOW DEPTH (IN)     0                                          0

DEGREE DAYS
 HEATING
  YESTERDAY         22                          27      -5     23
  MONTH TO DATE    117                         136     -19    123
  SINCE MAR 1     1851                        2145    -294   1971
  SINCE JUL 1     7576                        8369    -793   7344

 COOLING
  YESTERDAY          0                           0       0      0
  MONTH TO DATE      0                           0       0      0
  SINCE MAR 1        0                           0       0      0
  SINCE JAN 1        0                           0       0      0
...................................................................

WIND (MPH)
 HIGHEST WIND SPEED    36     HIGHEST WIND DIRECTION    340
 HIGHEST GUST SPEED    41     HIGHEST GUST DIRECTION    330
 AVERAGE WIND SPEED  24.7

WEATHER CONDITIONS
 THE FOLLOWING WEATHER WAS RECORDED YESTERDAY.
  FOG
  RAIN

...................................................................

THE COLD BAY CLIMATE NORMALS FOR TODAY
                           NORMAL    RECORD   YEAR
 MAXIMUM TEMPERATURE (F)     44        51     2015
 MINIMUM TEMPERATURE (F)     33        23     2000

SUNRISE AND SUNSET
 MAY 6 2016..........SUNRISE  6:58 AM      SUNSET 10:39 PM
 MAY 7 2016..........SUNRISE  6:56 AM      SUNSET 10:41 PM

-  INDICATES NEGATIVE NUMBERS.
R  INDICATES RECORD HAS BEEN SET OR TIED.
MM INDICATES DATA IS MISSING.
T  INDICATES TRACE OF PRECIPITATION.

&&
-------------------------------------------------------------------

AMOUNT OF DAYLIGHT TODAY  (HOUR:MIN)........15 HOURS 41 MINUTES
GAIN SINCE YESTERDAY (HOUR:MIN:SEC).........+0:03:57

$$
RCS MAY 16
