000
CDAK48 PACD 141202
CLICDB

CLIMATE REPORT
NATIONAL WEATHER SERVICE COLD BAY, AK
402 AM AKDT MON JUL 14 2014

...................................
...THE COLD BAY AP CLIMATE SUMMARY FOR JULY 13 2014...

CLIMATE NORMAL PERIOD  1981 TO  2010
CLIMATE RECORD PERIOD  1955 TO  2014

WEATHER ITEM   OBSERVED TIME    RECORD YEAR NORMAL DEPARTURE LAST
               VALUE    (LST)   VALUE       VALUE  FROM      YEAR
                                                   NORMAL
...................................................................
TEMPERATURE
YESTERDAY
 MAXIMUM            60  0318 PM    77  1960     55       5     64
 MINIMUM            52  0531 AM    41  1961     46       6     50
 AVERAGE            56                          51       5     57

PRECIPITATION
(INCHES)
 YESTERDAY        0.01           0.51  1989   0.07   -0.06   0.02
 MONTH TO DATE    1.31                        0.97    0.34   1.30
 SINCE JUN 1      2.36                        3.69   -1.33   4.12
 SINCE JAN 1     14.34                       17.55   -3.21  18.03

SNOWFALL
(INCHES)
 YESTERDAY         0.0            0.0  2014    0.0     0.0    0.0
 MONTH TO DATE     0.0                         0.0     0.0    0.0
 SINCE JUN 1       0.0                         0.0     0.0    0.0
 SINCE JUL 1       0.0                         0.0     0.0    0.0
 SNOW DEPTH (IN)     0                                          0

DEGREE DAYS
 HEATING
  YESTERDAY          9                          14      -5      8
  MONTH TO DATE    124                         196     -72    169
  SINCE JUN 1      569                         758    -189    678
  SINCE JUL 1      124                         196     -72    169

 COOLING
  YESTERDAY          0                           0       0      0
  MONTH TO DATE      0                           0       0      0
  SINCE JUN 1        0                           0       0      0
  SINCE JAN 1        0                           0       0      0
...................................................................

WIND (MPH)
 HIGHEST WIND SPEED    24     HIGHEST WIND DIRECTION     90
 HIGHEST GUST SPEED    29     HIGHEST GUST DIRECTION     90
 AVERAGE WIND SPEED  13.2


WEATHER CONDITIONS
 THE FOLLOWING WEATHER WAS RECORDED YESTERDAY.
  FOG
  RAIN

...................................................................

THE COLD BAY CLIMATE NORMALS FOR TODAY
                           NORMAL    RECORD   YEAR
 MAXIMUM TEMPERATURE (F)     55        67     1960
 MINIMUM TEMPERATURE (F)     46        38     1961

SUNRISE AND SUNSET
 JUL 14 2014..........SUNRISE  6:30 AM      SUNSET 11:23 PM
 JUL 15 2014..........SUNRISE  6:32 AM      SUNSET 11:22 PM

-  INDICATES NEGATIVE NUMBERS.
R  INDICATES RECORD HAS BEEN SET OR TIED.
MM INDICATES DATA IS MISSING.
T  INDICATES TRACE OF PRECIPITATION.

&&
-------------------------------------------------------------------

AMOUNT OF DAYLIGHT TODAY  (HOUR:MIN)........16 HOURS 53 MINUTES
LOSS SINCE YESTERDAY (HOUR:MIN:SEC).........-0:02:33

$$

RCS JUL 14
