000
CDAK48 PACD 300015
CLICDB

CLIMATE REPORT
NATIONAL WEATHER SERVICE COLD BAY, AK
415 PM AKDT SAT AUG 29 2015

...................................
...THE COLD BAY AP CLIMATE SUMMARY FOR AUGUST 29 2015...
VALID TODAY AS OF 2:00 PM LOCAL TIME

CLIMATE NORMAL PERIOD  1981 TO  2010
CLIMATE RECORD PERIOD  1942 TO  2015

WEATHER ITEM   OBSERVED TIME    RECORD YEAR NORMAL DEPARTURE LAST
               VALUE    (LST)   VALUE       VALUE  FROM      YEAR
                                                   NORMAL
...................................................................
TEMPERATURE
TODAY
 MAXIMUM            54  0222 PM    67  1997     56      -2     59
 MINIMUM            51  0248 AM    36  1970     47       4     42
 AVERAGE            53                          51       2     51

PRECIPITATION
(INCHES)
 TODAY            0.01           0.62  2010   0.14   -0.13      T
 MONTH TO DATE    1.23                        3.41   -2.18   2.82
 SINCE JUN 1      4.81                        8.61   -3.80   6.00
 SINCE JAN 1     17.66                       22.47   -4.81  17.98

SNOWFALL
(INCHES)
 TODAY             0.0            0.0  2015    0.0     0.0    0.0
 MONTH TO DATE     0.0                         0.0     0.0    0.0
 SINCE JUN 1       0.0                         0.0     0.0    0.0
 SINCE JUL 1       0.0                         0.0     0.0    0.0
 SNOW DEPTH (IN)     0                                          0

DEGREE DAYS
 HEATING
  TODAY             12                          14      -2     14
  MONTH TO DATE    346                         378     -32    242
  SINCE JUN 1     1206                        1378    -172    966
  SINCE JUL 1      746                         816     -70    521

 COOLING
  TODAY              0                           0       0      0
  MONTH TO DATE      0                           0       0      0
  SINCE JUN 1        0                           0       0      0
  SINCE JAN 1        0                           0       0      0
...................................................................

WIND (MPH)
 HIGHEST WIND SPEED    44     HIGHEST WIND DIRECTION    250
 HIGHEST GUST SPEED    52     HIGHEST GUST DIRECTION    260
 AVERAGE WIND SPEED    MM

WEATHER CONDITIONS
 THE FOLLOWING WEATHER WAS RECORDED TODAY.
  FOG
  RAIN

...................................................................

THE COLD BAY CLIMATE NORMALS FOR TOMORROW
                        NORMAL    RECORD   YEAR
 MAXIMUM TEMPERATURE      56        64     2001
 MINIMUM TEMPERATURE      47        38     2000

SUNRISE AND SUNSET
 AUG 29 2015..........SUNRISE  7:52 AM      SUNSET  9:52 PM
 AUG 30 2015..........SUNRISE  7:54 AM      SUNSET  9:49 PM

-  INDICATES NEGATIVE NUMBERS.
R  INDICATES RECORD HAS BEEN SET OR TIED.
MM INDICATES DATA IS MISSING.
T  INDICATES TRACE OF PRECIPITATION.

&&
-------------------------------------------------------------------

AMOUNT OF DAYLIGHT TODAY  (HOUR:MIN)........14 HOURS 0 MINUTES
LOSS SINCE YESTERDAY (HOUR:MIN:SEC).........-0:04:22

$$
DK AUG 15
