134
CDAK48 PACD 291230
CLICDB


CLIMATE REPORT
NATIONAL WEATHER SERVICE ANCHORAGE, AK
430 AM AKDT THU JUN 29 2017


...................................

...THE COLD BAY CLIMATE SUMMARY FOR JUNE 28 2017...

CLIMATE NORMAL PERIOD 1981 TO 2010
CLIMATE RECORD PERIOD 1942 TO 2017


WEATHER ITEM   OBSERVED TIME   RECORD YEAR NORMAL DEPARTURE LAST
                VALUE   (LST)  VALUE       VALUE  FROM      YEAR
                                                  NORMAL
..................................................................
TEMPERATURE (F)
 YESTERDAY
  MAXIMUM         59   1250 PM  72    2001  53      6       61
  MINIMUM         45   1159 PM  33    1963  44      1       45
  AVERAGE         52                        49      3       53

PRECIPITATION (IN)
  YESTERDAY        0.00          0.82 1975   0.08  -0.08     0.00
  MONTH TO DATE    1.54                      2.55  -1.01     1.73
  SINCE JUN 1      1.54                      2.55  -1.01     1.73
  SINCE JAN 1     11.51                     16.41  -4.90    14.14

SNOWFALL (IN)
  YESTERDAY        0.0          MM      MM   0.0    0.0      0.0
  MONTH TO DATE    0.0                       0.0    0.0      0.0
  SINCE JUN 1      0.0                       0.0    0.0      0.0
  SINCE JUL 1     39.5                      73.1  -33.6     38.3
  SNOW DEPTH       0

DEGREE DAYS
 HEATING
  YESTERDAY       13                        16     -3       12
  MONTH TO DATE  471                       530    -59      413
  SINCE JUN 1    471                       530    -59      413
  SINCE JUL 1   8793                      9526   -733     7825

 COOLING
  YESTERDAY        0                         0      0        0
  MONTH TO DATE    0                         0      0        0
  SINCE JUN 1      0                         0      0        0
  SINCE JAN 1      0                         0      0        0
..................................................................


WIND (MPH)
  RESULTANT WIND SPEED  20   RESULTANT WIND DIRECTION  SE (150)
  HIGHEST WIND SPEED    30   HIGHEST WIND DIRECTION    SE (150)
  HIGHEST GUST SPEED    37   HIGHEST GUST DIRECTION     S (160)
  AVERAGE WIND SPEED    20.0



WEATHER CONDITIONS
 THE FOLLOWING WEATHER WAS RECORDED YESTERDAY.
  NO SIGNIFICANT WEATHER WAS OBSERVED.


RELATIVE HUMIDITY (PERCENT)
 HIGHEST    93
 LOWEST     57
 AVERAGE    75

..........................................................


THE COLD BAY CLIMATE NORMALS FOR TODAY
                         NORMAL    RECORD    YEAR
 MAXIMUM TEMPERATURE (F)   53        68      1985
 MINIMUM TEMPERATURE (F)   44        30      2009


SUNRISE AND SUNSET
JUNE 29 2017..........SUNRISE   614 AM AKDT  SUNSET  1135 PM AKDT
JUNE 30 2017..........SUNRISE   615 AM AKDT  SUNSET  1134 PM AKDT


-  INDICATES NEGATIVE NUMBERS.
R  INDICATES RECORD WAS SET OR TIED.
MM INDICATES DATA IS MISSING.
T  INDICATES TRACE AMOUNT.




$$
