966
CDAK48 PACD 261309
CLICDB


CLIMATE REPORT
NATIONAL WEATHER SERVICE ANCHORAGE, AK
509 AM AKDT WED APR 26 2017


...................................

...THE COLD BAY CLIMATE SUMMARY FOR APRIL 25 2017...

CLIMATE NORMAL PERIOD 1981 TO 2010
CLIMATE RECORD PERIOD 1942 TO 2017


WEATHER ITEM   OBSERVED TIME   RECORD YEAR NORMAL DEPARTURE LAST
                VALUE   (LST)  VALUE       VALUE  FROM      YEAR
                                                  NORMAL
..................................................................
TEMPERATURE (F)
 YESTERDAY
  MAXIMUM         49    346 PM  56    1948  41      8       53
  MINIMUM         35    715 AM  15    1976  31      4       39
  AVERAGE         42                        36      6       46

PRECIPITATION (IN)
  YESTERDAY        0.01          1.34 2009   0.08  -0.07      T
  MONTH TO DATE    0.94                      2.04  -1.10     2.56
  SINCE MAR 1      0.98                      4.74  -3.76     3.75
  SINCE JAN 1      7.96                     10.88  -2.92    10.23

SNOWFALL (IN)
  YESTERDAY        0.0           4.3  2006   0.2   -0.2     MM
  MONTH TO DATE    2.6                       6.0   -3.4     MM
  SINCE MAR 1      2.9                      19.0  -16.1      0.0
  SINCE JUL 1     39.5                      71.2  -31.7     38.3
  SNOW DEPTH       0

DEGREE DAYS
 HEATING
  YESTERDAY       23                        29     -6       19
  MONTH TO DATE  739                       788    -49      572
  SINCE MAR 1   1935                      1870     65     1489
  SINCE JUL 1   7495                      8088   -593     6705

 COOLING
  YESTERDAY        0                         0      0        0
  MONTH TO DATE    0                         0      0        0
  SINCE MAR 1      0                         0      0        0
  SINCE JAN 1      0                         0      0        0
..................................................................


WIND (MPH)
  RESULTANT WIND SPEED  14   RESULTANT WIND DIRECTION  SE (140)
  HIGHEST WIND SPEED    23   HIGHEST WIND DIRECTION    SE (150)
  HIGHEST GUST SPEED    27   HIGHEST GUST DIRECTION    SE (150)
  AVERAGE WIND SPEED    14.2



WEATHER CONDITIONS
 THE FOLLOWING WEATHER WAS RECORDED YESTERDAY.
  LIGHT RAIN


RELATIVE HUMIDITY (PERCENT)
 HIGHEST   100
 LOWEST     61
 AVERAGE    81

..........................................................


THE COLD BAY CLIMATE NORMALS FOR TODAY
                         NORMAL    RECORD    YEAR
 MAXIMUM TEMPERATURE (F)   41        60      1948
 MINIMUM TEMPERATURE (F)   31        13      2006


SUNRISE AND SUNSET
APRIL 26 2017.........SUNRISE   720 AM AKDT  SUNSET  1019 PM AKDT
APRIL 27 2017.........SUNRISE   718 AM AKDT  SUNSET  1020 PM AKDT


-  INDICATES NEGATIVE NUMBERS.
R  INDICATES RECORD WAS SET OR TIED.
MM INDICATES DATA IS MISSING.
T  INDICATES TRACE AMOUNT.




$$
