000
CDAK48 PAFC 231235
CLICDB


CLIMATE REPORT
NATIONAL WEATHER SERVICE ANCHORAGE, AK
435 AM AKDT THU MAR 23 2017


...................................

...THE COLD BAY CLIMATE SUMMARY FOR MARCH 22 2017...

CLIMATE NORMAL PERIOD 1981 TO 2010
CLIMATE RECORD PERIOD 1942 TO 2017


WEATHER ITEM   OBSERVED TIME   RECORD YEAR NORMAL DEPARTURE LAST
                VALUE   (LST)  VALUE       VALUE  FROM      YEAR
                                                  NORMAL
..................................................................
TEMPERATURE (F)
 YESTERDAY
  MAXIMUM         34    335 PM  48    1979  35     -1       39
  MINIMUM         12    623 AM  -3    2012  25    -13       20
  AVERAGE         23                        30     -7       30

PRECIPITATION (IN)
  YESTERDAY        0.00          0.62 1965   0.07  -0.07     0.02
  MONTH TO DATE    0.01                      2.00  -1.99     0.79
  SINCE MAR 1      0.01                      2.00  -1.99     0.79
  SINCE JAN 1      6.99                      8.14  -1.15     7.27

SNOWFALL (IN)
  YESTERDAY        0.0           3.0  1964   0.4   -0.4     MM
  MONTH TO DATE    T                         9.5   -9.5      0.0
  SINCE MAR 1      T                         9.5   -9.5      0.0
  SINCE JUL 1     36.6                      61.7  -25.1     38.3
  SNOW DEPTH       0

DEGREE DAYS
 HEATING
  YESTERDAY       42                        35      7       35
  MONTH TO DATE  866                       770     96      698
  SINCE MAR 1    866                       770     96      698
  SINCE JUL 1   6426                      6988   -562     5914

 COOLING
  YESTERDAY        0                         0      0        0
  MONTH TO DATE    0                         0      0        0
  SINCE MAR 1      0                         0      0        0
  SINCE JAN 1      0                         0      0        0
..................................................................


WIND (MPH)
  RESULTANT WIND SPEED  12   RESULTANT WIND DIRECTION   N (350)
  HIGHEST WIND SPEED    30   HIGHEST WIND DIRECTION     N (350)
  HIGHEST GUST SPEED    36   HIGHEST GUST DIRECTION     N (360)
  AVERAGE WIND SPEED    13.1



WEATHER CONDITIONS
 THE FOLLOWING WEATHER WAS RECORDED YESTERDAY.
  NO SIGNIFICANT WEATHER WAS OBSERVED.


RELATIVE HUMIDITY (PERCENT)
 HIGHEST    84
 LOWEST     35
 AVERAGE    60

..........................................................


THE COLD BAY CLIMATE NORMALS FOR TODAY
                         NORMAL    RECORD    YEAR
 MAXIMUM TEMPERATURE (F)   35        45      1994
 MINIMUM TEMPERATURE (F)   25        -1      1972


SUNRISE AND SUNSET
MARCH 23 2017.........SUNRISE   844 AM AKDT  SUNSET   912 PM AKDT
MARCH 24 2017.........SUNRISE   842 AM AKDT  SUNSET   914 PM AKDT


-  INDICATES NEGATIVE NUMBERS.
R  INDICATES RECORD WAS SET OR TIED.
MM INDICATES DATA IS MISSING.
T  INDICATES TRACE AMOUNT.




$$
