000
CDAK48 PACD 281117
CLICDB

CLIMATE REPORT
NATIONAL WEATHER SERVICE COLD BAY, AK
217 AM AKST WED JAN 28 2015

...................................
...THE COLD BAY AP CLIMATE SUMMARY FOR JANUARY 27 2015...

CLIMATE NORMAL PERIOD  1981 TO  2010
CLIMATE RECORD PERIOD  1942 TO  2015

WEATHER ITEM   OBSERVED TIME    RECORD YEAR NORMAL DEPARTURE LAST
               VALUE    (LST)   VALUE       VALUE  FROM      YEAR
                                                   NORMAL
...................................................................
TEMPERATURE
YESTERDAY
 MAXIMUM            41  0251 PM    48  1963     33       8     43
 MINIMUM            34  0948 PM    -5  1989     23      11     40
 AVERAGE            38                          28      10     42

PRECIPITATION
(INCHES)
 YESTERDAY           T           0.54  1996   0.10   -0.10   0.37
 MONTH TO DATE    1.41                        2.76   -1.35   3.77
 SINCE DEC 1      4.33                        7.22   -2.89   8.08
 SINCE JAN 1      1.41                        2.76   -1.35   3.77

SNOWFALL
(INCHES)
 YESTERDAY         0.0            4.9  2013    0.5    -0.5    0.0
 MONTH TO DATE     1.5                        12.4   -10.9    3.6
 SINCE DEC 1       3.8                        25.0   -21.2   10.9
 SINCE JUL 1       7.7                        37.6   -29.9   14.5
 SNOW DEPTH (IN)     0                                          0

DEGREE DAYS
 HEATING
  YESTERDAY         27                          37     -10     23
  MONTH TO DATE    904                         991     -87    742
  SINCE DEC 1     1870                        2042    -172   1572
  SINCE JUL 1     4382                        5068    -686   4088

 COOLING
  YESTERDAY          0                           0       0      0
  MONTH TO DATE      0                           0       0      0
  SINCE DEC 1        0                           0       0      0
  SINCE JAN 1        0                           0       0      0
...................................................................

WIND (MPH)
 HIGHEST WIND SPEED    31     HIGHEST WIND DIRECTION     30
 HIGHEST GUST SPEED    38     HIGHEST GUST DIRECTION     30
 AVERAGE WIND SPEED  14.4


WEATHER CONDITIONS
 THE FOLLOWING WEATHER WAS RECORDED YESTERDAY.
  RAIN


...................................................................

THE COLD BAY CLIMATE NORMALS FOR TODAY
                           NORMAL    RECORD   YEAR
 MAXIMUM TEMPERATURE (F)     33        50     1973
 MINIMUM TEMPERATURE (F)     23        -7     1989

SUNRISE AND SUNSET
 JAN 28 2015..........SUNRISE  9:50 AM      SUNSET  6:19 PM
 JAN 29 2015..........SUNRISE  9:48 AM      SUNSET  6:22 PM

-  INDICATES NEGATIVE NUMBERS.
R  INDICATES RECORD HAS BEEN SET OR TIED.
MM INDICATES DATA IS MISSING.
T  INDICATES TRACE OF PRECIPITATION.

&&
-------------------------------------------------------------------

AMOUNT OF DAYLIGHT TODAY  (HOUR:MIN)........8 HOURS 29 MINUTES
GAIN SINCE YESTERDAY (HOUR:MIN:SEC).........+0:03:43

$$
JEG JAN 15
