000
CDUS45 KSLC 161226
CLICDC


CLIMATE REPORT
NATIONAL WEATHER SERVICE SALT LAKE CITY UT
625 AM MDT WED APR 16 2014


...................................

...THE CEDAR CITY UT CLIMATE SUMMARY FOR APRIL 15 2014...

CLIMATE NORMAL PERIOD 1981 TO 2010
CLIMATE RECORD PERIOD 1928 TO 2014


WEATHER ITEM   OBSERVED TIME   RECORD YEAR NORMAL DEPARTURE LAST
                VALUE   (LST)  VALUE       VALUE  FROM      YEAR
                                                  NORMAL
..................................................................
TEMPERATURE (F)
 YESTERDAY
  MAXIMUM         70    334 PM  78    1985  61      9       62
  MINIMUM         23    427 AM  20    1999  31     -8       36
  AVERAGE         47                        46      1       49

PRECIPITATION (IN)
  YESTERDAY        0.00          0.74 1969   0.04  -0.04     0.00
  MONTH TO DATE    T                         0.60  -0.60     0.34
  SINCE OCT 1      3.30                      6.92  -3.62     5.86
  SINCE JAN 1      1.36                      3.81  -2.45     3.15

DEGREE DAYS
 HEATING
  YESTERDAY       18                        19     -1       16
  MONTH TO DATE  281                       308    -27      283
  SINCE MAR 1   1011                      1080    -69      943
  SINCE JUL 1   5598                      5642    -44     5563

 COOLING
  YESTERDAY        0                         0      0        0
  MONTH TO DATE    0                         0      0        0
  SINCE MAR 1      0                         0      0        0
  SINCE JAN 1      0                         0      0        0
..................................................................


WIND (MPH)
  RESULTANT WIND SPEED   6   RESULTANT WIND DIRECTION  SW (210)
  HIGHEST WIND SPEED    20   HIGHEST WIND DIRECTION    SW (210)
  HIGHEST GUST SPEED    26   HIGHEST GUST DIRECTION    SW (230)
  AVERAGE WIND SPEED     7.1



WEATHER CONDITIONS
 THE FOLLOWING WEATHER WAS RECORDED YESTERDAY.
  NO SIGNIFICANT WEATHER WAS OBSERVED.


RELATIVE HUMIDITY (PERCENT)
 HIGHEST    39           600 AM
 LOWEST      8           600 PM
 AVERAGE    24

..........................................................


THE CEDAR CITY UT CLIMATE NORMALS FOR TODAY
                         NORMAL    RECORD    YEAR
 MAXIMUM TEMPERATURE (F)   62        79      1987
 MINIMUM TEMPERATURE (F)   32        17      1999


SUNRISE AND SUNSET
APRIL 16 2014.........SUNRISE   656 AM MDT   SUNSET   809 PM MDT
APRIL 17 2014.........SUNRISE   655 AM MDT   SUNSET   810 PM MDT


-  INDICATES NEGATIVE NUMBERS.
R  INDICATES RECORD WAS SET OR TIED.
MM INDICATES DATA IS MISSING.
T  INDICATES TRACE AMOUNT.




$$
