000
CDUS45 KSLC 131235
CLICDC


CLIMATE REPORT
NATIONAL WEATHER SERVICE SALT LAKE CITY UT
535 AM MST SAT FEB 13 2016


...................................

...THE CEDAR CITY UT CLIMATE SUMMARY FOR FEBRUARY 12 2016...

CLIMATE NORMAL PERIOD 1981 TO 2010
CLIMATE RECORD PERIOD 1928 TO 2016


WEATHER ITEM   OBSERVED TIME   RECORD YEAR NORMAL DEPARTURE LAST
                VALUE   (LST)  VALUE       VALUE  FROM      YEAR
                                                  NORMAL
..................................................................
TEMPERATURE (F)
 YESTERDAY
  MAXIMUM         50    500 PM  61    2015  45      5       61
                                      2014
                                      1996
  MINIMUM         14    731 AM  -7    1965  20     -6       21
  AVERAGE         32                        33     -1       41

PRECIPITATION (IN)
  YESTERDAY        0.00          0.57 1962   0.04  -0.04     0.00
  MONTH TO DATE    0.33                      0.39  -0.06     0.00
  SINCE OCT 1      4.99                      4.36   0.63     2.66
  SINCE JAN 1      1.43                      1.25   0.18     0.53

DEGREE DAYS
 HEATING
  YESTERDAY       33                        32      1       24
  MONTH TO DATE  529                       401    128      238
  SINCE DEC 1   2781                      2634    147     2186
  SINCE JUL 1   4013                      4076    -63     3377

 COOLING
  YESTERDAY        0                         0      0        0
  MONTH TO DATE    0                         0      0        0
  SINCE DEC 1      0                         0      0        0
  SINCE JAN 1      0                         0      0        0
..................................................................


WIND (MPH)
  RESULTANT WIND SPEED   1   RESULTANT WIND DIRECTION  NE (60)
  HIGHEST WIND SPEED     6   HIGHEST WIND DIRECTION     S (190)
  HIGHEST GUST SPEED     7   HIGHEST GUST DIRECTION    NE (40)
  AVERAGE WIND SPEED     1.5



WEATHER CONDITIONS
 THE FOLLOWING WEATHER WAS RECORDED YESTERDAY.
  FOG
  HAZE


RELATIVE HUMIDITY (PERCENT)
 HIGHEST    92           200 AM
 LOWEST     42           500 PM
 AVERAGE    67

..........................................................


THE CEDAR CITY UT CLIMATE NORMALS FOR TODAY
                         NORMAL    RECORD    YEAR
 MAXIMUM TEMPERATURE (F)   46        66      2015
                                             2014
                                             1971
 MINIMUM TEMPERATURE (F)   20       -10      1949


SUNRISE AND SUNSET
FEBRUARY 13 2016......SUNRISE   725 AM MST   SUNSET   609 PM MST
FEBRUARY 14 2016......SUNRISE   724 AM MST   SUNSET   610 PM MST


-  INDICATES NEGATIVE NUMBERS.
R  INDICATES RECORD WAS SET OR TIED.
MM INDICATES DATA IS MISSING.
T  INDICATES TRACE AMOUNT.




$$
