000
CDUS45 KSLC 161226
CLICDC


CLIMATE REPORT
NATIONAL WEATHER SERVICE SALT LAKE CITY UT
625 AM MDT MON OCT 16 2017


...................................

...THE CEDAR CITY UT CLIMATE SUMMARY FOR OCTOBER 15 2017...

CLIMATE NORMAL PERIOD 1981 TO 2010
CLIMATE RECORD PERIOD 1928 TO 2017


WEATHER ITEM   OBSERVED TIME   RECORD YEAR NORMAL DEPARTURE LAST
                VALUE   (LST)  VALUE       VALUE  FROM      YEAR
                                                  NORMAL
..................................................................
TEMPERATURE (F)
 YESTERDAY
  MAXIMUM         65    420 PM  82    2015  66     -1       76
                                      2011
  MINIMUM         22R   720 AM  22    1970  34    -12       53
  AVERAGE         44                        50     -6       65

PRECIPITATION (IN)
  YESTERDAY        0.00          0.52 1994   0.05  -0.05     0.00
  MONTH TO DATE    T                         0.61  -0.61     0.02
  SINCE OCT 1      T                         0.61  -0.61     0.02
  SINCE JAN 1      9.00                      8.81   0.19     7.94

DEGREE DAYS
 HEATING
  YESTERDAY       21                        15      6        0
  MONTH TO DATE  215                       186     29      141
  SINCE SEP 1    402                       320     82      254
  SINCE JUL 1    402                       329     73      258

 COOLING
  YESTERDAY        0                         0      0        0
  MONTH TO DATE    0                         0      0        0
  SINCE SEP 1     73                        39     34       31
  SINCE JAN 1    865                       588    277      824
..................................................................


WIND (MPH)
  RESULTANT WIND SPEED   2   RESULTANT WIND DIRECTION  SE (120)
  HIGHEST WIND SPEED     8   HIGHEST WIND DIRECTION    SE (140)
  HIGHEST GUST SPEED     9   HIGHEST GUST DIRECTION    SE (140)
  AVERAGE WIND SPEED     3.5



WEATHER CONDITIONS
 THE FOLLOWING WEATHER WAS RECORDED YESTERDAY.
  NO SIGNIFICANT WEATHER WAS OBSERVED.


RELATIVE HUMIDITY (PERCENT)
 HIGHEST    55           200 AM
 LOWEST     13           300 PM
 AVERAGE    34

..........................................................


THE CEDAR CITY UT CLIMATE NORMALS FOR TODAY
                         NORMAL    RECORD    YEAR
 MAXIMUM TEMPERATURE (F)   66        82      1991
 MINIMUM TEMPERATURE (F)   33        20      2013


SUNRISE AND SUNSET
OCTOBER 16 2017.......SUNRISE   742 AM MDT   SUNSET   653 PM MDT
OCTOBER 17 2017.......SUNRISE   743 AM MDT   SUNSET   652 PM MDT


-  INDICATES NEGATIVE NUMBERS.
R  INDICATES RECORD WAS SET OR TIED.
MM INDICATES DATA IS MISSING.
T  INDICATES TRACE AMOUNT.




$$
