000
CDUS45 KSLC 241230
CLICDC


CLIMATE REPORT
NATIONAL WEATHER SERVICE SALT LAKE CITY UT
630 AM MDT SAT JUN 24 2017


...................................

...THE CEDAR CITY UT CLIMATE SUMMARY FOR JUNE 23 2017...

CLIMATE NORMAL PERIOD 1981 TO 2010
CLIMATE RECORD PERIOD 1928 TO 2017


WEATHER ITEM   OBSERVED TIME   RECORD YEAR NORMAL DEPARTURE LAST
                VALUE   (LST)  VALUE       VALUE  FROM      YEAR
                                                  NORMAL
..................................................................
TEMPERATURE (F)
 YESTERDAY
  MAXIMUM         95    352 PM  99    1961  86      9       95
  MINIMUM         54    540 AM  41    1976  51      3       62
  AVERAGE         75                        68      7       79

PRECIPITATION (IN)
  YESTERDAY        0.00          1.61 2000   0.01  -0.01     0.00
  MONTH TO DATE    0.00                      0.44  -0.44     0.04
  SINCE OCT 1      8.25                      8.59  -0.34     7.98
  SINCE JAN 1      5.42                      5.48  -0.06     4.42

DEGREE DAYS
 HEATING
  YESTERDAY        0                         1     -1        0
  MONTH TO DATE   23                        71    -48        4
  SINCE JUN 1     23                        71    -48        4
  SINCE JUL 1   5447                      6250   -803     5879

 COOLING
  YESTERDAY       10                         4      6       14
  MONTH TO DATE  147                        57     90      160
  SINCE JUN 1    147                        57     90      160
  SINCE JAN 1    152                        65     87      163
..................................................................


WIND (MPH)
  RESULTANT WIND SPEED   5   RESULTANT WIND DIRECTION   N (20)
  HIGHEST WIND SPEED    14   HIGHEST WIND DIRECTION     N (20)
  HIGHEST GUST SPEED    17   HIGHEST GUST DIRECTION     N (10)
  AVERAGE WIND SPEED     4.9



WEATHER CONDITIONS
 THE FOLLOWING WEATHER WAS RECORDED YESTERDAY.
  NO SIGNIFICANT WEATHER WAS OBSERVED.


RELATIVE HUMIDITY (PERCENT)
 HIGHEST    40           200 AM
 LOWEST      8           300 PM
 AVERAGE    24

..........................................................


THE CEDAR CITY UT CLIMATE NORMALS FOR TODAY
                         NORMAL    RECORD    YEAR
 MAXIMUM TEMPERATURE (F)   86        98      2006
                                             1994
 MINIMUM TEMPERATURE (F)   51        39      1993


SUNRISE AND SUNSET
JUNE 24 2017..........SUNRISE   612 AM MDT   SUNSET   858 PM MDT
JUNE 25 2017..........SUNRISE   612 AM MDT   SUNSET   858 PM MDT


-  INDICATES NEGATIVE NUMBERS.
R  INDICATES RECORD WAS SET OR TIED.
MM INDICATES DATA IS MISSING.
T  INDICATES TRACE AMOUNT.




$$
