000
CDUS45 KSLC 261229
CLICDC


CLIMATE REPORT
NATIONAL WEATHER SERVICE SALT LAKE CITY UT
629 AM MDT TUE MAY 26 2015


...................................

...THE CEDAR CITY UT CLIMATE SUMMARY FOR MAY 25 2015...

CLIMATE NORMAL PERIOD 1981 TO 2010
CLIMATE RECORD PERIOD 1928 TO 2015


WEATHER ITEM   OBSERVED TIME   RECORD YEAR NORMAL DEPARTURE LAST
                VALUE   (LST)  VALUE       VALUE  FROM      YEAR
                                                  NORMAL
..................................................................
TEMPERATURE (F)
 YESTERDAY
  MAXIMUM         69    354 PM  90    2001  76     -7       76
  MINIMUM         42    532 AM  27    2010  41      1       35
  AVERAGE         56                        58     -2       56

PRECIPITATION (IN)
  YESTERDAY        0.00          0.48 1965   0.03  -0.03     0.00
  MONTH TO DATE    2.76                      0.62   2.14     1.38
  SINCE OCT 1      8.58                      8.00   0.58     5.37
  SINCE JAN 1      6.45                      4.89   1.56     3.43

DEGREE DAYS
 HEATING
  YESTERDAY        9                         7      2        9
  MONTH TO DATE  311                       255     56      266
  SINCE MAR 1   1479                      1579   -100     1500
  SINCE JUL 1   5317                      6141   -824     6087

 COOLING
  YESTERDAY        0                         0      0        0
  MONTH TO DATE    0                         0      0        7
  SINCE MAR 1      0                         0      0        7
  SINCE JAN 1      0                         0      0        7
..................................................................


WIND (MPH)
  RESULTANT WIND SPEED   2   RESULTANT WIND DIRECTION   W (250)
  HIGHEST WIND SPEED    16   HIGHEST WIND DIRECTION    NW (300)
  HIGHEST GUST SPEED    23   HIGHEST GUST DIRECTION     S (160)
  AVERAGE WIND SPEED     4.2



WEATHER CONDITIONS
 THE FOLLOWING WEATHER WAS RECORDED YESTERDAY.
  NO SIGNIFICANT WEATHER WAS OBSERVED.


RELATIVE HUMIDITY (PERCENT)
 HIGHEST   100           500 AM
 LOWEST     32           200 PM
 AVERAGE    66

..........................................................


THE CEDAR CITY UT CLIMATE NORMALS FOR TODAY
                         NORMAL    RECORD    YEAR
 MAXIMUM TEMPERATURE (F)   76        91      1951
 MINIMUM TEMPERATURE (F)   42        28      1980


SUNRISE AND SUNSET
MAY 26 2015...........SUNRISE   615 AM MDT   SUNSET   844 PM MDT
MAY 27 2015...........SUNRISE   615 AM MDT   SUNSET   845 PM MDT


-  INDICATES NEGATIVE NUMBERS.
R  INDICATES RECORD WAS SET OR TIED.
MM INDICATES DATA IS MISSING.
T  INDICATES TRACE AMOUNT.




$$
