000
CDUS45 KSLC 201226
CLICDC


CLIMATE REPORT
NATIONAL WEATHER SERVICE SALT LAKE CITY UT
526 AM MST SAT DEC 20 2014


...................................

...THE CEDAR CITY UT CLIMATE SUMMARY FOR DECEMBER 19 2014...

CLIMATE NORMAL PERIOD 1981 TO 2010
CLIMATE RECORD PERIOD 1928 TO 2014


WEATHER ITEM   OBSERVED TIME   RECORD YEAR NORMAL DEPARTURE LAST
                VALUE   (LST)  VALUE       VALUE  FROM      YEAR
                                                  NORMAL
..................................................................
TEMPERATURE (F)
 YESTERDAY
  MAXIMUM         45    246 PM  60    1958  41      4       41
  MINIMUM         18    700 AM  -7    1992  16      2       29
  AVERAGE         32                        28      4       35

PRECIPITATION (IN)
  YESTERDAY        0.00          0.57 1949   0.03  -0.03     0.02
  MONTH TO DATE    0.44                      0.50  -0.06     0.85
  SINCE OCT 1      1.79                      2.77  -0.98     1.88
  SINCE JAN 1      9.47                     10.97  -1.50    14.92

DEGREE DAYS
 HEATING
  YESTERDAY       33                        37     -4       30
  MONTH TO DATE  496                       678   -182      877
  SINCE DEC 1    496                       678   -182      877
  SINCE JUL 1   1687                      2120   -433     2405

 COOLING
  YESTERDAY        0                         0      0        0
  MONTH TO DATE    0                         0      0        0
  SINCE DEC 1      0                         0      0        0
  SINCE JAN 1    607                       588     19      667
..................................................................


WIND (MPH)
  RESULTANT WIND SPEED   6   RESULTANT WIND DIRECTION   S (200)
  HIGHEST WIND SPEED    18   HIGHEST WIND DIRECTION     S (200)
  HIGHEST GUST SPEED    23   HIGHEST GUST DIRECTION     S (200)
  AVERAGE WIND SPEED     6.8



WEATHER CONDITIONS
 THE FOLLOWING WEATHER WAS RECORDED YESTERDAY.
  NO SIGNIFICANT WEATHER WAS OBSERVED.


RELATIVE HUMIDITY (PERCENT)
 HIGHEST    92           500 AM
 LOWEST     45           300 PM
 AVERAGE    69

..........................................................


THE CEDAR CITY UT CLIMATE NORMALS FOR TODAY
                         NORMAL    RECORD    YEAR
 MAXIMUM TEMPERATURE (F)   41        61      1981
 MINIMUM TEMPERATURE (F)   16       -10      2012


SUNRISE AND SUNSET
DECEMBER 20 2014......SUNRISE   743 AM MST   SUNSET   517 PM MST
DECEMBER 21 2014......SUNRISE   744 AM MST   SUNSET   517 PM MST


-  INDICATES NEGATIVE NUMBERS.
R  INDICATES RECORD WAS SET OR TIED.
MM INDICATES DATA IS MISSING.
T  INDICATES TRACE AMOUNT.




$$
