632
CDUS45 KSLC 031227
CLICDC


CLIMATE REPORT
NATIONAL WEATHER SERVICE SALT LAKE CITY UT
527 AM MST SAT DEC 3 2016


...................................

...THE CEDAR CITY UT CLIMATE SUMMARY FOR DECEMBER 2 2016...

CLIMATE NORMAL PERIOD 1981 TO 2010
CLIMATE RECORD PERIOD 1928 TO 2016


WEATHER ITEM   OBSERVED TIME   RECORD YEAR NORMAL DEPARTURE LAST
                VALUE   (LST)  VALUE       VALUE  FROM      YEAR
                                                  NORMAL
..................................................................
TEMPERATURE (F)
 YESTERDAY
  MAXIMUM         32    351 PM  64    1977  44    -12       51
  MINIMUM         16   1153 PM  -4    1967  18     -2       11
  AVERAGE         24                        31     -7       31

PRECIPITATION (IN)
  YESTERDAY        T             0.48 1973   0.02  -0.02     0.00
  MONTH TO DATE    T                         0.05  -0.05     0.00
  SINCE OCT 1      1.71                      2.32  -0.61     2.23
  SINCE JAN 1      9.63                     10.52  -0.89    12.02

DEGREE DAYS
 HEATING
  YESTERDAY       41                        34      7       34
  MONTH TO DATE   76                        68      8       72
  SINCE DEC 1     76                        68      8       72
  SINCE JUL 1   1173                      1510   -337     1304

 COOLING
  YESTERDAY        0                         0      0        0
  MONTH TO DATE    0                         0      0        0
  SINCE DEC 1      0                         0      0        0
  SINCE JAN 1    826                       588    238      706
..................................................................


WIND (MPH)
  RESULTANT WIND SPEED  10   RESULTANT WIND DIRECTION   N (10)
  HIGHEST WIND SPEED    21   HIGHEST WIND DIRECTION     N (360)
  HIGHEST GUST SPEED    28   HIGHEST GUST DIRECTION     N (350)
  AVERAGE WIND SPEED    10.2



WEATHER CONDITIONS
 THE FOLLOWING WEATHER WAS RECORDED YESTERDAY.
  LIGHT SNOW


RELATIVE HUMIDITY (PERCENT)
 HIGHEST    84          1000 PM
 LOWEST     53           400 PM
 AVERAGE    69

..........................................................


THE CEDAR CITY UT CLIMATE NORMALS FOR TODAY
                         NORMAL    RECORD    YEAR
 MAXIMUM TEMPERATURE (F)   44        68      1977
 MINIMUM TEMPERATURE (F)   18        -1      2004


SUNRISE AND SUNSET
DECEMBER  3 2016......SUNRISE   731 AM MST   SUNSET   514 PM MST
DECEMBER  4 2016......SUNRISE   732 AM MST   SUNSET   514 PM MST


-  INDICATES NEGATIVE NUMBERS.
R  INDICATES RECORD WAS SET OR TIED.
MM INDICATES DATA IS MISSING.
T  INDICATES TRACE AMOUNT.




$$
