000
CDUS45 KSLC 270032
CLICDC


CLIMATE REPORT
NATIONAL WEATHER SERVICE SALT LAKE CITY UT
532 PM MST SUN FEB 26 2017


...................................

...THE CEDAR CITY UT CLIMATE SUMMARY FOR FEBRUARY 26 2017...
VALID TODAY AS OF 0500 PM LOCAL TIME.

CLIMATE NORMAL PERIOD 1981 TO 2010
CLIMATE RECORD PERIOD 1928 TO 2017


WEATHER ITEM   OBSERVED TIME   RECORD YEAR NORMAL DEPARTURE LAST
                VALUE   (LST)  VALUE       VALUE  FROM      YEAR
                                                  NORMAL
..................................................................
TEMPERATURE (F)
 TODAY
  MAXIMUM         46    213 PM  67    1989  49     -3       65
  MINIMUM         16    650 AM -14    1971  23     -7       26
  AVERAGE         31                        36     -5       46

PRECIPITATION (IN)
  TODAY            T             0.52 2011   0.05  -0.05     0.00
  MONTH TO DATE    0.60                      0.92  -0.32     0.37
  SINCE OCT 1      4.51                      4.89  -0.38     5.03
  SINCE JAN 1      1.68                      1.78  -0.10     1.47

DEGREE DAYS
 HEATING
  TODAY           34                        29      5       19
  MONTH TO DATE  634                       828   -194      879
  SINCE DEC 1   2861                      3061   -200     3131
  SINCE JUL 1   3958                      4503   -545     4363

 COOLING
  TODAY            0                         0      0        0
  MONTH TO DATE    0                         0      0        0
  SINCE DEC 1      0                         0      0        0
  SINCE JAN 1      0                         0      0        0
..................................................................


WIND (MPH)
  RESULTANT WIND SPEED   5   RESULTANT WIND DIRECTION  SW (210)
  HIGHEST WIND SPEED    25   HIGHEST WIND DIRECTION    SW (210)
  HIGHEST GUST SPEED    43   HIGHEST GUST DIRECTION    SW (210)
  AVERAGE WIND SPEED     6.7



WEATHER CONDITIONS
 THE FOLLOWING WEATHER WAS RECORDED TODAY.
  LIGHT SNOW


RELATIVE HUMIDITY (PERCENT)
 HIGHEST    91           800 AM
 LOWEST     31           100 PM
 AVERAGE    61

..........................................................


THE CEDAR CITY UT CLIMATE NORMALS FOR TOMORROW
                         NORMAL    RECORD    YEAR
 MAXIMUM TEMPERATURE (F)   50        68      2016
 MINIMUM TEMPERATURE (F)   23       -22      1962


SUNRISE AND SUNSET
FEBRUARY 26 2017......SUNRISE   707 AM MST   SUNSET   623 PM MST
FEBRUARY 27 2017......SUNRISE   706 AM MST   SUNSET   624 PM MST


-  INDICATES NEGATIVE NUMBERS.
R  INDICATES RECORD WAS SET OR TIED.
MM INDICATES DATA IS MISSING.
T  INDICATES TRACE AMOUNT.




$$
