000
CDUS45 KCYS 250728
CLICDR


CLIMATE REPORT
NATIONAL WEATHER SERVICE CHEYENNE WY
128 AM MDT MON MAY 25 2015


...................................

...THE CHADRON NE AIRPORT CLIMATE SUMMARY FOR MAY 24 2015...

CLIMATE NORMAL PERIOD 1981 TO 2010
CLIMATE RECORD PERIOD 1895 TO 2015


WEATHER ITEM   OBSERVED TIME   RECORD YEAR NORMAL DEPARTURE LAST
                VALUE   (LST)  VALUE       VALUE  FROM      YEAR
                                                  NORMAL
..................................................................
TEMPERATURE (F)
 YESTERDAY
  MAXIMUM         67    316 PM  90    1984  73     -6       75
  MINIMUM         52   1147 PM  25    2002  44      8       54
  AVERAGE         60                        59      1       65

PRECIPITATION (IN)
  YESTERDAY        0.53          1.54 1965   0.09   0.44     0.00
  MONTH TO DATE    4.91                      2.06   2.85     3.02
  SINCE JAN 1      7.53                      6.24   1.29     7.32

DEGREE DAYS
 HEATING
  YESTERDAY        5                         7     -2        0
  MONTH TO DATE  349                       260     89      290
  SINCE MAR 1   1564                      1771   -207     1734
  SINCE JUL 1   6509                      7023   -514     7208

 COOLING
  YESTERDAY        0                         1     -1        0
  MONTH TO DATE    0                         8     -8        0
  SINCE MAR 1      0                        10    -10        1
  SINCE JAN 1      0                        10    -10        1
..................................................................


WIND (MPH)
  HIGHEST WIND SPEED    20   HIGHEST WIND DIRECTION    NE (30)
  HIGHEST GUST SPEED    25   HIGHEST GUST DIRECTION    NE (30)
  AVERAGE WIND SPEED     8.8


SKY COVER
  AVERAGE SKY COVER 0.7


WEATHER CONDITIONS
 THE FOLLOWING WEATHER WAS RECORDED YESTERDAY.
  THUNDERSTORM
  RAIN
  LIGHT RAIN
  FOG


RELATIVE HUMIDITY (PERCENT)
 HIGHEST   100           500 AM
 LOWEST     67           100 PM
 AVERAGE    84

..........................................................


THE CHADRON NE AIRPORT CLIMATE NORMALS FOR TODAY
                         NORMAL    RECORD    YEAR
 MAXIMUM TEMPERATURE (F)   74        94      1931
 MINIMUM TEMPERATURE (F)   44        29      2001


SUNRISE AND SUNSET
MAY 25 2015...........SUNRISE   521 AM MDT   SUNSET   818 PM MDT
MAY 26 2015...........SUNRISE   520 AM MDT   SUNSET   819 PM MDT


-  INDICATES NEGATIVE NUMBERS.
R  INDICATES RECORD WAS SET OR TIED.
MM INDICATES DATA IS MISSING.
T  INDICATES TRACE AMOUNT.




$$
