000
CDUS45 KCYS 150728
CLICDR


CLIMATE REPORT
NATIONAL WEATHER SERVICE CHEYENNE WY
127 AM MDT MON SEP 15 2014


...................................

...THE CHADRON NE AIRPORT CLIMATE SUMMARY FOR SEPTEMBER 14 2014...

CLIMATE NORMAL PERIOD 1981 TO 2010
CLIMATE RECORD PERIOD 1895 TO 2014


WEATHER ITEM   OBSERVED TIME   RECORD YEAR NORMAL DEPARTURE LAST
                VALUE   (LST)  VALUE       VALUE  FROM      YEAR
                                                  NORMAL
..................................................................
TEMPERATURE (F)
 YESTERDAY
  MAXIMUM         66    259 PM  97    1955  79    -13       84
                                      1948
                                      1944
  MINIMUM         36    352 AM  22    1961  45     -9       56
  AVERAGE         51                        62    -11       70

PRECIPITATION (IN)
  YESTERDAY        0.00          0.64 2004   0.06  -0.06     0.00
  MONTH TO DATE    0.60                      0.84  -0.24     0.59
  SINCE JAN 1     15.12                     14.71   0.41    12.95

DEGREE DAYS
 HEATING
  YESTERDAY       14                         5      9        0
  MONTH TO DATE  108                        48     60        1
  SINCE SEP 1    108                        48     60        1
  SINCE JUL 1    122                        78     44        1

 COOLING
  YESTERDAY        0                         2     -2        5
  MONTH TO DATE   22                        46    -24      121
  SINCE SEP 1     22                        46    -24      121
  SINCE JAN 1    607                       693    -86      889
..................................................................


WIND (MPH)
  HIGHEST WIND SPEED    20   HIGHEST WIND DIRECTION     N (10)
  HIGHEST GUST SPEED    23   HIGHEST GUST DIRECTION     N (10)
  AVERAGE WIND SPEED     6.7


SKY COVER
  AVERAGE SKY COVER 0.4


WEATHER CONDITIONS
 THE FOLLOWING WEATHER WAS RECORDED YESTERDAY.
  NO SIGNIFICANT WEATHER WAS OBSERVED.


RELATIVE HUMIDITY (PERCENT)
 HIGHEST    93          1100 PM
 LOWEST     48           200 PM
 AVERAGE    71

..........................................................


THE CHADRON NE AIRPORT CLIMATE NORMALS FOR TODAY
                         NORMAL    RECORD    YEAR
 MAXIMUM TEMPERATURE (F)   78       100      1948
 MINIMUM TEMPERATURE (F)   44        23      1916


SUNRISE AND SUNSET
SEPTEMBER 15 2014.....SUNRISE   632 AM MDT   SUNSET   702 PM MDT
SEPTEMBER 16 2014.....SUNRISE   633 AM MDT   SUNSET   700 PM MDT


-  INDICATES NEGATIVE NUMBERS.
R  INDICATES RECORD WAS SET OR TIED.
MM INDICATES DATA IS MISSING.
T  INDICATES TRACE AMOUNT.




$$
