000
CDUS44 KLUB 270628
CLICDS


CLIMATE REPORT
NATIONAL WEATHER SERVICE LUBBOCK, TX
1226 AM CST MON FEB 27 2017


...................................

...THE CHILDRESS CLIMATE SUMMARY FOR FEBRUARY 26 2017...

CLIMATE NORMAL PERIOD 1981 TO 2010
CLIMATE RECORD PERIOD 1893 TO 2017


WEATHER ITEM   OBSERVED TIME   RECORD YEAR NORMAL DEPARTURE LAST
                VALUE   (LST)  VALUE       VALUE  FROM      YEAR
                                                  NORMAL
..................................................................
TEMPERATURE (F)
 YESTERDAY
  MAXIMUM         64    446 PM  86    1986  61      3       66
  MINIMUM         33    504 AM  12    1934  35     -2       29
  AVERAGE         49                        48      1       48

PRECIPITATION (IN)
  YESTERDAY        0.00          1.40 1948   0.04  -0.04     0.00
  MONTH TO DATE    2.50                      0.97   1.53     0.74
  SINCE DEC 1      5.51                      2.61   2.90     2.10
  SINCE JAN 1      4.22                      1.70   2.52     1.25

SNOWFALL (IN)
  YESTERDAY        0.0          MM      MM   0.0    0.0      0.0
  MONTH TO DATE    T                         1.1   -1.1      0.0
  SINCE DEC 1      1.5                       5.5   -4.0      6.2
  SINCE JUL 1      1.5                       6.4   -4.9      7.0
  SNOW DEPTH       0

DEGREE DAYS
 HEATING
  YESTERDAY       16                        17     -1       17
  MONTH TO DATE  349                       523   -174      407
  SINCE DEC 1   1674                      1966   -292     1700
  SINCE JUL 1   1941                      2526   -585     2153

 COOLING
  YESTERDAY        0                         0      0        0
  MONTH TO DATE   15                         0     15        2
  SINCE DEC 1     15                         0     15        2
  SINCE JAN 1     15                         0     15        2
..................................................................


WIND (MPH)
  RESULTANT WIND SPEED   3   RESULTANT WIND DIRECTION  SE (120)
  HIGHEST WIND SPEED    14   HIGHEST WIND DIRECTION     E (110)
  HIGHEST GUST SPEED    20   HIGHEST GUST DIRECTION     E (110)
  AVERAGE WIND SPEED     6.7


SKY COVER
  AVERAGE SKY COVER 0.1


WEATHER CONDITIONS
 THE FOLLOWING WEATHER WAS RECORDED YESTERDAY.
  NO SIGNIFICANT WEATHER WAS OBSERVED.


RELATIVE HUMIDITY (PERCENT)
 HIGHEST    70           600 AM
 LOWEST     19           400 PM
 AVERAGE    45

..........................................................


THE CHILDRESS CLIMATE NORMALS FOR TODAY
                         NORMAL    RECORD    YEAR
 MAXIMUM TEMPERATURE (F)   61        93      1904
 MINIMUM TEMPERATURE (F)   35        12      1934


SUNRISE AND SUNSET
FEBRUARY 27 2017......SUNRISE   712 AM CST   SUNSET   636 PM CST
FEBRUARY 28 2017......SUNRISE   711 AM CST   SUNSET   637 PM CST


-  INDICATES NEGATIVE NUMBERS.
R  INDICATES RECORD WAS SET OR TIED.
MM INDICATES DATA IS MISSING.
T  INDICATES TRACE AMOUNT.




$$
