000
CDUS44 KLUB 010126
CLICDS


CLIMATE REPORT
NATIONAL WEATHER SERVICE LUBBOCK, TX
825 PM CDT MON AUG 31 2015


...................................

...THE CHILDRESS CLIMATE SUMMARY FOR AUGUST 31 2015...
VALID TODAY AS OF 0800 PM LOCAL TIME.

CLIMATE NORMAL PERIOD 1981 TO 2010
CLIMATE RECORD PERIOD 1893 TO 2015


WEATHER ITEM   OBSERVED TIME   RECORD YEAR NORMAL DEPARTURE LAST
                VALUE   (LST)  VALUE       VALUE  FROM      YEAR
                                                  NORMAL
..................................................................
TEMPERATURE (F)
 TODAY
  MAXIMUM         97    219 PM 107    1939  92      5       98
  MINIMUM         65    631 AM  56    1944  67     -2       73
  AVERAGE         81                        80      1       86

PRECIPITATION (IN)
  TODAY            0.00          1.90 1932   0.09  -0.09     0.00
  MONTH TO DATE    1.93                      2.62  -0.69     2.03
  SINCE JUN 1     10.65                      8.52   2.13     9.38
  SINCE JAN 1     30.25                     17.09  13.16    15.61

SNOWFALL (IN)
  TODAY            0.0          MM      MM   0.0    0.0      0.0
  MONTH TO DATE    0.0                       0.0    0.0      0.0
  SINCE JUN 1      0.0                       0.0    0.0      0.0
  SINCE JUL 1      0.0                       0.0    0.0      0.0
  SNOW DEPTH       0

DEGREE DAYS
 HEATING
  TODAY            0                         0      0        0
  MONTH TO DATE    0                         0      0        0
  SINCE JUN 1      0                         2     -2        0
  SINCE JUL 1      0                         0      0        0

 COOLING
  TODAY           16                        15      1       21
  MONTH TO DATE  549                       529     20      560
  SINCE JUN 1   1580                      1519     61     1495
  SINCE JAN 1   1780                      1831    -51     1859
..................................................................


WIND (MPH)
  RESULTANT WIND SPEED   7   RESULTANT WIND DIRECTION   S (180)
  HIGHEST WIND SPEED    20   HIGHEST WIND DIRECTION     S (180)
  HIGHEST GUST SPEED    23   HIGHEST GUST DIRECTION     S (180)
  AVERAGE WIND SPEED     8.2


SKY COVER
  AVERAGE SKY COVER 0.0


WEATHER CONDITIONS
 THE FOLLOWING WEATHER WAS RECORDED TODAY.
  NO SIGNIFICANT WEATHER WAS OBSERVED.


RELATIVE HUMIDITY (PERCENT)
 HIGHEST    73           700 AM
 LOWEST     20           300 PM
 AVERAGE    47

..........................................................


THE CHILDRESS CLIMATE NORMALS FOR TOMORROW
                         NORMAL    RECORD    YEAR
 MAXIMUM TEMPERATURE (F)   92       108      1951
 MINIMUM TEMPERATURE (F)   67        56      1950
                                             1893


SUNRISE AND SUNSET
AUGUST 31 2015........SUNRISE   713 AM CDT   SUNSET   809 PM CDT
SEPTEMBER  1 2015.....SUNRISE   714 AM CDT   SUNSET   808 PM CDT


-  INDICATES NEGATIVE NUMBERS.
R  INDICATES RECORD WAS SET OR TIED.
MM INDICATES DATA IS MISSING.
T  INDICATES TRACE AMOUNT.




$$
