000
CDUS44 KLUB 282339
CLICDS


CLIMATE REPORT
NATIONAL WEATHER SERVICE LUBBOCK, TX
539 PM CST SUN DEC 28 2014


...................................

...THE CHILDRESS CLIMATE SUMMARY FOR DECEMBER 28 2014...
VALID TODAY AS OF 0500 PM LOCAL TIME.

CLIMATE NORMAL PERIOD 1981 TO 2010
CLIMATE RECORD PERIOD 1893 TO 2014


WEATHER ITEM   OBSERVED TIME   RECORD YEAR NORMAL DEPARTURE LAST
                VALUE   (LST)  VALUE       VALUE  FROM      YEAR
                                                  NORMAL
..................................................................
TEMPERATURE (F)
 TODAY
  MAXIMUM         54    359 PM  76    1964  53      1       57
  MINIMUM         20    818 AM  11    1987  28     -8       29
                                      1966
  AVERAGE         37                        41     -4       43

PRECIPITATION (IN)
  TODAY            0.00          0.50 1927   0.02  -0.02     0.00
  MONTH TO DATE    0.20                      0.84  -0.64     1.09
  SINCE DEC 1      0.20                      0.84  -0.64     1.09
  SINCE JAN 1     18.55                     23.85  -5.30    16.23

SNOWFALL (IN)
  TODAY            0.0          MM      MM   0.0    0.0      0.0
  MONTH TO DATE    T                         1.5   -1.5      2.3
  SINCE DEC 1      T                         1.5   -1.5      2.3
  SINCE JUL 1      2.0                       2.4   -0.4      6.5
  SNOW DEPTH       0

DEGREE DAYS
 HEATING
  TODAY           28                        24      4       22
  MONTH TO DATE  514                       639   -125      693
  SINCE DEC 1    514                       639   -125      693
  SINCE JUL 1   1069                      1199   -130     1291

 COOLING
  TODAY            0                         0      0        0
  MONTH TO DATE    0                         0      0        0
  SINCE DEC 1      0                         0      0        0
  SINCE JAN 1   2317                      2207    110     2407
..................................................................


WIND (MPH)
  RESULTANT WIND SPEED   6   RESULTANT WIND DIRECTION   S (200)
  HIGHEST WIND SPEED    23   HIGHEST WIND DIRECTION     S (200)
  HIGHEST GUST SPEED    28   HIGHEST GUST DIRECTION     S (200)
  AVERAGE WIND SPEED     8.2


SKY COVER
  AVERAGE SKY COVER 0.0


WEATHER CONDITIONS
 THE FOLLOWING WEATHER WAS RECORDED TODAY.
  NO SIGNIFICANT WEATHER WAS OBSERVED.


RELATIVE HUMIDITY (PERCENT)
 HIGHEST    77           800 AM
 LOWEST     32           500 PM
 AVERAGE    55

..........................................................


THE CHILDRESS CLIMATE NORMALS FOR TOMORROW
                         NORMAL    RECORD    YEAR
 MAXIMUM TEMPERATURE (F)   54        80      1951
 MINIMUM TEMPERATURE (F)   28         2      1983


SUNRISE AND SUNSET
DECEMBER 28 2014......SUNRISE   747 AM CST   SUNSET   539 PM CST
DECEMBER 29 2014......SUNRISE   747 AM CST   SUNSET   540 PM CST


-  INDICATES NEGATIVE NUMBERS.
R  INDICATES RECORD WAS SET OR TIED.
MM INDICATES DATA IS MISSING.
T  INDICATES TRACE AMOUNT.




$$
