000
CDUS44 KLUB 280627
CLICDS


CLIMATE REPORT
NATIONAL WEATHER SERVICE LUBBOCK, TX
126 AM CDT SAT MAR 28 2015


...................................

...THE CHILDRESS CLIMATE SUMMARY FOR MARCH 27 2015...

CLIMATE NORMAL PERIOD 1981 TO 2010
CLIMATE RECORD PERIOD 1893 TO 2015


WEATHER ITEM   OBSERVED TIME   RECORD YEAR NORMAL DEPARTURE LAST
                VALUE   (LST)  VALUE       VALUE  FROM      YEAR
                                                  NORMAL
..................................................................
TEMPERATURE (F)
 YESTERDAY
  MAXIMUM         70    527 PM 100    1971  71     -1       80
  MINIMUM         41    509 AM  12    1931  42     -1       54
  AVERAGE         56                        57     -1       67

PRECIPITATION (IN)
  YESTERDAY        0.00          1.35 1929   0.05  -0.05     0.00
  MONTH TO DATE    0.10                      1.31  -1.21     0.46
  SINCE MAR 1      0.10                      1.31  -1.21     0.46
  SINCE JAN 1      1.27                      3.09  -1.82     0.82

SNOWFALL (IN)
  YESTERDAY        0.0                       0.0    0.0      0.0
  MONTH TO DATE    0.0                       0.4   -0.4       T
  SINCE MAR 1      0.0                       0.4   -0.4       T
  SINCE JUL 1      2.0                       6.8   -4.8      9.5
  SNOW DEPTH       0

DEGREE DAYS
 HEATING
  YESTERDAY        9                         9      0        0
  MONTH TO DATE  331                       340     -9      442
  SINCE MAR 1    331                       340     -9      442
  SINCE JUL 1   2828                      2900    -72     3258

 COOLING
  YESTERDAY        0                         1     -1        2
  MONTH TO DATE    8                        12     -4        2
  SINCE MAR 1      8                        12     -4        2
  SINCE JAN 1      8                        13     -5        2
..................................................................


WIND (MPH)
  RESULTANT WIND SPEED   3   RESULTANT WIND DIRECTION   E (110)
  HIGHEST WIND SPEED    14   HIGHEST WIND DIRECTION    SE (150)
  HIGHEST GUST SPEED    22   HIGHEST GUST DIRECTION    SE (130)
  AVERAGE WIND SPEED     8.7


SKY COVER
  AVERAGE SKY COVER 0.0


WEATHER CONDITIONS
 THE FOLLOWING WEATHER WAS RECORDED YESTERDAY.
  NO SIGNIFICANT WEATHER WAS OBSERVED.


RELATIVE HUMIDITY (PERCENT)
 HIGHEST    61          1100 PM
 LOWEST     25           400 PM
 AVERAGE    43

..........................................................


THE CHILDRESS CLIMATE NORMALS FOR TODAY
                         NORMAL    RECORD    YEAR
 MAXIMUM TEMPERATURE (F)   71        94      1963
                                             1962
 MINIMUM TEMPERATURE (F)   43        12      1931


SUNRISE AND SUNSET
MARCH 28 2015.........SUNRISE   734 AM CDT   SUNSET   759 PM CDT
MARCH 29 2015.........SUNRISE   733 AM CDT   SUNSET   800 PM CDT


-  INDICATES NEGATIVE NUMBERS.
R  INDICATES RECORD WAS SET OR TIED.
MM INDICATES DATA IS MISSING.
T  INDICATES TRACE AMOUNT.




$$
