000
CDUS44 KLUB 210626
CLICDS


CLIMATE REPORT
NATIONAL WEATHER SERVICE LUBBOCK, TX
1225 AM CST SUN JAN 21 2018


...................................

...THE CHILDRESS CLIMATE SUMMARY FOR JANUARY 20 2018...

CLIMATE NORMAL PERIOD 1981 TO 2010
CLIMATE RECORD PERIOD 1893 TO 2018


WEATHER ITEM   OBSERVED TIME   RECORD YEAR NORMAL DEPARTURE LAST
                VALUE   (LST)  VALUE       VALUE  FROM      YEAR
                                                  NORMAL
..................................................................
TEMPERATURE (F)
 YESTERDAY
  MAXIMUM         81R   444 PM  79    1999  55     26       66
  MINIMUM         33    728 AM  -1    1943  28      5       44
  AVERAGE         57                        42     15       55

PRECIPITATION (IN)
  YESTERDAY        0.00          0.67 2007   0.02  -0.02     0.00
  MONTH TO DATE    T                         0.40  -0.40     1.72
  SINCE DEC 1      0.03                      1.31  -1.28     3.01
  SINCE JAN 1      T                         0.40  -0.40     1.72

SNOWFALL (IN)
  YESTERDAY        0.0          MM      MM   0.1   -0.1      0.0
  MONTH TO DATE    0.0                       1.7   -1.7      1.5
  SINCE DEC 1      1.0                       3.4   -2.4      1.5
  SINCE JUL 1      1.0                       4.3   -3.3      1.5
  SNOW DEPTH       0

DEGREE DAYS
 HEATING
  YESTERDAY        8                        23    -15       10
  MONTH TO DATE  556                       478     78      462
  SINCE DEC 1   1242                      1191     51     1149
  SINCE JUL 1   1679                      1751    -72     1416

 COOLING
  YESTERDAY        0                         0      0        0
  MONTH TO DATE    0                         0      0        0
  SINCE DEC 1      0                         0      0        0
  SINCE JAN 1      0                         0      0        0
..................................................................


WIND (MPH)
  RESULTANT WIND SPEED  11   RESULTANT WIND DIRECTION   S (190)
  HIGHEST WIND SPEED    21   HIGHEST WIND DIRECTION     S (200)
  HIGHEST GUST SPEED    26   HIGHEST GUST DIRECTION     S (190)
  AVERAGE WIND SPEED    11.2


SKY COVER
  AVERAGE SKY COVER 0.0


WEATHER CONDITIONS
 THE FOLLOWING WEATHER WAS RECORDED YESTERDAY.
  NO SIGNIFICANT WEATHER WAS OBSERVED.


RELATIVE HUMIDITY (PERCENT)
 HIGHEST    69           700 AM
 LOWEST      9           500 PM
 AVERAGE    39

..........................................................


THE CHILDRESS CLIMATE NORMALS FOR TODAY
                         NORMAL    RECORD    YEAR
 MAXIMUM TEMPERATURE (F)   55        83      1986
 MINIMUM TEMPERATURE (F)   28        -2      1930


SUNRISE AND SUNSET
JANUARY 21 2018.......SUNRISE   745 AM CST   SUNSET   600 PM CST
JANUARY 22 2018.......SUNRISE   745 AM CST   SUNSET   601 PM CST


-  INDICATES NEGATIVE NUMBERS.
R  INDICATES RECORD WAS SET OR TIED.
MM INDICATES DATA IS MISSING.
T  INDICATES TRACE AMOUNT.




$$
