000
CDUS46 KEKA 260023
CLICEC


CLIMATE REPORT
NATIONAL WEATHER SERVICE EUREKA CA
522 PM PDT THU AUG 25 2016


...................................

...THE CRESCENT CITY CA CLIMATE SUMMARY FOR AUGUST 25 2016...
VALID TODAY AS OF 0500 PM LOCAL TIME.

CLIMATE NORMAL PERIOD 1981 TO 2010
CLIMATE RECORD PERIOD 1894 TO 2016


WEATHER ITEM   OBSERVED TIME   RECORD YEAR NORMAL DEPARTURE LAST
                VALUE   (LST)  VALUE       VALUE  FROM      YEAR
                                                  NORMAL
..................................................................
TEMPERATURE (F)
 TODAY
  MAXIMUM         57   1052 AM  75    1948  63     -6       61
  MINIMUM         51    618 AM  43    1960  52     -1       53
  AVERAGE         54                        57     -3       57

PRECIPITATION (IN)
  TODAY            0.00          0.31 2004   0.02  -0.02     0.00
  MONTH TO DATE    0.00                      0.39  -0.39      T
  SINCE OCT 1     67.46                     62.97   4.49    41.84
  SINCE JAN 1     32.78                     37.73  -4.95    21.01

SNOWFALL (IN)
  TODAY            0.0          MM      MM  MM     MM        0.0
  MONTH TO DATE    0.0                      MM     MM        0.0
  SINCE JUN 1      0.0                      MM     MM        0.0
  SINCE JUL 1      0.0                      MM     MM        0.0
  SNOW DEPTH       0

..................................................................


WIND (MPH)
  HIGHEST WIND SPEED    15   HIGHEST WIND DIRECTION     S (190)
  HIGHEST GUST SPEED    18   HIGHEST GUST DIRECTION     S (190)
  AVERAGE WIND SPEED     5.0


SKY COVER
  AVERAGE SKY COVER 1.0


WEATHER CONDITIONS
 THE FOLLOWING WEATHER WAS RECORDED TODAY.
  FOG
  FOG W/VISIBILITY <= 1/4 MILE


RELATIVE HUMIDITY (PERCENT)
 HIGHEST   100
 LOWEST     86
 AVERAGE    93

..........................................................


THE CRESCENT CITY CA CLIMATE NORMALS FOR TOMORROW
                         NORMAL    RECORD    YEAR
 MAXIMUM TEMPERATURE (F)   63        74      1948
 MINIMUM TEMPERATURE (F)   52        43      1960


SUNRISE AND SUNSET
AUGUST 25 2016........SUNRISE   636 AM PDT   SUNSET   801 PM PDT
AUGUST 26 2016........SUNRISE   637 AM PDT   SUNSET   759 PM PDT


-  INDICATES NEGATIVE NUMBERS.
R  INDICATES RECORD WAS SET OR TIED.
MM INDICATES DATA IS MISSING.
T  INDICATES TRACE AMOUNT.




$$
