000
CDUS46 KEKA 210018
CLICEC


CLIMATE REPORT
NATIONAL WEATHER SERVICE EUREKA CA
418 PM PST MON NOV 20 2017


...................................

...THE CRESCENT CITY CA CLIMATE SUMMARY FOR NOVEMBER 20 2017...
VALID TODAY AS OF 0400 PM LOCAL TIME.

CLIMATE NORMAL PERIOD 1981 TO 2010
CLIMATE RECORD PERIOD 1894 TO 2017


WEATHER ITEM   OBSERVED TIME   RECORD YEAR NORMAL DEPARTURE LAST
                VALUE   (LST)  VALUE       VALUE  FROM      YEAR
                                                  NORMAL
..................................................................
TEMPERATURE (F)
 TODAY
  MAXIMUM         58    359 PM  70    1995  55      3       58
  MINIMUM         52    101 AM  29    1961  43      9       50
  AVERAGE         55                        49      6       54

PRECIPITATION (IN)
  TODAY            1.10          2.27 2016   0.33   0.77     2.27
  MONTH TO DATE    6.55                      6.38   0.17     8.16
  SINCE OCT 1      8.58                     10.62  -2.04    26.84
  SINCE JAN 1     59.06                     49.41   9.65    59.62

SNOWFALL (IN)
  TODAY            0.0          MM      MM  MM     MM        0.0
  MONTH TO DATE    0.0                      MM     MM        0.0
  SINCE SEP 1      0.0                      MM     MM        0.0
  SINCE JUL 1      0.0                      MM     MM        0.0
  SNOW DEPTH       0

..................................................................


WIND (MPH)
  HIGHEST WIND SPEED    30   HIGHEST WIND DIRECTION     S (170)
  HIGHEST GUST SPEED    36   HIGHEST GUST DIRECTION     S (170)
  AVERAGE WIND SPEED    18.7


SKY COVER
  AVERAGE SKY COVER 0.9


WEATHER CONDITIONS
 THE FOLLOWING WEATHER WAS RECORDED TODAY.
  HEAVY RAIN
  RAIN
  LIGHT RAIN
  FOG


RELATIVE HUMIDITY (PERCENT)
 HIGHEST   100
 LOWEST     93
 AVERAGE    97

..........................................................


THE CRESCENT CITY CA CLIMATE NORMALS FOR TOMORROW
                         NORMAL    RECORD    YEAR
 MAXIMUM TEMPERATURE (F)   55        68      1967
 MINIMUM TEMPERATURE (F)   43        32      1985


SUNRISE AND SUNSET
NOVEMBER 20 2017......SUNRISE   713 AM PST   SUNSET   452 PM PST
NOVEMBER 21 2017......SUNRISE   714 AM PST   SUNSET   452 PM PST


-  INDICATES NEGATIVE NUMBERS.
R  INDICATES RECORD WAS SET OR TIED.
MM INDICATES DATA IS MISSING.
T  INDICATES TRACE AMOUNT.




$$
