000
CDUS46 KEKA 010013
CLICEC


CLIMATE REPORT
NATIONAL WEATHER SERVICE EUREKA CA
513 PM PDT THU JUL 31 2014


...................................

...THE CRESCENT CITY CA CLIMATE SUMMARY FOR JULY 31 2014...
VALID TODAY AS OF 0500 PM LOCAL TIME.

CLIMATE NORMAL PERIOD 1981 TO 2010
CLIMATE RECORD PERIOD 1894 TO 2014


WEATHER ITEM   OBSERVED TIME   RECORD YEAR NORMAL DEPARTURE LAST
                VALUE   (LST)  VALUE       VALUE  FROM      YEAR
                                                  NORMAL
..................................................................
TEMPERATURE (F)
 TODAY
  MAXIMUM         60    243 PM  81    1995  62     -2       58
  MINIMUM         54    642 AM  44    2008  52      2       53
                                      1975
  AVERAGE         57                        57      0       56

PRECIPITATION (IN)
  TODAY            0.00          0.16 1989   0.01  -0.01     0.00
  MONTH TO DATE    0.20                      0.41  -0.21     0.00
  SINCE JUL 1      0.20                      0.41  -0.21     0.00
  SINCE JAN 1     24.79                     37.34 -12.55    19.93

SNOWFALL (IN)
  TODAY            0.0          MM      MM  MM     MM        0.0
  MONTH TO DATE    0.0                      MM     MM        0.0
  SINCE JUN 1      0.0                      MM     MM        0.0
  SINCE JUL 1      0.0                      MM     MM        0.0
  SNOW DEPTH      MM

..................................................................


WIND (MPH)
  HIGHEST WIND SPEED    12   HIGHEST WIND DIRECTION     S (190)
  HIGHEST GUST SPEED    14   HIGHEST GUST DIRECTION     S (180)
  AVERAGE WIND SPEED     4.0


SKY COVER
  AVERAGE SKY COVER 1.0


WEATHER CONDITIONS
 THE FOLLOWING WEATHER WAS RECORDED TODAY.
  FOG W/VISIBILITY <= 1/4 MILE


RELATIVE HUMIDITY (PERCENT)
 HIGHEST   100
 LOWEST     80
 AVERAGE    90

..........................................................


THE CRESCENT CITY CA CLIMATE NORMALS FOR TOMORROW
                         NORMAL    RECORD    YEAR
 MAXIMUM TEMPERATURE (F)   62        79      1993
 MINIMUM TEMPERATURE (F)   52        42      1949


SUNRISE AND SUNSET
JULY 31 2014..........SUNRISE   610 AM PDT   SUNSET   836 PM PDT
AUGUST  1 2014........SUNRISE   611 AM PDT   SUNSET   835 PM PDT


-  INDICATES NEGATIVE NUMBERS.
R  INDICATES RECORD WAS SET OR TIED.
MM INDICATES DATA IS MISSING.
T  INDICATES TRACE AMOUNT.




$$
