000
CDUS46 KEKA 271236
CLICEC


CLIMATE REPORT
NATIONAL WEATHER SERVICE EUREKA CA
536 AM PDT WED MAY 27 2015


...................................

...THE CRESCENT CITY CA CLIMATE SUMMARY FOR MAY 26 2015...

CLIMATE NORMAL PERIOD 1981 TO 2010
CLIMATE RECORD PERIOD 1894 TO 2015


WEATHER ITEM   OBSERVED TIME   RECORD YEAR NORMAL DEPARTURE LAST
                VALUE   (LST)  VALUE       VALUE  FROM      YEAR
                                                  NORMAL
..................................................................
TEMPERATURE (F)
 YESTERDAY
  MAXIMUM         57    342 PM  74    1979  59     -2       61
  MINIMUM         50    839 PM  39    1998  48      2       49
  AVERAGE         54                        53      1       55

PRECIPITATION (IN)
  YESTERDAY        0.00          2.14 1960   0.07  -0.07     0.00
  MONTH TO DATE    T                         2.55  -2.55     1.49
  SINCE OCT 1     41.20                     60.12 -18.92    26.70
  SINCE JAN 1     20.37                     34.88 -14.51    22.76

SNOWFALL (IN)
  YESTERDAY        0.0          MM      MM  MM     MM        0.0
  MONTH TO DATE    0.0                      MM     MM        0.0
  SINCE MAR 1      0.0                      MM     MM        0.0
  SINCE JUL 1      0.0                      MM     MM        0.0
  SNOW DEPTH       0

DEGREE DAYS
 HEATING
  YESTERDAY       11                        12     -1       10
  MONTH TO DATE  325                       337    -12      275
  SINCE MAR 1   1201                      1321   -120     1134
  SINCE JUL 1   3422                      4494  -1072     4300

 COOLING
  YESTERDAY        0                         0      0        0
  MONTH TO DATE    0                         0      0        0
  SINCE MAR 1      0                         0      0        0
  SINCE JAN 1      0                         0      0        0
..................................................................


WIND (MPH)
  HIGHEST WIND SPEED    18   HIGHEST WIND DIRECTION     S (160)
  HIGHEST GUST SPEED    24   HIGHEST GUST DIRECTION     S (160)
  AVERAGE WIND SPEED     8.1


SKY COVER
  AVERAGE SKY COVER 0.8


WEATHER CONDITIONS
 THE FOLLOWING WEATHER WAS RECORDED YESTERDAY.
  FOG


RELATIVE HUMIDITY (PERCENT)
 HIGHEST   100
 LOWEST     77
 AVERAGE    89

..........................................................


THE CRESCENT CITY CA CLIMATE NORMALS FOR TODAY
                         NORMAL    RECORD    YEAR
 MAXIMUM TEMPERATURE (F)   59        74      1975
 MINIMUM TEMPERATURE (F)   48        39      1955


SUNRISE AND SUNSET
MAY 27 2015...........SUNRISE   547 AM PDT   SUNSET   841 PM PDT
MAY 28 2015...........SUNRISE   547 AM PDT   SUNSET   842 PM PDT


-  INDICATES NEGATIVE NUMBERS.
R  INDICATES RECORD WAS SET OR TIED.
MM INDICATES DATA IS MISSING.
T  INDICATES TRACE AMOUNT.




$$
