000
CDUS46 KEKA 261212
CLICEC


CLIMATE REPORT
NATIONAL WEATHER SERVICE EUREKA CA
411 AM PST MON JAN 26 2015


...................................

...THE CRESCENT CITY CA CLIMATE SUMMARY FOR JANUARY 25 2015...

CLIMATE NORMAL PERIOD 1981 TO 2010
CLIMATE RECORD PERIOD 1894 TO 2015


WEATHER ITEM   OBSERVED TIME   RECORD YEAR NORMAL DEPARTURE LAST
                VALUE   (LST)  VALUE       VALUE  FROM      YEAR
                                                  NORMAL
..................................................................
TEMPERATURE (F)
 YESTERDAY
  MAXIMUM         71R   100 PM  67    1976  54     17       59
  MINIMUM         44   1238 AM  30    1954  41      3       37
  AVERAGE         58                        48     10       48

PRECIPITATION (IN)
  YESTERDAY        0.00          1.97 1997   0.26  -0.26     0.00
  MONTH TO DATE    1.73                      8.87  -7.14     1.14
  SINCE JUL 1     26.15                     35.97  -9.82    10.13
  SINCE JAN 1      1.73                      8.87  -7.14     1.14

SNOWFALL (IN)
  YESTERDAY        0.0          MM      MM  MM     MM        0.0
  MONTH TO DATE    0.0                      MM     MM        0.0
  SINCE DEC 1      0.0                      MM     MM        0.0
  SINCE JUL 1      0.0                      MM     MM        0.0
  SNOW DEPTH       0

DEGREE DAYS
 HEATING
  YESTERDAY        7                        17    -10       17
  MONTH TO DATE  351                       425    -74      382
  SINCE DEC 1    713                       964   -251     1027
  SINCE JUL 1   1820                      2581   -761     2619

 COOLING
  YESTERDAY        0                         0      0        0
  MONTH TO DATE    0                         0      0        0
  SINCE DEC 1      0                         0      0        0
  SINCE JAN 1      0                         0      0        0
..................................................................


WIND (MPH)
  HIGHEST WIND SPEED    12   HIGHEST WIND DIRECTION     S (170)
  HIGHEST GUST SPEED    16   HIGHEST GUST DIRECTION     E (80)
  AVERAGE WIND SPEED     5.9


SKY COVER
  AVERAGE SKY COVER 0.0


WEATHER CONDITIONS
 THE FOLLOWING WEATHER WAS RECORDED YESTERDAY.
  FOG
  HAZE


RELATIVE HUMIDITY (PERCENT)
 HIGHEST   100
 LOWEST     44
 AVERAGE    72

..........................................................


THE CRESCENT CITY CA CLIMATE NORMALS FOR TODAY
                         NORMAL    RECORD    YEAR
 MAXIMUM TEMPERATURE (F)   54        70      2011
 MINIMUM TEMPERATURE (F)   41        28      1979


SUNRISE AND SUNSET
JANUARY 26 2015.......SUNRISE   735 AM PST   SUNSET   525 PM PST
JANUARY 27 2015.......SUNRISE   734 AM PST   SUNSET   526 PM PST


-  INDICATES NEGATIVE NUMBERS.
R  INDICATES RECORD WAS SET OR TIED.
MM INDICATES DATA IS MISSING.
T  INDICATES TRACE AMOUNT.




$$
