000
CDUS43 KPAH 190641
CLICGI


CLIMATE REPORT
NATIONAL WEATHER SERVICE PADUCAH KY
129 AM CDT SAT AUG 19 2017


...................................

...THE CAPE GIRARDEAU MO CLIMATE SUMMARY FOR AUGUST 18 2017...

CLIMATE NORMAL PERIOD 1981 TO 2010
CLIMATE RECORD PERIOD 1960 TO 2017


WEATHER ITEM   OBSERVED TIME   RECORD YEAR NORMAL DEPARTURE LAST
                VALUE   (LST)  VALUE       VALUE  FROM      YEAR
                                                  NORMAL
..................................................................
TEMPERATURE (F)
 YESTERDAY
  MAXIMUM         88    418 PM 101    2000  89     -1       81
  MINIMUM         61    531 AM  49    2012  65     -4       71
  AVERAGE         75                        77     -2

PRECIPITATION (IN)
  YESTERDAY        0.00          0.83 1960   0.10  -0.10     0.00
  MONTH TO DATE    2.21                      1.71   0.50     4.84
  SINCE JUN 1      6.53                      8.64  -2.11    12.00
  SINCE JAN 1     25.75                     29.74  -3.99    35.28

DEGREE DAYS
 HEATING
  YESTERDAY        0                         0      0        0
  MONTH TO DATE    0                         0      0        0
  SINCE JUN 1      0                         4     -4        0
  SINCE JUL 1      0                         0      0        0

 COOLING
  YESTERDAY       10                        12     -2       11
  MONTH TO DATE  159                       231    -72      258
  SINCE JUN 1    908                       965    -57     1145
  SINCE JAN 1   1083                      1117    -34     1266
..................................................................


WIND (MPH)
  HIGHEST WIND SPEED     8   HIGHEST WIND DIRECTION     S (200)
  HIGHEST GUST SPEED    10   HIGHEST GUST DIRECTION     W (280)
  AVERAGE WIND SPEED     3.4


SKY COVER
  AVERAGE SKY COVER 0.0


WEATHER CONDITIONS
 THE FOLLOWING WEATHER WAS RECORDED YESTERDAY.
  FOG
  FOG W/VISIBILITY <= 1/4 MILE


RELATIVE HUMIDITY (PERCENT)
 HIGHEST   100
 LOWEST     46
 AVERAGE    73

..........................................................


THE CAPE GIRARDEAU MO CLIMATE NORMALS FOR TODAY
                         NORMAL    RECORD    YEAR
 MAXIMUM TEMPERATURE (F)   89        98      1980
 MINIMUM TEMPERATURE (F)   65        52      2012
                                             2008


SUNRISE AND SUNSET
AUGUST 19 2017........SUNRISE   618 AM CDT   SUNSET   745 PM CDT
AUGUST 20 2017........SUNRISE   619 AM CDT   SUNSET   743 PM CDT


-  INDICATES NEGATIVE NUMBERS.
R  INDICATES RECORD WAS SET OR TIED.
MM INDICATES DATA IS MISSING.
T  INDICATES TRACE AMOUNT.




$$
