585
CDUS43 KPAH 260627
CLICGI


CLIMATE REPORT
NATIONAL WEATHER SERVICE PADUCAH KY
125 AM CDT MON JUN 26 2017


...................................

...THE CAPE GIRARDEAU MO CLIMATE SUMMARY FOR JUNE 25 2017...

CLIMATE NORMAL PERIOD 1981 TO 2010
CLIMATE RECORD PERIOD 1960 TO 2017


WEATHER ITEM   OBSERVED TIME   RECORD YEAR NORMAL DEPARTURE LAST
                VALUE   (LST)  VALUE       VALUE  FROM      YEAR
                                                  NORMAL
..................................................................
TEMPERATURE (F)
 YESTERDAY
  MAXIMUM         85    408 PM 100    1988  88     -3       95
  MINIMUM         55    510 AM  51    1961  67    -12       72
  AVERAGE         70                        78     -8

PRECIPITATION (IN)
  YESTERDAY        0.00          0.98 1993   0.12  -0.12     0.00
  MONTH TO DATE    2.95                      3.02  -0.07     1.01
  SINCE JUN 1      2.95                      3.02  -0.07     1.01
  SINCE JAN 1     22.17                     24.12  -1.95    24.29

DEGREE DAYS
 HEATING
  YESTERDAY        0                         0      0        0
  MONTH TO DATE    0                         1     -1        0
  SINCE JUN 1      0                         1     -1        0
  SINCE JUL 1   3430                      4387   -957     3571

 COOLING
  YESTERDAY        5                        12     -7       19
  MONTH TO DATE  266                       245     21      346
  SINCE JUN 1    266                       245     21      346
  SINCE JAN 1    441                       397     44      467
..................................................................


WIND (MPH)
  HIGHEST WIND SPEED    15   HIGHEST WIND DIRECTION     W (280)
  HIGHEST GUST SPEED    20   HIGHEST GUST DIRECTION    NW (300)
  AVERAGE WIND SPEED     5.7


SKY COVER
  AVERAGE SKY COVER 0.0


WEATHER CONDITIONS
 THE FOLLOWING WEATHER WAS RECORDED YESTERDAY.
  NO SIGNIFICANT WEATHER WAS OBSERVED.


RELATIVE HUMIDITY (PERCENT)
 HIGHEST    93
 LOWEST     29
 AVERAGE    61

..........................................................


THE CAPE GIRARDEAU MO CLIMATE NORMALS FOR TODAY
                         NORMAL    RECORD    YEAR
 MAXIMUM TEMPERATURE (F)   89       100      1971
 MINIMUM TEMPERATURE (F)   67        51      1974


SUNRISE AND SUNSET
JUNE 26 2017..........SUNRISE   540 AM CDT   SUNSET   823 PM CDT
JUNE 27 2017..........SUNRISE   540 AM CDT   SUNSET   823 PM CDT


-  INDICATES NEGATIVE NUMBERS.
R  INDICATES RECORD WAS SET OR TIED.
MM INDICATES DATA IS MISSING.
T  INDICATES TRACE AMOUNT.




$$
