000
CDUS43 KPAH 220628
CLICGI


CLIMATE REPORT
NATIONAL WEATHER SERVICE PADUCAH KY
127 AM CDT FRI AUG 22 2014

...................................

...THE CAPE GIRARDEAU MO CLIMATE SUMMARY FOR AUGUST 21 2014...

CLIMATE NORMAL PERIOD 1981 TO 2010
CLIMATE RECORD PERIOD 1960 TO 2014

WEATHER ITEM   OBSERVED TIME   RECORD YEAR NORMAL DEPARTURE LAST
                VALUE   (LST)  VALUE       VALUE  FROM      YEAR
                                                  NORMAL
..................................................................
TEMPERATURE (F)
 YESTERDAY
  MAXIMUM         90    236 PM 100    1983  89      1       88
  MINIMUM         75    608 AM  51    1961  65     10       63
  AVERAGE         83                        77      6

PRECIPITATION (IN)
  YESTERDAY        0.00          1.60 1989   0.10  -0.10     0.00
  MONTH TO DATE    2.86                      2.01   0.85     3.53
  SINCE JUN 1     13.28                      8.94   4.34    12.06
  SINCE JAN 1     31.67                     30.04   1.63    28.23

DEGREE DAYS
 HEATING
  YESTERDAY        0                         0      0        0
  MONTH TO DATE    0                         0      0        1
  SINCE JUN 1      0                         4     -4        1
  SINCE JUL 1      0                         0      0        1

 COOLING
  YESTERDAY       18                        12      6       11
  MONTH TO DATE  230                       267    -37      191
  SINCE JUN 1    864                      1001   -137      864
  SINCE JAN 1   1075                      1153    -78     1035
..................................................................

WIND (MPH)
  HIGHEST WIND SPEED    15   HIGHEST WIND DIRECTION     S (190)
  HIGHEST GUST SPEED    20   HIGHEST GUST DIRECTION     S (200)
  AVERAGE WIND SPEED     7.7

SKY COVER
  AVERAGE SKY COVER 0.0

WEATHER CONDITIONS
 THE FOLLOWING WEATHER WAS RECORDED YESTERDAY.
  HAZE

RELATIVE HUMIDITY (PERCENT)
 HIGHEST    94
 LOWEST     59
 AVERAGE    77
..........................................................

THE CAPE GIRARDEAU MO CLIMATE NORMALS FOR TODAY
                         NORMAL    RECORD    YEAR
 MAXIMUM TEMPERATURE (F)   89       102      1987
 MINIMUM TEMPERATURE (F)   65        52      1997

SUNRISE AND SUNSET
AUGUST 22 2014........SUNRISE   621 AM CDT   SUNSET   741 PM CDT
AUGUST 23 2014........SUNRISE   621 AM CDT   SUNSET   740 PM CDT

-  INDICATES NEGATIVE NUMBERS.
R  INDICATES RECORD WAS SET OR TIED.
MM INDICATES DATA IS MISSING.
T  INDICATES TRACE AMOUNT.

$$
