000
CDUS43 KPAH 110643
CLICGI


CLIMATE REPORT
NATIONAL WEATHER SERVICE PADUCAH KY
1238 AM CST THU FEB 11 2016


...................................

...THE CAPE GIRARDEAU MO CLIMATE SUMMARY FOR FEBRUARY 10 2016...

CLIMATE NORMAL PERIOD 1981 TO 2010
CLIMATE RECORD PERIOD 1960 TO 2016


WEATHER ITEM   OBSERVED TIME   RECORD YEAR NORMAL DEPARTURE LAST
                VALUE   (LST)  VALUE       VALUE  FROM      YEAR
                                                  NORMAL
..................................................................
TEMPERATURE (F)
 YESTERDAY
  MAXIMUM         26    105 PM  68    1996  46    -20       45
  MINIMUM         12    711 AM  -3    2011  27    -15       28
  AVERAGE         19                        36    -17

PRECIPITATION (IN)
  YESTERDAY        0.01          1.58 1981   0.13  -0.12     0.00
  MONTH TO DATE    0.05                      1.24  -1.19     0.73
  SINCE DEC 1      4.10                      8.96  -4.86     8.31
  SINCE JAN 1      1.71                      4.71  -3.00     5.50

DEGREE DAYS
 HEATING
  YESTERDAY       46                        29     17       28
  MONTH TO DATE  268                       296    -28      281
  SINCE DEC 1   1783                      2183   -400     1994
  SINCE JUL 1   2433                      3034   -601     2990

 COOLING
  YESTERDAY        0                         0      0        0
  MONTH TO DATE    0                         0      0        0
  SINCE DEC 1      2                         0      2        0
  SINCE JAN 1      0                         0      0        0
..................................................................


WIND (MPH)
  HIGHEST WIND SPEED    17   HIGHEST WIND DIRECTION    NW (310)
  HIGHEST GUST SPEED    22   HIGHEST GUST DIRECTION    NW (320)
  AVERAGE WIND SPEED     7.1


SKY COVER
  AVERAGE SKY COVER 0.6


WEATHER CONDITIONS
 THE FOLLOWING WEATHER WAS RECORDED YESTERDAY.
  LIGHT SNOW
  FOG


RELATIVE HUMIDITY (PERCENT)
 HIGHEST    81
 LOWEST     38
 AVERAGE    60

..........................................................


THE CAPE GIRARDEAU MO CLIMATE NORMALS FOR TODAY
                         NORMAL    RECORD    YEAR
 MAXIMUM TEMPERATURE (F)   47        70      1999
 MINIMUM TEMPERATURE (F)   27         1      2011


SUNRISE AND SUNSET
FEBRUARY 11 2016......SUNRISE   652 AM CST   SUNSET   533 PM CST
FEBRUARY 12 2016......SUNRISE   651 AM CST   SUNSET   534 PM CST


-  INDICATES NEGATIVE NUMBERS.
R  INDICATES RECORD WAS SET OR TIED.
MM INDICATES DATA IS MISSING.
T  INDICATES TRACE AMOUNT.




$$
