000
CDUS43 KPAH 260634
CLICGI


CLIMATE REPORT
NATIONAL WEATHER SERVICE PADUCAH KY
1233 AM CST WED NOV 26 2014


...................................

...THE CAPE GIRARDEAU MO CLIMATE SUMMARY FOR NOVEMBER 25 2014...

CLIMATE NORMAL PERIOD 1981 TO 2010
CLIMATE RECORD PERIOD 1960 TO 2014


WEATHER ITEM   OBSERVED TIME   RECORD YEAR NORMAL DEPARTURE LAST
                VALUE   (LST)  VALUE       VALUE  FROM      YEAR
                                                  NORMAL
..................................................................
TEMPERATURE (F)
 YESTERDAY
  MAXIMUM         44    357 PM  69    1990  52     -8       35
  MINIMUM         26   1148 PM  19    2005  33     -7       29
  AVERAGE         35                        43     -8

PRECIPITATION (IN)
  YESTERDAY        0.00          2.43 2010   0.16  -0.16      T
  MONTH TO DATE    2.10                      3.65  -1.55     1.65
  SINCE SEP 1      8.46                     10.72  -2.26     6.29
  SINCE JAN 1     40.76                     41.77  -1.01    34.52

DEGREE DAYS
 HEATING
  YESTERDAY       30                        22      8       33
  MONTH TO DATE  632                       430    202      481
  SINCE SEP 1    881                       732    149      747
  SINCE JUL 1    881                       733    148      748

 COOLING
  YESTERDAY        0                         0      0        0
  MONTH TO DATE    0                         0      0        0
  SINCE SEP 1    185                       191     -6      260
  SINCE JAN 1   1424                      1451    -27     1441
..................................................................


WIND (MPH)
  HIGHEST WIND SPEED    15   HIGHEST WIND DIRECTION    NW (310)
  HIGHEST GUST SPEED    20   HIGHEST GUST DIRECTION    NW (310)
  AVERAGE WIND SPEED     4.7


SKY COVER
  AVERAGE SKY COVER 0.0


WEATHER CONDITIONS
 THE FOLLOWING WEATHER WAS RECORDED YESTERDAY.
  NO SIGNIFICANT WEATHER WAS OBSERVED.


RELATIVE HUMIDITY (PERCENT)
 HIGHEST    92
 LOWEST     45
 AVERAGE    69

..........................................................


THE CAPE GIRARDEAU MO CLIMATE NORMALS FOR TODAY
                         NORMAL    RECORD    YEAR
 MAXIMUM TEMPERATURE (F)   52        72      1990
 MINIMUM TEMPERATURE (F)   33        12      1977


SUNRISE AND SUNSET
NOVEMBER 26 2014......SUNRISE   649 AM CST   SUNSET   442 PM CST
NOVEMBER 27 2014......SUNRISE   650 AM CST   SUNSET   442 PM CST


-  INDICATES NEGATIVE NUMBERS.
R  INDICATES RECORD WAS SET OR TIED.
MM INDICATES DATA IS MISSING.
T  INDICATES TRACE AMOUNT.




$$
