000
CDUS44 KMRX 250821
CLICHA


CLIMATE REPORT
NATIONAL WEATHER SERVICE MORRISTOWN TN
421 AM EDT WED MAY 25 2016


...................................

...THE CHATTANOOGA  ASOS CLIMATE SUMMARY FOR MAY 24 2016...

CLIMATE NORMAL PERIOD 1981 TO 2010
CLIMATE RECORD PERIOD 1879 TO 2016


WEATHER ITEM   OBSERVED TIME   RECORD YEAR NORMAL DEPARTURE LAST
                VALUE   (LST)  VALUE       VALUE  FROM      YEAR
                                                  NORMAL
..................................................................
TEMPERATURE (F)
 YESTERDAY
  MAXIMUM         87    520 PM  94    1953  82      5       84
  MINIMUM         54    540 AM  41    1892  60     -6       55
  AVERAGE         71                        71      0       70

PRECIPITATION (IN)
  YESTERDAY        0.00          1.33 2001   0.12  -0.12     0.00
  MONTH TO DATE    1.41                      3.22  -1.81     0.71
  SINCE MAR 1      6.48                     12.19  -5.71    14.19
  SINCE JAN 1     17.22                     21.94  -4.72    21.18

DEGREE DAYS
 COOLING
  YESTERDAY        6                         6      0        5
  MONTH TO DATE  108                        98     10      155
  SINCE MAR 1    187                       144     43      202
  SINCE JAN 1    187                       144     43      202
..................................................................


WIND (MPH)
  HIGHEST WIND SPEED    10   HIGHEST WIND DIRECTION    SW (210)
  HIGHEST GUST SPEED    14   HIGHEST GUST DIRECTION    NW (310)
  AVERAGE WIND SPEED     2.5


SKY COVER
  POSSIBLE SUNSHINE  MM
  AVERAGE SKY COVER 0.4


WEATHER CONDITIONS
 THE FOLLOWING WEATHER WAS RECORDED YESTERDAY.
  NO SIGNIFICANT WEATHER WAS OBSERVED.


RELATIVE HUMIDITY (PERCENT)
 HIGHEST    86           200 AM
 LOWEST     26           500 PM
 AVERAGE    56

..........................................................


THE CHATTANOOGA  ASOS CLIMATE NORMALS FOR TODAY
                         NORMAL    RECORD    YEAR
 MAXIMUM TEMPERATURE (F)   82        95      1953
 MINIMUM TEMPERATURE (F)   60        46      1942
                                             1925


SUNRISE AND SUNSET
MAY 25 2016...........SUNRISE   631 AM EDT   SUNSET   845 PM EDT
MAY 26 2016...........SUNRISE   630 AM EDT   SUNSET   846 PM EDT


-  INDICATES NEGATIVE NUMBERS.
R  INDICATES RECORD WAS SET OR TIED.
MM INDICATES DATA IS MISSING.
T  INDICATES TRACE AMOUNT.




$$
