000
CDUS44 KMRX 212118
CLICHA

CLIMATE REPORT
NATIONAL WEATHER SERVICE MORRISTOWN TN
517 PM EDT TUE OCT 21 2014


...................................

...THE CHATTANOOGA CLIMATE SUMMARY FOR OCTOBER 21 2014...
VALID TODAY AS OF 0500 PM LOCAL TIME.

CLIMATE NORMAL PERIOD 1981 TO 2010
CLIMATE RECORD PERIOD 1879 TO 2014


WEATHER ITEM   OBSERVED TIME   RECORD YEAR NORMAL DEPARTURE LAST
                VALUE   (LST)  VALUE       VALUE  FROM      YEAR
                                                  NORMAL
..................................................................
TEMPERATURE (F)
 TODAY
  MAXIMUM         73    349 PM  89    1963  72      1       71
  MINIMUM         48    724 AM  30    1972  48      0       38
  AVERAGE         61                        60      1       55

PRECIPITATION (IN)
  TODAY            0.00          1.23 1962   0.11  -0.11     0.00
  MONTH TO DATE    5.96                      2.20   3.76     0.16
  SINCE SEP 1      8.44                      6.24   2.20     2.27
  SINCE JAN 1     37.09                     41.50  -4.41    56.47

SNOWFALL (IN)
  TODAY            0.0                       0.0    0.0      0.0
  MONTH TO DATE    0.0                       0.0    0.0      0.0
  SINCE SEP 1      0.0                       0.0    0.0      0.0
  SINCE JUL 1      0.0                       0.0    0.0      0.0
  SNOW DEPTH       0

DEGREE DAYS
 HEATING
  TODAY            4                         6     -2       10
  MONTH TO DATE   59                        81    -22       34
  SINCE SEP 1     59                        96    -37       34
  SINCE JUL 1     59                        96    -37       34

 COOLING
  TODAY            0                         1     -1        0
  MONTH TO DATE   77                        42     35       78
  SINCE SEP 1    402                       281    121      356
  SINCE JAN 1   1903                      1731    172     1748
..................................................................


WIND (MPH)
  HIGHEST WIND SPEED    17   HIGHEST WIND DIRECTION     N (360)
  HIGHEST GUST SPEED    20   HIGHEST GUST DIRECTION     N (360)
  AVERAGE WIND SPEED     3.5


SKY COVER
  POSSIBLE SUNSHINE  MM
  AVERAGE SKY COVER  MM


WEATHER CONDITIONS
 THE FOLLOWING WEATHER WAS RECORDED TODAY.
  FOG


RELATIVE HUMIDITY (PERCENT)
 HIGHEST    93          1200 AM
 LOWEST     35           300 PM
 AVERAGE    64

..........................................................


THE CHATTANOOGA CLIMATE NORMALS FOR TOMORROW
                         NORMAL    RECORD    YEAR
 MAXIMUM TEMPERATURE (F)   71        86      1963
 MINIMUM TEMPERATURE (F)   48        24      1952


SUNRISE AND SUNSET
OCTOBER 21 2014.......SUNRISE   752 AM EDT   SUNSET   658 PM EDT
OCTOBER 22 2014.......SUNRISE   753 AM EDT   SUNSET   657 PM EDT


-  INDICATES NEGATIVE NUMBERS.
R  INDICATES RECORD WAS SET OR TIED.
MM INDICATES DATA IS MISSING.
T  INDICATES TRACE AMOUNT.




$$
