000
CDUS44 KMRX 130844
CLICHA

CLIMATE REPORT
NATIONAL WEATHER SERVICE MORRISTOWN TN
435 AM EDT SUN JUL 13 2014


...THE CHATTANOOGA CLIMATE SUMMARY FOR JULY 12 2014...

CLIMATE NORMAL PERIOD 1981 TO 2010
CLIMATE RECORD PERIOD 1879 TO 2014


WEATHER ITEM   OBSERVED TIME   RECORD YEAR NORMAL DEPARTURE LAST
                VALUE   (LST)  VALUE       VALUE  FROM      YEAR
                                                  NORMAL
..................................................................
TEMPERATURE (F)
 YESTERDAY
  MAXIMUM         92    418 PM 104    1930  90      2       87
  MINIMUM         70    607 AM  57    1945  70      0       70
  AVERAGE         81                        80      1       79

PRECIPITATION (IN)
  YESTERDAY        0.00          2.60 2012   0.16  -0.16     0.00
  MONTH TO DATE    0.48                      1.89  -1.41     7.07
  SINCE JUN 1      5.47                      5.94  -0.47    11.54
  SINCE JAN 1     22.76                     28.76  -6.00    46.21

SNOWFALL (IN)
  YESTERDAY        0.0                       0.0    0.0      0.0
  MONTH TO DATE    0.0                       0.0    0.0      0.0
  SINCE JUN 1      0.0                       0.0    0.0      0.0
  SINCE JUL 1      0.0                       0.0    0.0      0.0
  SNOW DEPTH       0

DEGREE DAYS
 HEATING
  YESTERDAY        0                         0      0        0
  MONTH TO DATE    0                         0      0        0
  SINCE JUN 1      0                         2     -2        0
  SINCE JUL 1      0                         0      0        0

 COOLING
  YESTERDAY       16                        15      1       14
  MONTH TO DATE  171                       176     -5      140
  SINCE JUN 1    572                       521     51      539
  SINCE JAN 1    830                       717    113      715
..................................................................


WIND (MPH)
  HIGHEST WIND SPEED    12   HIGHEST WIND DIRECTION     S (200)
  HIGHEST GUST SPEED    14   HIGHEST GUST DIRECTION    SW (210)
  AVERAGE WIND SPEED     2.8


SKY COVER
  POSSIBLE SUNSHINE  MM
  AVERAGE SKY COVER  MM


WEATHER CONDITIONS
 THE FOLLOWING WEATHER WAS RECORDED YESTERDAY.
  NO SIGNIFICANT WEATHER WAS OBSERVED.


RELATIVE HUMIDITY (PERCENT)
 HIGHEST    84           200 AM
 LOWEST     44           300 PM
 AVERAGE    64

..........................................................


THE CHATTANOOGA CLIMATE NORMALS FOR TODAY
                         NORMAL    RECORD    YEAR
 MAXIMUM TEMPERATURE (F)   90       105      1980
 MINIMUM TEMPERATURE (F)   70        59      1974
                                             1898


SUNRISE AND SUNSET
JULY 13 2014..........SUNRISE   637 AM EDT   SUNSET   856 PM EDT
JULY 14 2014..........SUNRISE   637 AM EDT   SUNSET   856 PM EDT


-  INDICATES NEGATIVE NUMBERS.
R  INDICATES RECORD WAS SET OR TIED.
MM INDICATES DATA IS MISSING.
T  INDICATES TRACE AMOUNT.




$$
