000
CDUS44 KMRX 030833
CLICHA


CLIMATE REPORT
NATIONAL WEATHER SERVICE MORRISTOWN TN
433 AM EDT MON AUG 3 2015


...................................

...THE CHATTANOOGA  ASOS CLIMATE SUMMARY FOR AUGUST 2 2015...

CLIMATE NORMAL PERIOD 1981 TO 2010
CLIMATE RECORD PERIOD 1879 TO 2015


WEATHER ITEM   OBSERVED TIME   RECORD YEAR NORMAL DEPARTURE LAST
                VALUE   (LST)  VALUE       VALUE  FROM      YEAR
                                                  NORMAL
..................................................................
TEMPERATURE (F)
 YESTERDAY
  MAXIMUM         93    415 PM 100    2011  90      3       80
  MINIMUM         67    525 AM  59    1895  70     -3       69
  AVERAGE         80                        80      0       75

PRECIPITATION (IN)
  YESTERDAY        0.00          2.91 1904   0.12  -0.12     0.10
  MONTH TO DATE    0.00                      0.25  -0.25     0.13
  SINCE JUN 1     10.39                      9.21   1.18     7.69
  SINCE JAN 1     33.59                     32.03   1.56    24.98

DEGREE DAYS
 COOLING
  YESTERDAY       15                        15      0       10
  MONTH TO DATE   28                        30     -2       22
  SINCE JUN 1    984                       838    146      818
  SINCE JAN 1   1260                      1034    226     1076
..................................................................


WIND (MPH)
  HIGHEST WIND SPEED    12   HIGHEST WIND DIRECTION    NE (40)
  HIGHEST GUST SPEED    15   HIGHEST GUST DIRECTION    NE (30)
  AVERAGE WIND SPEED     3.8


SKY COVER
  POSSIBLE SUNSHINE  MM
  AVERAGE SKY COVER 0.4


WEATHER CONDITIONS
 THE FOLLOWING WEATHER WAS RECORDED YESTERDAY.
  NO SIGNIFICANT WEATHER WAS OBSERVED.


RELATIVE HUMIDITY (PERCENT)
 HIGHEST    90           200 AM
 LOWEST     30           500 PM
 AVERAGE    60

..........................................................


THE CHATTANOOGA  ASOS CLIMATE NORMALS FOR TODAY
                         NORMAL    RECORD    YEAR
 MAXIMUM TEMPERATURE (F)   90       101      2011
 MINIMUM TEMPERATURE (F)   70        58      1965


SUNRISE AND SUNSET
AUGUST  3 2015........SUNRISE   651 AM EDT   SUNSET   842 PM EDT
AUGUST  4 2015........SUNRISE   652 AM EDT   SUNSET   841 PM EDT


-  INDICATES NEGATIVE NUMBERS.
R  INDICATES RECORD WAS SET OR TIED.
MM INDICATES DATA IS MISSING.
T  INDICATES TRACE AMOUNT.




$$
