000
CDUS44 KMRX 240821
CLICHA


CLIMATE REPORT
NATIONAL WEATHER SERVICE MORRISTOWN TN
421 AM EDT WED MAY 24 2017


...................................

...THE CHATTANOOGA  ASOS CLIMATE SUMMARY FOR MAY 23 2017...

CLIMATE NORMAL PERIOD 1981 TO 2010
CLIMATE RECORD PERIOD 1879 TO 2017


WEATHER ITEM   OBSERVED TIME   RECORD YEAR NORMAL DEPARTURE LAST
                VALUE   (LST)  VALUE       VALUE  FROM      YEAR
                                                  NORMAL
..................................................................
TEMPERATURE (F)
 YESTERDAY
  MAXIMUM         77    438 PM  93    1953  82     -5       85
                                      1941
  MINIMUM         63    734 AM  41    1889  59      4       54
  AVERAGE         70                        70      0       70

PRECIPITATION (IN)
  YESTERDAY        0.45          1.61 1979   0.12   0.33     0.00
  MONTH TO DATE    3.86                      3.10   0.76     1.41
  SINCE MAR 1     18.42                     12.07   6.35     6.48
  SINCE JAN 1     26.85                     21.82   5.03    17.22

DEGREE DAYS
 COOLING
  YESTERDAY        5                         6     -1        5
  MONTH TO DATE  146                        92     54      102
  SINCE MAR 1    272                       138    134      181
  SINCE JAN 1    272                       138    134      181
..................................................................


WIND (MPH)
  HIGHEST WIND SPEED    10   HIGHEST WIND DIRECTION    SW (220)
  HIGHEST GUST SPEED    13   HIGHEST GUST DIRECTION    NW (300)
  AVERAGE WIND SPEED     2.7


SKY COVER
  POSSIBLE SUNSHINE  MM
  AVERAGE SKY COVER 0.9


WEATHER CONDITIONS
 THE FOLLOWING WEATHER WAS RECORDED YESTERDAY.
  THUNDERSTORM
  RAIN
  LIGHT RAIN
  FOG


RELATIVE HUMIDITY (PERCENT)
 HIGHEST    93          1200 AM
 LOWEST     68           500 PM
 AVERAGE    81

..........................................................


THE CHATTANOOGA  ASOS CLIMATE NORMALS FOR TODAY
                         NORMAL    RECORD    YEAR
 MAXIMUM TEMPERATURE (F)   82        94      1953
 MINIMUM TEMPERATURE (F)   60        41      1892


SUNRISE AND SUNSET
MAY 24 2017...........SUNRISE   631 AM EDT   SUNSET   844 PM EDT
MAY 25 2017...........SUNRISE   631 AM EDT   SUNSET   845 PM EDT


-  INDICATES NEGATIVE NUMBERS.
R  INDICATES RECORD WAS SET OR TIED.
MM INDICATES DATA IS MISSING.
T  INDICATES TRACE AMOUNT.




$$
