000
CDUS41 KLWX 270525
CLICHO


CLIMATE REPORT
NATIONAL WEATHER SERVICE BALTIMORE MD/WASHINGTON DC
125 AM EDT TUE JUN 27 2017


...................................

...THE CHARLOTTESVILLE VA CLIMATE SUMMARY FOR JUNE 26 2017...

CLIMATE NORMAL PERIOD 1981 TO 2010
CLIMATE RECORD PERIOD 1998 TO 2017


WEATHER ITEM   OBSERVED TIME   RECORD YEAR NORMAL DEPARTURE LAST
                VALUE   (LST)  VALUE       VALUE  FROM      YEAR
                                                  NORMAL
..................................................................
TEMPERATURE (F)
 YESTERDAY
  MAXIMUM         82    427 PM  MM      MM  86     -4       85
  MINIMUM         55    518 AM  MM      MM  63     -8       62
  AVERAGE         69                        74     -5       74

PRECIPITATION (IN)
  YESTERDAY        0.00                      0.11  -0.11     0.00
  MONTH TO DATE    2.60                      3.29  -0.69     3.75
  SINCE JUN 1      2.60                      3.29  -0.69     3.75
  SINCE JAN 1     20.15                     19.76   0.39    20.26

DEGREE DAYS
 HEATING
  YESTERDAY        0                         0      0        0
  MONTH TO DATE    1                         8     -7        0
  SINCE JUN 1      1                         8     -7        0
  SINCE JUL 1   3092                      4441  -1349     3480

 COOLING
  YESTERDAY        4                         9     -5        9
  MONTH TO DATE  258                       179     79      247
  SINCE JUN 1    258                       179     79      247
  SINCE JAN 1    468                       265    203      360
..................................................................


WIND (MPH)
  HIGHEST WIND SPEED    15   HIGHEST WIND DIRECTION     S (200)
  HIGHEST GUST SPEED    22   HIGHEST GUST DIRECTION     S (200)
  AVERAGE WIND SPEED     4.0


SKY COVER
  POSSIBLE SUNSHINE  MM
  AVERAGE SKY COVER 0.1


WEATHER CONDITIONS
 THE FOLLOWING WEATHER WAS RECORDED YESTERDAY.
  HAZE


RELATIVE HUMIDITY (PERCENT)
 HIGHEST    86           500 AM
 LOWEST     31           300 PM
 AVERAGE    59

..........................................................


THE CHARLOTTESVILLE VA CLIMATE NORMALS FOR TODAY
                         NORMAL    RECORD    YEAR
 MAXIMUM TEMPERATURE (F)   86        MM        MM
 MINIMUM TEMPERATURE (F)   63        MM        MM


SUNRISE AND SUNSET
JUNE 27 2017..........SUNRISE   553 AM EDT   SUNSET   841 PM EDT
JUNE 28 2017..........SUNRISE   553 AM EDT   SUNSET   841 PM EDT


-  INDICATES NEGATIVE NUMBERS.
R  INDICATES RECORD WAS SET OR TIED.
MM INDICATES DATA IS MISSING.
T  INDICATES TRACE AMOUNT.




$$
