000
CDUS41 KLWX 280528
CLICHO


CLIMATE REPORT
NATIONAL WEATHER SERVICE BALTIMORE MD/WASHINGTON DC
126 AM EDT TUE JUL 28 2015


...................................

...THE CHARLOTTESVILLE VA CLIMATE SUMMARY FOR JULY 27 2015...

CLIMATE NORMAL PERIOD 1981 TO 2010
CLIMATE RECORD PERIOD 1889 TO 2015


WEATHER ITEM   OBSERVED TIME   RECORD YEAR NORMAL DEPARTURE LAST
                VALUE   (LST)  VALUE       VALUE  FROM      YEAR
                                                  NORMAL
..................................................................
TEMPERATURE (F)
 YESTERDAY
  MAXIMUM         86    221 PM  MM      MM  86      0       83
  MINIMUM         71   1159 PM  MM      MM  65      6       68
  AVERAGE         79                        75      4       76

PRECIPITATION (IN)
  YESTERDAY        0.36                      0.15   0.21     0.21
  MONTH TO DATE    3.44                      3.78  -0.34     3.05
  SINCE JUN 1     11.67                      7.51   4.16     5.90
  SINCE JAN 1     24.33                     23.98   0.35    24.17

DEGREE DAYS
 HEATING
  YESTERDAY        0                         0      0        0
  MONTH TO DATE    0                         0      0        0
  SINCE JUN 1     11                        11      0        2
  SINCE JUL 1      0                         0      0        0

 COOLING
  YESTERDAY       14                        10      4       11
  MONTH TO DATE  307                       287     20      287
  SINCE JUN 1    613                       506    107      559
  SINCE JAN 1    790                       592    198      675
..................................................................


WIND (MPH)
  HIGHEST WIND SPEED    13   HIGHEST WIND DIRECTION     S (180)
  HIGHEST GUST SPEED    16   HIGHEST GUST DIRECTION     N (10)
  AVERAGE WIND SPEED     2.5


SKY COVER
  POSSIBLE SUNSHINE  MM
  AVERAGE SKY COVER 0.2


WEATHER CONDITIONS
 THE FOLLOWING WEATHER WAS RECORDED YESTERDAY.
  THUNDERSTORM
  HEAVY RAIN
  RAIN
  LIGHT RAIN
  FOG
  HAZE


RELATIVE HUMIDITY (PERCENT)
 HIGHEST    93           200 AM
 LOWEST     61          1200 PM
 AVERAGE    77

..........................................................


THE CHARLOTTESVILLE VA CLIMATE NORMALS FOR TODAY
                         NORMAL    RECORD    YEAR
 MAXIMUM TEMPERATURE (F)   86        MM        MM
 MINIMUM TEMPERATURE (F)   65        MM        MM


SUNRISE AND SUNSET
JULY 28 2015..........SUNRISE   613 AM EDT   SUNSET   827 PM EDT
JULY 29 2015..........SUNRISE   614 AM EDT   SUNSET   826 PM EDT


-  INDICATES NEGATIVE NUMBERS.
R  INDICATES RECORD WAS SET OR TIED.
MM INDICATES DATA IS MISSING.
T  INDICATES TRACE AMOUNT.




$$
