000
CDUS41 KLWX 260546
CLICHO


CLIMATE REPORT
NATIONAL WEATHER SERVICE BALTIMORE MD/WASHINGTON DC
1245 AM EST FRI DEC 26 2014


...................................

...THE CHARLOTTESVILLE VA CLIMATE SUMMARY FOR DECEMBER 25 2014...

CLIMATE NORMAL PERIOD 1981 TO 2010
CLIMATE RECORD PERIOD 1889 TO 2014


WEATHER ITEM   OBSERVED TIME   RECORD YEAR NORMAL DEPARTURE LAST
                VALUE   (LST)  VALUE       VALUE  FROM      YEAR
                                                  NORMAL
..................................................................
TEMPERATURE (F)
 YESTERDAY
  MAXIMUM         58    139 AM  MM      MM  45     13       33
  MINIMUM         36   1117 PM  MM      MM  27      9       16
  AVERAGE         47                        36     11       25

PRECIPITATION (IN)
  YESTERDAY        T                         0.08  -0.08     0.00
  MONTH TO DATE    2.68                      2.74  -0.06     2.39
  SINCE DEC 1      2.68                      2.74  -0.06     2.39
  SINCE JAN 1     38.56                     42.30  -3.74    42.95

DEGREE DAYS
 HEATING
  YESTERDAY       18                        29    -11       40
  MONTH TO DATE  583                       667    -84      573
  SINCE DEC 1    583                       667    -84      573
  SINCE JUL 1   1437                      1558   -121     1516

 COOLING
  YESTERDAY        0                         0      0        0
  MONTH TO DATE    0                         0      0        0
  SINCE DEC 1      0                         0      0        0
  SINCE JAN 1   1096                      1035     61     1146
..................................................................


WIND (MPH)
  HIGHEST WIND SPEED    17   HIGHEST WIND DIRECTION     W (280)
  HIGHEST GUST SPEED    29   HIGHEST GUST DIRECTION     W (290)
  AVERAGE WIND SPEED     5.2


SKY COVER
  POSSIBLE SUNSHINE  MM
  AVERAGE SKY COVER 0.2


WEATHER CONDITIONS
 THE FOLLOWING WEATHER WAS RECORDED YESTERDAY.
  NO SIGNIFICANT WEATHER WAS OBSERVED.


RELATIVE HUMIDITY (PERCENT)
 HIGHEST    93          1200 AM
 LOWEST     35           300 PM
 AVERAGE    64

..........................................................


THE CHARLOTTESVILLE VA CLIMATE NORMALS FOR TODAY
                         NORMAL    RECORD    YEAR
 MAXIMUM TEMPERATURE (F)   45        MM        MM
 MINIMUM TEMPERATURE (F)   27        MM        MM


SUNRISE AND SUNSET
DECEMBER 26 2014......SUNRISE   729 AM EST   SUNSET   500 PM EST
DECEMBER 27 2014......SUNRISE   729 AM EST   SUNSET   501 PM EST


-  INDICATES NEGATIVE NUMBERS.
R  INDICATES RECORD WAS SET OR TIED.
MM INDICATES DATA IS MISSING.
T  INDICATES TRACE AMOUNT.




$$
