000
CDUS41 KLWX 300527
CLICHO


CLIMATE REPORT
NATIONAL WEATHER SERVICE BALTIMORE MD/WASHINGTON DC
125 AM EDT SUN APR 30 2017


...................................

...THE CHARLOTTESVILLE VA CLIMATE SUMMARY FOR APRIL 29 2017...

CLIMATE NORMAL PERIOD 1981 TO 2010
CLIMATE RECORD PERIOD 1889 TO 2017


WEATHER ITEM   OBSERVED TIME   RECORD YEAR NORMAL DEPARTURE LAST
                VALUE   (LST)  VALUE       VALUE  FROM      YEAR
                                                  NORMAL
..................................................................
TEMPERATURE (F)
 YESTERDAY
  MAXIMUM         90    229 PM  MM      MM  71     19       56
  MINIMUM         68    457 AM  MM      MM  47     21       50
  AVERAGE         79                        59     20       53

PRECIPITATION (IN)
  YESTERDAY        0.00                      0.10  -0.10     0.00
  MONTH TO DATE    2.80                      3.26  -0.46     3.32
  SINCE MAR 1      5.53                      6.92  -1.39     4.81
  SINCE JAN 1      8.77                     12.39  -3.62    10.93

DEGREE DAYS
 HEATING
  YESTERDAY        0                         7     -7       12
  MONTH TO DATE  124                       301   -177      251
  SINCE MAR 1    628                       893   -265      594
  SINCE JUL 1   3001                      4305  -1304     3352

 COOLING
  YESTERDAY       14                         1     13        0
  MONTH TO DATE   79                        21     58       23
  SINCE MAR 1     83                        23     60       27
  SINCE JAN 1     84                        23     61       27
..................................................................


WIND (MPH)
  HIGHEST WIND SPEED    15   HIGHEST WIND DIRECTION     S (200)
  HIGHEST GUST SPEED    24   HIGHEST GUST DIRECTION    SW (210)
  AVERAGE WIND SPEED     7.6


SKY COVER
  POSSIBLE SUNSHINE  MM
  AVERAGE SKY COVER 0.0


WEATHER CONDITIONS
 THE FOLLOWING WEATHER WAS RECORDED YESTERDAY.
  NO SIGNIFICANT WEATHER WAS OBSERVED.


RELATIVE HUMIDITY (PERCENT)
 HIGHEST    90           600 AM
 LOWEST     52           300 PM
 AVERAGE    71

..........................................................


THE CHARLOTTESVILLE VA CLIMATE NORMALS FOR TODAY
                         NORMAL    RECORD    YEAR
 MAXIMUM TEMPERATURE (F)   71        MM        MM
 MINIMUM TEMPERATURE (F)   47        MM        MM


SUNRISE AND SUNSET
APRIL 30 2017.........SUNRISE   618 AM EDT   SUNSET   804 PM EDT
MAY  1 2017...........SUNRISE   617 AM EDT   SUNSET   805 PM EDT


-  INDICATES NEGATIVE NUMBERS.
R  INDICATES RECORD WAS SET OR TIED.
MM INDICATES DATA IS MISSING.
T  INDICATES TRACE AMOUNT.




$$
