000
CDUS42 KCHS 022109
CLICHS


CLIMATE REPORT
NATIONAL WEATHER SERVICE CHARLESTON SC
508 PM EDT THU JUL 2 2015


...................................

...THE NORTH CHARLESTON SC CLIMATE SUMMARY FOR JULY 2 2015...
VALID TODAY AS OF 500 PM LOCAL TIME.

CLIMATE NORMAL PERIOD 1981 TO 2010
CLIMATE RECORD PERIOD 1938 TO 2015


WEATHER ITEM   OBSERVED TIME   RECORD YEAR NORMAL DEPARTURE LAST
                VALUE   (LST)  VALUE       VALUE  FROM      YEAR
                                                  NORMAL
..................................................................
TEMPERATURE (F)
 TODAY
  MAXIMUM         91    305 PM  99    1996  91      0       93
  MINIMUM         72    520 AM  62    1988  72      0       76
                                      1975
  AVERAGE         82                        81      1       85

PRECIPITATION (IN)
  TODAY            T             4.58 1966   0.22  -0.22     0.00
  MONTH TO DATE    T                         0.43  -0.43     0.00
  SINCE JUN 1      7.69                      6.08   1.61     3.59
  SINCE JAN 1     22.91                     22.39   0.52    20.84

SNOWFALL (IN)
  TODAY            0.0                       0.0    0.0
  SINCE JUN 1      0.0                       0.0    0.0
  SINCE JUL 1      0.0                       0.0    0.0

DEGREE DAYS
 HEATING
  TODAY            0                         0      0        0
  MONTH TO DATE    0                         0      0        0
  SINCE JUN 1      0                         1     -1        0
  SINCE JUL 1      0                         0      0        0

 COOLING
  TODAY           17                        16      1       20
  MONTH TO DATE   32                        32      0       38
  SINCE JUN 1    560                       453    107      556
  SINCE JAN 1    993                       815    178     1066
..................................................................


WIND (MPH)
  HIGHEST WIND SPEED    20   HIGHEST WIND DIRECTION     S (170)
  HIGHEST GUST SPEED    23   HIGHEST GUST DIRECTION     S (200)
  AVERAGE WIND SPEED     9.6


SKY COVER
  POSSIBLE SUNSHINE  MM
  AVERAGE SKY COVER 0.6


WEATHER CONDITIONS
 THE FOLLOWING WEATHER WAS RECORDED TODAY.
  LIGHT RAIN


RELATIVE HUMIDITY (PERCENT)
 HIGHEST    91          1200 AM
 LOWEST     49           100 PM
 AVERAGE    70

..........................................................


THE NORTH CHARLESTON SC CLIMATE NORMALS FOR TOMORROW
                         NORMAL    RECORD    YEAR
 MAXIMUM TEMPERATURE (F)   91        97      1996
                                             1970
 MINIMUM TEMPERATURE (F)   72        64      2010
                                             1965
                                             1952


SUNRISE AND SUNSET
JULY  2 2015..........SUNRISE   616 AM EDT   SUNSET   832 PM EDT
JULY  3 2015..........SUNRISE   616 AM EDT   SUNSET   832 PM EDT


-  INDICATES NEGATIVE NUMBERS.
R  INDICATES RECORD WAS SET OR TIED.
MM INDICATES DATA IS MISSING.
T  INDICATES TRACE AMOUNT.

$$
