000
CDUS42 KCHS 222207
CLICHS


CLIMATE REPORT
NATIONAL WEATHER SERVICE CHARLESTON SC
506 PM EST SAT NOV 22 2014


...................................

...THE NORTH CHARLESTON SC CLIMATE SUMMARY FOR NOVEMBER 22 2014...
VALID TODAY AS OF 0500 PM LOCAL TIME.

CLIMATE NORMAL PERIOD 1981 TO 2010
CLIMATE RECORD PERIOD 1938 TO 2014


WEATHER ITEM   OBSERVED TIME   RECORD YEAR NORMAL DEPARTURE LAST
                VALUE   (LST)  VALUE       VALUE  FROM      YEAR
                                                  NORMAL
..................................................................
TEMPERATURE (F)
 TODAY
  MAXIMUM         66    234 PM  83    1942  68     -2       76
  MINIMUM         35    708 AM  24    2000  46    -11       59
  AVERAGE         51                        57     -6       68

PRECIPITATION (IN)
  TODAY            0.00          3.15 1985   0.08  -0.08      T
  MONTH TO DATE    0.43                      1.79  -1.36     1.33
  SINCE SEP 1     10.04                     11.64  -1.60     7.71
  SINCE JAN 1     45.37                     47.28  -1.91    53.77

SNOWFALL (IN)
  TODAY            0.0                       0.0    0.0
  SINCE SEP 1      0.0                       0.0    0.0
  SINCE JUL 1      0.0                       0.0    0.0

DEGREE DAYS
 HEATING
  TODAY           14                         9      5        0
  MONTH TO DATE  234                       144     90      144
  SINCE SEP 1    256                       213     43      186
  SINCE JUL 1    256                       213     43      186

 COOLING
  TODAY            0                         1     -1        3
  MONTH TO DATE   12                        27    -15       33
  SINCE SEP 1    601                       486    115      573
  SINCE JAN 1   2763                      2291    472     2428
..................................................................


WIND (MPH)
  HIGHEST WIND SPEED    15   HIGHEST WIND DIRECTION     E (80)
  HIGHEST GUST SPEED    18   HIGHEST GUST DIRECTION     E (70)
  AVERAGE WIND SPEED     8.3


SKY COVER
  POSSIBLE SUNSHINE  MM
  AVERAGE SKY COVER 0.0


WEATHER CONDITIONS
 THE FOLLOWING WEATHER WAS RECORDED TODAY.
  NO SIGNIFICANT WEATHER WAS OBSERVED.


RELATIVE HUMIDITY (PERCENT)
 HIGHEST    82           500 AM
 LOWEST     44          1100 AM
 AVERAGE    63

..........................................................


THE NORTH CHARLESTON SC CLIMATE NORMALS FOR TOMORROW
                         NORMAL    RECORD    YEAR
 MAXIMUM TEMPERATURE (F)   68        83      1941
 MINIMUM TEMPERATURE (F)   46        25      1976


SUNRISE AND SUNSET
NOVEMBER 22 2014......SUNRISE   657 AM EST   SUNSET   515 PM EST
NOVEMBER 23 2014......SUNRISE   658 AM EST   SUNSET   515 PM EST


-  INDICATES NEGATIVE NUMBERS.
R  INDICATES RECORD WAS SET OR TIED.
MM INDICATES DATA IS MISSING.
T  INDICATES TRACE AMOUNT.




$$
