000
CDUS42 KCHS 210525
CLICHS


CLIMATE REPORT
NATIONAL WEATHER SERVICE CHARLESTON SC
125 AM EDT SUN SEP 21 2014


...................................

...THE NORTH CHARLESTON SC CLIMATE SUMMARY FOR SEPTEMBER 20 2014...

CLIMATE NORMAL PERIOD 1981 TO 2010
CLIMATE RECORD PERIOD 1938 TO 2014


WEATHER ITEM   OBSERVED TIME   RECORD YEAR NORMAL DEPARTURE LAST
                VALUE   (LST)  VALUE       VALUE  FROM      YEAR
                                                  NORMAL
..................................................................
TEMPERATURE (F)
 YESTERDAY
  MAXIMUM         75    959 PM  98    1942  84     -9       86
  MINIMUM         70    907 AM  53    1984  66      4       65
                                      1981
  AVERAGE         73                        75     -2       76

PRECIPITATION (IN)
  YESTERDAY        0.08          5.18 1979   0.17  -0.09     0.00
  MONTH TO DATE    6.81                      4.39   2.42     2.70
  SINCE SEP 1      6.81                      4.39   2.42     2.70
  SINCE JAN 1     42.14                     40.03   2.11    48.76

DEGREE DAYS
 HEATING
  YESTERDAY        0                         0      0        0
  MONTH TO DATE    0                         0      0        0
  SINCE SEP 1      0                         0      0        0
  SINCE JUL 1      0                         0      0        0

 COOLING
  YESTERDAY        8                        10     -2       11
  MONTH TO DATE  325                       247     78      301
  SINCE SEP 1    325                       247     78      301
  SINCE JAN 1   2487                      2052    435     2156
..................................................................


WIND (MPH)
  HIGHEST WIND SPEED    18   HIGHEST WIND DIRECTION     N (20)
  HIGHEST GUST SPEED    23   HIGHEST GUST DIRECTION     N (20)
  AVERAGE WIND SPEED    10.3


SKY COVER
  POSSIBLE SUNSHINE  MM
  AVERAGE SKY COVER 0.9


WEATHER CONDITIONS
 THE FOLLOWING WEATHER WAS RECORDED YESTERDAY.
  LIGHT RAIN
  FOG


RELATIVE HUMIDITY (PERCENT)
 HIGHEST    93           100 AM
 LOWEST     68           900 PM
 AVERAGE    81

..........................................................


THE NORTH CHARLESTON SC CLIMATE NORMALS FOR TODAY
                         NORMAL    RECORD    YEAR
 MAXIMUM TEMPERATURE (F)   84        94      1990
 MINIMUM TEMPERATURE (F)   66        52      1962


SUNRISE AND SUNSET
SEPTEMBER 21 2014.....SUNRISE   708 AM EDT   SUNSET   718 PM EDT
SEPTEMBER 22 2014.....SUNRISE   708 AM EDT   SUNSET   717 PM EDT


-  INDICATES NEGATIVE NUMBERS.
R  INDICATES RECORD WAS SET OR TIED.
MM INDICATES DATA IS MISSING.
T  INDICATES TRACE AMOUNT.




$$
