000
CDUS42 KCHS 280542
CLICHS


CLIMATE REPORT
NATIONAL WEATHER SERVICE CHARLESTON SC
1242 AM EST SUN DEC 28 2014


...................................

...THE NORTH CHARLESTON SC CLIMATE SUMMARY FOR DECEMBER 27 2014...

CLIMATE NORMAL PERIOD 1981 TO 2010
CLIMATE RECORD PERIOD 1938 TO 2014


WEATHER ITEM   OBSERVED TIME   RECORD YEAR NORMAL DEPARTURE LAST
                VALUE   (LST)  VALUE       VALUE  FROM      YEAR
                                                  NORMAL
..................................................................
TEMPERATURE (F)
 YESTERDAY
  MAXIMUM         68    357 PM  78    1971  59      9       60
  MINIMUM         40    601 AM  22    1983  38      2       40
  AVERAGE         54                        49      5       50

PRECIPITATION (IN)
  YESTERDAY        0.00          0.72 1997   0.10  -0.10     0.00
  MONTH TO DATE    3.21                      2.68   0.53     1.57
  SINCE DEC 1      3.21                      2.68   0.53     1.57
  SINCE JAN 1     52.81                     50.60   2.21    57.53

SNOWFALL (IN)
  YESTERDAY        0.0                       0.0    0.0
  SINCE DEC 1      0.0                       0.2   -0.2
  SINCE JUL 1      0.0                       0.2   -0.2

DEGREE DAYS
 HEATING
  YESTERDAY       11                        16     -5       15
  MONTH TO DATE  321                       379    -58      254
  SINCE DEC 1    321                       379    -58      254
  SINCE JUL 1    659                       671    -12      559

 COOLING
  YESTERDAY        0                         0      0        0
  MONTH TO DATE    0                         0      0       34
  SINCE DEC 1      0                         0      0       34
  SINCE JAN 1   2769                      2297    472     2463
..................................................................


WIND (MPH)
  HIGHEST WIND SPEED     7   HIGHEST WIND DIRECTION    SE (120)
  HIGHEST GUST SPEED    MM   HIGHEST GUST DIRECTION    MM
  AVERAGE WIND SPEED     2.1


SKY COVER
  POSSIBLE SUNSHINE  MM
  AVERAGE SKY COVER 0.4


WEATHER CONDITIONS
 THE FOLLOWING WEATHER WAS RECORDED YESTERDAY.
  FOG


RELATIVE HUMIDITY (PERCENT)
 HIGHEST   100           100 AM
 LOWEST     48           200 PM
 AVERAGE    74

..........................................................


THE NORTH CHARLESTON SC CLIMATE NORMALS FOR TODAY
                         NORMAL    RECORD    YEAR
 MAXIMUM TEMPERATURE (F)   59        79      1971
 MINIMUM TEMPERATURE (F)   38        24      2004


SUNRISE AND SUNSET
DECEMBER 28 2014......SUNRISE   722 AM EST   SUNSET   522 PM EST
DECEMBER 29 2014......SUNRISE   722 AM EST   SUNSET   522 PM EST


-  INDICATES NEGATIVE NUMBERS.
R  INDICATES RECORD WAS SET OR TIED.
MM INDICATES DATA IS MISSING.
T  INDICATES TRACE AMOUNT.




$$
