000
CDUS42 KCHS 290604
CLICHS


CLIMATE REPORT
NATIONAL WEATHER SERVICE CHARLESTON SC
202 AM EDT FRI APR 29 2016


...................................

...THE NORTH CHARLESTON SC CLIMATE SUMMARY FOR APRIL 28 2016...

CLIMATE NORMAL PERIOD 1981 TO 2010
CLIMATE RECORD PERIOD 1938 TO 2016


WEATHER ITEM   OBSERVED TIME   RECORD YEAR NORMAL DEPARTURE LAST
                VALUE   (LST)  VALUE       VALUE  FROM      YEAR
                                                  NORMAL
..................................................................
TEMPERATURE (F)
 YESTERDAY
  MAXIMUM         87    217 PM  93    1981  79      8       73
                                      1942
  MINIMUM         68    508 PM  40    1967  56     12       55
  AVERAGE         78                        68     10       64

PRECIPITATION (IN)
  YESTERDAY        1.47          3.73 1997   0.09   1.38     0.00
  MONTH TO DATE    2.61                      2.72  -0.11     2.20
  SINCE MAR 1      5.80                      6.43  -0.63     4.46
  SINCE JAN 1     14.09                     13.10   0.99    12.39

SNOWFALL (IN)
  YESTERDAY        0.0                       0.0    0.0
  SINCE MAR 1      0.0                       0.0    0.0
  SINCE JUL 1      T                         0.5   -0.5

DEGREE DAYS
 HEATING
  YESTERDAY        0                         1     -1        1
  MONTH TO DATE   68                        86    -18       18
  SINCE MAR 1    176                       325   -149      201
  SINCE JUL 1   1353                      1961   -608     1938

 COOLING
  YESTERDAY       13                         4      9        0
  MONTH TO DATE   80                        76      4      126
  SINCE MAR 1    176                       103     73      159
  SINCE JAN 1    184                       110     74      163
..................................................................


WIND (MPH)
  HIGHEST WIND SPEED    30   HIGHEST WIND DIRECTION     W (260)
  HIGHEST GUST SPEED    37   HIGHEST GUST DIRECTION     S (190)
  AVERAGE WIND SPEED     8.7


SKY COVER
  POSSIBLE SUNSHINE  MM
  AVERAGE SKY COVER 0.5


WEATHER CONDITIONS
 THE FOLLOWING WEATHER WAS RECORDED YESTERDAY.
  THUNDERSTORM
  HEAVY RAIN
  RAIN
  LIGHT RAIN
  FOG


RELATIVE HUMIDITY (PERCENT)
 HIGHEST    90           700 PM
 LOWEST     57           100 PM
 AVERAGE    74

..........................................................


THE NORTH CHARLESTON SC CLIMATE NORMALS FOR TODAY
                         NORMAL    RECORD    YEAR
 MAXIMUM TEMPERATURE (F)   80        92      2002
                                             1970
 MINIMUM TEMPERATURE (F)   57        36      1967


SUNRISE AND SUNSET
APRIL 29 2016.........SUNRISE   634 AM EDT   SUNSET   801 PM EDT
APRIL 30 2016.........SUNRISE   633 AM EDT   SUNSET   802 PM EDT


-  INDICATES NEGATIVE NUMBERS.
R  INDICATES RECORD WAS SET OR TIED.
MM INDICATES DATA IS MISSING.
T  INDICATES TRACE AMOUNT.




$$
