664
CDUS42 KCHS 120610
CLICHS


CLIMATE REPORT
NATIONAL WEATHER SERVICE CHARLESTON SC
110 AM EST TUE DEC 12 2017


...................................

...THE NORTH CHARLESTON SC CLIMATE SUMMARY FOR DECEMBER 11 2017...

CLIMATE NORMAL PERIOD 1981 TO 2010
CLIMATE RECORD PERIOD 1938 TO 2017


WEATHER ITEM   OBSERVED TIME   RECORD YEAR NORMAL DEPARTURE LAST
                VALUE   (LST)  VALUE       VALUE  FROM      YEAR
                                                  NORMAL
..................................................................
TEMPERATURE (F)
 YESTERDAY
  MAXIMUM         58    351 PM  83    1972  63     -5       68
  MINIMUM         30    733 AM  18    1981  41    -11       31
  AVERAGE         44                        52     -8       50

PRECIPITATION (IN)
  YESTERDAY        0.00          0.95 1983   0.09  -0.09     0.04
                                      1958
  MONTH TO DATE    2.08                      1.01   1.07     4.17
  SINCE DEC 1      2.08                      1.01   1.07     4.17
  SINCE JAN 1     52.44                     48.93   3.51    59.02

SNOWFALL (IN)
  YESTERDAY        0.0                       0.0    0.0
  SINCE DEC 1      0.0                       0.0    0.0
  SINCE JUL 1      T                         0.0    0.0

DEGREE DAYS
 HEATING
  YESTERDAY       21                        14      7       15
  MONTH TO DATE  142                       136      6      124
  SINCE DEC 1    142                       136      6      124
  SINCE JUL 1    428                       428      0      342

 COOLING
  YESTERDAY        0                         0      0        0
  MONTH TO DATE    0                         0      0        0
  SINCE DEC 1      0                         0      0        0
  SINCE JAN 1   2679                      2297    382     2958
..................................................................


WIND (MPH)
  HIGHEST WIND SPEED    12   HIGHEST WIND DIRECTION     W (280)
  HIGHEST GUST SPEED    14   HIGHEST GUST DIRECTION     W (270)
  AVERAGE WIND SPEED     6.0


SKY COVER
  POSSIBLE SUNSHINE  MM
  AVERAGE SKY COVER 0.0


WEATHER CONDITIONS
 THE FOLLOWING WEATHER WAS RECORDED YESTERDAY.
  NO SIGNIFICANT WEATHER WAS OBSERVED.


RELATIVE HUMIDITY (PERCENT)
 HIGHEST    89           900 PM
 LOWEST     38           200 PM
 AVERAGE    64

..........................................................


THE NORTH CHARLESTON SC CLIMATE NORMALS FOR TODAY
                         NORMAL    RECORD    YEAR
 MAXIMUM TEMPERATURE (F)   62        79      2015
                                             2007
                                             1971
 MINIMUM TEMPERATURE (F)   41        14      1962


SUNRISE AND SUNSET
DECEMBER 12 2017......SUNRISE   714 AM EST   SUNSET   514 PM EST
DECEMBER 13 2017......SUNRISE   714 AM EST   SUNSET   515 PM EST


-  INDICATES NEGATIVE NUMBERS.
R  INDICATES RECORD WAS SET OR TIED.
MM INDICATES DATA IS MISSING.
T  INDICATES TRACE AMOUNT.




$$
