000
CDUS42 KCHS 260610
CLICHS


CLIMATE REPORT
NATIONAL WEATHER SERVICE CHARLESTON SC
209 AM EDT WED APR 26 2017


...................................

...THE NORTH CHARLESTON SC CLIMATE SUMMARY FOR APRIL 25 2017...

CLIMATE NORMAL PERIOD 1981 TO 2010
CLIMATE RECORD PERIOD 1938 TO 2017


WEATHER ITEM   OBSERVED TIME   RECORD YEAR NORMAL DEPARTURE LAST
                VALUE   (LST)  VALUE       VALUE  FROM      YEAR
                                                  NORMAL
..................................................................
TEMPERATURE (F)
 YESTERDAY
  MAXIMUM         76    430 PM  92    1958  79     -3       79
  MINIMUM         58    640 AM  37    1974  56      2       55
  AVERAGE         67                        67      0       67

PRECIPITATION (IN)
  YESTERDAY        T             2.38 1982   0.09  -0.09     0.00
  MONTH TO DATE    6.22                      2.44   3.78     1.14
  SINCE MAR 1      7.24                      6.15   1.09     4.33
  SINCE JAN 1     11.42                     12.82  -1.40    12.62

SNOWFALL (IN)
  YESTERDAY        0.0                       0.0    0.0
  SINCE MAR 1      T                         0.0    0.0
  SINCE JUL 1      T                         0.5   -0.5

DEGREE DAYS
 HEATING
  YESTERDAY        0                         2     -2        0
  MONTH TO DATE   23                        82    -59       68
  SINCE MAR 1    257                       321    -64      176
  SINCE JUL 1   1225                      1957   -732     1353

 COOLING
  YESTERDAY        2                         4     -2        2
  MONTH TO DATE  121                        64     57       50
  SINCE MAR 1    180                        91     89      146
  SINCE JAN 1    215                        98    117      154
..................................................................


WIND (MPH)
  HIGHEST WIND SPEED    18   HIGHEST WIND DIRECTION    NW (310)
  HIGHEST GUST SPEED    24   HIGHEST GUST DIRECTION     W (270)
  AVERAGE WIND SPEED     8.1


SKY COVER
  POSSIBLE SUNSHINE  MM
  AVERAGE SKY COVER 0.7


WEATHER CONDITIONS
 THE FOLLOWING WEATHER WAS RECORDED YESTERDAY.
  LIGHT RAIN
  FOG


RELATIVE HUMIDITY (PERCENT)
 HIGHEST    93           500 AM
 LOWEST     57           200 PM
 AVERAGE    75

..........................................................


THE NORTH CHARLESTON SC CLIMATE NORMALS FOR TODAY
                         NORMAL    RECORD    YEAR
 MAXIMUM TEMPERATURE (F)   79        92      1989
 MINIMUM TEMPERATURE (F)   56        43      1974


SUNRISE AND SUNSET
APRIL 26 2017.........SUNRISE   638 AM EDT   SUNSET   759 PM EDT
APRIL 27 2017.........SUNRISE   637 AM EDT   SUNSET   759 PM EDT


-  INDICATES NEGATIVE NUMBERS.
R  INDICATES RECORD WAS SET OR TIED.
MM INDICATES DATA IS MISSING.
T  INDICATES TRACE AMOUNT.




$$
