000
CDUS42 KCHS 030611
CLICHS


CLIMATE REPORT
NATIONAL WEATHER SERVICE CHARLESTON SC
111 AM EST SAT DEC 3 2016


...................................

...THE NORTH CHARLESTON SC CLIMATE SUMMARY FOR DECEMBER 2 2016...

CLIMATE NORMAL PERIOD 1981 TO 2010
CLIMATE RECORD PERIOD 1938 TO 2016


WEATHER ITEM   OBSERVED TIME   RECORD YEAR NORMAL DEPARTURE LAST
                VALUE   (LST)  VALUE       VALUE  FROM      YEAR
                                                  NORMAL
..................................................................
TEMPERATURE (F)
 YESTERDAY
  MAXIMUM         63    317 PM  80    2015  65     -2       80
  MINIMUM         38    712 AM  23    1964  43     -5       59
  AVERAGE         51                        54     -3       70

PRECIPITATION (IN)
  YESTERDAY        0.00          2.75 2009   0.09  -0.09     0.30
  MONTH TO DATE    0.11                      0.18  -0.07     0.30
  SINCE DEC 1      0.11                      0.18  -0.07     0.30
  SINCE JAN 1     54.96                     48.10   6.86    72.05

SNOWFALL (IN)
  YESTERDAY        0.0                       0.0    0.0
  SINCE DEC 1      0.0                       0.0    0.0
  SINCE JUL 1      0.0                       0.0    0.0

DEGREE DAYS
 HEATING
  YESTERDAY       14                        11      3        0
  MONTH TO DATE   17                        22     -5        0
  SINCE DEC 1     17                        22     -5        0
  SINCE JUL 1    232                       314    -82      146

 COOLING
  YESTERDAY        0                         0      0        5
  MONTH TO DATE    0                         0      0        7
  SINCE DEC 1      0                         0      0        7
  SINCE JAN 1   2958                      2297    661     2614
..................................................................


WIND (MPH)
  HIGHEST WIND SPEED    16   HIGHEST WIND DIRECTION    NE (40)
  HIGHEST GUST SPEED    21   HIGHEST GUST DIRECTION     N (10)
  AVERAGE WIND SPEED     5.8


SKY COVER
  POSSIBLE SUNSHINE  MM
  AVERAGE SKY COVER 0.1


WEATHER CONDITIONS
 THE FOLLOWING WEATHER WAS RECORDED YESTERDAY.
  NO SIGNIFICANT WEATHER WAS OBSERVED.


RELATIVE HUMIDITY (PERCENT)
 HIGHEST    82           800 AM
 LOWEST     34           200 PM
 AVERAGE    58

..........................................................


THE NORTH CHARLESTON SC CLIMATE NORMALS FOR TODAY
                         NORMAL    RECORD    YEAR
 MAXIMUM TEMPERATURE (F)   65        79      1998
                                             1982
 MINIMUM TEMPERATURE (F)   43        17      1960


SUNRISE AND SUNSET
DECEMBER  3 2016......SUNRISE   707 AM EST   SUNSET   513 PM EST
DECEMBER  4 2016......SUNRISE   708 AM EST   SUNSET   513 PM EST


-  INDICATES NEGATIVE NUMBERS.
R  INDICATES RECORD WAS SET OR TIED.
MM INDICATES DATA IS MISSING.
T  INDICATES TRACE AMOUNT.




$$
