125
CDUS43 KDVN 182221
CLICID


CLIMATE REPORT
NATIONAL WEATHER SERVICE QUAD CITIES IA IL
421 PM CST THU JAN 18 2018


...................................

...THE CEDAR RAPIDS IA CLIMATE SUMMARY FOR JANUARY 18 2018...
VALID TODAY AS OF 0400 PM LOCAL TIME.

CLIMATE NORMAL PERIOD 1981 TO 2010
CLIMATE RECORD PERIOD 1891 TO 2018


WEATHER ITEM   OBSERVED TIME   RECORD YEAR NORMAL DEPARTURE LAST
                VALUE   (LST)  VALUE       VALUE  FROM      YEAR
                                                  NORMAL
..................................................................
TEMPERATURE (F)
 TODAY
  MAXIMUM         36    359 PM  56    1996  28      8       38
  MINIMUM         16    543 AM -24    1930  11      5       27
  AVERAGE         26                        19      7       33

PRECIPITATION (IN)
  TODAY            0.00         MM      MM   0.02  -0.02     0.00
  MONTH TO DATE    0.08                      0.52  -0.44     1.10
  SINCE DEC 1      0.69                      1.94  -1.25     2.35
  SINCE JAN 1      0.08                      0.52  -0.44     1.10

DEGREE DAYS
 HEATING
  TODAY           39                        46     -7       32
  MONTH TO DATE  968                       823    145      795
  SINCE DEC 1   2243                      2116    127     2091
  SINCE JUL 1   3501                      3562    -61     3008

 COOLING
  TODAY            0                         0      0        0
  MONTH TO DATE    0                         0      0        0
  SINCE DEC 1      0                         0      0        0
  SINCE JAN 1      0                         0      0        0
..................................................................


WIND (MPH)
  HIGHEST WIND SPEED    18   HIGHEST WIND DIRECTION    SW (220)
  HIGHEST GUST SPEED    24   HIGHEST GUST DIRECTION    SW (210)
  AVERAGE WIND SPEED    11.2


SKY COVER
  POSSIBLE SUNSHINE  MM
  AVERAGE SKY COVER 0.0


WEATHER CONDITIONS
 THE FOLLOWING WEATHER WAS RECORDED TODAY.
  NO SIGNIFICANT WEATHER WAS OBSERVED.


RELATIVE HUMIDITY (PERCENT)
 HIGHEST    80           500 AM
 LOWEST     53          1200 PM
 AVERAGE    67

..........................................................


THE CEDAR RAPIDS IA CLIMATE NORMALS FOR TOMORROW
                         NORMAL    RECORD    YEAR
 MAXIMUM TEMPERATURE (F)   28        53      1921
 MINIMUM TEMPERATURE (F)   11       -24      1994


SUNRISE AND SUNSET
JANUARY 18 2018.......SUNRISE   730 AM CST   SUNSET   504 PM CST
JANUARY 19 2018.......SUNRISE   730 AM CST   SUNSET   506 PM CST


-  INDICATES NEGATIVE NUMBERS.
R  INDICATES RECORD WAS SET OR TIED.
MM INDICATES DATA IS MISSING.
T  INDICATES TRACE AMOUNT.




$$
