000
CDUS43 KDVN 302123
CLICID


CLIMATE REPORT
NATIONAL WEATHER SERVICE QUAD CITIES IA IL
423 PM CDT THU JUL 30 2015


...................................

...THE CEDAR RAPIDS IA CLIMATE SUMMARY FOR JULY 30 2015...
VALID TODAY AS OF 0400 PM LOCAL TIME.

CLIMATE NORMAL PERIOD 1981 TO 2010
CLIMATE RECORD PERIOD 1891 TO 2015


WEATHER ITEM   OBSERVED TIME   RECORD YEAR NORMAL DEPARTURE LAST
                VALUE   (LST)  VALUE       VALUE  FROM      YEAR
                                                  NORMAL
..................................................................
TEMPERATURE (F)
 TODAY
  MAXIMUM         85    257 PM 106    1913  83      2       80
  MINIMUM         59    401 AM  47    1971  62     -3       53
  AVERAGE         72                        72      0       67

PRECIPITATION (IN)
  TODAY            0.00         MM      MM   0.13  -0.13     0.00
  MONTH TO DATE    5.58                      4.33   1.25     3.57
  SINCE JUN 1     14.43                      9.25   5.18    16.86
  SINCE JAN 1     23.63                     20.69   2.94    28.10

DEGREE DAYS
 HEATING
  TODAY            0                         0      0        0
  MONTH TO DATE    4                         0      4       19
  SINCE JUN 1     13                        29    -16       24
  SINCE JUL 1      4                         0      4       19

 COOLING
  TODAY            7                         8     -1        2
  MONTH TO DATE  213                       240    -27      130
  SINCE JUN 1    358                       406    -48      313
  SINCE JAN 1    408                       455    -47      393
..................................................................


WIND (MPH)
  HIGHEST WIND SPEED    15   HIGHEST WIND DIRECTION     W (280)
  HIGHEST GUST SPEED    19   HIGHEST GUST DIRECTION     W (290)
  AVERAGE WIND SPEED     8.0


SKY COVER
  POSSIBLE SUNSHINE  MM
  AVERAGE SKY COVER 0.0


WEATHER CONDITIONS
 THE FOLLOWING WEATHER WAS RECORDED TODAY.
  NO SIGNIFICANT WEATHER WAS OBSERVED.


RELATIVE HUMIDITY (PERCENT)
 HIGHEST   100           200 AM
 LOWEST     58          1200 PM
 AVERAGE    79

..........................................................


THE CEDAR RAPIDS IA CLIMATE NORMALS FOR TOMORROW
                         NORMAL    RECORD    YEAR
 MAXIMUM TEMPERATURE (F)   83       104      1988
 MINIMUM TEMPERATURE (F)   62        48      1971


SUNRISE AND SUNSET
JULY 30 2015..........SUNRISE   558 AM CDT   SUNSET   827 PM CDT
JULY 31 2015..........SUNRISE   559 AM CDT   SUNSET   826 PM CDT


-  INDICATES NEGATIVE NUMBERS.
R  INDICATES RECORD WAS SET OR TIED.
MM INDICATES DATA IS MISSING.
T  INDICATES TRACE AMOUNT.




$$
