000
CDUS43 KDVN 260922
CLICID


CLIMATE REPORT
NATIONAL WEATHER SERVICE QUAD CITIES IA IL
421 AM CDT FRI MAY 26 2017


...................................

...THE CEDAR RAPIDS IA CLIMATE SUMMARY FOR MAY 25 2017...

CLIMATE NORMAL PERIOD 1981 TO 2010
CLIMATE RECORD PERIOD 1891 TO 2017


WEATHER ITEM   OBSERVED TIME   RECORD YEAR NORMAL DEPARTURE LAST
                VALUE   (LST)  VALUE       VALUE  FROM      YEAR
                                                  NORMAL
..................................................................
TEMPERATURE (F)
 YESTERDAY
  MAXIMUM         71    523 PM  95    1911  74     -3       82
  MINIMUM         42    423 AM  28    1925  52    -10       62
  AVERAGE         57                        63     -6       72

PRECIPITATION (IN)
  YESTERDAY        T            MM      MM   0.14  -0.14      T
  MONTH TO DATE    2.94                      3.32  -0.38     1.34
  SINCE MAR 1      9.49                      8.47   1.02     6.10
  SINCE JAN 1     11.66                     10.61   1.05     6.70

DEGREE DAYS
 HEATING
  YESTERDAY        8                         4      4        0
  MONTH TO DATE  205                       173     32      187
  SINCE MAR 1   1440                      1535    -95     1338
  SINCE JUL 1   5716                      6818  -1102     5649

 COOLING
  YESTERDAY        0                         2     -2        7
  MONTH TO DATE   29                        27      2       22
  SINCE MAR 1     38                        34      4       25
  SINCE JAN 1     38                        34      4       25
..................................................................


WIND (MPH)
  HIGHEST WIND SPEED    13   HIGHEST WIND DIRECTION    SE (130)
  HIGHEST GUST SPEED    20   HIGHEST GUST DIRECTION     E (70)
  AVERAGE WIND SPEED     4.7


SKY COVER
  POSSIBLE SUNSHINE  MM
  AVERAGE SKY COVER 0.1


WEATHER CONDITIONS
 THE FOLLOWING WEATHER WAS RECORDED YESTERDAY.
  LIGHT RAIN
  FOG
  HAZE


RELATIVE HUMIDITY (PERCENT)
 HIGHEST   100          1200 AM
 LOWEST     49           500 PM
 AVERAGE    75

..........................................................


THE CEDAR RAPIDS IA CLIMATE NORMALS FOR TODAY
                         NORMAL    RECORD    YEAR
 MAXIMUM TEMPERATURE (F)   74        96      1978
 MINIMUM TEMPERATURE (F)   53        29      1925


SUNRISE AND SUNSET
MAY 26 2017...........SUNRISE   537 AM CDT   SUNSET   831 PM CDT
MAY 27 2017...........SUNRISE   537 AM CDT   SUNSET   832 PM CDT


-  INDICATES NEGATIVE NUMBERS.
R  INDICATES RECORD WAS SET OR TIED.
MM INDICATES DATA IS MISSING.
T  INDICATES TRACE AMOUNT.




$$
