000
CDUS43 KDVN 091017
CLICID


CLIMATE REPORT
NATIONAL WEATHER SERVICE QUAD CITIES IA IL
416 AM CST FRI DEC 9 2016


...................................

...THE CEDAR RAPIDS IA CLIMATE SUMMARY FOR DECEMBER 8 2016...

CLIMATE NORMAL PERIOD 1981 TO 2010
CLIMATE RECORD PERIOD 1891 TO 2016


WEATHER ITEM   OBSERVED TIME   RECORD YEAR NORMAL DEPARTURE LAST
                VALUE   (LST)  VALUE       VALUE  FROM      YEAR
                                                  NORMAL
..................................................................
TEMPERATURE (F)
 YESTERDAY
  MAXIMUM         21    827 PM  65    1946  34    -13       47
  MINIMUM         11    752 AM -10    1958  17     -6       31
  AVERAGE         16                        26    -10       39

PRECIPITATION (IN)
  YESTERDAY        T            MM      MM   0.05  -0.05     0.00
  MONTH TO DATE    0.47                      0.46   0.01     0.03
  SINCE DEC 1      0.47                      0.46   0.01     0.03
  SINCE JAN 1     41.06                     33.65   7.41    38.68

DEGREE DAYS
 HEATING
  YESTERDAY       49                        39     10       26
  MONTH TO DATE  285                       303    -18      227
  SINCE DEC 1    285                       303    -18      227
  SINCE JUL 1   1202                      1749   -547     1258

 COOLING
  YESTERDAY        0                         0      0        0
  MONTH TO DATE    0                         0      0        0
  SINCE DEC 1      0                         0      0        0
  SINCE JAN 1    970                       748    222      712
..................................................................


WIND (MPH)
  HIGHEST WIND SPEED    32   HIGHEST WIND DIRECTION    NW (300)
  HIGHEST GUST SPEED    39   HIGHEST GUST DIRECTION     W (290)
  AVERAGE WIND SPEED    18.6


SKY COVER
  POSSIBLE SUNSHINE  MM
  AVERAGE SKY COVER 0.8


WEATHER CONDITIONS
 THE FOLLOWING WEATHER WAS RECORDED YESTERDAY.
  LIGHT SNOW
  FOG


RELATIVE HUMIDITY (PERCENT)
 HIGHEST    92           800 AM
 LOWEST     77          1100 PM
 AVERAGE    85

..........................................................


THE CEDAR RAPIDS IA CLIMATE NORMALS FOR TODAY
                         NORMAL    RECORD    YEAR
 MAXIMUM TEMPERATURE (F)   34        62      1946
 MINIMUM TEMPERATURE (F)   17       -17      1958


SUNRISE AND SUNSET
DECEMBER  9 2016......SUNRISE   723 AM CST   SUNSET   436 PM CST
DECEMBER 10 2016......SUNRISE   724 AM CST   SUNSET   436 PM CST


-  INDICATES NEGATIVE NUMBERS.
R  INDICATES RECORD WAS SET OR TIED.
MM INDICATES DATA IS MISSING.
T  INDICATES TRACE AMOUNT.




$$
