000
CDUS43 KDVN 230910
CLICID


CLIMATE REPORT
NATIONAL WEATHER SERVICE QUAD CITIES IA IL
409 AM CDT SAT AUG 23 2014


...................................

...THE CEDAR RAPIDS IA CLIMATE SUMMARY FOR AUGUST 22 2014...

CLIMATE NORMAL PERIOD 1981 TO 2010
CLIMATE RECORD PERIOD 1891 TO 2014


WEATHER ITEM   OBSERVED TIME   RECORD YEAR NORMAL DEPARTURE LAST
                VALUE   (LST)  VALUE       VALUE  FROM      YEAR
                                                  NORMAL
..................................................................
TEMPERATURE (F)
 YESTERDAY
  MAXIMUM         87   1227 PM 100    1936  81      6       79
  MINIMUM         72    453 AM  47    1891  60     12       65
  AVERAGE         80                        70     10       72

PRECIPITATION (IN)
  YESTERDAY        0.01         MM      MM   0.15  -0.14     0.05
  MONTH TO DATE    0.79                      3.23  -2.44     0.11
  SINCE JUN 1     17.65                     12.61   5.04     9.21
  SINCE JAN 1     28.89                     24.05   4.84    29.40

DEGREE DAYS
 HEATING
  YESTERDAY        0                         1     -1        0
  MONTH TO DATE    0                         3     -3        6
  SINCE JUN 1     24                        36    -12       47
  SINCE JUL 1     19                         7     12       19

 COOLING
  YESTERDAY       15                         6      9        7
  MONTH TO DATE  132                       151    -19      101
  SINCE JUN 1    449                       569   -120      507
  SINCE JAN 1    529                       618    -89      581
..................................................................


WIND (MPH)
  HIGHEST WIND SPEED    13   HIGHEST WIND DIRECTION    SW (210)
  HIGHEST GUST SPEED    16   HIGHEST GUST DIRECTION    SW (210)
  AVERAGE WIND SPEED     4.3


SKY COVER
  POSSIBLE SUNSHINE  MM
  AVERAGE SKY COVER 0.2


WEATHER CONDITIONS
 THE FOLLOWING WEATHER WAS RECORDED YESTERDAY.
  THUNDERSTORM
  LIGHT RAIN
  FOG


RELATIVE HUMIDITY (PERCENT)
 HIGHEST   100          1200 AM
 LOWEST     70           100 PM
 AVERAGE    85

..........................................................


THE CEDAR RAPIDS IA CLIMATE NORMALS FOR TODAY
                         NORMAL    RECORD    YEAR
 MAXIMUM TEMPERATURE (F)   81        99      1947
 MINIMUM TEMPERATURE (F)   60        43      1891


SUNRISE AND SUNSET
AUGUST 23 2014........SUNRISE   623 AM CDT   SUNSET   755 PM CDT
AUGUST 24 2014........SUNRISE   624 AM CDT   SUNSET   753 PM CDT


-  INDICATES NEGATIVE NUMBERS.
R  INDICATES RECORD WAS SET OR TIED.
MM INDICATES DATA IS MISSING.
T  INDICATES TRACE AMOUNT.




$$
