000
CDUS41 KCLE 260526
CLICLE


CLIMATE REPORT
NATIONAL WEATHER SERVICE CLEVELAND OH
125 AM EDT TUE SEP 26 2017


...................................

...THE CLEVELAND OH CLIMATE SUMMARY FOR SEPTEMBER 25 2017...

CLIMATE NORMAL PERIOD 1981 TO 2010
CLIMATE RECORD PERIOD 1871 TO 2017


WEATHER ITEM   OBSERVED TIME   RECORD YEAR NORMAL DEPARTURE LAST
                VALUE   (LST)  VALUE       VALUE  FROM      YEAR
                                                  NORMAL
..................................................................
TEMPERATURE (F)
 YESTERDAY
  MAXIMUM         94R   221 PM  88    2007  70     24       76
                                      1900
                                      1891
  MINIMUM         69    457 AM  35    1976  53     16       53
                                      1967
  AVERAGE         82                        61     21       65

PRECIPITATION (IN)
  YESTERDAY        0.00                      0.12  -0.12     0.00
  MONTH TO DATE    0.81                      3.18  -2.37     3.40
  SINCE SEP 1      0.81                      3.18  -2.37     3.40
  SINCE JAN 1     32.44                     28.72   3.72    26.77

SNOWFALL (IN)
  YESTERDAY        0.0                       0.0    0.0      0.0
  MONTH TO DATE    0.0                       0.0    0.0      0.0
  SINCE SEP 1      0.0                       0.0    0.0      0.0
  SINCE JUL 1      0.0                       0.0    0.0      0.0
  SNOW DEPTH       0

DEGREE DAYS
 HEATING
  YESTERDAY        0                         5     -5        0
  MONTH TO DATE   28                        60    -32        0
  SINCE SEP 1     28                        60    -32        0
  SINCE JUL 1     30                        72    -42        0

 COOLING
  YESTERDAY       17                         1     16        0
  MONTH TO DATE  151                        82     69      185
  SINCE SEP 1    151                        82     69      185
  SINCE JAN 1   1042                       797    245     1269
..................................................................


WIND (MPH)
  HIGHEST WIND SPEED    15   HIGHEST WIND DIRECTION    NE (40)
  HIGHEST GUST SPEED    17   HIGHEST GUST DIRECTION    NE (30)
  AVERAGE WIND SPEED     5.0


SKY COVER
  POSSIBLE SUNSHINE  MM
  AVERAGE SKY COVER 0.7


WEATHER CONDITIONS
 THE FOLLOWING WEATHER WAS RECORDED YESTERDAY.
  NO SIGNIFICANT WEATHER WAS OBSERVED.


RELATIVE HUMIDITY (PERCENT)
 HIGHEST    84          1200 AM
 LOWEST     32           200 PM
 AVERAGE    58

..........................................................


THE CLEVELAND OH CLIMATE NORMALS FOR TODAY
                         NORMAL    RECORD    YEAR
 MAXIMUM TEMPERATURE (F)   70        91      1998
 MINIMUM TEMPERATURE (F)   52        36      1928
                                             1887


SUNRISE AND SUNSET
SEPTEMBER 26 2017.....SUNRISE   719 AM EDT   SUNSET   717 PM EDT
SEPTEMBER 27 2017.....SUNRISE   720 AM EDT   SUNSET   716 PM EDT


-  INDICATES NEGATIVE NUMBERS.
R  INDICATES RECORD WAS SET OR TIED.
MM INDICATES DATA IS MISSING.
T  INDICATES TRACE AMOUNT.




$$
