000
CDUS41 KCLE 290535
CLICLE


CLIMATE REPORT
NATIONAL WEATHER SERVICE CLEVELAND OH
134 AM EDT MON MAY 29 2017


...................................

...THE CLEVELAND OH CLIMATE SUMMARY FOR MAY 28 2017...

CLIMATE NORMAL PERIOD 1981 TO 2010
CLIMATE RECORD PERIOD 1871 TO 2017


WEATHER ITEM   OBSERVED TIME   RECORD YEAR NORMAL DEPARTURE LAST
                VALUE   (LST)  VALUE       VALUE  FROM      YEAR
                                                  NORMAL
..................................................................
TEMPERATURE (F)
 YESTERDAY
  MAXIMUM         81   1230 PM  92    2012  73      8       90
  MINIMUM         59    435 AM  37    1971  54      5       70
  AVERAGE         70                        64      6       80

PRECIPITATION (IN)
  YESTERDAY        1.53                      0.12   1.41     0.01
  MONTH TO DATE    6.03                      3.28   2.75     2.52
  SINCE MAR 1     14.54                      9.70   4.84    10.55
  SINCE JAN 1     22.00                     14.76   7.24    15.14

SNOWFALL (IN)
  YESTERDAY        0.0                       0.0    0.0      0.0
  MONTH TO DATE    0.0                       0.1   -0.1       T
  SINCE MAR 1     12.1                      16.0   -3.9     11.0
  SINCE JUL 1     37.3                      68.2  -30.9     32.8
  SNOW DEPTH       0

DEGREE DAYS
 HEATING
  YESTERDAY        0                         4     -4        0
  MONTH TO DATE  195                       199     -4      212
  SINCE MAR 1   1239                      1493   -254     1355
  SINCE JUL 1   4550                      5710  -1160     4946

 COOLING
  YESTERDAY        5                         3      2       15
  MONTH TO DATE   45                        42      3       56
  SINCE MAR 1     76                        53     23       56
  SINCE JAN 1     76                        53     23       56
..................................................................


WIND (MPH)
  HIGHEST WIND SPEED    21   HIGHEST WIND DIRECTION    SW (230)
  HIGHEST GUST SPEED    27   HIGHEST GUST DIRECTION    SW (220)
  AVERAGE WIND SPEED     6.8


SKY COVER
  POSSIBLE SUNSHINE  MM
  AVERAGE SKY COVER 0.9


WEATHER CONDITIONS
 THE FOLLOWING WEATHER WAS RECORDED YESTERDAY.
  THUNDERSTORM
  HEAVY RAIN
  RAIN
  LIGHT RAIN
  FOG


RELATIVE HUMIDITY (PERCENT)
 HIGHEST    81           500 PM
 LOWEST     62          1100 AM
 AVERAGE    72

..........................................................


THE CLEVELAND OH CLIMATE NORMALS FOR TODAY
                         NORMAL    RECORD    YEAR
 MAXIMUM TEMPERATURE (F)   73        91      1991
                                             1987
 MINIMUM TEMPERATURE (F)   54        37      2008


SUNRISE AND SUNSET
MAY 29 2017...........SUNRISE   558 AM EDT   SUNSET   852 PM EDT
MAY 30 2017...........SUNRISE   557 AM EDT   SUNSET   853 PM EDT


-  INDICATES NEGATIVE NUMBERS.
R  INDICATES RECORD WAS SET OR TIED.
MM INDICATES DATA IS MISSING.
T  INDICATES TRACE AMOUNT.




$$
