000
CDUS44 KHGX 200750
CLICLL


CLIMATE REPORT
NATIONAL WEATHER SERVICE HOUSTON/GALVESTON TX
249 AM CDT SAT SEP 20 2014


...................................

...THE COLLEGE STATION CLIMATE SUMMARY FOR SEPTEMBER 19 2014...

CLIMATE NORMAL PERIOD 1981 TO 2010
CLIMATE RECORD PERIOD 1902 TO 2014


WEATHER ITEM   OBSERVED TIME   RECORD YEAR NORMAL DEPARTURE LAST
                VALUE   (LST)  VALUE       VALUE  FROM      YEAR
                                                  NORMAL
..................................................................
TEMPERATURE (F)
 YESTERDAY
  MAXIMUM         86    311 PM 101    1956  90     -4       96
  MINIMUM         73    603 AM  50    1981  69      4       75
  AVERAGE         80                        79      1       86

PRECIPITATION (IN)
  YESTERDAY        0.39          4.86 1983   0.10   0.29     0.11
  MONTH TO DATE    6.56                      2.06   4.50     0.21
  SINCE SEP 1      6.56                      2.06   4.50     0.21
  SINCE JAN 1     29.33                     27.58   1.75    19.94

SNOWFALL (IN)
  YESTERDAY        0.0
  MONTH TO DATE    0.0
  SINCE JUL 1      0.0

DEGREE DAYS
 HEATING
  YESTERDAY        0                         0      0        0
  MONTH TO DATE    0                         0      0        0
  SINCE SEP 1      0                         0      0        0
  SINCE JUL 1      0                         0      0        0

 COOLING
  YESTERDAY       15                        14      1       21
  MONTH TO DATE  333                       315     18      402
  SINCE SEP 1    333                       315     18      402
  SINCE JAN 1   2540                      2661   -121     2879
..................................................................


WIND (MPH)
  HIGHEST WIND SPEED    20   HIGHEST WIND DIRECTION     E (80)
  HIGHEST GUST SPEED    26   HIGHEST GUST DIRECTION     E (80)
  AVERAGE WIND SPEED     6.6


SKY COVER
  AVERAGE SKY COVER 0.7


WEATHER CONDITIONS
 THE FOLLOWING WEATHER WAS RECORDED YESTERDAY.
  HEAVY RAIN
  RAIN
  LIGHT RAIN
  FOG


RELATIVE HUMIDITY (PERCENT)
 HIGHEST   100           200 AM
 LOWEST     65           300 PM
 AVERAGE    83

..........................................................


THE COLLEGE STATION CLIMATE NORMALS FOR TODAY
                         NORMAL    RECORD    YEAR
 MAXIMUM TEMPERATURE (F)   89       102      1937
 MINIMUM TEMPERATURE (F)   68        54      1938


SUNRISE AND SUNSET
SEPTEMBER 20 2014.....SUNRISE   713 AM CDT   SUNSET   725 PM CDT
SEPTEMBER 21 2014.....SUNRISE   713 AM CDT   SUNSET   723 PM CDT


-  INDICATES NEGATIVE NUMBERS.
R  INDICATES RECORD WAS SET OR TIED.
MM INDICATES DATA IS MISSING.
T  INDICATES TRACE AMOUNT.




$$
