000
CDUS44 KHGX 050819
CLICLL


CLIMATE REPORT
NATIONAL WEATHER SERVICE HOUSTON/GALVESTON TX
219 AM CST THU MAR 5 2015


...................................

...THE COLLEGE STATION CLIMATE SUMMARY FOR MARCH 4 2015...

CLIMATE NORMAL PERIOD 1981 TO 2010
CLIMATE RECORD PERIOD 1902 TO 2015


WEATHER ITEM   OBSERVED TIME   RECORD YEAR NORMAL DEPARTURE LAST
                VALUE   (LST)  VALUE       VALUE  FROM      YEAR
                                                  NORMAL
..................................................................
TEMPERATURE (F)
 YESTERDAY
  MAXIMUM         77   1201 PM  85    1938  69      8       40
  MINIMUM         35   1159 PM  21    2002  48    -13       28
  AVERAGE         56                        58     -2       34

PRECIPITATION (IN)
  YESTERDAY        0.06          2.27 1992   0.10  -0.04     0.29
  MONTH TO DATE    0.10                      0.39  -0.29     0.46
  SINCE MAR 1      0.10                      0.39  -0.29     0.46
  SINCE JAN 1      7.51                      6.48   1.03     2.64

SNOWFALL (IN)
  YESTERDAY       MM
  MONTH TO DATE    0.0
  SINCE JUL 1      T

DEGREE DAYS
 HEATING
  YESTERDAY        9                         8      1       31
  MONTH TO DATE   58                        32     26       86
  SINCE MAR 1     58                        32     26       86
  SINCE JUL 1   1599                      1419    180     1810

 COOLING
  YESTERDAY        0                         1     -1        0
  MONTH TO DATE    0                         4     -4        7
  SINCE MAR 1      0                         4     -4        7
  SINCE JAN 1      1                        32    -31       28
..................................................................


WIND (MPH)
  HIGHEST WIND SPEED    29   HIGHEST WIND DIRECTION     N (350)
  HIGHEST GUST SPEED    38   HIGHEST GUST DIRECTION     N (350)
  AVERAGE WIND SPEED    13.6


SKY COVER
  AVERAGE SKY COVER 1.0


WEATHER CONDITIONS
 THE FOLLOWING WEATHER WAS RECORDED YESTERDAY.
  RAIN
  LIGHT RAIN
  LIGHT SNOW
  FOG
  HAZE


RELATIVE HUMIDITY (PERCENT)
 HIGHEST   100           800 AM
 LOWEST     69          1200 PM
 AVERAGE    85

..........................................................


THE COLLEGE STATION CLIMATE NORMALS FOR TODAY
                         NORMAL    RECORD    YEAR
 MAXIMUM TEMPERATURE (F)   69        89      1991
 MINIMUM TEMPERATURE (F)   49        17      2002
                                             1989


SUNRISE AND SUNSET
MARCH  5 2015.........SUNRISE   647 AM CST   SUNSET   627 PM CST
MARCH  6 2015.........SUNRISE   646 AM CST   SUNSET   628 PM CST


-  INDICATES NEGATIVE NUMBERS.
R  INDICATES RECORD WAS SET OR TIED.
MM INDICATES DATA IS MISSING.
T  INDICATES TRACE AMOUNT.




$$
