000
CDUS44 KHGX 240723
CLICLL


CLIMATE REPORT
NATIONAL WEATHER SERVICE HOUSTON/GALVESTON TX
221 AM CDT SUN MAY 24 2015


...................................

...THE COLLEGE STATION CLIMATE SUMMARY FOR MAY 23 2015...

CLIMATE NORMAL PERIOD 1981 TO 2010
CLIMATE RECORD PERIOD 1902 TO 2015


WEATHER ITEM   OBSERVED TIME   RECORD YEAR NORMAL DEPARTURE LAST
                VALUE   (LST)  VALUE       VALUE  FROM      YEAR
                                                  NORMAL
..................................................................
TEMPERATURE (F)
 YESTERDAY
  MAXIMUM         87   1251 PM  97    1925  88     -1       85
  MINIMUM         67   1159 PM  54    2001  69     -2       70
  AVERAGE         77                        78     -1       78

PRECIPITATION (IN)
  YESTERDAY        0.12          2.51 1919   0.14  -0.02     0.00
  MONTH TO DATE    5.56                      3.16   2.40     5.44
  SINCE MAR 1     16.19                      8.99   7.20     8.28
  SINCE JAN 1     23.60                     15.08   8.52    10.46

SNOWFALL (IN)
  YESTERDAY        0.0
  MONTH TO DATE    0.0
  SINCE JUL 1      T

DEGREE DAYS
 HEATING
  YESTERDAY        0                         0      0        0
  MONTH TO DATE    0                         0      0        8
  SINCE MAR 1    227                       219      8      340
  SINCE JUL 1   1768                      1606    162     2064

 COOLING
  YESTERDAY       12                        13     -1       13
  MONTH TO DATE  237                       239     -2      188
  SINCE MAR 1    475                       450     25      375
  SINCE JAN 1    476                       478     -2      396
..................................................................


WIND (MPH)
  HIGHEST WIND SPEED    24   HIGHEST WIND DIRECTION     S (160)
  HIGHEST GUST SPEED    36   HIGHEST GUST DIRECTION     W (270)
  AVERAGE WIND SPEED    11.2


SKY COVER
  AVERAGE SKY COVER 0.4


WEATHER CONDITIONS
 THE FOLLOWING WEATHER WAS RECORDED YESTERDAY.
  THUNDERSTORM
  HEAVY RAIN
  RAIN
  LIGHT RAIN
  FOG


RELATIVE HUMIDITY (PERCENT)
 HIGHEST    93           100 AM
 LOWEST     57           100 PM
 AVERAGE    75

..........................................................


THE COLLEGE STATION CLIMATE NORMALS FOR TODAY
                         NORMAL    RECORD    YEAR
 MAXIMUM TEMPERATURE (F)   88        99      1925
 MINIMUM TEMPERATURE (F)   69        55      1913


SUNRISE AND SUNSET
MAY 24 2015...........SUNRISE   626 AM CDT   SUNSET   819 PM CDT
MAY 25 2015...........SUNRISE   626 AM CDT   SUNSET   819 PM CDT


-  INDICATES NEGATIVE NUMBERS.
R  INDICATES RECORD WAS SET OR TIED.
MM INDICATES DATA IS MISSING.
T  INDICATES TRACE AMOUNT.




$$
