000
CDUS44 KHGX 220718
CLICLL


CLIMATE REPORT
NATIONAL WEATHER SERVICE HOUSTON/GALVESTON TX
218 AM CDT TUE JUL 22 2014


...................................

...THE COLLEGE STATION CLIMATE SUMMARY FOR JULY 21 2014...

CLIMATE NORMAL PERIOD 1981 TO 2010
CLIMATE RECORD PERIOD 1902 TO 2014


WEATHER ITEM   OBSERVED TIME   RECORD YEAR NORMAL DEPARTURE LAST
                VALUE   (LST)  VALUE       VALUE  FROM      YEAR
                                                  NORMAL
..................................................................
TEMPERATURE (F)
 YESTERDAY
  MAXIMUM         93    539 PM 105    1913  95     -2       95
  MINIMUM         77    612 AM  64    1989  75      2       74
  AVERAGE         85                        85      0       85

PRECIPITATION (IN)
  YESTERDAY        0.00          1.29 1926   0.06  -0.06     0.05
  MONTH TO DATE    5.77                      1.54   4.23     1.43
  SINCE JUN 1      7.38                      5.99   1.39     2.68
  SINCE JAN 1     21.41                     22.24  -0.83    18.95

SNOWFALL (IN)
  YESTERDAY        0.0
  MONTH TO DATE    0.0
  SINCE JUL 1      0.0

DEGREE DAYS
 HEATING
  YESTERDAY        0                         0      0        0
  MONTH TO DATE    0                         0      0        0
  SINCE JUN 1      0                         0      0        0
  SINCE JUL 1      0                         0      0        0

 COOLING
  YESTERDAY       20                        20      0       20
  MONTH TO DATE  374                       409    -35      404
  SINCE JUN 1    901                       925    -24      988
  SINCE JAN 1   1388                      1513   -125     1552
..................................................................


WIND (MPH)
  HIGHEST WIND SPEED    10   HIGHEST WIND DIRECTION    SE (150)
  HIGHEST GUST SPEED    14   HIGHEST GUST DIRECTION     E (90)
  AVERAGE WIND SPEED     5.4


SKY COVER
  AVERAGE SKY COVER 0.4


WEATHER CONDITIONS
 THE FOLLOWING WEATHER WAS RECORDED YESTERDAY.
  FOG


RELATIVE HUMIDITY (PERCENT)
 HIGHEST    97           300 AM
 LOWEST     49           400 PM
 AVERAGE    73

..........................................................


THE COLLEGE STATION CLIMATE NORMALS FOR TODAY
                         NORMAL    RECORD    YEAR
 MAXIMUM TEMPERATURE (F)   95       103      1914
 MINIMUM TEMPERATURE (F)   75        64      1915


SUNRISE AND SUNSET
JULY 22 2014..........SUNRISE   637 AM CDT   SUNSET   826 PM CDT
JULY 23 2014..........SUNRISE   638 AM CDT   SUNSET   826 PM CDT


-  INDICATES NEGATIVE NUMBERS.
R  INDICATES RECORD WAS SET OR TIED.
MM INDICATES DATA IS MISSING.
T  INDICATES TRACE AMOUNT.




$$
