000
CDUS44 KHGX 250223
CLICLL


CLIMATE REPORT
NATIONAL WEATHER SERVICE HOUSTON/GALVESTON TX
912 PM CDT SUN JUL 24 2016


...................................

...THE COLLEGE STATION CLIMATE SUMMARY FOR JULY 24 2016...
VALID TODAY AS OF 0500 PM LOCAL TIME.

CLIMATE NORMAL PERIOD 1981 TO 2010
CLIMATE RECORD PERIOD 1902 TO 2016


WEATHER ITEM   OBSERVED TIME   RECORD YEAR NORMAL DEPARTURE LAST
                VALUE   (LST)  VALUE       VALUE  FROM      YEAR
                                                  NORMAL
..................................................................
TEMPERATURE (F)
 TODAY
  MAXIMUM         99    455 PM 109    1934  96      3       97
  MINIMUM         78    620 AM  62    1915  75      3       74
  AVERAGE         89                        85      4       86

PRECIPITATION (IN)
  TODAY            0.00          1.38 1976   0.06  -0.06     0.00
  MONTH TO DATE    0.00                      1.71  -1.71     0.20
  SINCE JUN 1      2.58                      6.16  -3.58     5.41
  SINCE JAN 1     27.98                     22.41   5.57    33.18

SNOWFALL (IN)
  TODAY            0.0
  MONTH TO DATE    0.0
  SINCE JUL 1      0.0

DEGREE DAYS
 HEATING
  TODAY            0                         0      0        0
  MONTH TO DATE    0                         0      0        0
  SINCE JUN 1      0                         0      0        0
  SINCE JUL 1      0                         0      0        0

 COOLING
  TODAY           24                        20      4       21
  MONTH TO DATE  534                       469     65      473
  SINCE JUN 1   1070                       985     85      978
  SINCE JAN 1   1626                      1573     53     1549
..................................................................


WIND (MPH)
  HIGHEST WIND SPEED    14   HIGHEST WIND DIRECTION    SW (230)
  HIGHEST GUST SPEED    23   HIGHEST GUST DIRECTION    SW (230)
  AVERAGE WIND SPEED     6.6


SKY COVER
  AVERAGE SKY COVER 0.2


WEATHER CONDITIONS
 THE FOLLOWING WEATHER WAS RECORDED TODAY.
  NO SIGNIFICANT WEATHER WAS OBSERVED.


RELATIVE HUMIDITY (PERCENT)
 HIGHEST    91           400 AM
 LOWEST     35           400 PM
 AVERAGE    63

..........................................................


THE COLLEGE STATION CLIMATE NORMALS FOR TOMORROW
                         NORMAL    RECORD    YEAR
 MAXIMUM TEMPERATURE (F)   96       105      1943
 MINIMUM TEMPERATURE (F)   75        61      1915


SUNRISE AND SUNSET
JULY 24 2016..........SUNRISE   639 AM CDT   SUNSET   825 PM CDT
JULY 25 2016..........SUNRISE   639 AM CDT   SUNSET   824 PM CDT


-  INDICATES NEGATIVE NUMBERS.
R  INDICATES RECORD WAS SET OR TIED.
MM INDICATES DATA IS MISSING.
T  INDICATES TRACE AMOUNT.




$$
