000
CDUS44 KHGX 290747
CLICLL


CLIMATE REPORT
NATIONAL WEATHER SERVICE HOUSTON/GALVESTON TX
246 AM CDT SAT AUG 29 2015


...................................

...THE COLLEGE STATION CLIMATE SUMMARY FOR AUGUST 28 2015...

CLIMATE NORMAL PERIOD 1981 TO 2010
CLIMATE RECORD PERIOD 1902 TO 2015


WEATHER ITEM   OBSERVED TIME   RECORD YEAR NORMAL DEPARTURE LAST
                VALUE   (LST)  VALUE       VALUE  FROM      YEAR
                                                  NORMAL
..................................................................
TEMPERATURE (F)
 YESTERDAY
  MAXIMUM         93    320 PM 109    2011  95     -2       90
  MINIMUM         70    604 AM  61    1992  74     -4       75
  AVERAGE         82                        85     -3       83

PRECIPITATION (IN)
  YESTERDAY        0.00          2.68 1915   0.11  -0.11      T
  MONTH TO DATE    1.36                      2.35  -0.99     0.35
  SINCE JUN 1      6.88                      8.94  -2.06     8.68
  SINCE JAN 1     34.65                     25.19   9.46    22.71

SNOWFALL (IN)
  YESTERDAY        0.0
  MONTH TO DATE    0.0
  SINCE JUL 1      0.0

DEGREE DAYS
 HEATING
  YESTERDAY        0                         0      0        0
  MONTH TO DATE    0                         0      0        0
  SINCE JUN 1      0                         0      0        0
  SINCE JUL 1      0                         0      0        0

 COOLING
  YESTERDAY       17                        20     -3       18
  MONTH TO DATE  604                       578     26      564
  SINCE JUN 1   1739                      1705     34     1664
  SINCE JAN 1   2310                      2293     17     2151
..................................................................


WIND (MPH)
  HIGHEST WIND SPEED    15   HIGHEST WIND DIRECTION     S (160)
  HIGHEST GUST SPEED    18   HIGHEST GUST DIRECTION     S (160)
  AVERAGE WIND SPEED     4.6


SKY COVER
  AVERAGE SKY COVER 0.0


WEATHER CONDITIONS
 THE FOLLOWING WEATHER WAS RECORDED YESTERDAY.
  NO SIGNIFICANT WEATHER WAS OBSERVED.


RELATIVE HUMIDITY (PERCENT)
 HIGHEST    84           300 AM
 LOWEST     36           300 PM
 AVERAGE    60

..........................................................


THE COLLEGE STATION CLIMATE NORMALS FOR TODAY
                         NORMAL    RECORD    YEAR
 MAXIMUM TEMPERATURE (F)   95       106      2011
 MINIMUM TEMPERATURE (F)   74        60      1992


SUNRISE AND SUNSET
AUGUST 29 2015........SUNRISE   700 AM CDT   SUNSET   752 PM CDT
AUGUST 30 2015........SUNRISE   701 AM CDT   SUNSET   751 PM CDT


-  INDICATES NEGATIVE NUMBERS.
R  INDICATES RECORD WAS SET OR TIED.
MM INDICATES DATA IS MISSING.
T  INDICATES TRACE AMOUNT.




$$
