000
CDUS44 KHGX 190718
CLICLL


CLIMATE REPORT
NATIONAL WEATHER SERVICE HOUSTON/GALVESTON TX
117 AM CST THU JAN 19 2017


...................................

...THE COLLEGE STATION CLIMATE SUMMARY FOR JANUARY 18 2017...

CLIMATE NORMAL PERIOD 1981 TO 2010
CLIMATE RECORD PERIOD 1902 TO 2017


WEATHER ITEM   OBSERVED TIME   RECORD YEAR NORMAL DEPARTURE LAST
                VALUE   (LST)  VALUE       VALUE  FROM      YEAR
                                                  NORMAL
..................................................................
TEMPERATURE (F)
 YESTERDAY
  MAXIMUM         54    355 PM  81    2000  61     -7       59
  MINIMUM         51   1112 AM   2    1930  41     10       34
  AVERAGE         53                        51      2       47

PRECIPITATION (IN)
  YESTERDAY        1.04          2.07 1991   0.10   0.94     0.00
  MONTH TO DATE    3.68                      1.85   1.83     1.27
  SINCE DEC 1      6.45                      5.08   1.37     9.35
  SINCE JAN 1      3.68                      1.85   1.83     1.27

SNOWFALL (IN)
  YESTERDAY        0.0
  MONTH TO DATE    T
  SINCE JUL 1      T

DEGREE DAYS
 HEATING
  YESTERDAY       12                        14     -2       18
  MONTH TO DATE  182                       265    -83      284
  SINCE DEC 1    501                       676   -175      539
  SINCE JUL 1    570                       901   -331      686

 COOLING
  YESTERDAY        0                         0      0        0
  MONTH TO DATE   33                         0     33        0
  SINCE DEC 1     77                        16     61       36
  SINCE JAN 1     33                         0     33        0
..................................................................


WIND (MPH)
  HIGHEST WIND SPEED    16   HIGHEST WIND DIRECTION    NW (310)
  HIGHEST GUST SPEED    30   HIGHEST GUST DIRECTION    NW (330)
  AVERAGE WIND SPEED     7.6


SKY COVER
  AVERAGE SKY COVER 1.0


WEATHER CONDITIONS
 THE FOLLOWING WEATHER WAS RECORDED YESTERDAY.
  THUNDERSTORM
  HEAVY RAIN
  RAIN
  LIGHT RAIN
  FOG


RELATIVE HUMIDITY (PERCENT)
 HIGHEST   100           200 AM
 LOWEST     89           500 AM
 AVERAGE    95

..........................................................


THE COLLEGE STATION CLIMATE NORMALS FOR TODAY
                         NORMAL    RECORD    YEAR
 MAXIMUM TEMPERATURE (F)   61        82      2000
 MINIMUM TEMPERATURE (F)   41        10      1940


SUNRISE AND SUNSET
JANUARY 19 2017.......SUNRISE   722 AM CST   SUNSET   551 PM CST
JANUARY 20 2017.......SUNRISE   722 AM CST   SUNSET   551 PM CST


-  INDICATES NEGATIVE NUMBERS.
R  INDICATES RECORD WAS SET OR TIED.
MM INDICATES DATA IS MISSING.
T  INDICATES TRACE AMOUNT.




$$
