000
CDUS42 KGSP 040632
CLICLT

CLIMATE REPORT
NATIONAL WEATHER SERVICE GREENVILLE-SPARTANBURG SC
227 AM EDT WED MAY 4 2016


...................................

...THE CHARLOTTE NC CLIMATE SUMMARY FOR MAY 3 2016...

CLIMATE NORMAL PERIOD 1981 TO 2010
CLIMATE RECORD PERIOD 1878 TO 2016


WEATHER ITEM   OBSERVED TIME   RECORD YEAR NORMAL DEPARTURE LAST
                VALUE   (LST)  VALUE       VALUE  FROM      YEAR
                                                  NORMAL
..................................................................
TEMPERATURE (F)
 YESTERDAY
  MAXIMUM         78    145 PM  94    1902  76      2       80
  MINIMUM         61   1111 PM  39    1981  52      9       46
  AVERAGE         70                        64      6       63

PRECIPITATION (IN)
  YESTERDAY        0.84          3.67 1975   0.10   0.74     0.00
  MONTH TO DATE    1.89                      0.29   1.60     0.00
  SINCE MAR 1      4.77                      7.34  -2.57     8.33
  SINCE JAN 1     11.55                     14.07  -2.52    14.15

SNOWFALL (IN)
  YESTERDAY        0.0           0.0    MM   0.0    0.0      0.0
  MONTH TO DATE    0.0                       0.0    0.0      0.0
  SINCE MAR 1      0.0                       0.6   -0.6      0.0
  SINCE JUL 1      3.3                       4.3   -1.0      3.1
  SNOW DEPTH       0

DEGREE DAYS
 HEATING
  YESTERDAY        0                         3     -3        2
  MONTH TO DATE    0                        10    -10       14
  SINCE MAR 1    383                       643   -260      482
  SINCE JUL 1   2525                      3342   -817     3253

 COOLING
  YESTERDAY        5                         2      3        0
  MONTH TO DATE   23                         6     17        0
  SINCE MAR 1    121                        43     78       63
  SINCE JAN 1    121                        43     78       63
..................................................................


WIND (MPH)
  HIGHEST WIND SPEED    18   HIGHEST WIND DIRECTION    SW (230)
  HIGHEST GUST SPEED    25   HIGHEST GUST DIRECTION    SW (240)
  AVERAGE WIND SPEED     5.4


SKY COVER
  POSSIBLE SUNSHINE  MM
  AVERAGE SKY COVER 0.7


WEATHER CONDITIONS
 THE FOLLOWING WEATHER WAS RECORDED YESTERDAY.
  THUNDERSTORM
  HEAVY RAIN
  RAIN
  LIGHT RAIN
  FOG


RELATIVE HUMIDITY (PERCENT)
 HIGHEST    93           400 AM
 LOWEST     60           200 PM
 AVERAGE    77

..........................................................


THE CHARLOTTE NC CLIMATE NORMALS FOR TODAY
                         NORMAL    RECORD    YEAR
 MAXIMUM TEMPERATURE (F)   76        92      1959
                                             1938
                                             1928
 MINIMUM TEMPERATURE (F)   52        34      1971


SUNRISE AND SUNSET
MAY  4 2016...........SUNRISE   629 AM EDT   SUNSET   813 PM EDT
MAY  5 2016...........SUNRISE   628 AM EDT   SUNSET   813 PM EDT


-  INDICATES NEGATIVE NUMBERS.
R  INDICATES RECORD WAS SET OR TIED.
MM INDICATES DATA IS MISSING.
T  INDICATES TRACE AMOUNT.




$$
