000
CDUS42 KGSP 262042 RRA
CLICLT

CLIMATE REPORT
NATIONAL WEATHER SERVICE GREENVILLE-SPARTANBURG SC
439 PM EDT MON JUN 26 2017


...................................

...THE CHARLOTTE NC CLIMATE SUMMARY FOR JUNE 26 2017...
VALID TODAY AS OF 0430 PM LOCAL TIME.

CLIMATE NORMAL PERIOD 1981 TO 2010
CLIMATE RECORD PERIOD 1878 TO 2017


WEATHER ITEM   OBSERVED TIME   RECORD YEAR NORMAL DEPARTURE LAST
                VALUE   (LST)  VALUE       VALUE  FROM      YEAR
                                                  NORMAL
..................................................................
TEMPERATURE (F)
 TODAY
  MAXIMUM         84    249 PM 102    1952  88     -4       89
  MINIMUM         61    446 AM  55    1979  67     -6       73
  AVERAGE         73                        77     -4       81

PRECIPITATION (IN)
  TODAY            0.00          1.98 1930   0.11  -0.11     0.00
  MONTH TO DATE    3.97                      3.30   0.67     1.24
  SINCE JUN 1      3.97                      3.30   0.67     1.24
  SINCE JAN 1     24.89                     20.26   4.63    16.53

SNOWFALL (IN)
  TODAY            0.0           0.0    MM   0.0    0.0      0.0
  MONTH TO DATE    0.0                       0.0    0.0      0.0
  SINCE JUN 1      0.0                       0.0    0.0      0.0
  SINCE JUL 1      2.2                       4.3   -2.1      3.3
  SNOW DEPTH       0

DEGREE DAYS
 HEATING
  TODAY            0                         0      0        0
  MONTH TO DATE    0                         0      0        0
  SINCE JUN 1      0                         0      0        0
  SINCE JUL 1   2392                      3385   -993     2568

 COOLING
  TODAY            8                        12     -4       16
  MONTH TO DATE  298                       259     39      356
  SINCE JUN 1    298                       259     39      356
  SINCE JAN 1    601                       422    179      601
..................................................................


WIND (MPH)
  HIGHEST WIND SPEED    10   HIGHEST WIND DIRECTION     N (350)
  HIGHEST GUST SPEED    13   HIGHEST GUST DIRECTION     N (350)
  AVERAGE WIND SPEED     5.2


SKY COVER
  POSSIBLE SUNSHINE  MM
  AVERAGE SKY COVER 0.3


WEATHER CONDITIONS
 THE FOLLOWING WEATHER WAS RECORDED TODAY.
  NO SIGNIFICANT WEATHER WAS OBSERVED.


RELATIVE HUMIDITY (PERCENT)
 HIGHEST    93           300 AM
 LOWEST     28           100 PM
 AVERAGE    61

..........................................................


THE CHARLOTTE NC CLIMATE NORMALS FOR TOMORROW
                         NORMAL    RECORD    YEAR
 MAXIMUM TEMPERATURE (F)   88       103      1954
 MINIMUM TEMPERATURE (F)   67        56      2012


SUNRISE AND SUNSET
JUNE 26 2017..........SUNRISE   611 AM EDT   SUNSET   842 PM EDT
JUNE 27 2017..........SUNRISE   611 AM EDT   SUNSET   842 PM EDT


-  INDICATES NEGATIVE NUMBERS.
R  INDICATES RECORD WAS SET OR TIED.
MM INDICATES DATA IS MISSING.
T  INDICATES TRACE AMOUNT.




$$

LEC
