431
CDUS42 KGSP 080638
CLICLT

CLIMATE REPORT
NATIONAL WEATHER SERVICE GREENVILLE-SPARTANBURG SC
137 AM EST MON FEB 8 2016


...................................

...THE CHARLOTTE NC CLIMATE SUMMARY FOR FEBRUARY 7 2016...

CLIMATE NORMAL PERIOD 1981 TO 2010
CLIMATE RECORD PERIOD 1878 TO 2016


WEATHER ITEM   OBSERVED TIME   RECORD YEAR NORMAL DEPARTURE LAST
                VALUE   (LST)  VALUE       VALUE  FROM      YEAR
                                                  NORMAL
..................................................................
TEMPERATURE (F)
 YESTERDAY
  MAXIMUM         51    438 PM  74    1999  53     -2       65
  MINIMUM         31    941 PM  10    1895  31      0       28
  AVERAGE         41                        42     -1       47

PRECIPITATION (IN)
  YESTERDAY        0.00          1.65 1971   0.11  -0.11     0.00
  MONTH TO DATE    0.74                      0.77  -0.03     0.40
  SINCE DEC 1     11.72                      7.43   4.29     5.77
  SINCE JAN 1      3.02                      4.18  -1.16     3.20

SNOWFALL (IN)
  YESTERDAY        0.0           1.5  1895   0.0    0.0      0.0
  MONTH TO DATE    T                         0.3   -0.3      0.0
  SINCE DEC 1      3.3                       2.7    0.6      0.0
  SINCE JUL 1      3.3                       2.8    0.5       T
  SNOW DEPTH       0

DEGREE DAYS
 HEATING
  YESTERDAY       24                        23      1       18
  MONTH TO DATE  107                       162    -55      172
  SINCE DEC 1   1195                      1633   -438     1521
  SINCE JUL 1   1661                      2269   -608     2179

 COOLING
  YESTERDAY        0                         0      0        0
  MONTH TO DATE    0                         0      0        0
  SINCE DEC 1     12                         1     11        0
  SINCE JAN 1      0                         0      0        0
..................................................................


WIND (MPH)
  HIGHEST WIND SPEED    20   HIGHEST WIND DIRECTION     N (20)
  HIGHEST GUST SPEED    24   HIGHEST GUST DIRECTION     N (360)
  AVERAGE WIND SPEED     7.9


SKY COVER
  POSSIBLE SUNSHINE  MM
  AVERAGE SKY COVER 0.7


WEATHER CONDITIONS
 THE FOLLOWING WEATHER WAS RECORDED YESTERDAY.
  NO SIGNIFICANT WEATHER WAS OBSERVED.


RELATIVE HUMIDITY (PERCENT)
 HIGHEST    69          1000 PM
 LOWEST     29           400 PM
 AVERAGE    49

..........................................................


THE CHARLOTTE NC CLIMATE NORMALS FOR TODAY
                         NORMAL    RECORD    YEAR
 MAXIMUM TEMPERATURE (F)   54        74      2009
 MINIMUM TEMPERATURE (F)   31         1      1895


SUNRISE AND SUNSET
FEBRUARY  8 2016......SUNRISE   717 AM EST   SUNSET   559 PM EST
FEBRUARY  9 2016......SUNRISE   717 AM EST   SUNSET   600 PM EST


-  INDICATES NEGATIVE NUMBERS.
R  INDICATES RECORD WAS SET OR TIED.
MM INDICATES DATA IS MISSING.
T  INDICATES TRACE AMOUNT.




$$
