000
CDUS42 KGSP 292032
CLICLT

CLIMATE REPORT
NATIONAL WEATHER SERVICE GREENVILLE-SPARTANBURG SC
430 PM EDT FRI MAY 29 2015


...................................

...THE CHARLOTTE NC CLIMATE SUMMARY FOR MAY 29 2015...VALID TODAY AS
OF 430 PM LOCAL TIME.

CLIMATE NORMAL PERIOD 1981 TO 2010
CLIMATE RECORD PERIOD 1878 TO 2015


WEATHER ITEM   OBSERVED TIME   RECORD YEAR NORMAL DEPARTURE LAST
                VALUE   (LST)  VALUE       VALUE  FROM      YEAR
                                                  NORMAL
..................................................................
TEMPERATURE (F)
 TODAY
  MAXIMUM         88    321 PM  98    1941  82      6       90
  MINIMUM         67    546 AM  48    1894  60      7       63
  AVERAGE         78                        71      7       77

PRECIPITATION (IN)
  TODAY            0.00          1.18 2014   0.12  -0.12     1.18
  MONTH TO DATE    0.32                      2.95  -2.63     3.94
  SINCE MAR 1      8.65                     10.00  -1.35    15.76
  SINCE JAN 1     14.47                     16.73  -2.26    22.68

SNOWFALL (IN)
  TODAY            0.0           0.0    MM   0.0    0.0      0.0
  MONTH TO DATE    0.0                       0.0    0.0       T
  SINCE MAR 1      0.0                       0.6   -0.6       T
  SINCE JUL 1      3.1                       4.3   -1.2      9.3
  SNOW DEPTH       0

DEGREE DAYS
 HEATING
  TODAY            0                         1     -1        0
  MONTH TO DATE   15                        53    -38       35
  SINCE MAR 1    483                       686   -203      721
  SINCE JUL 1   3254                      3385   -131     3397

 COOLING
  TODAY           13                         6      7       12
  MONTH TO DATE  206                       111     95      171
  SINCE MAR 1    269                       148    121      209
  SINCE JAN 1    269                       148    121      210
..................................................................


WIND (MPH)
  HIGHEST WIND SPEED    13   HIGHEST WIND DIRECTION     S (180)
  HIGHEST GUST SPEED    17   HIGHEST GUST DIRECTION    SE (120)
  AVERAGE WIND SPEED     5.2


SKY COVER
  POSSIBLE SUNSHINE  MM
  AVERAGE SKY COVER 0.7


WEATHER CONDITIONS
 THE FOLLOWING WEATHER WAS RECORDED TODAY.
  NO SIGNIFICANT WEATHER WAS OBSERVED.


RELATIVE HUMIDITY (PERCENT)
 HIGHEST    84           100 AM
 LOWEST     42           300 PM
 AVERAGE    63

..........................................................


THE CHARLOTTE NC CLIMATE NORMALS FOR TOMORROW
                         NORMAL    RECORD    YEAR
 MAXIMUM TEMPERATURE (F)   82        95      1918
                                             1898
 MINIMUM TEMPERATURE (F)   60        47      1884


SUNRISE AND SUNSET
MAY 29 2015...........SUNRISE   612 AM EDT   SUNSET   831 PM EDT
MAY 30 2015...........SUNRISE   611 AM EDT   SUNSET   832 PM EDT


-  INDICATES NEGATIVE NUMBERS.
R  INDICATES RECORD WAS SET OR TIED.
MM INDICATES DATA IS MISSING.
T  INDICATES TRACE AMOUNT.




$$
