000
CDUS42 KGSP 232027
CLICLT

CLIMATE REPORT
NATIONAL WEATHER SERVICE GREENVILLE-SPARTANBURG SC
426 PM EDT TUE SEP 23 2014


...................................

...THE CHARLOTTE NC CLIMATE SUMMARY FOR SEPTEMBER 23 2014...
VALID TODAY AS OF 0400 PM LOCAL TIME.

CLIMATE NORMAL PERIOD 1981 TO 2010
CLIMATE RECORD PERIOD 1878 TO 2014


WEATHER ITEM   OBSERVED TIME   RECORD YEAR NORMAL DEPARTURE LAST
                VALUE   (LST)  VALUE       VALUE  FROM      YEAR
                                                  NORMAL
..................................................................
TEMPERATURE (F)
 TODAY
  MAXIMUM         65   1205 AM  97    1931  79    -14       76
                                      1895
  MINIMUM         58    259 PM  39    1999  58      0       55
  AVERAGE         62                        68     -6       66

PRECIPITATION (IN)
  TODAY            0.01          1.69 1912   0.11  -0.10     0.00
  MONTH TO DATE    3.69                      2.46   1.23     2.89
  SINCE SEP 1      3.69                      2.46   1.23     2.89
  SINCE JAN 1     37.45                     31.06   6.39    38.21

SNOWFALL (IN)
  TODAY            0.0           0.0    MM   0.0    0.0      0.0
  MONTH TO DATE    0.0                       0.0    0.0      0.0
  SINCE SEP 1      0.0                       0.0    0.0      0.0
  SINCE JUL 1      0.0                       0.0    0.0      0.0
  SNOW DEPTH       0

DEGREE DAYS
 HEATING
  TODAY            3                         1      2        0
  MONTH TO DATE    3                         8     -5        0
  SINCE SEP 1      3                         8     -5        0
  SINCE JUL 1      3                         8     -5        1

 COOLING
  TODAY            0                         5     -5        1
  MONTH TO DATE  215                       173     42      219
  SINCE SEP 1    215                       173     42      219
  SINCE JAN 1   1570                      1450    120     1507
..................................................................


WIND (MPH)
  HIGHEST WIND SPEED    15   HIGHEST WIND DIRECTION     N (10)
  HIGHEST GUST SPEED    22   HIGHEST GUST DIRECTION    NE (50)
  AVERAGE WIND SPEED     9.5


SKY COVER
  POSSIBLE SUNSHINE  MM
  AVERAGE SKY COVER 1.0


WEATHER CONDITIONS
 THE FOLLOWING WEATHER WAS RECORDED TODAY.
  LIGHT RAIN


RELATIVE HUMIDITY (PERCENT)
 HIGHEST    80           300 PM
 LOWEST     60           200 AM
 AVERAGE    70

..........................................................


THE CHARLOTTE NC CLIMATE NORMALS FOR TOMORROW
                         NORMAL    RECORD    YEAR
 MAXIMUM TEMPERATURE (F)   79        95      1895
 MINIMUM TEMPERATURE (F)   57        43      1999


SUNRISE AND SUNSET
SEPTEMBER 23 2014.....SUNRISE   712 AM EDT   SUNSET   719 PM EDT
SEPTEMBER 24 2014.....SUNRISE   713 AM EDT   SUNSET   718 PM EDT


-  INDICATES NEGATIVE NUMBERS.
R  INDICATES RECORD WAS SET OR TIED.
MM INDICATES DATA IS MISSING.
T  INDICATES TRACE AMOUNT.




$$
