000
CDUS42 KGSP 210630 RRA
CLICLT

CLIMATE REPORT
NATIONAL WEATHER SERVICE GREENVILLE-SPARTANBURG SC
228 AM EDT SAT OCT 21 2017

...................................

...THE CHARLOTTE NC CLIMATE SUMMARY FOR OCTOBER 20 2017...

CLIMATE NORMAL PERIOD 1981 TO 2010
CLIMATE RECORD PERIOD 1878 TO 2017


WEATHER ITEM   OBSERVED TIME   RECORD YEAR NORMAL DEPARTURE LAST
                VALUE   (LST)  VALUE       VALUE  FROM      YEAR
                                                  NORMAL
..................................................................
TEMPERATURE (F)
 YESTERDAY
  MAXIMUM         81    340 PM  86    1926  71     10       84
  MINIMUM         42    613 AM  30    1972  47     -5       57
  AVERAGE         62                        59      3       71

PRECIPITATION (IN)
  YESTERDAY        0.00          2.33 1944   0.11  -0.11     0.00
  MONTH TO DATE    1.92                      2.30  -0.38     2.78
  SINCE SEP 1      4.64                      5.54  -0.90     8.22
  SINCE JAN 1     39.60                     34.14   5.46    29.76

SNOWFALL (IN)
  YESTERDAY        0.0           0.0    MM   0.0    0.0      0.0
  MONTH TO DATE    0.0                       0.0    0.0      0.0
  SINCE SEP 1      0.0                       0.0    0.0      0.0
  SINCE JUL 1      0.0                       0.0    0.0      0.0
  SNOW DEPTH       0

DEGREE DAYS
 HEATING
  YESTERDAY        3                         7     -4        0
  MONTH TO DATE   37                        92    -55       27
  SINCE SEP 1     46                       115    -69       27
  SINCE JUL 1     46                       115    -69       27

 COOLING
  YESTERDAY        0                         1     -1        6
  MONTH TO DATE  100                        33     67       52
  SINCE SEP 1    338                       231    107      415
  SINCE JAN 1   1899                      1508    391     2182
..................................................................


WIND (MPH)
  HIGHEST WIND SPEED     7   HIGHEST WIND DIRECTION    SE (140)
  HIGHEST GUST SPEED    14   HIGHEST GUST DIRECTION    NE (60)
  AVERAGE WIND SPEED     2.1


SKY COVER
  POSSIBLE SUNSHINE  MM
  AVERAGE SKY COVER 0.1


WEATHER CONDITIONS
 THE FOLLOWING WEATHER WAS RECORDED YESTERDAY.
  HAZE


RELATIVE HUMIDITY (PERCENT)
 HIGHEST   100           300 AM
 LOWEST     26           300 PM
 AVERAGE    63

..........................................................


THE CHARLOTTE NC CLIMATE NORMALS FOR TODAY
                         NORMAL    RECORD    YEAR
 MAXIMUM TEMPERATURE (F)   70        88      1943
 MINIMUM TEMPERATURE (F)   47        30      1952


SUNRISE AND SUNSET
OCTOBER 21 2017.......SUNRISE   735 AM EDT   SUNSET   641 PM EDT
OCTOBER 22 2017.......SUNRISE   736 AM EDT   SUNSET   640 PM EDT


-  INDICATES NEGATIVE NUMBERS.
R  INDICATES RECORD WAS SET OR TIED.
MM INDICATES DATA IS MISSING.
T  INDICATES TRACE AMOUNT.

$$
