000
CDUS42 KGSP 240641
CLICLT

CLIMATE REPORT
NATIONAL WEATHER SERVICE GREENVILLE-SPARTANBURG SC
141 AM EST MON NOV 24 2014


...................................

...THE CHARLOTTE NC CLIMATE SUMMARY FOR NOVEMBER 23 2014...

CLIMATE NORMAL PERIOD 1981 TO 2010
CLIMATE RECORD PERIOD 1878 TO 2014


WEATHER ITEM   OBSERVED TIME   RECORD YEAR NORMAL DEPARTURE LAST
                VALUE   (LST)  VALUE       VALUE  FROM      YEAR
                                                  NORMAL
..................................................................
TEMPERATURE (F)
 YESTERDAY
  MAXIMUM         65   1137 PM  78    1900  60      5       61
  MINIMUM         42    640 AM  18    1880  37      5       42
  AVERAGE         54                        48      6       52

PRECIPITATION (IN)
  YESTERDAY        1.72R         1.69 1881   0.11   1.61      T
  MONTH TO DATE    2.68                      2.37   0.31     0.95
  SINCE SEP 1      8.02                      9.01  -0.99     4.49
  SINCE JAN 1     41.78                     37.61   4.17    39.81

SNOWFALL (IN)
  YESTERDAY        0.0           0.5  1975   0.0    0.0      0.0
  MONTH TO DATE    0.0                       0.1   -0.1       T
  SINCE SEP 1      T                         0.1   -0.1       T
  SINCE JUL 1      T                         0.1   -0.1       T
  SNOW DEPTH       0

DEGREE DAYS
 HEATING
  YESTERDAY       11                        17     -6       13
  MONTH TO DATE  417                       305    112      312
  SINCE SEP 1    549                       511     38      444
  SINCE JUL 1    549                       511     38      445

 COOLING
  YESTERDAY        0                         0      0        0
  MONTH TO DATE    0                         0      0        1
  SINCE SEP 1    298                       236     62      289
  SINCE JAN 1   1653                      1513    140     1577
..................................................................


WIND (MPH)
  HIGHEST WIND SPEED    22   HIGHEST WIND DIRECTION    SW (210)
  HIGHEST GUST SPEED    31   HIGHEST GUST DIRECTION    SW (210)
  AVERAGE WIND SPEED     8.4


SKY COVER
  POSSIBLE SUNSHINE  MM
  AVERAGE SKY COVER 1.0


WEATHER CONDITIONS
 THE FOLLOWING WEATHER WAS RECORDED YESTERDAY.
  HEAVY RAIN
  RAIN
  LIGHT RAIN
  FOG


RELATIVE HUMIDITY (PERCENT)
 HIGHEST    93           100 PM
 LOWEST     42           300 AM
 AVERAGE    68

..........................................................


THE CHARLOTTE NC CLIMATE NORMALS FOR TODAY
                         NORMAL    RECORD    YEAR
 MAXIMUM TEMPERATURE (F)   59        75      1973
                                             1958
 MINIMUM TEMPERATURE (F)   37        16      1970


SUNRISE AND SUNSET
NOVEMBER 24 2014......SUNRISE   707 AM EST   SUNSET   513 PM EST
NOVEMBER 25 2014......SUNRISE   708 AM EST   SUNSET   513 PM EST


-  INDICATES NEGATIVE NUMBERS.
R  INDICATES RECORD WAS SET OR TIED.
MM INDICATES DATA IS MISSING.
T  INDICATES TRACE AMOUNT.




$$
