000
CDUS42 KGSP 190657
CLICLT

CLIMATE REPORT
NATIONAL WEATHER SERVICE GREENVILLE-SPARTANBURG SC
157 AM EST THU JAN 19 2017


...................................

...THE CHARLOTTE NC CLIMATE SUMMARY FOR JANUARY 18 2017...

CLIMATE NORMAL PERIOD 1981 TO 2010
CLIMATE RECORD PERIOD 1878 TO 2017


WEATHER ITEM   OBSERVED TIME   RECORD YEAR NORMAL DEPARTURE LAST
                VALUE   (LST)  VALUE       VALUE  FROM      YEAR
                                                  NORMAL
..................................................................
TEMPERATURE (F)
 YESTERDAY
  MAXIMUM         75R   242 PM  71    1937  51     24       38
  MINIMUM         43   1057 PM  10    2003  29     14       22
  AVERAGE         59                        40     19       30

PRECIPITATION (IN)
  YESTERDAY        0.00          2.51 1943   0.11  -0.11     0.00
  MONTH TO DATE    2.71                      2.02   0.69     1.39
  SINCE DEC 1      5.62                      5.27   0.35    10.09
  SINCE JAN 1      2.71                      2.02   0.69     1.39

SNOWFALL (IN)
  YESTERDAY        0.0           3.5  1893   0.1   -0.1      0.0
  MONTH TO DATE    1.1                       1.2   -0.1       T
  SINCE DEC 1      1.1                       1.5   -0.4       T
  SINCE JUL 1      1.1                       1.6   -0.5       T
  SNOW DEPTH       0

DEGREE DAYS
 HEATING
  YESTERDAY        6                        25    -19       35
  MONTH TO DATE  337                       450   -113      440
  SINCE DEC 1    962                      1151   -189      741
  SINCE JUL 1   1380                      1787   -407     1207

 COOLING
  YESTERDAY        0                         0      0        0
  MONTH TO DATE    0                         0      0        0
  SINCE DEC 1      0                         1     -1       12
  SINCE JAN 1      0                         0      0        0
..................................................................


WIND (MPH)
  HIGHEST WIND SPEED    17   HIGHEST WIND DIRECTION    NW (320)
  HIGHEST GUST SPEED    26   HIGHEST GUST DIRECTION    NW (330)
  AVERAGE WIND SPEED     9.0


SKY COVER
  POSSIBLE SUNSHINE  MM
  AVERAGE SKY COVER 0.5


WEATHER CONDITIONS
 THE FOLLOWING WEATHER WAS RECORDED YESTERDAY.
  NO SIGNIFICANT WEATHER WAS OBSERVED.


RELATIVE HUMIDITY (PERCENT)
 HIGHEST    84           800 AM
 LOWEST     12           400 PM
 AVERAGE    48

..........................................................


THE CHARLOTTE NC CLIMATE NORMALS FOR TODAY
                         NORMAL    RECORD    YEAR
 MAXIMUM TEMPERATURE (F)   51        69      1929
                                             1907
 MINIMUM TEMPERATURE (F)   30         6      1994


SUNRISE AND SUNSET
JANUARY 19 2017.......SUNRISE   730 AM EST   SUNSET   539 PM EST
JANUARY 20 2017.......SUNRISE   730 AM EST   SUNSET   540 PM EST


-  INDICATES NEGATIVE NUMBERS.
R  INDICATES RECORD WAS SET OR TIED.
MM INDICATES DATA IS MISSING.
T  INDICATES TRACE AMOUNT.

$$

OUTLAW
