000
CDUS42 KGSP 130646
CLICLT

CLIMATE REPORT
NATIONAL WEATHER SERVICE GREENVILLE-SPARTANBURG SC
146 AM EST WED DEC 13 2017


...................................

...THE CHARLOTTE NC CLIMATE SUMMARY FOR DECEMBER 12 2017...

CLIMATE NORMAL PERIOD 1981 TO 2010
CLIMATE RECORD PERIOD 1878 TO 2017


WEATHER ITEM   OBSERVED TIME   RECORD YEAR NORMAL DEPARTURE LAST
                VALUE   (LST)  VALUE       VALUE  FROM      YEAR
                                                  NORMAL
..................................................................
TEMPERATURE (F)
 YESTERDAY
  MAXIMUM         54    336 PM  79    2007  54      0       59
  MINIMUM         33   1159 PM   7    1962  32      1       37
  AVERAGE         44                        43      1       48

PRECIPITATION (IN)
  YESTERDAY        0.00          1.57 1961   0.11  -0.11      T
  MONTH TO DATE    1.21                      1.29  -0.08     1.59
  SINCE DEC 1      1.21                      1.29  -0.08     1.59
  SINCE JAN 1     43.78                     39.67   4.11    32.23

SNOWFALL (IN)
  YESTERDAY        0.0           5.3  1917   0.0    0.0      0.0
  MONTH TO DATE    0.1                       0.0    0.1      0.0
  SINCE DEC 1      0.1                       0.0    0.1      0.0
  SINCE JUL 1      0.1                       0.1    0.0      0.0
  SNOW DEPTH       0

DEGREE DAYS
 HEATING
  YESTERDAY       21                        22     -1       17
  MONTH TO DATE  212                       248    -36      258
  SINCE DEC 1    212                       248    -36      258
  SINCE JUL 1    738                       884   -146      676

 COOLING
  YESTERDAY        0                         0      0        0
  MONTH TO DATE    0                         0      0        0
  SINCE DEC 1      0                         0      0        0
  SINCE JAN 1   1905                      1517    388     2193
..................................................................


WIND (MPH)
  HIGHEST WIND SPEED    24   HIGHEST WIND DIRECTION     W (290)
  HIGHEST GUST SPEED    33   HIGHEST GUST DIRECTION     W (290)
  AVERAGE WIND SPEED    10.1


SKY COVER
  POSSIBLE SUNSHINE  MM
  AVERAGE SKY COVER 0.3


WEATHER CONDITIONS
 THE FOLLOWING WEATHER WAS RECORDED YESTERDAY.
  NO SIGNIFICANT WEATHER WAS OBSERVED.


RELATIVE HUMIDITY (PERCENT)
 HIGHEST    79          1200 AM
 LOWEST     32           400 PM
 AVERAGE    56

..........................................................


THE CHARLOTTE NC CLIMATE NORMALS FOR TODAY
                         NORMAL    RECORD    YEAR
 MAXIMUM TEMPERATURE (F)   53        77      2007
 MINIMUM TEMPERATURE (F)   32         2      1962


SUNRISE AND SUNSET
DECEMBER 13 2017......SUNRISE   724 AM EST   SUNSET   512 PM EST
DECEMBER 14 2017......SUNRISE   724 AM EST   SUNSET   513 PM EST


-  INDICATES NEGATIVE NUMBERS.
R  INDICATES RECORD WAS SET OR TIED.
MM INDICATES DATA IS MISSING.
T  INDICATES TRACE AMOUNT.

$$

OUTLAW
