000
CDUS46 KLOX 090130
CLICMA


CLIMATE REPORT
NATIONAL WEATHER SERVICE LOS ANGELES/OXNARD CA
530 PM PST MON FEB 8 2016


...................................

...THE CAMARILLO CLIMATE SUMMARY FOR FEBRUARY 8 2016...
VALID TODAY AS OF 0500 PM LOCAL TIME.

CLIMATE NORMAL PERIOD 1981 TO 2010
CLIMATE RECORD PERIOD 1948 TO 2016


WEATHER ITEM   OBSERVED TIME   RECORD YEAR NORMAL DEPARTURE LAST
                VALUE   (LST)  VALUE       VALUE  FROM      YEAR
                                                  NORMAL
..................................................................
TEMPERATURE (F)
 TODAY
  MAXIMUM         86    343 PM  87    1954  66     20       75
  MINIMUM         72    735 AM  33    1966  42     30       51
  AVERAGE         79                        54     25       63

PRECIPITATION (IN)
  TODAY            0.00          3.26 1962   0.12  -0.12     0.00
  MONTH TO DATE    0.00                      0.80  -0.80     0.16
  SINCE OCT 1      3.19                      8.27  -5.08     7.16
  SINCE JAN 1      2.63                      4.27  -1.64     2.25

SNOWFALL (IN)
  TODAY            0.0
  MONTH TO DATE    0.0
  SINCE DEC 1      0.0
  SINCE JUL 1      0.0

DEGREE DAYS
 HEATING
  TODAY            0                        12    -12        2
  MONTH TO DATE   54                        90    -36       55
  SINCE DEC 1    602                       777   -175      470
  SINCE JUL 1    747                      1109   -362      557

 COOLING
  TODAY           14                         0     14        0
  MONTH TO DATE   24                         0     24        0
  SINCE DEC 1     28                         9     19       28
  SINCE JAN 1     24                         7     17       24
..................................................................


WIND (MPH)
  HIGHEST WIND SPEED    35   HIGHEST WIND DIRECTION    NE (50)
  HIGHEST GUST SPEED    45   HIGHEST GUST DIRECTION    NE (50)
  AVERAGE WIND SPEED    26.3


SKY COVER
  POSSIBLE SUNSHINE  MM
  AVERAGE SKY COVER 0.0


WEATHER CONDITIONS
 THE FOLLOWING WEATHER WAS RECORDED TODAY.
  NO SIGNIFICANT WEATHER WAS OBSERVED.


RELATIVE HUMIDITY (PERCENT)
 HIGHEST    15           600 AM
 LOWEST      9           200 PM
 AVERAGE    12

..........................................................


THE CAMARILLO CLIMATE NORMALS FOR TOMORROW
                         NORMAL    RECORD    YEAR
 MAXIMUM TEMPERATURE (F)   65        88      2006
 MINIMUM TEMPERATURE (F)   42        33      1966


SUNRISE AND SUNSET
FEBRUARY  8 2016......SUNRISE   648 AM PST   SUNSET   533 PM PST
FEBRUARY  9 2016......SUNRISE   648 AM PST   SUNSET   534 PM PST


-  INDICATES NEGATIVE NUMBERS.
R  INDICATES RECORD WAS SET OR TIED.
MM INDICATES DATA IS MISSING.
T  INDICATES TRACE AMOUNT.




$$
