000
CDUS46 KLOX 050225
CLICMA


CLIMATE REPORT
NATIONAL WEATHER SERVICE LOS ANGELES/OXNARD CA
625 PM PST WED MAR 4 2015


...................................

...THE CAMARILLO CLIMATE SUMMARY FOR MARCH 4 2015...
VALID TODAY AS OF 0600 PM LOCAL TIME.

CLIMATE NORMAL PERIOD 1981 TO 2010
CLIMATE RECORD PERIOD 1948 TO 2015


WEATHER ITEM   OBSERVED TIME   RECORD YEAR NORMAL DEPARTURE LAST
                VALUE   (LST)  VALUE       VALUE  FROM      YEAR
                                                  NORMAL
..................................................................
TEMPERATURE (F)
 TODAY
  MAXIMUM         74    254 PM  88    2012  65      9       69
  MINIMUM         42    501 AM  33    1964  45     -3       49
  AVERAGE         58                        55      3       59

PRECIPITATION (IN)
  TODAY            0.00          2.62 1978   0.18  -0.18     0.00
  MONTH TO DATE    0.52                      0.75  -0.23     0.71
  SINCE OCT 1      8.01                     11.93  -3.92     4.81
  SINCE JAN 1      3.10                      7.93  -4.83     4.03

SNOWFALL (IN)
  TODAY            0.0
  MONTH TO DATE    0.0
  SINCE MAR 1      0.0
  SINCE JUL 1      0.0

DEGREE DAYS
 HEATING
  TODAY            7                        10     -3        6
  MONTH TO DATE   37                        41     -4       25
  SINCE MAR 1     37                        41     -4       25
  SINCE JUL 1    694                      1377   -683      978

 COOLING
  TODAY            0                         0      0        0
  MONTH TO DATE    0                         0      0        0
  SINCE MAR 1      0                         0      0        0
  SINCE JAN 1     39                         9     30       28
..................................................................


WIND (MPH)
  HIGHEST WIND SPEED    24   HIGHEST WIND DIRECTION    NE (60)
  HIGHEST GUST SPEED    32   HIGHEST GUST DIRECTION    NE (60)
  AVERAGE WIND SPEED     9.1


SKY COVER
  POSSIBLE SUNSHINE  MM
  AVERAGE SKY COVER 0.0


WEATHER CONDITIONS
 THE FOLLOWING WEATHER WAS RECORDED TODAY.
  NO SIGNIFICANT WEATHER WAS OBSERVED.


RELATIVE HUMIDITY (PERCENT)
 HIGHEST    83           200 AM
 LOWEST     15           300 PM
 AVERAGE    49

..........................................................


THE CAMARILLO CLIMATE NORMALS FOR TOMORROW
                         NORMAL    RECORD    YEAR
 MAXIMUM TEMPERATURE (F)   65        84      1953
 MINIMUM TEMPERATURE (F)   45        34      1967


SUNRISE AND SUNSET
MARCH  4 2015.........SUNRISE   622 AM PST   SUNSET   555 PM PST
MARCH  5 2015.........SUNRISE   620 AM PST   SUNSET   556 PM PST


-  INDICATES NEGATIVE NUMBERS.
R  INDICATES RECORD WAS SET OR TIED.
MM INDICATES DATA IS MISSING.
T  INDICATES TRACE AMOUNT.




$$
