000
CDUS46 KLOX 290114
CLICMA


CLIMATE REPORT
NATIONAL WEATHER SERVICE LOS ANGELES/OXNARD CA
613 PM PDT SAT MAR 28 2015


...................................

...THE CAMARILLO CLIMATE SUMMARY FOR MARCH 28 2015...
VALID TODAY AS OF 0600 PM LOCAL TIME.

CLIMATE NORMAL PERIOD 1981 TO 2010
CLIMATE RECORD PERIOD 1948 TO 2015


WEATHER ITEM   OBSERVED TIME   RECORD YEAR NORMAL DEPARTURE LAST
                VALUE   (LST)  VALUE       VALUE  FROM      YEAR
                                                  NORMAL
..................................................................
TEMPERATURE (F)
 TODAY
  MAXIMUM         72    102 PM  94    2004  67      5       67
  MINIMUM         50    613 AM  39    1975  48      2       47
  AVERAGE         61                        57      4       57

PRECIPITATION (IN)
  TODAY            0.00          1.55 2006   0.04  -0.04     0.00
  MONTH TO DATE    0.52                      2.56  -2.04     0.71
  SINCE OCT 1      8.01                     13.74  -5.73     4.81
  SINCE JAN 1      3.10                      9.74  -6.64     4.03

SNOWFALL (IN)
  TODAY            0.0
  MONTH TO DATE    0.0
  SINCE MAR 1      0.0
  SINCE JUL 1      0.0

DEGREE DAYS
 HEATING
  TODAY            4                         8     -4        8
  MONTH TO DATE   85                       253   -168      132
  SINCE MAR 1     85                       253   -168      132
  SINCE JUL 1    742                      1589   -847     1085

 COOLING
  TODAY            0                         0      0        0
  MONTH TO DATE   56                         0     56       12
  SINCE MAR 1     56                         0     56       12
  SINCE JAN 1     95                         9     86       40
..................................................................


WIND (MPH)
  HIGHEST WIND SPEED    14   HIGHEST WIND DIRECTION    SW (240)
  HIGHEST GUST SPEED    17   HIGHEST GUST DIRECTION    SW (240)
  AVERAGE WIND SPEED     5.5


SKY COVER
  POSSIBLE SUNSHINE  MM
  AVERAGE SKY COVER 0.1


WEATHER CONDITIONS
 THE FOLLOWING WEATHER WAS RECORDED TODAY.
  FOG
  FOG W/VISIBILITY <= 1/4 MILE
  HAZE


RELATIVE HUMIDITY (PERCENT)
 HIGHEST    89           300 AM
 LOWEST     61          1000 AM
 AVERAGE    75

..........................................................


THE CAMARILLO CLIMATE NORMALS FOR TOMORROW
                         NORMAL    RECORD    YEAR
 MAXIMUM TEMPERATURE (F)   67        93      2004
 MINIMUM TEMPERATURE (F)   48        38      1998


SUNRISE AND SUNSET
MARCH 28 2015.........SUNRISE   649 AM PDT   SUNSET   714 PM PDT
MARCH 29 2015.........SUNRISE   648 AM PDT   SUNSET   715 PM PDT


-  INDICATES NEGATIVE NUMBERS.
R  INDICATES RECORD WAS SET OR TIED.
MM INDICATES DATA IS MISSING.
T  INDICATES TRACE AMOUNT.




$$
