000
CDUS46 KLOX 250858
CLICMA


CLIMATE REPORT
NATIONAL WEATHER SERVICE LOS ANGELES/OXNARD CA
1258 AM PST THU DEC 25 2014


...................................

...THE CAMARILLO AIRPORT CA CLIMATE SUMMARY FOR DECEMBER 24 2014...

CLIMATE NORMAL PERIOD 1981 TO 2010
CLIMATE RECORD PERIOD 1948 TO 2014


WEATHER ITEM   OBSERVED TIME   RECORD YEAR NORMAL DEPARTURE LAST
                VALUE   (LST)  VALUE       VALUE  FROM      YEAR
                                                  NORMAL
..................................................................
TEMPERATURE (F)
 YESTERDAY
  MAXIMUM         73   1143 AM  86    1950  65      8       84
  MINIMUM         49    556 AM  32    1987  42      7       44
  AVERAGE         61                        54      7       64

PRECIPITATION (IN)
  YESTERDAY        0.00          0.98 1971   0.08  -0.08     0.00
  MONTH TO DATE    4.08                      1.18   2.90     0.22
  SINCE JUL 1      4.94                      3.36   1.58     0.82
  SINCE JAN 1      9.13                     14.34  -5.21     2.97

SNOWFALL (IN)
  YESTERDAY        0.0
  MONTH TO DATE    0.0
  SINCE DEC 1      0.0
  SINCE JUL 1      0.0

DEGREE DAYS
 HEATING
  YESTERDAY        4                        12     -8        1
  MONTH TO DATE  127                       273   -146      245
  SINCE DEC 1    127                       273   -146      245
  SINCE JUL 1    214                       605   -391      469

 COOLING
  YESTERDAY        0                         0      0        0
  MONTH TO DATE    4                         0      4       12
  SINCE DEC 1      4                         0      4       12
  SINCE JAN 1   1013                       330    683      646
..................................................................


WIND (MPH)
  HIGHEST WIND SPEED    13   HIGHEST WIND DIRECTION    SW (220)
  HIGHEST GUST SPEED    15   HIGHEST GUST DIRECTION    SW (220)
  AVERAGE WIND SPEED     4.9


SKY COVER
  POSSIBLE SUNSHINE  MM
  AVERAGE SKY COVER 0.1


WEATHER CONDITIONS
 THE FOLLOWING WEATHER WAS RECORDED YESTERDAY.
  NO SIGNIFICANT WEATHER WAS OBSERVED.


RELATIVE HUMIDITY (PERCENT)
 HIGHEST    93           900 PM
 LOWEST     35          1200 PM
 AVERAGE    64

..........................................................


THE CAMARILLO AIRPORT CA CLIMATE NORMALS FOR TODAY
                         NORMAL    RECORD    YEAR
 MAXIMUM TEMPERATURE (F)   65        84      1989
 MINIMUM TEMPERATURE (F)   42        33      1966


SUNRISE AND SUNSET
DECEMBER 25 2014......SUNRISE   700 AM PST   SUNSET   453 PM PST
DECEMBER 26 2014......SUNRISE   701 AM PST   SUNSET   453 PM PST


-  INDICATES NEGATIVE NUMBERS.
R  INDICATES RECORD WAS SET OR TIED.
MM INDICATES DATA IS MISSING.
T  INDICATES TRACE AMOUNT.




$$
