187
CDUS46 KLOX 250856
CLICMA


CLIMATE REPORT
NATIONAL WEATHER SERVICE LOS ANGELES/OXNARD CA
1256 AM PST SUN FEB 25 2018


...................................

...THE CAMARILLO AIRPORT CA CLIMATE SUMMARY FOR FEBRUARY 24 2018...

CLIMATE NORMAL PERIOD 1981 TO 2010
CLIMATE RECORD PERIOD 1923 TO 2018


WEATHER ITEM   OBSERVED TIME   RECORD YEAR NORMAL DEPARTURE LAST
                VALUE   (LST)  VALUE       VALUE  FROM      YEAR
                                                  NORMAL
..................................................................
TEMPERATURE (F)
 YESTERDAY
  MAXIMUM         63   1246 PM  84    2016  65     -2       61
  MINIMUM         33R   502 AM  34    1964  43    -10       35
                                      1953
  AVERAGE         48                        54     -6       48

PRECIPITATION (IN)
  YESTERDAY        0.00          0.66 1941   0.16  -0.16     0.00
  MONTH TO DATE    0.12                      3.19  -3.07     5.92
  SINCE OCT 1      1.21                     10.66  -9.45    18.83
  SINCE JAN 1      1.14                      6.66  -5.52    14.17

SNOWFALL (IN)
  YESTERDAY        0.0
  MONTH TO DATE    0.0
  SINCE DEC 1      0.0
  SINCE JUL 1      0.0

DEGREE DAYS
 HEATING
  YESTERDAY       17                        11      6       17
  MONTH TO DATE  189                       274    -85      182
  SINCE DEC 1    528                       961   -433      768
  SINCE JUL 1    615                      1293   -678      931

 COOLING
  YESTERDAY        0                         0      0        0
  MONTH TO DATE    3                         0      3        0
  SINCE DEC 1     69                         9     60        6
  SINCE JAN 1     42                         7     35        1
..................................................................


WIND (MPH)
  HIGHEST WIND SPEED    18   HIGHEST WIND DIRECTION     W (260)
  HIGHEST GUST SPEED    24   HIGHEST GUST DIRECTION     W (260)
  AVERAGE WIND SPEED     6.8


SKY COVER
  POSSIBLE SUNSHINE  MM
  AVERAGE SKY COVER 0.0


WEATHER CONDITIONS
 THE FOLLOWING WEATHER WAS RECORDED YESTERDAY.
  NO SIGNIFICANT WEATHER WAS OBSERVED.


RELATIVE HUMIDITY (PERCENT)
 HIGHEST    54           900 PM
 LOWEST     13           100 PM
 AVERAGE    34

..........................................................


THE CAMARILLO AIRPORT CA CLIMATE NORMALS FOR TODAY
                         NORMAL    RECORD    YEAR
 MAXIMUM TEMPERATURE (F)   65        85      1992
 MINIMUM TEMPERATURE (F)   43        32      1960


SUNRISE AND SUNSET
FEBRUARY 25 2018......SUNRISE   630 AM PST   SUNSET   549 PM PST
FEBRUARY 26 2018......SUNRISE   629 AM PST   SUNSET   550 PM PST


-  INDICATES NEGATIVE NUMBERS.
R  INDICATES RECORD WAS SET OR TIED.
MM INDICATES DATA IS MISSING.
T  INDICATES TRACE AMOUNT.




$$
