000
CDUS46 KLOX 010901
CLICMA


CLIMATE REPORT
NATIONAL WEATHER SERVICE LOS ANGELES/OXNARD CA
201 AM PDT WED JUL 1 2015


...................................

...THE CAMARILLO AIRPORT CA CLIMATE SUMMARY FOR JUNE 30 2015...

CLIMATE NORMAL PERIOD 1981 TO 2010
CLIMATE RECORD PERIOD 1948 TO 2015


WEATHER ITEM   OBSERVED TIME   RECORD YEAR NORMAL DEPARTURE LAST
                VALUE   (LST)  VALUE       VALUE  FROM      YEAR
                                                  NORMAL
..................................................................
TEMPERATURE (F)
 YESTERDAY
  MAXIMUM         82    114 PM  89    2013  74      8       76
  MINIMUM         61    436 AM  44    1964  58      3       65
  AVERAGE         72                        66      6       71

PRECIPITATION (IN)
  YESTERDAY        0.00          0.00   MM   0.00   0.00     0.00
  MONTH TO DATE    0.08                      0.05   0.03     0.00
  SINCE OCT 1      8.43                     14.98  -6.55     4.97
  SINCE JAN 1      3.52                     10.98  -7.46     4.19

SNOWFALL (IN)
  YESTERDAY        0.0
  MONTH TO DATE    0.0
  SINCE JUN 1      0.0
  SINCE JUL 1      0.0

DEGREE DAYS
 HEATING
  YESTERDAY        0                         1     -1        0
  MONTH TO DATE    4                        42    -38       12
  SINCE JUN 1      4                        43    -39       12
  SINCE JUL 1    978                      1986  -1008     1315

 COOLING
  YESTERDAY        7                         1      6        6
  MONTH TO DATE   60                        23     37       45
  SINCE JUN 1     60                        23     37       45
  SINCE JAN 1    169                        54    115      193
..................................................................


WIND (MPH)
  HIGHEST WIND SPEED    23   HIGHEST WIND DIRECTION    SW (220)
  HIGHEST GUST SPEED    26   HIGHEST GUST DIRECTION    SW (220)
  AVERAGE WIND SPEED     6.1


SKY COVER
  POSSIBLE SUNSHINE  MM
  AVERAGE SKY COVER 0.0


WEATHER CONDITIONS
 THE FOLLOWING WEATHER WAS RECORDED YESTERDAY.
  NO SIGNIFICANT WEATHER WAS OBSERVED.


RELATIVE HUMIDITY (PERCENT)
 HIGHEST    84          1200 AM
 LOWEST     49           200 PM
 AVERAGE    67

..........................................................


THE CAMARILLO AIRPORT CA CLIMATE NORMALS FOR TODAY
                         NORMAL    RECORD    YEAR
 MAXIMUM TEMPERATURE (F)   75        89      1985
 MINIMUM TEMPERATURE (F)   58        48      1949


SUNRISE AND SUNSET
JULY  1 2015..........SUNRISE   548 AM PDT   SUNSET   812 PM PDT
JULY  2 2015..........SUNRISE   549 AM PDT   SUNSET   812 PM PDT


-  INDICATES NEGATIVE NUMBERS.
R  INDICATES RECORD WAS SET OR TIED.
MM INDICATES DATA IS MISSING.
T  INDICATES TRACE AMOUNT.




$$
