000
CDUS46 KLOX 020902
CLICMA


CLIMATE REPORT
NATIONAL WEATHER SERVICE LOS ANGELES/OXNARD CA
202 AM PDT SUN AUG 2 2015


...................................

...THE CAMARILLO AIRPORT CA CLIMATE SUMMARY FOR AUGUST 1 2015...

CLIMATE NORMAL PERIOD 1981 TO 2010
CLIMATE RECORD PERIOD 1948 TO 2015


WEATHER ITEM   OBSERVED TIME   RECORD YEAR NORMAL DEPARTURE LAST
                VALUE   (LST)  VALUE       VALUE  FROM      YEAR
                                                  NORMAL
..................................................................
TEMPERATURE (F)
 YESTERDAY
  MAXIMUM         81    206 PM  86    1980  77      4       79
  MINIMUM         66   1159 PM  51    1962  58      8       64
  AVERAGE         74                        67      7       72

PRECIPITATION (IN)
  YESTERDAY        0.00          0.01 1977   0.00   0.00     0.00
  MONTH TO DATE    0.00                      0.00   0.00     0.00
  SINCE OCT 1      8.96                     15.00  -6.04     4.97
  SINCE JAN 1      4.05                     11.00  -6.95     4.19

SNOWFALL (IN)
  YESTERDAY        0.0
  MONTH TO DATE    0.0
  SINCE JUN 1      0.0
  SINCE JUL 1      0.0

DEGREE DAYS
 HEATING
  YESTERDAY        0                         0      0        0
  MONTH TO DATE    0                         0      0        0
  SINCE JUN 1      4                        53    -49       12
  SINCE JUL 1      0                        10    -10        0

 COOLING
  YESTERDAY        9                         3      6        7
  MONTH TO DATE    9                         3      6        7
  SINCE JUN 1    248                        97    151      277
  SINCE JAN 1    357                       128    229      425
..................................................................


WIND (MPH)
  HIGHEST WIND SPEED    15   HIGHEST WIND DIRECTION    SW (230)
  HIGHEST GUST SPEED    20   HIGHEST GUST DIRECTION    SW (230)
  AVERAGE WIND SPEED     4.3


SKY COVER
  POSSIBLE SUNSHINE  MM
  AVERAGE SKY COVER 0.4


WEATHER CONDITIONS
 THE FOLLOWING WEATHER WAS RECORDED YESTERDAY.
  FOG
  HAZE


RELATIVE HUMIDITY (PERCENT)
 HIGHEST    93           600 AM
 LOWEST     54           100 PM
 AVERAGE    74

..........................................................


THE CAMARILLO AIRPORT CA CLIMATE NORMALS FOR TODAY
                         NORMAL    RECORD    YEAR
 MAXIMUM TEMPERATURE (F)   77        85      1971
 MINIMUM TEMPERATURE (F)   58        51      1970


SUNRISE AND SUNSET
AUGUST  2 2015........SUNRISE   608 AM PDT   SUNSET   757 PM PDT
AUGUST  3 2015........SUNRISE   609 AM PDT   SUNSET   756 PM PDT


-  INDICATES NEGATIVE NUMBERS.
R  INDICATES RECORD WAS SET OR TIED.
MM INDICATES DATA IS MISSING.
T  INDICATES TRACE AMOUNT.




$$
