000
CDUS46 KLOX 240118
CLICMA


CLIMATE REPORT
NATIONAL WEATHER SERVICE LOS ANGELES/OXNARD CA
618 PM PDT SAT MAY 23 2015


...................................

...THE CAMARILLO CLIMATE SUMMARY FOR MAY 23 2015...
VALID TODAY AS OF 0600 PM LOCAL TIME.

CLIMATE NORMAL PERIOD 1981 TO 2010
CLIMATE RECORD PERIOD 1948 TO 2015


WEATHER ITEM   OBSERVED TIME   RECORD YEAR NORMAL DEPARTURE LAST
                VALUE   (LST)  VALUE       VALUE  FROM      YEAR
                                                  NORMAL
..................................................................
TEMPERATURE (F)
 TODAY
  MAXIMUM         71   1205 PM  78    2001  71      0       70
  MINIMUM         54    459 AM  38    1960  53      1       52
  AVERAGE         63                        62      1       61

PRECIPITATION (IN)
  TODAY            0.00          0.01 1956   0.00   0.00     0.00
  MONTH TO DATE    0.22                      0.30  -0.08     0.01
  SINCE OCT 1      8.35                     14.92  -6.57     4.97
  SINCE JAN 1      3.44                     10.92  -7.48     4.19

SNOWFALL (IN)
  TODAY            0.0
  MONTH TO DATE    0.0
  SINCE MAR 1      0.0
  SINCE JUL 1      0.0

DEGREE DAYS
 HEATING
  TODAY            2                         3     -1        4
  MONTH TO DATE   89                       100    -11       52
  SINCE MAR 1    297                       584   -287      348
  SINCE JUL 1    954                      1920   -966     1301

 COOLING
  TODAY            0                         0      0        0
  MONTH TO DATE    1                         0      1       78
  SINCE MAR 1     70                        11     59      112
  SINCE JAN 1    109                        20     89      140
..................................................................


WIND (MPH)
  HIGHEST WIND SPEED    18   HIGHEST WIND DIRECTION     W (260)
  HIGHEST GUST SPEED    23   HIGHEST GUST DIRECTION     W (260)
  AVERAGE WIND SPEED     8.0


SKY COVER
  POSSIBLE SUNSHINE  MM
  AVERAGE SKY COVER 0.2


WEATHER CONDITIONS
 THE FOLLOWING WEATHER WAS RECORDED TODAY.
  NO SIGNIFICANT WEATHER WAS OBSERVED.


RELATIVE HUMIDITY (PERCENT)
 HIGHEST    80          1200 AM
 LOWEST     47           300 PM
 AVERAGE    64

..........................................................


THE CAMARILLO CLIMATE NORMALS FOR TOMORROW
                         NORMAL    RECORD    YEAR
 MAXIMUM TEMPERATURE (F)   71        79      2006
 MINIMUM TEMPERATURE (F)   53        42      1960


SUNRISE AND SUNSET
MAY 23 2015...........SUNRISE   550 AM PDT   SUNSET   757 PM PDT
MAY 24 2015...........SUNRISE   549 AM PDT   SUNSET   758 PM PDT


-  INDICATES NEGATIVE NUMBERS.
R  INDICATES RECORD WAS SET OR TIED.
MM INDICATES DATA IS MISSING.
T  INDICATES TRACE AMOUNT.




$$
