036
CDUS46 KLOX 240111
CLICMA


CLIMATE REPORT
NATIONAL WEATHER SERVICE LOS ANGELES/OXNARD CA
611 PM PDT MON MAY 23 2016


...................................

...THE CAMARILLO CLIMATE SUMMARY FOR MAY 23 2016...
VALID TODAY AS OF 0600 PM LOCAL TIME.

CLIMATE NORMAL PERIOD 1981 TO 2010
CLIMATE RECORD PERIOD 1948 TO 2016


WEATHER ITEM   OBSERVED TIME   RECORD YEAR NORMAL DEPARTURE LAST
                VALUE   (LST)  VALUE       VALUE  FROM      YEAR
                                                  NORMAL
..................................................................
TEMPERATURE (F)
 TODAY
  MAXIMUM         69    142 PM  78    2001  71     -2       71
  MINIMUM         51    416 AM  38    1960  53     -2       54
  AVERAGE         60                        62     -2       63

PRECIPITATION (IN)
  TODAY            0.00          0.01 1956   0.00   0.00     0.00
  MONTH TO DATE    T                         0.30  -0.30     0.22
  SINCE OCT 1      5.98                     14.92  -8.94     8.35
  SINCE JAN 1      5.42                     10.92  -5.50     3.44

SNOWFALL (IN)
  TODAY            0.0
  MONTH TO DATE    0.0
  SINCE MAR 1      0.0
  SINCE JUL 1      0.0

DEGREE DAYS
 HEATING
  TODAY            5                         3      2        2
  MONTH TO DATE   66                       100    -34       89
  SINCE MAR 1    360                       584   -224      297
  SINCE JUL 1   1177                      1920   -743      954

 COOLING
  TODAY            0                         0      0        0
  MONTH TO DATE    0                         0      0        1
  SINCE MAR 1     13                        11      2       70
  SINCE JAN 1     71                        20     51      109
..................................................................


WIND (MPH)
  HIGHEST WIND SPEED    16   HIGHEST WIND DIRECTION     W (270)
  HIGHEST GUST SPEED    23   HIGHEST GUST DIRECTION    SW (220)
  AVERAGE WIND SPEED     7.2


SKY COVER
  POSSIBLE SUNSHINE  MM
  AVERAGE SKY COVER 0.0


WEATHER CONDITIONS
 THE FOLLOWING WEATHER WAS RECORDED TODAY.
  NO SIGNIFICANT WEATHER WAS OBSERVED.


RELATIVE HUMIDITY (PERCENT)
 HIGHEST    83           100 AM
 LOWEST     52           400 PM
 AVERAGE    68

..........................................................


THE CAMARILLO CLIMATE NORMALS FOR TOMORROW
                         NORMAL    RECORD    YEAR
 MAXIMUM TEMPERATURE (F)   71        79      2006
 MINIMUM TEMPERATURE (F)   53        42      1960


SUNRISE AND SUNSET
MAY 23 2016...........SUNRISE   549 AM PDT   SUNSET   758 PM PDT
MAY 24 2016...........SUNRISE   549 AM PDT   SUNSET   758 PM PDT


-  INDICATES NEGATIVE NUMBERS.
R  INDICATES RECORD WAS SET OR TIED.
MM INDICATES DATA IS MISSING.
T  INDICATES TRACE AMOUNT.




$$
