000
CDUS41 KILN 240601
CLICMH


CLIMATE REPORT
NATIONAL WEATHER SERVICE WILMINGTON OH
100 AM EST FRI FEB 24 2017


...................................

...THE COLUMBUS OH CLIMATE SUMMARY FOR FEBRUARY 23 2017...

CLIMATE NORMAL PERIOD 1981 TO 2010
CLIMATE RECORD PERIOD 1869 TO 2017


WEATHER ITEM   OBSERVED TIME   RECORD YEAR NORMAL DEPARTURE LAST
                VALUE   (LST)  VALUE       VALUE  FROM      YEAR
                                                  NORMAL
..................................................................
TEMPERATURE (F)
 YESTERDAY
  MAXIMUM         72R   326 PM  66    1985  43     29       56
                                      1906
  MINIMUM         52    256 AM  -4    1885  27     25       29
  AVERAGE         62                        35     27       43

PRECIPITATION (IN)
  YESTERDAY        0.63          2.15 1975   0.08   0.55     0.00
  MONTH TO DATE    1.82                      1.84  -0.02     1.85
  SINCE DEC 1      7.74                      7.54   0.20     7.85
  SINCE JAN 1      4.65                      4.57   0.08     2.97

SNOWFALL (IN)
  YESTERDAY        0.0           5.2  1914   0.2   -0.2      0.0
  MONTH TO DATE    0.6                       5.0   -4.4      7.8
  SINCE DEC 1      7.6                      19.2  -11.6     13.2
  SINCE JUL 1      7.6                      20.3  -12.7     13.2
  SNOW DEPTH       0

DEGREE DAYS
 HEATING
  YESTERDAY        3                        30    -27       22
  MONTH TO DATE  551                       756   -205      745
  SINCE DEC 1   2419                      2834   -415     2495
  SINCE JUL 1   3185                      3848   -663     3300

 COOLING
  YESTERDAY        0                         0      0        0
  MONTH TO DATE    0                         0      0        0
  SINCE DEC 1      0                         0      0        0
  SINCE JAN 1      0                         0      0        0
..................................................................


WIND (MPH)
  RESULTANT WIND SPEED   6   RESULTANT WIND DIRECTION   S (200)
  HIGHEST WIND SPEED    22   HIGHEST WIND DIRECTION    SW (240)
  HIGHEST GUST SPEED    39   HIGHEST GUST DIRECTION    SW (240)
  AVERAGE WIND SPEED     7.2


SKY COVER
  POSSIBLE SUNSHINE  MM
  AVERAGE SKY COVER 0.8


WEATHER CONDITIONS
 THE FOLLOWING WEATHER WAS RECORDED YESTERDAY.
  THUNDERSTORM
  HEAVY RAIN
  RAIN
  LIGHT RAIN
  FOG


RELATIVE HUMIDITY (PERCENT)
 HIGHEST    93           100 AM
 LOWEST     53           300 PM
 AVERAGE    73

..........................................................


THE COLUMBUS OH CLIMATE NORMALS FOR TODAY
                         NORMAL    RECORD    YEAR
 MAXIMUM TEMPERATURE (F)   43        72      1961
 MINIMUM TEMPERATURE (F)   27       -11      2015


SUNRISE AND SUNSET
FEBRUARY 24 2017......SUNRISE   712 AM EST   SUNSET   618 PM EST
FEBRUARY 25 2017......SUNRISE   710 AM EST   SUNSET   619 PM EST


-  INDICATES NEGATIVE NUMBERS.
R  INDICATES RECORD WAS SET OR TIED.
MM INDICATES DATA IS MISSING.
T  INDICATES TRACE AMOUNT.




$$
