000
CDUS41 KILN 170558
CLICMH


CLIMATE REPORT
NATIONAL WEATHER SERVICE WILMINGTON OH
1258 AM EST SUN DEC 17 2017


...................................

...THE COLUMBUS OH CLIMATE SUMMARY FOR DECEMBER 16 2017...

CLIMATE NORMAL PERIOD 1981 TO 2010
CLIMATE RECORD PERIOD 1869 TO 2017


WEATHER ITEM   OBSERVED TIME   RECORD YEAR NORMAL DEPARTURE LAST
                VALUE   (LST)  VALUE       VALUE  FROM      YEAR
                                                  NORMAL
..................................................................
TEMPERATURE (F)
 YESTERDAY
  MAXIMUM         48    410 PM  64    1984  40      8       26
                                      1924
  MINIMUM         30    218 AM -14    1951  27      3        4
  AVERAGE         39                        33      6       15

PRECIPITATION (IN)
  YESTERDAY        0.00          2.26 2000   0.09  -0.09      T
  MONTH TO DATE    0.70                      1.55  -0.85     1.27
  SINCE DEC 1      0.70                      1.55  -0.85     1.27
  SINCE JAN 1     45.55                     37.89   7.66    35.96

SNOWFALL (IN)
  YESTERDAY        0.0           1.8  1953   0.2   -0.2      0.0
  MONTH TO DATE    3.2                       2.1    1.1      4.8
  SINCE DEC 1      3.2                       2.1    1.1      4.8
  SINCE JUL 1      3.2                       3.2    0.0      4.8
  SNOW DEPTH       0

DEGREE DAYS
 HEATING
  YESTERDAY       26                        32     -6       50
  MONTH TO DATE  496                       472     24      569
  SINCE DEC 1    496                       472     24      569
  SINCE JUL 1   1415                      1486    -71     1335

 COOLING
  YESTERDAY        0                         0      0        0
  MONTH TO DATE    0                         0      0        0
  SINCE DEC 1      0                         0      0        0
  SINCE JAN 1   1095                      1024     71     1327
..................................................................


WIND (MPH)
  RESULTANT WIND SPEED   9   RESULTANT WIND DIRECTION  SW (210)
  HIGHEST WIND SPEED    23   HIGHEST WIND DIRECTION    SW (220)
  HIGHEST GUST SPEED    30   HIGHEST GUST DIRECTION    SW (220)
  AVERAGE WIND SPEED     9.3


SKY COVER
  POSSIBLE SUNSHINE  MM
  AVERAGE SKY COVER 0.5


WEATHER CONDITIONS
 THE FOLLOWING WEATHER WAS RECORDED YESTERDAY.
  NO SIGNIFICANT WEATHER WAS OBSERVED.


RELATIVE HUMIDITY (PERCENT)
 HIGHEST    75          1000 PM
 LOWEST     45           200 PM
 AVERAGE    60

..........................................................


THE COLUMBUS OH CLIMATE NORMALS FOR TODAY
                         NORMAL    RECORD    YEAR
 MAXIMUM TEMPERATURE (F)   39        67      1984
 MINIMUM TEMPERATURE (F)   26       -12      1989


SUNRISE AND SUNSET
DECEMBER 17 2017......SUNRISE   748 AM EST   SUNSET   508 PM EST
DECEMBER 18 2017......SUNRISE   748 AM EST   SUNSET   508 PM EST


-  INDICATES NEGATIVE NUMBERS.
R  INDICATES RECORD WAS SET OR TIED.
MM INDICATES DATA IS MISSING.
T  INDICATES TRACE AMOUNT.




$$
