000
CDUS41 KILN 280544
CLICMH


CLIMATE REPORT
NATIONAL WEATHER SERVICE WILMINGTON OH
1243 AM EST FRI NOV 28 2014


...................................

...THE COLUMBUS OH CLIMATE SUMMARY FOR NOVEMBER 27 2014...

CLIMATE NORMAL PERIOD 1981 TO 2010
CLIMATE RECORD PERIOD 1869 TO 2014


WEATHER ITEM   OBSERVED TIME   RECORD YEAR NORMAL DEPARTURE LAST
                VALUE   (LST)  VALUE       VALUE  FROM      YEAR
                                                  NORMAL
..................................................................
TEMPERATURE (F)
 YESTERDAY
  MAXIMUM         34    339 PM  75    1990  47    -13       32
  MINIMUM         28   1159 PM   3    1930  32     -4       24
  AVERAGE         31                        40     -9       28

PRECIPITATION (IN)
  YESTERDAY        0.01          1.58 2001   0.11  -0.10      T
  MONTH TO DATE    1.45                      2.89  -1.44     2.18
  SINCE SEP 1      4.87                      8.34  -3.47    10.61
  SINCE JAN 1     35.38                     36.03  -0.65    37.25

SNOWFALL (IN)
  YESTERDAY        0.1           3.1  1931   0.0    0.1       T
  MONTH TO DATE    4.1                       0.7    3.4      4.7
  SINCE SEP 1      4.1                       0.9    3.2      4.7
  SINCE JUL 1      4.1                       0.9    3.2      4.7
  SNOW DEPTH       0

DEGREE DAYS
 HEATING
  YESTERDAY       34                        25      9       37
  MONTH TO DATE  742                       542    200      606
  SINCE SEP 1   1118                       936    182      955
  SINCE JUL 1   1118                       936    182      959

 COOLING
  YESTERDAY        0                         0      0        0
  MONTH TO DATE    0                         0      0        0
  SINCE SEP 1    141                       135      6      178
  SINCE JAN 1   1163                      1024    139     1179
..................................................................


WIND (MPH)
  RESULTANT WIND SPEED   9   RESULTANT WIND DIRECTION  NW (300)
  HIGHEST WIND SPEED    22   HIGHEST WIND DIRECTION     W (290)
  HIGHEST GUST SPEED    26   HIGHEST GUST DIRECTION     W (290)
  AVERAGE WIND SPEED    11.0


SKY COVER
  POSSIBLE SUNSHINE  MM
  AVERAGE SKY COVER 1.0


WEATHER CONDITIONS
 THE FOLLOWING WEATHER WAS RECORDED YESTERDAY.
  LIGHT SNOW
  FOG
  HAZE


RELATIVE HUMIDITY (PERCENT)
 HIGHEST    85           500 AM
 LOWEST     56           400 PM
 AVERAGE    71

..........................................................


THE COLUMBUS OH CLIMATE NORMALS FOR TODAY
                         NORMAL    RECORD    YEAR
 MAXIMUM TEMPERATURE (F)   47        71      2005
 MINIMUM TEMPERATURE (F)   32         7      1930


SUNRISE AND SUNSET
NOVEMBER 28 2014......SUNRISE   731 AM EST   SUNSET   508 PM EST
NOVEMBER 29 2014......SUNRISE   732 AM EST   SUNSET   507 PM EST


-  INDICATES NEGATIVE NUMBERS.
R  INDICATES RECORD WAS SET OR TIED.
MM INDICATES DATA IS MISSING.
T  INDICATES TRACE AMOUNT.




$$
