000
CDUS41 KILN 290537
CLICMH


CLIMATE REPORT
NATIONAL WEATHER SERVICE WILMINGTON OH
137 AM EDT FRI MAY 29 2015


...................................

...THE COLUMBUS OH CLIMATE SUMMARY FOR MAY 28 2015...

CLIMATE NORMAL PERIOD 1981 TO 2010
CLIMATE RECORD PERIOD 1869 TO 2015


WEATHER ITEM   OBSERVED TIME   RECORD YEAR NORMAL DEPARTURE LAST
                VALUE   (LST)  VALUE       VALUE  FROM      YEAR
                                                  NORMAL
..................................................................
TEMPERATURE (F)
 YESTERDAY
  MAXIMUM         83    428 PM  94    1911  76      7       89
  MINIMUM         62    549 AM  36    1971  56      6       67
                                      1907
  AVERAGE         73                        66      7       78

PRECIPITATION (IN)
  YESTERDAY        0.00          2.67 2000   0.14  -0.14      T
  MONTH TO DATE    3.16                      3.72  -0.56     4.00
  SINCE MAR 1     11.17                     10.14   1.03    12.06
  SINCE JAN 1     15.74                     15.12   0.62    16.85

SNOWFALL (IN)
  YESTERDAY        0.0           0.0    MM   0.0    0.0      0.0
  MONTH TO DATE    0.0                       0.0    0.0      0.0
  SINCE MAR 1      5.4                       5.3    0.1      5.4
  SINCE JUL 1     33.4                      26.7    6.7     56.4
  SNOW DEPTH       0

DEGREE DAYS
 HEATING
  YESTERDAY        0                         3     -3        0
  MONTH TO DATE   85                       139    -54      112
  SINCE MAR 1   1264                      1226     38     1249
  SINCE JUL 1   5818                      5221    597     5633

 COOLING
  YESTERDAY        8                         4      4       13
  MONTH TO DATE  130                        58     72      121
  SINCE MAR 1    130                        70     60      129
  SINCE JAN 1    130                        70     60      129
..................................................................


WIND (MPH)
  RESULTANT WIND SPEED   3   RESULTANT WIND DIRECTION  SE (120)
  HIGHEST WIND SPEED    12   HIGHEST WIND DIRECTION    SE (120)
  HIGHEST GUST SPEED    15   HIGHEST GUST DIRECTION     E (100)
  AVERAGE WIND SPEED     4.6


SKY COVER
  POSSIBLE SUNSHINE  MM
  AVERAGE SKY COVER 0.8


WEATHER CONDITIONS
 THE FOLLOWING WEATHER WAS RECORDED YESTERDAY.
  HAZE


RELATIVE HUMIDITY (PERCENT)
 HIGHEST    93           600 AM
 LOWEST     47           400 PM
 AVERAGE    70

..........................................................


THE COLUMBUS OH CLIMATE NORMALS FOR TODAY
                         NORMAL    RECORD    YEAR
 MAXIMUM TEMPERATURE (F)   77        94      1914
 MINIMUM TEMPERATURE (F)   56        38      1949


SUNRISE AND SUNSET
MAY 29 2015...........SUNRISE   606 AM EDT   SUNSET   852 PM EDT
MAY 30 2015...........SUNRISE   606 AM EDT   SUNSET   853 PM EDT


-  INDICATES NEGATIVE NUMBERS.
R  INDICATES RECORD WAS SET OR TIED.
MM INDICATES DATA IS MISSING.
T  INDICATES TRACE AMOUNT.




$$
