000
CDUS41 KILN 220541
CLICMH


CLIMATE REPORT
NATIONAL WEATHER SERVICE WILMINGTON OH
131 AM EDT SUN OCT 22 2017


...................................

...THE COLUMBUS OH CLIMATE SUMMARY FOR OCTOBER 21 2017...

CLIMATE NORMAL PERIOD 1981 TO 2010
CLIMATE RECORD PERIOD 1869 TO 2017


WEATHER ITEM   OBSERVED TIME   RECORD YEAR NORMAL DEPARTURE LAST
                VALUE   (LST)  VALUE       VALUE  FROM      YEAR
                                                  NORMAL
..................................................................
TEMPERATURE (F)
 YESTERDAY
  MAXIMUM         75    116 PM  83    1953  63     12       55
  MINIMUM         47    613 AM  17    1952  43      4       47
  AVERAGE         61                        53      8       51

PRECIPITATION (IN)
  YESTERDAY        0.00          1.54 1929   0.08  -0.08     0.41
  MONTH TO DATE    2.82                      1.77   1.05     1.68
  SINCE SEP 1      5.40                      4.61   0.79     6.36
  SINCE JAN 1     39.43                     32.30   7.13    33.62

SNOWFALL (IN)
  YESTERDAY        0.0                       0.1   -0.1      0.0
  MONTH TO DATE    0.0                       0.1   -0.1      0.0
  SINCE SEP 1      0.0                       0.1   -0.1      0.0
  SINCE JUL 1      0.0                       0.1   -0.1      0.0
  SNOW DEPTH       0

DEGREE DAYS
 HEATING
  YESTERDAY        4                        12     -8       14
  MONTH TO DATE   58                       189   -131       89
  SINCE SEP 1    109                       258   -149      107
  SINCE JUL 1    109                       258   -149      107

 COOLING
  YESTERDAY        0                         0      0        0
  MONTH TO DATE   41                        13     28       43
  SINCE SEP 1    184                       135     49      231
  SINCE JAN 1   1093                      1024     69     1324
..................................................................


WIND (MPH)
  RESULTANT WIND SPEED   3   RESULTANT WIND DIRECTION   S (160)
  HIGHEST WIND SPEED    10   HIGHEST WIND DIRECTION    SE (150)
  HIGHEST GUST SPEED    16   HIGHEST GUST DIRECTION     S (160)
  AVERAGE WIND SPEED     3.9


SKY COVER
  POSSIBLE SUNSHINE  MM
  AVERAGE SKY COVER 0.6


WEATHER CONDITIONS
 THE FOLLOWING WEATHER WAS RECORDED YESTERDAY.
  NO SIGNIFICANT WEATHER WAS OBSERVED.


RELATIVE HUMIDITY (PERCENT)
 HIGHEST    86           300 AM
 LOWEST     46           200 PM
 AVERAGE    66

..........................................................


THE COLUMBUS OH CLIMATE NORMALS FOR TODAY
                         NORMAL    RECORD    YEAR
 MAXIMUM TEMPERATURE (F)   63        83      1947
 MINIMUM TEMPERATURE (F)   43        24      1952


SUNRISE AND SUNSET
OCTOBER 22 2017.......SUNRISE   750 AM EDT   SUNSET   642 PM EDT
OCTOBER 23 2017.......SUNRISE   751 AM EDT   SUNSET   640 PM EDT


-  INDICATES NEGATIVE NUMBERS.
R  INDICATES RECORD WAS SET OR TIED.
MM INDICATES DATA IS MISSING.
T  INDICATES TRACE AMOUNT.




$$
