000
CDUS41 KILN 302041
CLICMH


CLIMATE REPORT
NATIONAL WEATHER SERVICE WILMINGTON OH
440 PM EDT SAT AUG 30 2014


...................................

...THE COLUMBUS OH CLIMATE SUMMARY FOR AUGUST 30 2014...
VALID TODAY AS OF 0400 PM LOCAL TIME.

CLIMATE NORMAL PERIOD 1981 TO 2010
CLIMATE RECORD PERIOD 1869 TO 2014


WEATHER ITEM   OBSERVED TIME   RECORD YEAR NORMAL DEPARTURE LAST
                VALUE   (LST)  VALUE       VALUE  FROM      YEAR
                                                  NORMAL
..................................................................
TEMPERATURE (F)
 TODAY
  MAXIMUM         93    308 PM 100    1953  82     11       90
  MINIMUM         70    615 AM  45    1976  62      8       67
  AVERAGE         82                        72     10       79

PRECIPITATION (IN)
  TODAY            0.00          2.64 2003   0.11  -0.11     0.00
  MONTH TO DATE    3.06                      3.21  -0.15     2.05
  SINCE JUN 1     11.82                     12.01  -0.19    13.38
  SINCE JAN 1     28.67                     27.58   1.09    25.85

SNOWFALL (IN)
  TODAY            0.0                       0.0    0.0      0.0
  MONTH TO DATE    0.0                       0.0    0.0      0.0
  SINCE JUN 1      0.0                       0.0    0.0      0.0
  SINCE JUL 1      0.0                       0.0    0.0      0.0
  SNOW DEPTH       0

DEGREE DAYS
 HEATING
  TODAY            0                         0      0        0
  MONTH TO DATE    0                         0      0        4
  SINCE JUN 1      1                        19    -18       10
  SINCE JUL 1      0                         0      0        4

 COOLING
  TODAY           17                         8      9       14
  MONTH TO DATE  314                       274     40      268
  SINCE JUN 1    854                       800     54      826
  SINCE JAN 1   1009                       882    127      987
..................................................................


WIND (MPH)
  HIGHEST WIND SPEED    21   HIGHEST WIND DIRECTION    SW (220)
  HIGHEST GUST SPEED    28   HIGHEST GUST DIRECTION    SW (240)
  AVERAGE WIND SPEED     8.2


SKY COVER
  POSSIBLE SUNSHINE  MM
  AVERAGE SKY COVER 0.5


WEATHER CONDITIONS
 THE FOLLOWING WEATHER WAS RECORDED TODAY.
  NO SIGNIFICANT WEATHER WAS OBSERVED.


RELATIVE HUMIDITY (PERCENT)
 HIGHEST    73           400 AM
 LOWEST     36           100 PM
 AVERAGE    55

..........................................................


THE COLUMBUS OH CLIMATE NORMALS FOR TOMORROW
                         NORMAL    RECORD    YEAR
 MAXIMUM TEMPERATURE (F)   82        98      1953
                                             1951
 MINIMUM TEMPERATURE (F)   62        43      1915


SUNRISE AND SUNSET
AUGUST 30 2014........SUNRISE   657 AM EDT   SUNSET   806 PM EDT
AUGUST 31 2014........SUNRISE   658 AM EDT   SUNSET   805 PM EDT


-  INDICATES NEGATIVE NUMBERS.
R  INDICATES RECORD WAS SET OR TIED.
MM INDICATES DATA IS MISSING.
T  INDICATES TRACE AMOUNT.




$$
