000
CDUS43 KILX 012130
CLICMI


CLIMATE REPORT
NATIONAL WEATHER SERVICE LINCOLN IL
429 PM CDT WED OCT 1 2014


...................................

...THE CHAMPAIGN IL AIRPORT CLIMATE SUMMARY FOR OCTOBER 1 2014...
VALID TODAY AS OF 0400 PM LOCAL TIME.

CLIMATE NORMAL PERIOD 1981 TO 2010
CLIMATE RECORD PERIOD 9999 TO 9999


WEATHER ITEM   OBSERVED TIME   RECORD YEAR NORMAL DEPARTURE LAST
                VALUE   (LST)  VALUE       VALUE  FROM      YEAR
                                                  NORMAL
..................................................................
TEMPERATURE (F)
 TODAY
  MAXIMUM         84    200 PM  MM      MM  72     12       83
  MINIMUM         49    600 AM  MM      MM  47      2       61
  AVERAGE         67                        59      8       72

PRECIPITATION (IN)
  TODAY            0.00         MM      MM   0.10  -0.10     0.00
  MONTH TO DATE    0.00                      0.10  -0.10     0.00
  SINCE SEP 1      3.18                      3.38  -0.20     0.55
  SINCE JAN 1     31.75                     30.66   1.09    24.76

DEGREE DAYS
 HEATING
  TODAY            0                         7     -7        0
  MONTH TO DATE    0                         7     -7        0
  SINCE SEP 1     82                        90     -8       28
  SINCE JUL 1     91                        99     -8       43

 COOLING
  TODAY            2                         2      0        7
  MONTH TO DATE    2                         2      0        7
  SINCE SEP 1     84                       100    -16      176
  SINCE JAN 1    940                       927     13     1029
..................................................................


WIND (MPH)
  HIGHEST WIND SPEED    12   HIGHEST WIND DIRECTION     S (180)
  HIGHEST GUST SPEED    18   HIGHEST GUST DIRECTION     S (180)
  AVERAGE WIND SPEED     8.2


SKY COVER
  POSSIBLE SUNSHINE  MM
  AVERAGE SKY COVER 0.2


WEATHER CONDITIONS
 THE FOLLOWING WEATHER WAS RECORDED TODAY.
  NO SIGNIFICANT WEATHER WAS OBSERVED.


RELATIVE HUMIDITY (PERCENT)
 HIGHEST    93           300 AM
 LOWEST     34           200 PM
 AVERAGE    64

..........................................................


THE CHAMPAIGN IL AIRPORT CLIMATE NORMALS FOR TOMORROW
                         NORMAL    RECORD    YEAR
 MAXIMUM TEMPERATURE (F)   71        MM        MM
 MINIMUM TEMPERATURE (F)   46        MM        MM


SUNRISE AND SUNSET
OCTOBER  1 2014.......SUNRISE   649 AM CDT   SUNSET   635 PM CDT
OCTOBER  2 2014.......SUNRISE   650 AM CDT   SUNSET   634 PM CDT


-  INDICATES NEGATIVE NUMBERS.
R  INDICATES RECORD WAS SET OR TIED.
MM INDICATES DATA IS MISSING.
T  INDICATES TRACE AMOUNT.




$$
