000
CDUS43 KILX 180728
CLICMI


CLIMATE REPORT
NATIONAL WEATHER SERVICE LINCOLN IL
227 AM CDT WED OCT 18 2017


...................................

...THE CHAMPAIGN IL AIRPORT CLIMATE SUMMARY FOR OCTOBER 17 2017...

CLIMATE NORMAL PERIOD 1981 TO 2010
CLIMATE RECORD PERIOD 9999 TO 9999


WEATHER ITEM   OBSERVED TIME   RECORD YEAR NORMAL DEPARTURE LAST
                VALUE   (LST)  VALUE       VALUE  FROM      YEAR
                                                  NORMAL
..................................................................
TEMPERATURE (F)
 YESTERDAY
  MAXIMUM         70    243 PM  MM      MM  65      5       86
  MINIMUM         42    440 AM  MM      MM  42      0       66
  AVERAGE         56                        53      3       76

PRECIPITATION (IN)
  YESTERDAY        0.00         MM      MM   0.11  -0.11     0.00
  MONTH TO DATE    4.66                      1.72   2.94     0.68
  SINCE SEP 1      5.36                      5.00   0.36     6.77
  SINCE JAN 1     27.46                     32.28  -4.82    31.27

DEGREE DAYS
 HEATING
  YESTERDAY        9                        12     -3        0
  MONTH TO DATE   47                       166   -119       47
  SINCE SEP 1     91                       249   -158       62
  SINCE JUL 1     95                       258   -163       70

 COOLING
  YESTERDAY        0                         0      0       11
  MONTH TO DATE   56                        14     42       41
  SINCE SEP 1    237                       112    125      239
  SINCE JAN 1   1125                       939    186     1260
..................................................................


WIND (MPH)
  HIGHEST WIND SPEED    24   HIGHEST WIND DIRECTION     S (200)
  HIGHEST GUST SPEED    29   HIGHEST GUST DIRECTION     S (200)
  AVERAGE WIND SPEED    11.3


SKY COVER
  POSSIBLE SUNSHINE  MM
  AVERAGE SKY COVER 0.0


WEATHER CONDITIONS
 THE FOLLOWING WEATHER WAS RECORDED YESTERDAY.
  NO SIGNIFICANT WEATHER WAS OBSERVED.


RELATIVE HUMIDITY (PERCENT)
 HIGHEST    82          1200 AM
 LOWEST     31           100 PM
 AVERAGE    57

..........................................................


THE CHAMPAIGN IL AIRPORT CLIMATE NORMALS FOR TODAY
                         NORMAL    RECORD    YEAR
 MAXIMUM TEMPERATURE (F)   65        MM        MM
 MINIMUM TEMPERATURE (F)   41        MM        MM


SUNRISE AND SUNSET
OCTOBER 18 2017.......SUNRISE   707 AM CDT   SUNSET   609 PM CDT
OCTOBER 19 2017.......SUNRISE   708 AM CDT   SUNSET   607 PM CDT


-  INDICATES NEGATIVE NUMBERS.
R  INDICATES RECORD WAS SET OR TIED.
MM INDICATES DATA IS MISSING.
T  INDICATES TRACE AMOUNT.




$$
