000
CDUS43 KILX 240628
CLICMI


CLIMATE REPORT
NATIONAL WEATHER SERVICE LINCOLN IL
127 AM CDT FRI OCT 24 2014


...................................

...THE CHAMPAIGN IL AIRPORT CLIMATE SUMMARY FOR OCTOBER 23 2014...

CLIMATE NORMAL PERIOD 1981 TO 2010
CLIMATE RECORD PERIOD 9999 TO 9999


WEATHER ITEM   OBSERVED TIME   RECORD YEAR NORMAL DEPARTURE LAST
                VALUE   (LST)  VALUE       VALUE  FROM      YEAR
                                                  NORMAL
..................................................................
TEMPERATURE (F)
 YESTERDAY
  MAXIMUM         61    233 PM  MM      MM  63     -2       46
  MINIMUM         33    605 AM  MM      MM  40     -7       34
  AVERAGE         47                        51     -4       40

PRECIPITATION (IN)
  YESTERDAY        T            MM      MM   0.10  -0.10     0.00
  MONTH TO DATE    2.92                      2.37   0.55     2.24
  SINCE SEP 1      6.10                      5.65   0.45     2.79
  SINCE JAN 1     34.67                     32.93   1.74    27.00

DEGREE DAYS
 HEATING
  YESTERDAY       18                        14      4       25
  MONTH TO DATE  252                       245      7      199
  SINCE SEP 1    334                       328      6      227
  SINCE JUL 1    343                       337      6      242

 COOLING
  YESTERDAY        0                         0      0        0
  MONTH TO DATE    9                        14     -5       45
  SINCE SEP 1     91                       112    -21      214
  SINCE JAN 1    947                       939      8     1067
..................................................................


WIND (MPH)
  HIGHEST WIND SPEED    14   HIGHEST WIND DIRECTION    SW (220)
  HIGHEST GUST SPEED    17   HIGHEST GUST DIRECTION    SW (210)
  AVERAGE WIND SPEED     7.4


SKY COVER
  POSSIBLE SUNSHINE  MM
  AVERAGE SKY COVER 0.1


WEATHER CONDITIONS
 THE FOLLOWING WEATHER WAS RECORDED YESTERDAY.
  LIGHT RAIN
  FOG


RELATIVE HUMIDITY (PERCENT)
 HIGHEST   100           500 AM
 LOWEST     51           200 PM
 AVERAGE    76

..........................................................


THE CHAMPAIGN IL AIRPORT CLIMATE NORMALS FOR TODAY
                         NORMAL    RECORD    YEAR
 MAXIMUM TEMPERATURE (F)   62        MM        MM
 MINIMUM TEMPERATURE (F)   40        MM        MM


SUNRISE AND SUNSET
OCTOBER 24 2014.......SUNRISE   713 AM CDT   SUNSET   601 PM CDT
OCTOBER 25 2014.......SUNRISE   714 AM CDT   SUNSET   559 PM CDT


-  INDICATES NEGATIVE NUMBERS.
R  INDICATES RECORD WAS SET OR TIED.
MM INDICATES DATA IS MISSING.
T  INDICATES TRACE AMOUNT.




$$
