000
CDUS43 KILX 230649
CLICMI


CLIMATE REPORT
NATIONAL WEATHER SERVICE LINCOLN IL
149 AM CDT WED JUL 23 2014


...................................

...THE CHAMPAIGN IL AIRPORT CLIMATE SUMMARY FOR JULY 22 2014...

CLIMATE NORMAL PERIOD 1981 TO 2010
CLIMATE RECORD PERIOD 9999 TO 9999


WEATHER ITEM   OBSERVED TIME   RECORD YEAR NORMAL DEPARTURE LAST
                VALUE   (LST)  VALUE       VALUE  FROM      YEAR
                                                  NORMAL
..................................................................
TEMPERATURE (F)
 YESTERDAY
  MAXIMUM         87    302 PM  MM      MM  84      3       84
  MINIMUM         64    409 AM  MM      MM  64      0       67
  AVERAGE         76                        74      2       76

PRECIPITATION (IN)
  YESTERDAY        0.00         MM      MM   0.16  -0.16     0.46
  MONTH TO DATE    5.04                      3.20   1.84     4.59
  SINCE JUN 1     11.38                      7.37   4.01     7.84
  SINCE JAN 1     25.92                     22.53   3.39    23.52

DEGREE DAYS
 HEATING
  YESTERDAY        0                         0      0        0
  MONTH TO DATE    5                         0      5        0
  SINCE JUN 1      5                        17    -12       13
  SINCE JUL 1      5                         0      5        0

 COOLING
  YESTERDAY       11                         9      2       11
  MONTH TO DATE  127                       207    -80      228
  SINCE JUN 1    408                       430    -22      447
  SINCE JAN 1    560                       522     38      579
..................................................................


WIND (MPH)
  HIGHEST WIND SPEED    15   HIGHEST WIND DIRECTION     S (200)
  HIGHEST GUST SPEED    22   HIGHEST GUST DIRECTION     S (180)
  AVERAGE WIND SPEED     8.3


SKY COVER
  POSSIBLE SUNSHINE  MM
  AVERAGE SKY COVER 0.1


WEATHER CONDITIONS
 THE FOLLOWING WEATHER WAS RECORDED YESTERDAY.
  FOG
  HAZE


RELATIVE HUMIDITY (PERCENT)
 HIGHEST    93          1200 AM
 LOWEST     57           200 PM
 AVERAGE    75

..........................................................


THE CHAMPAIGN IL AIRPORT CLIMATE NORMALS FOR TODAY
                         NORMAL    RECORD    YEAR
 MAXIMUM TEMPERATURE (F)   84        MM        MM
 MINIMUM TEMPERATURE (F)   64        MM        MM


SUNRISE AND SUNSET
JULY 23 2014..........SUNRISE   543 AM CDT   SUNSET   815 PM CDT
JULY 24 2014..........SUNRISE   544 AM CDT   SUNSET   815 PM CDT


-  INDICATES NEGATIVE NUMBERS.
R  INDICATES RECORD WAS SET OR TIED.
MM INDICATES DATA IS MISSING.
T  INDICATES TRACE AMOUNT.




$$
