000
CDUS43 KILX 290659
CLICMI


CLIMATE REPORT
NATIONAL WEATHER SERVICE LINCOLN IL
157 AM CDT SAT APR 29 2017


...................................

...THE CHAMPAIGN IL AIRPORT CLIMATE SUMMARY FOR APRIL 28 2017...

CLIMATE NORMAL PERIOD 1981 TO 2010
CLIMATE RECORD PERIOD 9999 TO 9999


WEATHER ITEM   OBSERVED TIME   RECORD YEAR NORMAL DEPARTURE LAST
                VALUE   (LST)  VALUE       VALUE  FROM      YEAR
                                                  NORMAL
..................................................................
TEMPERATURE (F)
 YESTERDAY
  MAXIMUM         56   1159 PM  MM      MM  69    -13       71
  MINIMUM         47    505 AM  MM      MM  44      3       49
  AVERAGE         52                        56     -4       60

PRECIPITATION (IN)
  YESTERDAY        0.27         MM      MM   0.15   0.12     0.56
  MONTH TO DATE    3.32                      3.46  -0.14     2.57
  SINCE MAR 1      5.47                      6.21  -0.74     5.62
  SINCE JAN 1      8.21                     10.28  -2.07     7.28

DEGREE DAYS
 HEATING
  YESTERDAY       13                         9      4        5
  MONTH TO DATE  223                       391   -168      361
  SINCE MAR 1    891                      1147   -256      896
  SINCE JUL 1   4410                      5649  -1239     4583

 COOLING
  YESTERDAY        0                         1     -1        0
  MONTH TO DATE   24                         2     22       14
  SINCE MAR 1     24                         3     21       14
  SINCE JAN 1     24                         3     21       14
..................................................................


WIND (MPH)
  HIGHEST WIND SPEED    22   HIGHEST WIND DIRECTION    SE (130)
  HIGHEST GUST SPEED    26   HIGHEST GUST DIRECTION    SE (120)
  AVERAGE WIND SPEED    10.5


SKY COVER
  POSSIBLE SUNSHINE  MM
  AVERAGE SKY COVER 0.8


WEATHER CONDITIONS
 THE FOLLOWING WEATHER WAS RECORDED YESTERDAY.
  THUNDERSTORM
  RAIN
  LIGHT RAIN
  FOG


RELATIVE HUMIDITY (PERCENT)
 HIGHEST    93           100 PM
 LOWEST     80           100 AM
 AVERAGE    87

..........................................................


THE CHAMPAIGN IL AIRPORT CLIMATE NORMALS FOR TODAY
                         NORMAL    RECORD    YEAR
 MAXIMUM TEMPERATURE (F)   69        MM        MM
 MINIMUM TEMPERATURE (F)   45        MM        MM


SUNRISE AND SUNSET
APRIL 29 2017.........SUNRISE   555 AM CDT   SUNSET   746 PM CDT
APRIL 30 2017.........SUNRISE   554 AM CDT   SUNSET   747 PM CDT


-  INDICATES NEGATIVE NUMBERS.
R  INDICATES RECORD WAS SET OR TIED.
MM INDICATES DATA IS MISSING.
T  INDICATES TRACE AMOUNT.




$$
