000
CDUS43 KILX 010640
CLICMI


CLIMATE REPORT
NATIONAL WEATHER SERVICE LINCOLN IL
1240 AM CST SUN FEB 1 2015


...................................

...THE CHAMPAIGN IL AIRPORT CLIMATE SUMMARY FOR JANUARY 31 2015...

CLIMATE NORMAL PERIOD 1981 TO 2010
CLIMATE RECORD PERIOD 9999 TO 9999


WEATHER ITEM   OBSERVED TIME   RECORD YEAR NORMAL DEPARTURE LAST
                VALUE   (LST)  VALUE       VALUE  FROM      YEAR
                                                  NORMAL
..................................................................
TEMPERATURE (F)
 YESTERDAY
  MAXIMUM         38    236 PM  MM      MM  34      4       31
  MINIMUM         21   1241 AM  MM      MM  18      3       22
  AVERAGE         30                        26      4       27

PRECIPITATION (IN)
  YESTERDAY        0.11         MM      MM   0.05   0.06     0.05
  MONTH TO DATE    1.12                      2.05  -0.93     0.71
  SINCE DEC 1      2.79                      4.57  -1.78     2.58
  SINCE JAN 1      1.12                      2.05  -0.93     0.71

DEGREE DAYS
 HEATING
  YESTERDAY       35                        39     -4       38
  MONTH TO DATE 1235                      1231      4     1404
  SINCE DEC 1   2223                      2346   -123     2586
  SINCE JUL 1   3573                      3510     63     3780

 COOLING
  YESTERDAY        0                         0      0        0
  MONTH TO DATE    0                         0      0        0
  SINCE DEC 1      0                         0      0        0
  SINCE JAN 1      0                         0      0        0
..................................................................


WIND (MPH)
  HIGHEST WIND SPEED    16   HIGHEST WIND DIRECTION    SW (230)
  HIGHEST GUST SPEED    19   HIGHEST GUST DIRECTION    SW (220)
  AVERAGE WIND SPEED     8.9


SKY COVER
  POSSIBLE SUNSHINE  MM
  AVERAGE SKY COVER 0.6


WEATHER CONDITIONS
 THE FOLLOWING WEATHER WAS RECORDED YESTERDAY.
  LIGHT RAIN
  LIGHT SNOW
  FOG


RELATIVE HUMIDITY (PERCENT)
 HIGHEST    96           800 PM
 LOWEST     70          1100 AM
 AVERAGE    83

..........................................................


THE CHAMPAIGN IL AIRPORT CLIMATE NORMALS FOR TODAY
                         NORMAL    RECORD    YEAR
 MAXIMUM TEMPERATURE (F)   35        MM        MM
 MINIMUM TEMPERATURE (F)   18        MM        MM


SUNRISE AND SUNSET
FEBRUARY  1 2015......SUNRISE   702 AM CST   SUNSET   512 PM CST
FEBRUARY  2 2015......SUNRISE   701 AM CST   SUNSET   513 PM CST


-  INDICATES NEGATIVE NUMBERS.
R  INDICATES RECORD WAS SET OR TIED.
MM INDICATES DATA IS MISSING.
T  INDICATES TRACE AMOUNT.




$$
