000
CDUS43 KILX 050634
CLICMI


CLIMATE REPORT
NATIONAL WEATHER SERVICE LINCOLN IL
134 AM CDT SAT SEP 5 2015


...................................

...THE CHAMPAIGN IL AIRPORT CLIMATE SUMMARY FOR SEPTEMBER 4 2015...

CLIMATE NORMAL PERIOD 1981 TO 2010
CLIMATE RECORD PERIOD 9999 TO 9999


WEATHER ITEM   OBSERVED TIME   RECORD YEAR NORMAL DEPARTURE LAST
                VALUE   (LST)  VALUE       VALUE  FROM      YEAR
                                                  NORMAL
..................................................................
TEMPERATURE (F)
 YESTERDAY
  MAXIMUM         93    357 PM  MM      MM  82     11       88
  MINIMUM         67   1159 PM  MM      MM  58      9       67
  AVERAGE         80                        70     10       78

PRECIPITATION (IN)
  YESTERDAY        1.17         MM      MM   0.13   1.04     0.00
  MONTH TO DATE    2.54                      0.55   1.99     0.31
  SINCE SEP 1      2.54                      0.55   1.99     0.31
  SINCE JAN 1     27.74                     27.83  -0.09    28.88

DEGREE DAYS
 HEATING
  YESTERDAY        0                         1     -1        0
  MONTH TO DATE    0                         1     -1        0
  SINCE SEP 1      0                         1     -1        0
  SINCE JUL 1      6                        10     -4        9

 COOLING
  YESTERDAY       15                         5     10       13
  MONTH TO DATE   60                        22     38       39
  SINCE SEP 1     60                        22     38       39
  SINCE JAN 1    924                       849     75      895
..................................................................


WIND (MPH)
  HIGHEST WIND SPEED    25   HIGHEST WIND DIRECTION    NE (40)
  HIGHEST GUST SPEED    33   HIGHEST GUST DIRECTION    NE (30)
  AVERAGE WIND SPEED     4.0


SKY COVER
  POSSIBLE SUNSHINE  MM
  AVERAGE SKY COVER 0.1


WEATHER CONDITIONS
 THE FOLLOWING WEATHER WAS RECORDED YESTERDAY.
  THUNDERSTORM
  HEAVY RAIN
  RAIN
  FOG
  HAZE


RELATIVE HUMIDITY (PERCENT)
 HIGHEST    93           400 AM
 LOWEST     41           300 PM
 AVERAGE    67

..........................................................


THE CHAMPAIGN IL AIRPORT CLIMATE NORMALS FOR TODAY
                         NORMAL    RECORD    YEAR
 MAXIMUM TEMPERATURE (F)   82        MM        MM
 MINIMUM TEMPERATURE (F)   57        MM        MM


SUNRISE AND SUNSET
SEPTEMBER  5 2015.....SUNRISE   624 AM CDT   SUNSET   719 PM CDT
SEPTEMBER  6 2015.....SUNRISE   625 AM CDT   SUNSET   717 PM CDT


-  INDICATES NEGATIVE NUMBERS.
R  INDICATES RECORD WAS SET OR TIED.
MM INDICATES DATA IS MISSING.
T  INDICATES TRACE AMOUNT.




$$
