000
CDUS43 KILX 200649
CLICMI


CLIMATE REPORT
NATIONAL WEATHER SERVICE LINCOLN IL
1243 AM CST TUE FEB 20 2018


...................................

...THE CHAMPAIGN IL AIRPORT CLIMATE SUMMARY FOR FEBRUARY 19 2018...

CLIMATE NORMAL PERIOD 1981 TO 2010
CLIMATE RECORD PERIOD 9999 TO 9999


WEATHER ITEM   OBSERVED TIME   RECORD YEAR NORMAL DEPARTURE LAST
                VALUE   (LST)  VALUE       VALUE  FROM      YEAR
                                                  NORMAL
..................................................................
TEMPERATURE (F)
 YESTERDAY
  MAXIMUM         62   1139 PM  MM      MM  39     23       68
  MINIMUM         43   1240 AM  MM      MM  23     20       43
  AVERAGE         53                        31     22       56

PRECIPITATION (IN)
  YESTERDAY        1.71         MM      MM   0.08   1.63     0.00
  MONTH TO DATE    2.06                      1.38   0.68     0.19
  SINCE DEC 1      3.13                      5.95  -2.82     3.78
  SINCE JAN 1      2.90                      3.43  -0.53     2.63

DEGREE DAYS
 HEATING
  YESTERDAY       12                        34    -22        9
  MONTH TO DATE  731                       702     29      530
  SINCE DEC 1   3098                      3048     50     2642
  SINCE JUL 1   4049                      4212   -163     3375

 COOLING
  YESTERDAY        0                         0      0        0
  MONTH TO DATE    0                         0      0        0
  SINCE DEC 1      0                         0      0        0
  SINCE JAN 1      0                         0      0        0
..................................................................


WIND (MPH)
  HIGHEST WIND SPEED    35   HIGHEST WIND DIRECTION     S (200)
  HIGHEST GUST SPEED    41   HIGHEST GUST DIRECTION     S (200)
  AVERAGE WIND SPEED    20.3


SKY COVER
  POSSIBLE SUNSHINE  MM
  AVERAGE SKY COVER 1.0


WEATHER CONDITIONS
 THE FOLLOWING WEATHER WAS RECORDED YESTERDAY.
  THUNDERSTORM
  HEAVY RAIN
  RAIN
  LIGHT RAIN
  FOG


RELATIVE HUMIDITY (PERCENT)
 HIGHEST   100           700 AM
 LOWEST     76          1200 AM
 AVERAGE    88

..........................................................


THE CHAMPAIGN IL AIRPORT CLIMATE NORMALS FOR TODAY
                         NORMAL    RECORD    YEAR
 MAXIMUM TEMPERATURE (F)   39        MM        MM
 MINIMUM TEMPERATURE (F)   23        MM        MM


SUNRISE AND SUNSET
FEBRUARY 20 2018......SUNRISE   639 AM CST   SUNSET   535 PM CST
FEBRUARY 21 2018......SUNRISE   638 AM CST   SUNSET   536 PM CST


-  INDICATES NEGATIVE NUMBERS.
R  INDICATES RECORD WAS SET OR TIED.
MM INDICATES DATA IS MISSING.
T  INDICATES TRACE AMOUNT.




$$
