000
CDUS43 KILX 282129
CLICMI


CLIMATE REPORT
NATIONAL WEATHER SERVICE LINCOLN IL
429 PM CDT THU MAY 28 2015


...................................

...THE CHAMPAIGN IL AIRPORT CLIMATE SUMMARY FOR MAY 28 2015...
VALID TODAY AS OF 0400 PM LOCAL TIME.

CLIMATE NORMAL PERIOD 1981 TO 2010
CLIMATE RECORD PERIOD 9999 TO 9999


WEATHER ITEM   OBSERVED TIME   RECORD YEAR NORMAL DEPARTURE LAST
                VALUE   (LST)  VALUE       VALUE  FROM      YEAR
                                                  NORMAL
..................................................................
TEMPERATURE (F)
 TODAY
  MAXIMUM         87    247 PM  MM      MM  79      8       88
  MINIMUM         55    408 AM  MM      MM  55      0       65
  AVERAGE         71                        67      4       77

PRECIPITATION (IN)
  TODAY            0.00         MM      MM   0.15  -0.15      T
  MONTH TO DATE    3.00                      4.13  -1.13     5.94
  SINCE MAR 1      7.15                     10.67  -3.52    11.09
  SINCE JAN 1      8.82                     14.74  -5.92    13.84

DEGREE DAYS
 HEATING
  TODAY            0                         2     -2        0
  MONTH TO DATE   77                       135    -58      134
  SINCE MAR 1   1278                      1297    -19     1405
  SINCE JUL 1   6154                      5799    355     6486

 COOLING
  TODAY            6                         4      2       12
  MONTH TO DATE  139                        68     71      116
  SINCE MAR 1    142                        79     63      119
  SINCE JAN 1    142                        79     63      119
..................................................................


WIND (MPH)
  HIGHEST WIND SPEED    17   HIGHEST WIND DIRECTION    SE (120)
  HIGHEST GUST SPEED    22   HIGHEST GUST DIRECTION    SE (120)
  AVERAGE WIND SPEED    10.0


SKY COVER
  POSSIBLE SUNSHINE  MM
  AVERAGE SKY COVER 0.0


WEATHER CONDITIONS
 THE FOLLOWING WEATHER WAS RECORDED TODAY.
  NO SIGNIFICANT WEATHER WAS OBSERVED.


RELATIVE HUMIDITY (PERCENT)
 HIGHEST    86           400 AM
 LOWEST     29           100 PM
 AVERAGE    58

..........................................................


THE CHAMPAIGN IL AIRPORT CLIMATE NORMALS FOR TOMORROW
                         NORMAL    RECORD    YEAR
 MAXIMUM TEMPERATURE (F)   80        MM        MM
 MINIMUM TEMPERATURE (F)   55        MM        MM


SUNRISE AND SUNSET
MAY 28 2015...........SUNRISE   528 AM CDT   SUNSET   813 PM CDT
MAY 29 2015...........SUNRISE   528 AM CDT   SUNSET   814 PM CDT


-  INDICATES NEGATIVE NUMBERS.
R  INDICATES RECORD WAS SET OR TIED.
MM INDICATES DATA IS MISSING.
T  INDICATES TRACE AMOUNT.




$$
