763
CDUS43 KILX 302149
CLICMI


CLIMATE REPORT
NATIONAL WEATHER SERVICE LINCOLN IL
449 PM CDT MON MAY 30 2016


...................................

...THE CHAMPAIGN IL AIRPORT CLIMATE SUMMARY FOR MAY 30 2016...
VALID TODAY AS OF 0400 PM LOCAL TIME.

CLIMATE NORMAL PERIOD 1981 TO 2010
CLIMATE RECORD PERIOD 9999 TO 9999


WEATHER ITEM   OBSERVED TIME   RECORD YEAR NORMAL DEPARTURE LAST
                VALUE   (LST)  VALUE       VALUE  FROM      YEAR
                                                  NORMAL
..................................................................
TEMPERATURE (F)
 TODAY
  MAXIMUM         89    151 PM  MM      MM  80      9       77
  MINIMUM         59    416 AM  MM      MM  56      3       50
  AVERAGE         74                        68      6       64

PRECIPITATION (IN)
  TODAY            0.00         MM      MM   0.14  -0.14     2.43
  MONTH TO DATE    2.43                      4.41  -1.98     5.43
  SINCE MAR 1      8.75                     10.95  -2.20     9.58
  SINCE JAN 1     10.41                     15.02  -4.61    11.25

DEGREE DAYS
 HEATING
  TODAY            0                         2     -2        1
  MONTH TO DATE  153                       139     14       78
  SINCE MAR 1   1072                      1301   -229     1279
  SINCE JUL 1   4759                      5803  -1044     6155

 COOLING
  TODAY            9                         5      4        0
  MONTH TO DATE   75                        77     -2      151
  SINCE MAR 1     89                        88      1      154
  SINCE JAN 1     89                        88      1      154
..................................................................


WIND (MPH)
  HIGHEST WIND SPEED    13   HIGHEST WIND DIRECTION    NW (330)
  HIGHEST GUST SPEED    23   HIGHEST GUST DIRECTION     W (270)
  AVERAGE WIND SPEED     3.8


SKY COVER
  POSSIBLE SUNSHINE  MM
  AVERAGE SKY COVER 0.1


WEATHER CONDITIONS
 THE FOLLOWING WEATHER WAS RECORDED TODAY.
  NO SIGNIFICANT WEATHER WAS OBSERVED.


RELATIVE HUMIDITY (PERCENT)
 HIGHEST    90           400 AM
 LOWEST     29           200 PM
 AVERAGE    60

..........................................................


THE CHAMPAIGN IL AIRPORT CLIMATE NORMALS FOR TOMORROW
                         NORMAL    RECORD    YEAR
 MAXIMUM TEMPERATURE (F)   80        MM        MM
 MINIMUM TEMPERATURE (F)   56        MM        MM


SUNRISE AND SUNSET
MAY 30 2016...........SUNRISE   527 AM CDT   SUNSET   815 PM CDT
MAY 31 2016...........SUNRISE   527 AM CDT   SUNSET   816 PM CDT


-  INDICATES NEGATIVE NUMBERS.
R  INDICATES RECORD WAS SET OR TIED.
MM INDICATES DATA IS MISSING.
T  INDICATES TRACE AMOUNT.




$$
