000
CDUS43 KTOP 280634
CLICNK


CLIMATE REPORT
NATIONAL WEATHER SERVICE TOPEKA KS
133 AM CDT SAT MAR 28 2015


...................................

...THE CONCORDIA KS CLIMATE SUMMARY FOR MARCH 27 2015...

CLIMATE NORMAL PERIOD 1981 TO 2010
CLIMATE RECORD PERIOD 1885 TO 2015


WEATHER ITEM   OBSERVED TIME   RECORD YEAR NORMAL DEPARTURE LAST
                VALUE   (LST)  VALUE       VALUE  FROM      YEAR
                                                  NORMAL
..................................................................
TEMPERATURE (F)
 YESTERDAY
  MAXIMUM         45    618 PM  89    1895  59    -14       59
  MINIMUM         28    649 AM  12    1913  35     -7       32
  AVERAGE         37                        47    -10       46

PRECIPITATION (IN)
  YESTERDAY        T             1.13 2004   0.08  -0.08     0.00
  MONTH TO DATE    0.11                      1.67  -1.56     0.22
  SINCE MAR 1      0.11                      1.67  -1.56     0.22
  SINCE JAN 1      1.63                      3.04  -1.41     1.41

SNOWFALL (IN)
  YESTERDAY        0.0           1.1  1970   0.1   -0.1      0.0
  MONTH TO DATE    0.0                       2.4   -2.4      2.2
  SINCE JAN 1      5.6                      12.8   -7.2     16.9
  SINCE JUL 1     11.7                      19.3   -7.6     23.2
  SNOW DEPTH       0

DEGREE DAYS
 HEATING
  YESTERDAY       28                        18     10       19
  MONTH TO DATE  514                       614   -100      731
  SINCE MAR 1    514                       614   -100      731
  SINCE JUL 1   4721                      4821   -100     5213

 COOLING
  YESTERDAY        0                         0      0        0
  MONTH TO DATE    4                         0      4        0
  SINCE MAR 1      4                         0      4        0
  SINCE JAN 1      4                         0      4        0
..................................................................


WIND (MPH)
  HIGHEST WIND SPEED    18   HIGHEST WIND DIRECTION     N (20)
  HIGHEST GUST SPEED    24   HIGHEST GUST DIRECTION     N (20)
  AVERAGE WIND SPEED     7.1


SKY COVER
  AVERAGE SKY COVER 0.7


WEATHER CONDITIONS
 THE FOLLOWING WEATHER WAS RECORDED YESTERDAY.
  NO SIGNIFICANT WEATHER WAS OBSERVED.


RELATIVE HUMIDITY (PERCENT)
 HIGHEST   100           400 AM
 LOWEST     39           100 PM
 AVERAGE    70

..........................................................


THE CONCORDIA KS CLIMATE NORMALS FOR TODAY
                         NORMAL    RECORD    YEAR
 MAXIMUM TEMPERATURE (F)   59        93      1895
 MINIMUM TEMPERATURE (F)   35         3      1970


SUNRISE AND SUNSET
MARCH 28 2015.........SUNRISE   722 AM CDT   SUNSET   750 PM CDT
MARCH 29 2015.........SUNRISE   720 AM CDT   SUNSET   751 PM CDT


-  INDICATES NEGATIVE NUMBERS.
R  INDICATES RECORD WAS SET OR TIED.
MM INDICATES DATA IS MISSING.
T  INDICATES TRACE AMOUNT.




$$
