000
CDUS43 KTOP 042131
CLICNK


CLIMATE REPORT
NATIONAL WEATHER SERVICE TOPEKA KS
431 PM CDT TUE AUG 4 2015


...................................

...THE CONCORDIA KS CLIMATE SUMMARY FOR AUGUST 4 2015...
VALID TODAY AS OF 0400 PM LOCAL TIME.

CLIMATE NORMAL PERIOD 1981 TO 2010
CLIMATE RECORD PERIOD 1885 TO 2015


WEATHER ITEM   OBSERVED TIME   RECORD YEAR NORMAL DEPARTURE LAST
                VALUE   (LST)  VALUE       VALUE  FROM      YEAR
                                                  NORMAL
..................................................................
TEMPERATURE (F)
 TODAY
  MAXIMUM         84    134 PM 108    1918  90     -6       96
  MINIMUM         69    517 AM  49    1894  67      2       67
  AVERAGE         77                        79     -2       82

PRECIPITATION (IN)
  TODAY            0.05          1.44 1977   0.10  -0.05     0.00
  MONTH TO DATE    0.05                      0.43  -0.38     0.00
  SINCE JUN 1      9.73                      8.40   1.33     7.84
  SINCE JAN 1     17.81                     18.39  -0.58    13.67

SNOWFALL (IN)
  TODAY            0.0           0.0    MM   0.0    0.0      0.0
  MONTH TO DATE    0.0                       0.0    0.0      0.0
  SINCE JAN 1      5.6                      13.7   -8.1     16.9
  SINCE JUL 1      0.0                       0.0    0.0      0.0
  SNOW DEPTH       0

DEGREE DAYS
 HEATING
  TODAY            0                         0      0        0
  MONTH TO DATE    0                         0      0        0
  SINCE JUN 1      2                        13    -11        3
  SINCE JUL 1      0                         0      0        2

 COOLING
  TODAY           12                        14     -2       17
  MONTH TO DATE   62                        56      6       56
  SINCE JUN 1    767                       757     10      705
  SINCE JAN 1    822                       846    -24      880
..................................................................


WIND (MPH)
  HIGHEST WIND SPEED    21   HIGHEST WIND DIRECTION    NE (50)
  HIGHEST GUST SPEED    25   HIGHEST GUST DIRECTION    NE (50)
  AVERAGE WIND SPEED     6.7



WEATHER CONDITIONS
 THE FOLLOWING WEATHER WAS RECORDED TODAY.
  THUNDERSTORM
  HEAVY RAIN
  LIGHT RAIN
  FOG
  FOG W/VISIBILITY <= 1/4 MILE


RELATIVE HUMIDITY (PERCENT)
 HIGHEST   100           200 AM
 LOWEST     69           100 PM
 AVERAGE    85

..........................................................


THE CONCORDIA KS CLIMATE NORMALS FOR TOMORROW
                         NORMAL    RECORD    YEAR
 MAXIMUM TEMPERATURE (F)   90       107      1913
 MINIMUM TEMPERATURE (F)   67        55      1994
                                             1948
                                             1890


SUNRISE AND SUNSET
AUGUST  4 2015........SUNRISE   633 AM CDT   SUNSET   840 PM CDT
AUGUST  5 2015........SUNRISE   634 AM CDT   SUNSET   839 PM CDT


-  INDICATES NEGATIVE NUMBERS.
R  INDICATES RECORD WAS SET OR TIED.
MM INDICATES DATA IS MISSING.
T  INDICATES TRACE AMOUNT.




$$
