000
CDUS43 KICT 190624
CLICNU


CLIMATE REPORT
NATIONAL WEATHER SERVICE WICHITA KS
123 AM CDT THU OCT 19 2017


...................................

...THE CHANUTE KS CLIMATE SUMMARY FOR OCTOBER 18 2017...

CLIMATE NORMAL PERIOD 1981 TO 2010
CLIMATE RECORD PERIOD 1894 TO 2017


WEATHER ITEM   OBSERVED TIME   RECORD YEAR NORMAL DEPARTURE LAST
                VALUE   (LST)  VALUE       VALUE  FROM      YEAR
                                                  NORMAL
..................................................................
TEMPERATURE (F)
 YESTERDAY
  MAXIMUM         75    328 PM  90    1932  69      6       79
  MINIMUM         47    645 AM  28    1922  47      0       59
  AVERAGE         61                        58      3       69

PRECIPITATION (IN)
  YESTERDAY        0.00          1.84 1935   0.11  -0.11     0.00
  MONTH TO DATE    3.71                      2.36   1.35     3.10
  SINCE SEP 1      7.30                      6.03   1.27    10.01
  SINCE JAN 1     43.94                     36.52   7.42    35.24

DEGREE DAYS
 HEATING
  YESTERDAY        4                         8     -4        0
  MONTH TO DATE   57                       110    -53       48
  SINCE SEP 1     64                       156    -92       59
  SINCE JUL 1     64                       157    -93       59

 COOLING
  YESTERDAY        0                         1     -1        4
  MONTH TO DATE   78                        26     52       59
  SINCE SEP 1    308                       219     89      320
  SINCE JAN 1   1615                      1523     92     1801
..................................................................


WIND (MPH)
  HIGHEST WIND SPEED    25   HIGHEST WIND DIRECTION     S (190)
  HIGHEST GUST SPEED    34   HIGHEST GUST DIRECTION     S (190)
  AVERAGE WIND SPEED    11.4


SKY COVER
  POSSIBLE SUNSHINE  MM
  AVERAGE SKY COVER 0.0


WEATHER CONDITIONS
 THE FOLLOWING WEATHER WAS RECORDED YESTERDAY.
  NO SIGNIFICANT WEATHER WAS OBSERVED.


RELATIVE HUMIDITY (PERCENT)
 HIGHEST    86           300 AM
 LOWEST     44          1100 AM
 AVERAGE    65

..........................................................


THE CHANUTE KS CLIMATE NORMALS FOR TODAY
                         NORMAL    RECORD    YEAR
 MAXIMUM TEMPERATURE (F)   68        87      1963
 MINIMUM TEMPERATURE (F)   46        24      1972


SUNRISE AND SUNSET
OCTOBER 19 2017.......SUNRISE   734 AM CDT   SUNSET   639 PM CDT
OCTOBER 20 2017.......SUNRISE   735 AM CDT   SUNSET   637 PM CDT


-  INDICATES NEGATIVE NUMBERS.
R  INDICATES RECORD WAS SET OR TIED.
MM INDICATES DATA IS MISSING.
T  INDICATES TRACE AMOUNT.




$$
