000
CDUS43 KICT 200620
CLICNU


CLIMATE REPORT
NATIONAL WEATHER SERVICE WICHITA KS
119 AM CDT WED AUG 20 2014


...................................

...THE CHANUTE KS CLIMATE SUMMARY FOR AUGUST 19 2014...

CLIMATE NORMAL PERIOD 1981 TO 2010
CLIMATE RECORD PERIOD 1894 TO 2014


WEATHER ITEM   OBSERVED TIME   RECORD YEAR NORMAL DEPARTURE LAST
                VALUE   (LST)  VALUE       VALUE  FROM      YEAR
                                                  NORMAL
..................................................................
TEMPERATURE (F)
 YESTERDAY
  MAXIMUM         98    401 PM 105    1936  90      8       86
  MINIMUM         71    303 AM  51    2001  68      3       62
  AVERAGE         85                        79      6       74

PRECIPITATION (IN)
  YESTERDAY        0.20          2.53 2009   0.11   0.09     0.00
  MONTH TO DATE    1.36                      2.30  -0.94     3.91
  SINCE JUN 1     11.02                     12.70  -1.68    17.06
  SINCE JAN 1     20.48                     29.10  -8.62    35.62

DEGREE DAYS
 HEATING
  YESTERDAY        0                         0      0        0
  MONTH TO DATE    0                         0      0        0
  SINCE JUN 1      1                         6     -5       10
  SINCE JUL 1      1                         0      1        0

 COOLING
  YESTERDAY       20                        14      6        9
  MONTH TO DATE  251                       279    -28      206
  SINCE JUN 1    859                      1020   -161      947
  SINCE JAN 1   1051                      1153   -102     1070
..................................................................


WIND (MPH)
  HIGHEST WIND SPEED    23   HIGHEST WIND DIRECTION     W (260)
  HIGHEST GUST SPEED    30   HIGHEST GUST DIRECTION     W (260)
  AVERAGE WIND SPEED     9.1


SKY COVER
  POSSIBLE SUNSHINE  MM
  AVERAGE SKY COVER 0.1


WEATHER CONDITIONS
 THE FOLLOWING WEATHER WAS RECORDED YESTERDAY.
  THUNDERSTORM
  HEAVY RAIN
  LIGHT RAIN
  HAZE


RELATIVE HUMIDITY (PERCENT)
 HIGHEST    87           200 AM
 LOWEST     33           100 PM
 AVERAGE    60

..........................................................


THE CHANUTE KS CLIMATE NORMALS FOR TODAY
                         NORMAL    RECORD    YEAR
 MAXIMUM TEMPERATURE (F)   90       103      1962
 MINIMUM TEMPERATURE (F)   68        50      1940


SUNRISE AND SUNSET
AUGUST 20 2014........SUNRISE   642 AM CDT   SUNSET   808 PM CDT
AUGUST 21 2014........SUNRISE   643 AM CDT   SUNSET   807 PM CDT


-  INDICATES NEGATIVE NUMBERS.
R  INDICATES RECORD WAS SET OR TIED.
MM INDICATES DATA IS MISSING.
T  INDICATES TRACE AMOUNT.




$$
