000
CDUS45 KGJT 230734
CLICNY


CLIMATE REPORT
NATIONAL WEATHER SERVICE GRAND JUNCTION CO
132 AM MDT TUE SEP 23 2014


...................................

...THE CANYONLANDS AIRPORT UT CLIMATE SUMMARY FOR SEPTEMBER 22 2014...

CLIMATE NORMAL PERIOD 1981 TO 2010
CLIMATE RECORD PERIOD 9999 TO 9999


WEATHER ITEM   OBSERVED TIME   RECORD YEAR NORMAL DEPARTURE LAST
                VALUE   (LST)  VALUE       VALUE  FROM      YEAR
                                                  NORMAL
..................................................................
TEMPERATURE (F)
 YESTERDAY
  MAXIMUM         81    410 PM  MM      MM  80      1       71
  MINIMUM         58    502 AM  MM      MM  49      9       48
  AVERAGE         70                        64      6       60

PRECIPITATION (IN)
  YESTERDAY        0.01         MM      MM   0.04  -0.03     0.29
  MONTH TO DATE    0.92                      0.71   0.21     1.06
  SINCE SEP 1      0.92                      0.71   0.21     1.06
  SINCE JAN 1      6.23                      6.09   0.14     4.96

SNOWFALL (IN)
  YESTERDAY       MM            MM      MM  MM     MM       MM
  MONTH TO DATE   MM                        MM     MM       MM
  SINCE SEP 1     MM                        MM     MM       MM
  SINCE JUL 1     MM                        MM     MM       MM
  SNOW DEPTH      MM

DEGREE DAYS
 HEATING
  YESTERDAY        0                         3     -3        5
  MONTH TO DATE    0                        25    -25        6
  SINCE SEP 1      0                        25    -25        6
  SINCE JUL 1      0                        26    -26        6

 COOLING
  YESTERDAY        5                         2      3        0
  MONTH TO DATE  176                       107     69      170
  SINCE SEP 1    176                       107     69      170
  SINCE JAN 1   1409                      1273    136     1637
..................................................................


WIND (MPH)
  HIGHEST WIND SPEED    28   HIGHEST WIND DIRECTION     W (280)
  HIGHEST GUST SPEED    34   HIGHEST GUST DIRECTION     W (270)
  AVERAGE WIND SPEED     4.6


SKY COVER
  POSSIBLE SUNSHINE  MM
  AVERAGE SKY COVER 0.3


WEATHER CONDITIONS
 THE FOLLOWING WEATHER WAS RECORDED YESTERDAY.
  THUNDERSTORM
  LIGHT RAIN


RELATIVE HUMIDITY (PERCENT)
 HIGHEST    90           100 AM
 LOWEST     33           300 PM
 AVERAGE    62

..........................................................


THE CANYONLANDS AIRPORT UT CLIMATE NORMALS FOR TODAY
                         NORMAL    RECORD    YEAR
 MAXIMUM TEMPERATURE (F)   79        MM        MM
 MINIMUM TEMPERATURE (F)   49        MM        MM


SUNRISE AND SUNSET
SEPTEMBER 23 2014.....SUNRISE   708 AM MDT   SUNSET   714 PM MDT
SEPTEMBER 24 2014.....SUNRISE   709 AM MDT   SUNSET   713 PM MDT


-  INDICATES NEGATIVE NUMBERS.
R  INDICATES RECORD WAS SET OR TIED.
MM INDICATES DATA IS MISSING.
T  INDICATES TRACE AMOUNT.




$$
