000
CDUS41 KGYX 042056
CLICON


CLIMATE REPORT
NATIONAL WEATHER SERVICE GRAY ME
456 PM EDT WED MAY 4 2016


...................................

...THE CONCORD NH CLIMATE SUMMARY FOR MAY 4 2016...
VALID TODAY AS OF 0400 PM LOCAL TIME.

CLIMATE NORMAL PERIOD 1981 TO 2010
CLIMATE RECORD PERIOD 1868 TO 2016


WEATHER ITEM   OBSERVED TIME   RECORD YEAR NORMAL DEPARTURE LAST
                VALUE   (LST)  VALUE       VALUE  FROM      YEAR
                                                  NORMAL
..................................................................
TEMPERATURE (F)
 TODAY
  MAXIMUM         50    941 AM  92    1944  65    -15       87
  MINIMUM         44    509 AM  22    1946  39      5       42
  AVERAGE         47                        52     -5       65

PRECIPITATION (IN)
  TODAY            0.04          1.80 1940   0.12  -0.08     0.00
  MONTH TO DATE    0.75                      0.46   0.29     0.00
  SINCE MAR 1      5.07                      7.14  -2.07     3.74
  SINCE JAN 1     10.82                     12.46  -1.64     9.80

SNOWFALL (IN)
  TODAY            0.0           T    1986   0.1   -0.1      0.0
  MONTH TO DATE    0.0                       0.1   -0.1      0.0
  SINCE MAR 1      5.0                      14.0   -9.0      7.9
  SINCE JUL 1     29.7                      61.5  -31.8     92.1
  SNOW DEPTH       0

DEGREE DAYS
 HEATING
  TODAY           18                        13      5        0
  MONTH TO DATE   76                        55     21       34
  SINCE MAR 1   1484                      1642   -158     1791
  SINCE JUL 1   5833                      6902  -1069     7245

 COOLING
  TODAY            0                         0      0        0
  MONTH TO DATE    0                         0      0        0
  SINCE MAR 1      0                         2     -2        0
  SINCE JAN 1      0                         2     -2        0
..................................................................


WIND (MPH)
  HIGHEST WIND SPEED     8   HIGHEST WIND DIRECTION    NE (60)
  HIGHEST GUST SPEED    11   HIGHEST GUST DIRECTION    SE (130)
  AVERAGE WIND SPEED     2.1


SKY COVER
  POSSIBLE SUNSHINE  MM
  AVERAGE SKY COVER 1.0


WEATHER CONDITIONS
 THE FOLLOWING WEATHER WAS RECORDED TODAY.
  LIGHT RAIN
  HAZE


RELATIVE HUMIDITY (PERCENT)
 HIGHEST    83           300 AM
 LOWEST     71           800 AM
 AVERAGE    77

..........................................................


THE CONCORD NH CLIMATE NORMALS FOR TOMORROW
                         NORMAL    RECORD    YEAR
 MAXIMUM TEMPERATURE (F)   66        91      1944
 MINIMUM TEMPERATURE (F)   39        25      1966


SUNRISE AND SUNSET
MAY  4 2016...........SUNRISE   535 AM EDT   SUNSET   751 PM EDT
MAY  5 2016...........SUNRISE   533 AM EDT   SUNSET   753 PM EDT


-  INDICATES NEGATIVE NUMBERS.
R  INDICATES RECORD WAS SET OR TIED.
MM INDICATES DATA IS MISSING.
T  INDICATES TRACE AMOUNT.




$$
