000
CDUS41 KGYX 032144
CLICON


CLIMATE REPORT
NATIONAL WEATHER SERVICE GRAY ME
444 PM EST SAT DEC 3 2016


...................................

...THE CONCORD NH CLIMATE SUMMARY FOR DECEMBER 3 2016...
VALID TODAY AS OF 0400 PM LOCAL TIME.

CLIMATE NORMAL PERIOD 1981 TO 2010
CLIMATE RECORD PERIOD 1868 TO 2016


WEATHER ITEM   OBSERVED TIME   RECORD YEAR NORMAL DEPARTURE LAST
                VALUE   (LST)  VALUE       VALUE  FROM      YEAR
                                                  NORMAL
..................................................................
TEMPERATURE (F)
 TODAY
  MAXIMUM         44   1248 PM  65    2009  41      3       44
  MINIMUM         31    450 AM  -6    1875  22      9       35
  AVERAGE         38                        32      6       40

PRECIPITATION (IN)
  TODAY            0.00          2.27 1905   0.11  -0.11     0.01
  MONTH TO DATE    0.77                      0.33   0.44     0.46
  SINCE DEC 1      0.77                      0.33   0.44     0.46
  SINCE JAN 1     30.52                     37.74  -7.22    33.99

SNOWFALL (IN)
  TODAY            0.0           7.3  2007   0.3   -0.3      0.0
  MONTH TO DATE    0.0                       1.0   -1.0      0.0
  SINCE DEC 1      0.0                       1.0   -1.0      0.0
  SINCE JUL 1      1.2                       3.6   -2.4      0.0
  SNOW DEPTH       0

DEGREE DAYS
 HEATING
  TODAY           27                        33     -6       25
  MONTH TO DATE   69                        98    -29       91
  SINCE DEC 1     69                        98    -29       91
  SINCE JUL 1   1321                      1658   -337     1371

 COOLING
  TODAY            0                         0      0        0
  MONTH TO DATE    0                         0      0        0
  SINCE DEC 1      0                         0      0        0
  SINCE JAN 1    715                       452    263      595
..................................................................


WIND (MPH)
  HIGHEST WIND SPEED    22   HIGHEST WIND DIRECTION    NW (310)
  HIGHEST GUST SPEED    32   HIGHEST GUST DIRECTION    NW (300)
  AVERAGE WIND SPEED    10.8


SKY COVER
  POSSIBLE SUNSHINE  MM
  AVERAGE SKY COVER 0.9


WEATHER CONDITIONS
 THE FOLLOWING WEATHER WAS RECORDED TODAY.
  NO SIGNIFICANT WEATHER WAS OBSERVED.


RELATIVE HUMIDITY (PERCENT)
 HIGHEST    76          1200 AM
 LOWEST     49          1200 PM
 AVERAGE    63

..........................................................


THE CONCORD NH CLIMATE NORMALS FOR TOMORROW
                         NORMAL    RECORD    YEAR
 MAXIMUM TEMPERATURE (F)   41        68      1982
 MINIMUM TEMPERATURE (F)   22       -11      1940


SUNRISE AND SUNSET
DECEMBER  3 2016......SUNRISE   701 AM EST   SUNSET   411 PM EST
DECEMBER  4 2016......SUNRISE   702 AM EST   SUNSET   411 PM EST


-  INDICATES NEGATIVE NUMBERS.
R  INDICATES RECORD WAS SET OR TIED.
MM INDICATES DATA IS MISSING.
T  INDICATES TRACE AMOUNT.




$$
