000
CDUS41 KGYX 280821
CLICON


CLIMATE REPORT
NATIONAL WEATHER SERVICE GRAY ME
421 AM EDT TUE MAR 28 2017


...................................

...THE CONCORD NH CLIMATE SUMMARY FOR MARCH 27 2017...

CLIMATE NORMAL PERIOD 1981 TO 2010
CLIMATE RECORD PERIOD 1868 TO 2017


WEATHER ITEM   OBSERVED TIME   RECORD YEAR NORMAL DEPARTURE LAST
                VALUE   (LST)  VALUE       VALUE  FROM      YEAR
                                                  NORMAL
..................................................................
TEMPERATURE (F)
 YESTERDAY
  MAXIMUM         39    250 PM  76    1998  48     -9       50
  MINIMUM         32   1201 AM   9    1975  26      6       28
                                      1956
  AVERAGE         36                        37     -1       39

PRECIPITATION (IN)
  YESTERDAY        0.84          0.96 1913   0.11   0.73     0.00
  MONTH TO DATE    2.84                      2.83   0.01     2.08
  SINCE MAR 1      2.84                      2.83   0.01     2.08
  SINCE JAN 1      7.79                      8.15  -0.36     7.83

SNOWFALL (IN)
  YESTERDAY       MM             5.0  1871   0.2   MM        0.0
  MONTH TO DATE   16.5                      10.1    6.4      2.3
  SINCE MAR 1     16.5                      10.1    6.4      2.3
  SINCE JUL 1     73.5                      57.6   15.9     27.0
  SNOW DEPTH       8

DEGREE DAYS
 HEATING
  YESTERDAY       29                        28      1       26
  MONTH TO DATE  996                       880    116      701
  SINCE MAR 1    996                       880    116      701
  SINCE JUL 1   5494                      6140   -646     5050

 COOLING
  YESTERDAY        0                         0      0        0
  MONTH TO DATE    0                         0      0        0
  SINCE MAR 1      0                         0      0        0
  SINCE JAN 1      0                         0      0        0
..................................................................


WIND (MPH)
  RESULTANT WIND SPEED   3   RESULTANT WIND DIRECTION  NE (30)
  HIGHEST WIND SPEED     9   HIGHEST WIND DIRECTION    NE (30)
  HIGHEST GUST SPEED    13   HIGHEST GUST DIRECTION    NE (30)
  AVERAGE WIND SPEED     4.3


SKY COVER
  AVERAGE SKY COVER 1.0


WEATHER CONDITIONS
 THE FOLLOWING WEATHER WAS RECORDED YESTERDAY.
  HEAVY RAIN
  RAIN
  LIGHT RAIN
  FOG


RELATIVE HUMIDITY (PERCENT)
 HIGHEST    96           800 AM
 LOWEST     82           100 AM
 AVERAGE    89

..........................................................


THE CONCORD NH CLIMATE NORMALS FOR TODAY
                         NORMAL    RECORD    YEAR
 MAXIMUM TEMPERATURE (F)   49        86      1998
 MINIMUM TEMPERATURE (F)   27         2      1923


SUNRISE AND SUNSET
MARCH 28 2017.........SUNRISE   635 AM EDT   SUNSET   708 PM EDT
MARCH 29 2017.........SUNRISE   633 AM EDT   SUNSET   709 PM EDT


-  INDICATES NEGATIVE NUMBERS.
R  INDICATES RECORD WAS SET OR TIED.
MM INDICATES DATA IS MISSING.
T  INDICATES TRACE AMOUNT.




$$
