000
CDUS41 KGYX 300803
CLICON


CLIMATE REPORT
NATIONAL WEATHER SERVICE GRAY ME
403 AM EDT THU OCT 30 2014


...................................

...THE CONCORD NH CLIMATE SUMMARY FOR OCTOBER 29 2014...

CLIMATE NORMAL PERIOD 1981 TO 2010
CLIMATE RECORD PERIOD 1868 TO 2014


WEATHER ITEM   OBSERVED TIME   RECORD YEAR NORMAL DEPARTURE LAST
                VALUE   (LST)  VALUE       VALUE  FROM      YEAR
                                                  NORMAL
..................................................................
TEMPERATURE (F)
 YESTERDAY
  MAXIMUM         58    349 PM  79    1918  56      2       48
  MINIMUM         41   1159 PM  16    1969  32      9       17
  AVERAGE         50                        44      6       33

PRECIPITATION (IN)
  YESTERDAY        0.08          1.44 2003   0.13  -0.05     0.00
  MONTH TO DATE    4.46                      3.79   0.67     1.16
  SINCE SEP 1      4.88                      7.17  -2.29     5.97
  SINCE JAN 1     37.76                     33.44   4.32    34.26

SNOWFALL (IN)
  YESTERDAY        0.0          13.6  2011   0.0    0.0      0.0
  MONTH TO DATE    0.0                       0.0    0.0      0.0
  SINCE SEP 1      0.0                       0.0    0.0      0.0
  SINCE JUL 1      0.0                       0.0    0.0      0.0
  SNOW DEPTH       0

DEGREE DAYS
 HEATING
  YESTERDAY       15                        21     -6       32
  MONTH TO DATE  363                       481   -118      435
  SINCE SEP 1    552                       668   -116      634
  SINCE JUL 1    584                       716   -132      664

 COOLING
  YESTERDAY        0                         0      0        0
  MONTH TO DATE    6                         0      6        0
  SINCE SEP 1     56                        37     19       46
  SINCE JAN 1    387                       450    -63      537
..................................................................


WIND (MPH)
  RESULTANT WIND SPEED   1   RESULTANT WIND DIRECTION   W (270)
  HIGHEST WIND SPEED    13   HIGHEST WIND DIRECTION    NW (300)
  HIGHEST GUST SPEED    18   HIGHEST GUST DIRECTION    NW (300)
  AVERAGE WIND SPEED     1.8


SKY COVER
  AVERAGE SKY COVER 0.8


WEATHER CONDITIONS
 THE FOLLOWING WEATHER WAS RECORDED YESTERDAY.
  LIGHT RAIN
  FOG
  FOG W/VISIBILITY <= 1/4 MILE


RELATIVE HUMIDITY (PERCENT)
 HIGHEST   100           100 AM
 LOWEST     62           400 PM
 AVERAGE    81

..........................................................


THE CONCORD NH CLIMATE NORMALS FOR TODAY
                         NORMAL    RECORD    YEAR
 MAXIMUM TEMPERATURE (F)   55        75      1989
 MINIMUM TEMPERATURE (F)   32        14      1978


SUNRISE AND SUNSET
OCTOBER 30 2014.......SUNRISE   718 AM EDT   SUNSET   540 PM EDT
OCTOBER 31 2014.......SUNRISE   720 AM EDT   SUNSET   539 PM EDT


-  INDICATES NEGATIVE NUMBERS.
R  INDICATES RECORD WAS SET OR TIED.
MM INDICATES DATA IS MISSING.
T  INDICATES TRACE AMOUNT.




$$
