000
CDUS41 KGYX 310802
CLICON


CLIMATE REPORT
NATIONAL WEATHER SERVICE GRAY ME
401 AM EDT TUE MAY 31 2016


...................................

...THE CONCORD NH CLIMATE SUMMARY FOR MAY 30 2016...

CLIMATE NORMAL PERIOD 1981 TO 2010
CLIMATE RECORD PERIOD 1868 TO 2016


WEATHER ITEM   OBSERVED TIME   RECORD YEAR NORMAL DEPARTURE LAST
                VALUE   (LST)  VALUE       VALUE  FROM      YEAR
                                                  NORMAL
..................................................................
TEMPERATURE (F)
 YESTERDAY
  MAXIMUM         80    507 PM  95    1929  73      7       89
  MINIMUM         52    322 AM  30    1967  47      5       57
  AVERAGE         66                        60      6       73

PRECIPITATION (IN)
  YESTERDAY        0.13          1.34 1984   0.13   0.00     0.00
  MONTH TO DATE    2.63                      3.53  -0.90     0.18
  SINCE MAR 1      6.95                     10.21  -3.26     3.92
  SINCE JAN 1     12.70                     15.53  -2.83     9.98

SNOWFALL (IN)
  YESTERDAY        0.0           T    1884   0.0    0.0      0.0
  MONTH TO DATE    0.0                       0.2   -0.2      0.0
  SINCE MAR 1      5.0                      14.1   -9.1      7.9
  SINCE JUL 1     29.7                      61.6  -31.9     92.1
  SNOW DEPTH       0

DEGREE DAYS
 HEATING
  YESTERDAY        0                         6     -6        0
  MONTH TO DATE  262                       298    -36      151
  SINCE MAR 1   1670                      1885   -215     1908
  SINCE JUL 1   6019                      7145  -1126     7362

 COOLING
  YESTERDAY        1                         1      0        8
  MONTH TO DATE   33                        13     20       66
  SINCE MAR 1     33                        15     18       66
  SINCE JAN 1     33                        15     18       66
..................................................................


WIND (MPH)
  RESULTANT WIND SPEED   5   RESULTANT WIND DIRECTION   S (170)
  HIGHEST WIND SPEED    15   HIGHEST WIND DIRECTION     S (170)
  HIGHEST GUST SPEED    17   HIGHEST GUST DIRECTION    SW (210)
  AVERAGE WIND SPEED     5.1


SKY COVER
  AVERAGE SKY COVER 0.5


WEATHER CONDITIONS
 THE FOLLOWING WEATHER WAS RECORDED YESTERDAY.
  RAIN
  LIGHT RAIN
  FOG


RELATIVE HUMIDITY (PERCENT)
 HIGHEST   100           300 AM
 LOWEST     62           500 PM
 AVERAGE    81

..........................................................


THE CONCORD NH CLIMATE NORMALS FOR TODAY
                         NORMAL    RECORD    YEAR
 MAXIMUM TEMPERATURE (F)   73        94      2013
 MINIMUM TEMPERATURE (F)   48        28      1961


SUNRISE AND SUNSET
MAY 31 2016...........SUNRISE   509 AM EDT   SUNSET   819 PM EDT
JUNE  1 2016..........SUNRISE   509 AM EDT   SUNSET   820 PM EDT


-  INDICATES NEGATIVE NUMBERS.
R  INDICATES RECORD WAS SET OR TIED.
MM INDICATES DATA IS MISSING.
T  INDICATES TRACE AMOUNT.




$$
