000
CDUS41 KGYX 300914
CLICON


CLIMATE REPORT
NATIONAL WEATHER SERVICE GRAY ME
414 AM EST FRI JAN 30 2015


...................................

...THE CONCORD NH CLIMATE SUMMARY FOR JANUARY 29 2015...

CLIMATE NORMAL PERIOD 1981 TO 2010
CLIMATE RECORD PERIOD 1868 TO 2015


WEATHER ITEM   OBSERVED TIME   RECORD YEAR NORMAL DEPARTURE LAST
                VALUE   (LST)  VALUE       VALUE  FROM      YEAR
                                                  NORMAL
..................................................................
TEMPERATURE (F)
 YESTERDAY
  MAXIMUM         31    448 PM  52    1869  31      0       22
  MINIMUM        -11    728 AM -21    1925  11    -22        4
  AVERAGE         10                        21    -11       13

PRECIPITATION (IN)
  YESTERDAY        0.00          0.78 1910   0.08  -0.08     0.00
  MONTH TO DATE    3.11                      2.52   0.59     3.21
  SINCE DEC 1      8.27                      5.72   2.55     6.60
  SINCE JAN 1      3.11                      2.52   0.59     3.21

SNOWFALL (IN)
  YESTERDAY        0.0          14.6  1900   0.6   -0.6      0.0
  MONTH TO DATE   22.9                      17.0    5.9     14.4
  SINCE DEC 1     26.6                      31.5   -4.9     34.3
  SINCE JUL 1     39.5                      34.1    5.4     34.5
  SNOW DEPTH      13

DEGREE DAYS
 HEATING
  YESTERDAY       55                        44     11       52
  MONTH TO DATE 1345                      1290     55     1311
  SINCE DEC 1   2381                      2476    -95     2589
  SINCE JUL 1   3885                      4036   -151     4106

 COOLING
  YESTERDAY        0                         0      0        0
  MONTH TO DATE    0                         0      0        0
  SINCE DEC 1      0                         0      0        0
  SINCE JAN 1      0                         0      0        0
..................................................................


WIND (MPH)
  RESULTANT WIND SPEED   2   RESULTANT WIND DIRECTION   S (160)
  HIGHEST WIND SPEED     9   HIGHEST WIND DIRECTION     S (170)
  HIGHEST GUST SPEED    14   HIGHEST GUST DIRECTION     S (180)
  AVERAGE WIND SPEED     2.6


SKY COVER
  AVERAGE SKY COVER 0.2


WEATHER CONDITIONS
 THE FOLLOWING WEATHER WAS RECORDED YESTERDAY.
  NO SIGNIFICANT WEATHER WAS OBSERVED.


RELATIVE HUMIDITY (PERCENT)
 HIGHEST    87           400 AM
 LOWEST     27           100 PM
 AVERAGE    57

..........................................................


THE CONCORD NH CLIMATE NORMALS FOR TODAY
                         NORMAL    RECORD    YEAR
 MAXIMUM TEMPERATURE (F)   32        56      1877
 MINIMUM TEMPERATURE (F)   11       -26      1873
                                             1952


SUNRISE AND SUNSET
JANUARY 30 2015.......SUNRISE   704 AM EST   SUNSET   455 PM EST
JANUARY 31 2015.......SUNRISE   703 AM EST   SUNSET   456 PM EST


-  INDICATES NEGATIVE NUMBERS.
R  INDICATES RECORD WAS SET OR TIED.
MM INDICATES DATA IS MISSING.
T  INDICATES TRACE AMOUNT.




$$
