000
CDUS41 KGYX 202158
CLICON


CLIMATE REPORT
NATIONAL WEATHER SERVICE GRAY ME
458 PM EST FRI JAN 20 2017


...................................

...THE CONCORD NH CLIMATE SUMMARY FOR JANUARY 20 2017...
VALID TODAY AS OF 0400 PM LOCAL TIME.

CLIMATE NORMAL PERIOD 1981 TO 2010
CLIMATE RECORD PERIOD 1868 TO 2017


WEATHER ITEM   OBSERVED TIME   RECORD YEAR NORMAL DEPARTURE LAST
                VALUE   (LST)  VALUE       VALUE  FROM      YEAR
                                                  NORMAL
..................................................................
TEMPERATURE (F)
 TODAY
  MAXIMUM         37    259 PM  57    2006  30      7       28
  MINIMUM         20    410 AM -28    1994  10     10       17
  AVERAGE         29                        20      9       23

PRECIPITATION (IN)
  TODAY            0.00          0.75 1964   0.09  -0.09     0.00
  MONTH TO DATE    1.64                      1.73  -0.09     1.36
  SINCE DEC 1      4.96                      4.93   0.03     6.14
  SINCE JAN 1      1.64                      1.73  -0.09     1.36

SNOWFALL (IN)
  TODAY            0.0          11.3  1978   0.6   -0.6      0.0
  MONTH TO DATE    7.5                      11.7   -4.2      7.6
  SINCE DEC 1     30.7                      26.2    4.5     12.0
  SINCE JUL 1     31.4                      28.8    2.6     12.0
  SNOW DEPTH      11

DEGREE DAYS
 HEATING
  TODAY           36                        45     -9       42
  MONTH TO DATE  768                       890   -122      776
  SINCE DEC 1   1919                      2076   -157     1610
  SINCE JUL 1   3171                      3636   -465     2890

 COOLING
  TODAY            0                         0      0        0
  MONTH TO DATE    0                         0      0        0
  SINCE DEC 1      0                         0      0        0
  SINCE JAN 1      0                         0      0        0
..................................................................


WIND (MPH)
  HIGHEST WIND SPEED     7   HIGHEST WIND DIRECTION    SE (140)
  HIGHEST GUST SPEED     8   HIGHEST GUST DIRECTION     S (160)
  AVERAGE WIND SPEED     1.2


SKY COVER
  POSSIBLE SUNSHINE  MM
  AVERAGE SKY COVER 0.8


WEATHER CONDITIONS
 THE FOLLOWING WEATHER WAS RECORDED TODAY.
  FOG
  FOG W/VISIBILITY <= 1/4 MILE


RELATIVE HUMIDITY (PERCENT)
 HIGHEST    96           300 AM
 LOWEST     70           300 PM
 AVERAGE    83

..........................................................


THE CONCORD NH CLIMATE NORMALS FOR TOMORROW
                         NORMAL    RECORD    YEAR
 MAXIMUM TEMPERATURE (F)   31        62      1906
 MINIMUM TEMPERATURE (F)   10       -25      1994


SUNRISE AND SUNSET
JANUARY 20 2017.......SUNRISE   712 AM EST   SUNSET   443 PM EST
JANUARY 21 2017.......SUNRISE   711 AM EST   SUNSET   444 PM EST


-  INDICATES NEGATIVE NUMBERS.
R  INDICATES RECORD WAS SET OR TIED.
MM INDICATES DATA IS MISSING.
T  INDICATES TRACE AMOUNT.




$$
