000
CDUS41 KGYX 140908
CLICON


CLIMATE REPORT
NATIONAL WEATHER SERVICE GRAY ME
408 AM EST SUN FEB 14 2016


...................................

...THE CONCORD NH CLIMATE SUMMARY FOR FEBRUARY 13 2016...

CLIMATE NORMAL PERIOD 1981 TO 2010
CLIMATE RECORD PERIOD 1868 TO 2016


WEATHER ITEM   OBSERVED TIME   RECORD YEAR NORMAL DEPARTURE LAST
                VALUE   (LST)  VALUE       VALUE  FROM      YEAR
                                                  NORMAL
..................................................................
TEMPERATURE (F)
 YESTERDAY
  MAXIMUM         19   1040 AM  60    1951  34    -15       14
  MINIMUM        -12   1159 PM -34    1875  13    -25       -2
  AVERAGE          4                        24    -20        6

PRECIPITATION (IN)
  YESTERDAY        0.00          2.91 2008   0.10  -0.10     0.00
  MONTH TO DATE    1.59                      1.20   0.39     1.86
  SINCE DEC 1      7.73                      7.10   0.63    10.29
  SINCE JAN 1      2.95                      3.90  -0.95     5.13

SNOWFALL (IN)
  YESTERDAY        0.0          17.0  1893   0.5   -0.5      0.0
  MONTH TO DATE    8.3                       6.1    2.2     24.3
  SINCE DEC 1     20.3                      38.7  -18.4     53.1
  SINCE JUL 1     20.3                      41.3  -21.0     66.0
  SNOW DEPTH       5

DEGREE DAYS
 HEATING
  YESTERDAY       61                        41     20       59
  MONTH TO DATE  499                       551    -52      676
  SINCE DEC 1   2507                      3113   -606     3153
  SINCE JUL 1   3787                      4673   -886     4657

 COOLING
  YESTERDAY        0                         0      0        0
  MONTH TO DATE    0                         0      0        0
  SINCE DEC 1      0                         0      0        0
  SINCE JAN 1      0                         0      0        0
..................................................................


WIND (MPH)
  RESULTANT WIND SPEED  11   RESULTANT WIND DIRECTION  NW (310)
  HIGHEST WIND SPEED    28   HIGHEST WIND DIRECTION    NW (300)
  HIGHEST GUST SPEED    38   HIGHEST GUST DIRECTION    NW (300)
  AVERAGE WIND SPEED    12.0


SKY COVER
  AVERAGE SKY COVER 0.6


WEATHER CONDITIONS
 THE FOLLOWING WEATHER WAS RECORDED YESTERDAY.
  NO SIGNIFICANT WEATHER WAS OBSERVED.


RELATIVE HUMIDITY (PERCENT)
 HIGHEST    87           700 AM
 LOWEST     33           100 PM
 AVERAGE    60

..........................................................


THE CONCORD NH CLIMATE NORMALS FOR TODAY
                         NORMAL    RECORD    YEAR
 MAXIMUM TEMPERATURE (F)   35        57      1946
 MINIMUM TEMPERATURE (F)   14       -29      1875


SUNRISE AND SUNSET
FEBRUARY 14 2016......SUNRISE   646 AM EST   SUNSET   515 PM EST
FEBRUARY 15 2016......SUNRISE   645 AM EST   SUNSET   516 PM EST


-  INDICATES NEGATIVE NUMBERS.
R  INDICATES RECORD WAS SET OR TIED.
MM INDICATES DATA IS MISSING.
T  INDICATES TRACE AMOUNT.




$$
