000
CDUS41 KGYX 020915
CLICON


CLIMATE REPORT
NATIONAL WEATHER SERVICE GRAY ME
415 AM EST MON MAR 2 2015


...................................

...THE CONCORD NH CLIMATE SUMMARY FOR MARCH 1 2015...

CLIMATE NORMAL PERIOD 1981 TO 2010
CLIMATE RECORD PERIOD 1868 TO 2015


WEATHER ITEM   OBSERVED TIME   RECORD YEAR NORMAL DEPARTURE LAST
                VALUE   (LST)  VALUE       VALUE  FROM      YEAR
                                                  NORMAL
..................................................................
TEMPERATURE (F)
 YESTERDAY
  MAXIMUM         28    359 PM  65    1972  39    -11       30
  MINIMUM         -8    535 AM -14    1869  18    -26       -5
  AVERAGE         10                        28    -18       13

PRECIPITATION (IN)
  YESTERDAY        0.12          2.24 1914   0.10   0.02     0.00
  MONTH TO DATE    0.12                      0.10   0.02     0.00
  SINCE MAR 1      0.12                      0.10   0.02     0.00
  SINCE JAN 1      6.18                      5.42   0.76     7.32

SNOWFALL (IN)
  YESTERDAY        3.0           9.0  1875   0.5    2.5      0.0
  MONTH TO DATE    3.0                       0.5    2.5      0.0
  SINCE MAR 1      3.0                       0.5    2.5      0.0
  SINCE JUL 1     87.3                      48.0   39.3     69.8
  SNOW DEPTH      25

DEGREE DAYS
 HEATING
  YESTERDAY       55                        37     18       52
  MONTH TO DATE   55                        37     18       52
  SINCE MAR 1     55                        37     18       52
  SINCE JUL 1   5509                      5297    212     5521

 COOLING
  YESTERDAY        0                         0      0        0
  MONTH TO DATE    0                         0      0        0
  SINCE MAR 1      0                         0      0        0
  SINCE JAN 1      0                         0      0        0
..................................................................


WIND (MPH)
  RESULTANT WIND SPEED   2   RESULTANT WIND DIRECTION   S (170)
  HIGHEST WIND SPEED    16   HIGHEST WIND DIRECTION     S (180)
  HIGHEST GUST SPEED    21   HIGHEST GUST DIRECTION     S (170)
  AVERAGE WIND SPEED     3.2


SKY COVER
  AVERAGE SKY COVER 0.6


WEATHER CONDITIONS
 THE FOLLOWING WEATHER WAS RECORDED YESTERDAY.
  LIGHT SNOW
  FOG


RELATIVE HUMIDITY (PERCENT)
 HIGHEST    88           600 PM
 LOWEST     38           200 PM
 AVERAGE    63

..........................................................


THE CONCORD NH CLIMATE NORMALS FOR TODAY
                         NORMAL    RECORD    YEAR
 MAXIMUM TEMPERATURE (F)   39        64      1874
 MINIMUM TEMPERATURE (F)   18       -18      1869


SUNRISE AND SUNSET
MARCH  2 2015.........SUNRISE   621 AM EST   SUNSET   536 PM EST
MARCH  3 2015.........SUNRISE   619 AM EST   SUNSET   537 PM EST


-  INDICATES NEGATIVE NUMBERS.
R  INDICATES RECORD WAS SET OR TIED.
MM INDICATES DATA IS MISSING.
T  INDICATES TRACE AMOUNT.




$$
