000
CDUS41 KGYX 202040
CLICON


CLIMATE REPORT
NATIONAL WEATHER SERVICE GRAY ME
440 PM EDT WED AUG 20 2014


...................................

...THE CONCORD NH CLIMATE SUMMARY FOR AUGUST 20 2014...
VALID TODAY AS OF 0400 PM LOCAL TIME.

CLIMATE NORMAL PERIOD 1981 TO 2010
CLIMATE RECORD PERIOD 1868 TO 2014


WEATHER ITEM   OBSERVED TIME   RECORD YEAR NORMAL DEPARTURE LAST
                VALUE   (LST)  VALUE       VALUE  FROM      YEAR
                                                  NORMAL
..................................................................
TEMPERATURE (F)
 TODAY
  MAXIMUM         81    158 PM  94    1983  81      0       86
  MINIMUM         48    458 AM  38    1975  56     -8       55
  AVERAGE         65                        68     -3       71

PRECIPITATION (IN)
  TODAY            0.00          1.87 1904   0.09  -0.09     0.00
  MONTH TO DATE    2.16                      2.14   0.02     1.39
  SINCE JUN 1     13.48                      9.57   3.91    14.87
  SINCE JAN 1     31.22                     25.23   5.99    27.63

SNOWFALL (IN)
  TODAY            0.0           0.0  2002   0.0    0.0      0.0
                                      2001
                                      2000
  MONTH TO DATE    0.0                       0.0    0.0      0.0
  SINCE JUN 1      0.0                       0.0    0.0      0.0
  SINCE JUL 1      0.0                       0.0    0.0      0.0
  SNOW DEPTH       0

DEGREE DAYS
 HEATING
  TODAY            0                         1     -1        0
  MONTH TO DATE   21                        15      6       18
  SINCE JUN 1     77                       117    -40       92
  SINCE JUL 1     21                        32    -11       20

 COOLING
  TODAY            0                         4     -4        6
  MONTH TO DATE   45                       100    -55       40
  SINCE JUN 1    293                       356    -63      415
  SINCE JAN 1    295                       374    -79      436
..................................................................


WIND (MPH)
  HIGHEST WIND SPEED     9   HIGHEST WIND DIRECTION     S (170)
  HIGHEST GUST SPEED    12   HIGHEST GUST DIRECTION     S (190)
  AVERAGE WIND SPEED     1.9


SKY COVER
  POSSIBLE SUNSHINE  MM
  AVERAGE SKY COVER 0.1


WEATHER CONDITIONS
 THE FOLLOWING WEATHER WAS RECORDED TODAY.
  FOG


RELATIVE HUMIDITY (PERCENT)
 HIGHEST   100          1200 AM
 LOWEST     42          1200 PM
 AVERAGE    71

..........................................................


THE CONCORD NH CLIMATE NORMALS FOR TOMORROW
                         NORMAL    RECORD    YEAR
 MAXIMUM TEMPERATURE (F)   80        95      1937
 MINIMUM TEMPERATURE (F)   56        35      1975


SUNRISE AND SUNSET
AUGUST 20 2014........SUNRISE   557 AM EDT   SUNSET   741 PM EDT
AUGUST 21 2014........SUNRISE   558 AM EDT   SUNSET   739 PM EDT


-  INDICATES NEGATIVE NUMBERS.
R  INDICATES RECORD WAS SET OR TIED.
MM INDICATES DATA IS MISSING.
T  INDICATES TRACE AMOUNT.




$$
