000
CDUS41 KGYX 230806
CLICON


CLIMATE REPORT
NATIONAL WEATHER SERVICE GRAY ME
406 AM EDT TUE MAY 23 2017


...................................

...THE CONCORD NH CLIMATE SUMMARY FOR MAY 22 2017...

CLIMATE NORMAL PERIOD 1981 TO 2010
CLIMATE RECORD PERIOD 1868 TO 2017


WEATHER ITEM   OBSERVED TIME   RECORD YEAR NORMAL DEPARTURE LAST
                VALUE   (LST)  VALUE       VALUE  FROM      YEAR
                                                  NORMAL
..................................................................
TEMPERATURE (F)
 YESTERDAY
  MAXIMUM         53   1128 AM  98    1911  71    -18       72
  MINIMUM         48    535 PM  30    2002  45      3       51
                                      1969
                                      1967
  AVERAGE         51                        58     -7       62

PRECIPITATION (IN)
  YESTERDAY        0.49          2.36 1919   0.13   0.36     0.00
  MONTH TO DATE    4.36                      2.52   1.84     1.78
  SINCE MAR 1     12.57                      9.20   3.37     6.10
  SINCE JAN 1     17.52                     14.52   3.00    11.85

SNOWFALL (IN)
  YESTERDAY        0.0           0.0  2002   0.0    0.0      0.0
                                      2001
                                      2000
  MONTH TO DATE    0.0                       0.2   -0.2      0.0
  SINCE MAR 1     29.3                      14.1   15.2      5.0
  SINCE JUL 1     86.3                      61.6   24.7     29.7
  SNOW DEPTH       0

DEGREE DAYS
 HEATING
  YESTERDAY       14                         8      6        3
  MONTH TO DATE  264                       242     22      254
  SINCE MAR 1   1838                      1829      9     1662
  SINCE JUL 1   6336                      7089   -753     6011

 COOLING
  YESTERDAY        0                         1     -1        0
  MONTH TO DATE   24                         5     19        0
  SINCE MAR 1     32                         7     25        0
  SINCE JAN 1     32                         7     25        0
..................................................................


WIND (MPH)
  RESULTANT WIND SPEED   3   RESULTANT WIND DIRECTION  SE (150)
  HIGHEST WIND SPEED    16   HIGHEST WIND DIRECTION     S (180)
  HIGHEST GUST SPEED    23   HIGHEST GUST DIRECTION     S (160)
  AVERAGE WIND SPEED     2.9


SKY COVER
  AVERAGE SKY COVER 0.9


WEATHER CONDITIONS
 THE FOLLOWING WEATHER WAS RECORDED YESTERDAY.
  RAIN
  LIGHT RAIN
  FOG


RELATIVE HUMIDITY (PERCENT)
 HIGHEST    93           300 AM
 LOWEST     80           100 PM
 AVERAGE    87

..........................................................


THE CONCORD NH CLIMATE NORMALS FOR TODAY
                         NORMAL    RECORD    YEAR
 MAXIMUM TEMPERATURE (F)   71        95      1975
 MINIMUM TEMPERATURE (F)   45        31      2002
                                             1907


SUNRISE AND SUNSET
MAY 23 2017...........SUNRISE   515 AM EDT   SUNSET   811 PM EDT
MAY 24 2017...........SUNRISE   514 AM EDT   SUNSET   812 PM EDT


-  INDICATES NEGATIVE NUMBERS.
R  INDICATES RECORD WAS SET OR TIED.
MM INDICATES DATA IS MISSING.
T  INDICATES TRACE AMOUNT.




$$
