000
CDUS41 KGYX 242144
CLICON


CLIMATE REPORT
NATIONAL WEATHER SERVICE GRAY ME
444 PM EST SAT FEB 24 2018


...................................

...THE CONCORD NH CLIMATE SUMMARY FOR FEBRUARY 24 2018...
VALID TODAY AS OF 0400 PM LOCAL TIME.

CLIMATE NORMAL PERIOD 1981 TO 2010
CLIMATE RECORD PERIOD 1868 TO 2018


WEATHER ITEM   OBSERVED TIME   RECORD YEAR NORMAL DEPARTURE LAST
                VALUE   (LST)  VALUE       VALUE  FROM      YEAR
                                                  NORMAL
..................................................................
TEMPERATURE (F)
 TODAY
  MAXIMUM         50   1210 PM  69    2017  37     13       69
  MINIMUM         29    552 AM -21    2015  16     13       34
  AVERAGE         40                        27     13       52

PRECIPITATION (IN)
  TODAY            0.00          1.53 1981   0.09  -0.09      T
  MONTH TO DATE    3.29                      2.21   1.08     2.42
  SINCE DEC 1      9.54                      8.11   1.43     7.98
  SINCE JAN 1      6.47                      4.91   1.56     4.66

SNOWFALL (IN)
  TODAY            0.0          13.1  2013   0.4   -0.4      0.0
  MONTH TO DATE   18.9                      10.7    8.2     24.2
  SINCE DEC 1     56.9                      43.3   13.6     56.3
  SINCE JUL 1     57.5                      45.9   11.6     57.0
  SNOW DEPTH       6

DEGREE DAYS
 HEATING
  TODAY           25                        38    -13       13
  MONTH TO DATE  841                       987   -146      877
  SINCE DEC 1   3486                      3549    -63     3152
  SINCE JUL 1   4687                      5109   -422     4404

 COOLING
  TODAY            0                         0      0        0
  MONTH TO DATE    0                         0      0        0
  SINCE DEC 1      0                         0      0        0
  SINCE JAN 1      0                         0      0        0
..................................................................


WIND (MPH)
  HIGHEST WIND SPEED    18   HIGHEST WIND DIRECTION    NW (320)
  HIGHEST GUST SPEED    27   HIGHEST GUST DIRECTION     W (290)
  AVERAGE WIND SPEED     7.4


SKY COVER
  POSSIBLE SUNSHINE  MM
  AVERAGE SKY COVER 0.6


WEATHER CONDITIONS
 THE FOLLOWING WEATHER WAS RECORDED TODAY.
  FOG
  FOG W/VISIBILITY <= 1/4 MILE


RELATIVE HUMIDITY (PERCENT)
 HIGHEST    96          1200 AM
 LOWEST     56          1100 AM
 AVERAGE    76

..........................................................


THE CONCORD NH CLIMATE NORMALS FOR TOMORROW
                         NORMAL    RECORD    YEAR
 MAXIMUM TEMPERATURE (F)   38        68      2017
 MINIMUM TEMPERATURE (F)   16       -19      1894


SUNRISE AND SUNSET
FEBRUARY 24 2018......SUNRISE   630 AM EST   SUNSET   529 PM EST
FEBRUARY 25 2018......SUNRISE   629 AM EST   SUNSET   530 PM EST


-  INDICATES NEGATIVE NUMBERS.
R  INDICATES RECORD WAS SET OR TIED.
MM INDICATES DATA IS MISSING.
T  INDICATES TRACE AMOUNT.




$$
