000
CDUS45 KPUB 261148
CLICOS


CLIMATE REPORT
NATIONAL WEATHER SERVICE PUEBLO
448 AM MST FRI DEC 26 2014


...................................

...THE COLORADO SPRINGS CO CLIMATE SUMMARY FOR DECEMBER 25 2014...

CLIMATE NORMAL PERIOD 1981 TO 2010
CLIMATE RECORD PERIOD 1872 TO 2014


WEATHER ITEM   OBSERVED TIME   RECORD YEAR NORMAL DEPARTURE LAST
                VALUE   (LST)  VALUE       VALUE  FROM      YEAR
                                                  NORMAL
..................................................................
TEMPERATURE (F)
 YESTERDAY
  MAXIMUM         56   1224 PM  67    1971  42     14       40
                                      1955
  MINIMUM         22   1159 PM -15    1983  17      5       12
  AVERAGE         39                        29     10       26

PRECIPITATION (IN)
  YESTERDAY        T             0.19 1894   0.01  -0.01     0.00
  MONTH TO DATE    0.09                      0.29  -0.20     0.07
  SINCE DEC 1      0.09                      0.29  -0.20     0.07
  SINCE JAN 1     16.97                     16.49   0.48    19.22

SNOWFALL (IN)
  YESTERDAY        T             2.3  1911   0.2   -0.2      0.0
  MONTH TO DATE    0.6                       4.7   -4.1      2.9
  SINCE DEC 1      0.6                       4.7   -4.1      2.9
  SINCE JUL 1      7.7                      12.5   -4.8      7.1
  SNOW DEPTH       0

DEGREE DAYS
 HEATING
  YESTERDAY       26                        36    -10       39
  MONTH TO DATE  726                       882   -156      921
  SINCE DEC 1    726                       882   -156      921
  SINCE JUL 1   2051                      2363   -312     2282

 COOLING
  YESTERDAY        0                         0      0        0
  MONTH TO DATE    0                         0      0        0
  SINCE DEC 1      0                         0      0        0
  SINCE JAN 1    487                       455     32      694
..................................................................


WIND (MPH)
  HIGHEST WIND SPEED    32   HIGHEST WIND DIRECTION     N (340)
  HIGHEST GUST SPEED    41   HIGHEST GUST DIRECTION     W (280)
  AVERAGE WIND SPEED    14.4


SKY COVER
  POSSIBLE SUNSHINE  MM
  AVERAGE SKY COVER 0.4


WEATHER CONDITIONS
 THE FOLLOWING WEATHER WAS RECORDED YESTERDAY.
  LIGHT SNOW


RELATIVE HUMIDITY (PERCENT)
 HIGHEST    85           700 PM
 LOWEST     16          1000 AM
 AVERAGE    51

..........................................................


THE COLORADO SPRINGS CO CLIMATE NORMALS FOR TODAY
                         NORMAL    RECORD    YEAR
 MAXIMUM TEMPERATURE (F)   42        64      2005
                                             1919
 MINIMUM TEMPERATURE (F)   17        -5      1894


SUNRISE AND SUNSET
DECEMBER 26 2014......SUNRISE   716 AM MST   SUNSET   443 PM MST
DECEMBER 27 2014......SUNRISE   716 AM MST   SUNSET   444 PM MST


-  INDICATES NEGATIVE NUMBERS.
R  INDICATES RECORD WAS SET OR TIED.
MM INDICATES DATA IS MISSING.
T  INDICATES TRACE AMOUNT.




$$
