000
CDUS45 KPUB 070028
CLICOS


CLIMATE REPORT
NATIONAL WEATHER SERVICE PUEBLO
528 PM MST FRI MAR 6 2015


...................................

...THE COLORADO SPRINGS CO CLIMATE SUMMARY FOR MARCH 6 2015...
VALID TODAY AS OF 0500 PM LOCAL TIME.

CLIMATE NORMAL PERIOD 1981 TO 2010
CLIMATE RECORD PERIOD 1872 TO 2015


WEATHER ITEM   OBSERVED TIME   RECORD YEAR NORMAL DEPARTURE LAST
                VALUE   (LST)  VALUE       VALUE  FROM      YEAR
                                                  NORMAL
..................................................................
TEMPERATURE (F)
 TODAY
  MAXIMUM         50    353 PM  73    1972  50      0       65
  MINIMUM         19    134 AM -11    1943  24     -5       25
  AVERAGE         35                        37     -2       45

PRECIPITATION (IN)
  TODAY            0.00          0.68 1990   0.03  -0.03     0.00
  MONTH TO DATE    0.13                      0.16  -0.03     0.03
  SINCE MAR 1      0.13                      0.16  -0.03     0.03
  SINCE JAN 1      2.45                      0.82   1.63     0.92

SNOWFALL (IN)
  TODAY            0.0           3.7  1990   0.2   -0.2      0.0
  MONTH TO DATE    3.9                       1.4    2.5      0.3
  SINCE MAR 1      3.9                       1.4    2.5      0.3
  SINCE JUL 1     44.8                      25.4   19.4     24.4
  SNOW DEPTH       3

DEGREE DAYS
 HEATING
  TODAY           30                        28      2       20
  MONTH TO DATE  239                       175     64      190
  SINCE MAR 1    239                       175     64      190
  SINCE JUL 1   4460                      4738   -278     4677

 COOLING
  TODAY            0                         0      0        0
  MONTH TO DATE    0                         0      0        0
  SINCE MAR 1      0                         0      0        0
  SINCE JAN 1      0                         0      0        0
..................................................................


WIND (MPH)
  HIGHEST WIND SPEED    13   HIGHEST WIND DIRECTION    NE (30)
  HIGHEST GUST SPEED    15   HIGHEST GUST DIRECTION    SE (130)
  AVERAGE WIND SPEED     7.6


SKY COVER
  POSSIBLE SUNSHINE  MM
  AVERAGE SKY COVER 0.1


WEATHER CONDITIONS
 THE FOLLOWING WEATHER WAS RECORDED TODAY.
  NO SIGNIFICANT WEATHER WAS OBSERVED.


RELATIVE HUMIDITY (PERCENT)
 HIGHEST    73           100 AM
 LOWEST     17          1100 AM
 AVERAGE    45

..........................................................


THE COLORADO SPRINGS CO CLIMATE NORMALS FOR TOMORROW
                         NORMAL    RECORD    YEAR
 MAXIMUM TEMPERATURE (F)   50        70      1925
 MINIMUM TEMPERATURE (F)   24       -11      1920


SUNRISE AND SUNSET
MARCH  6 2015.........SUNRISE   624 AM MST   SUNSET   557 PM MST
MARCH  7 2015.........SUNRISE   623 AM MST   SUNSET   558 PM MST


-  INDICATES NEGATIVE NUMBERS.
R  INDICATES RECORD WAS SET OR TIED.
MM INDICATES DATA IS MISSING.
T  INDICATES TRACE AMOUNT.




$$
