000
CDUS45 KPUB 260043
CLICOS


CLIMATE REPORT
NATIONAL WEATHER SERVICE PUEBLO
543 PM MST SAT FEB 25 2017


...................................

...THE COLORADO SPRINGS CO CLIMATE SUMMARY FOR FEBRUARY 25 2017...
VALID TODAY AS OF 0500 PM LOCAL TIME.

CLIMATE NORMAL PERIOD 1981 TO 2010
CLIMATE RECORD PERIOD 1872 TO 2017


WEATHER ITEM   OBSERVED TIME   RECORD YEAR NORMAL DEPARTURE LAST
                VALUE   (LST)  VALUE       VALUE  FROM      YEAR
                                                  NORMAL
..................................................................
TEMPERATURE (F)
 TODAY
  MAXIMUM         41    305 PM  71    1986  47     -6       42
  MINIMUM          5    639 AM  -4    1960  21    -16       20
  AVERAGE         23                        34    -11       31

PRECIPITATION (IN)
  TODAY            T             0.50 1947   0.02  -0.02     0.00
  MONTH TO DATE    0.06                      0.29  -0.23     1.00
  SINCE DEC 1      1.06                      0.95   0.11     1.79
  SINCE JAN 1      0.38                      0.61  -0.23     1.54

SNOWFALL (IN)
  TODAY            T             5.5  1947   0.2   -0.2      0.0
  MONTH TO DATE    0.7                       4.4   -3.7     10.1
  SINCE DEC 1     13.4                      15.7   -2.3     21.3
  SINCE JUL 1     13.4                      23.5  -10.1     27.1
  SNOW DEPTH       0

DEGREE DAYS
 HEATING
  TODAY           42                        31     11       34
  MONTH TO DATE  600                       827   -227      732
  SINCE DEC 1   2751                      2989   -238     2726
  SINCE JUL 1   3654                      4470   -816     3829

 COOLING
  TODAY            0                         0      0        0
  MONTH TO DATE    0                         0      0        0
  SINCE DEC 1      0                         0      0        0
  SINCE JAN 1      0                         0      0        0
..................................................................


WIND (MPH)
  HIGHEST WIND SPEED    23   HIGHEST WIND DIRECTION    NW (310)
  HIGHEST GUST SPEED    27   HIGHEST GUST DIRECTION    NW (300)
  AVERAGE WIND SPEED     6.6


SKY COVER
  POSSIBLE SUNSHINE  MM
  AVERAGE SKY COVER 0.5


WEATHER CONDITIONS
 THE FOLLOWING WEATHER WAS RECORDED TODAY.
  LIGHT SNOW


RELATIVE HUMIDITY (PERCENT)
 HIGHEST    88           800 AM
 LOWEST     13           200 PM
 AVERAGE    51

..........................................................


THE COLORADO SPRINGS CO CLIMATE NORMALS FOR TOMORROW
                         NORMAL    RECORD    YEAR
 MAXIMUM TEMPERATURE (F)   47        72      1986
 MINIMUM TEMPERATURE (F)   22        -5      1964
                                             1962


SUNRISE AND SUNSET
FEBRUARY 25 2017......SUNRISE   636 AM MST   SUNSET   548 PM MST
FEBRUARY 26 2017......SUNRISE   635 AM MST   SUNSET   549 PM MST


-  INDICATES NEGATIVE NUMBERS.
R  INDICATES RECORD WAS SET OR TIED.
MM INDICATES DATA IS MISSING.
T  INDICATES TRACE AMOUNT.




$$
