000
CDUS45 KPUB 010026
CLICOS


CLIMATE REPORT
NATIONAL WEATHER SERVICE PUEBLO
626 PM MDT TUE MAY 31 2016


...................................

...THE COLORADO SPRINGS CO CLIMATE SUMMARY FOR MAY 31 2016...
VALID TODAY AS OF 0500 PM LOCAL TIME.

CLIMATE NORMAL PERIOD 1981 TO 2010
CLIMATE RECORD PERIOD 1872 TO 2016


WEATHER ITEM   OBSERVED TIME   RECORD YEAR NORMAL DEPARTURE LAST
                VALUE   (LST)  VALUE       VALUE  FROM      YEAR
                                                  NORMAL
..................................................................
TEMPERATURE (F)
 TODAY
  MAXIMUM         67    145 PM  93    2002  74     -7       77
  MINIMUM         48    530 AM  33    1946  47      1       46
                                      1917
  AVERAGE         58                        60     -2       62

PRECIPITATION (IN)
  TODAY            T             1.13 1901   0.08  -0.08      T
  MONTH TO DATE    2.10                      2.03   0.07     8.13
  SINCE MAR 1      5.11                      4.45   0.66     9.91
  SINCE JAN 1      6.65                      5.11   1.54    12.23

SNOWFALL (IN)
  TODAY            0.0           T    2014   0.0    0.0      0.0
                                      1979
  MONTH TO DATE    T                         0.7   -0.7       T
  SINCE MAR 1     23.6                      13.7    9.9      5.6
  SINCE JUL 1     50.7                      37.7   13.0     46.5
  SNOW DEPTH       0

DEGREE DAYS
 HEATING
  TODAY            7                         6      1        3
  MONTH TO DATE  317                       291     26      388
  SINCE MAR 1   1570                      1650    -80     1546
  SINCE JUL 1   5473                      6213   -740     5767

 COOLING
  TODAY            0                         1     -1        0
  MONTH TO DATE    2                         9     -7        0
  SINCE MAR 1      2                        10     -8        0
  SINCE JAN 1      2                        10     -8        0
..................................................................


WIND (MPH)
  HIGHEST WIND SPEED    30   HIGHEST WIND DIRECTION     N (350)
  HIGHEST GUST SPEED    40   HIGHEST GUST DIRECTION     N (350)
  AVERAGE WIND SPEED    13.2


SKY COVER
  POSSIBLE SUNSHINE  MM
  AVERAGE SKY COVER 0.6


WEATHER CONDITIONS
 THE FOLLOWING WEATHER WAS RECORDED TODAY.
  THUNDERSTORM
  LIGHT RAIN


RELATIVE HUMIDITY (PERCENT)
 HIGHEST    80           400 AM
 LOWEST     45           200 PM
 AVERAGE    63

..........................................................


THE COLORADO SPRINGS CO CLIMATE NORMALS FOR TOMORROW
                         NORMAL    RECORD    YEAR
 MAXIMUM TEMPERATURE (F)   74        94      2002
 MINIMUM TEMPERATURE (F)   47        27      1903


SUNRISE AND SUNSET
MAY 31 2016...........SUNRISE   536 AM MDT   SUNSET   818 PM MDT
JUNE  1 2016..........SUNRISE   535 AM MDT   SUNSET   818 PM MDT


-  INDICATES NEGATIVE NUMBERS.
R  INDICATES RECORD WAS SET OR TIED.
MM INDICATES DATA IS MISSING.
T  INDICATES TRACE AMOUNT.




$$
