000
CDUS45 KPUB 290020
CLICOS


CLIMATE REPORT
NATIONAL WEATHER SERVICE PUEBLO
620 PM MDT THU APR 28 2016


...................................

...THE COLORADO SPRINGS CO CLIMATE SUMMARY FOR APRIL 28 2016...
VALID TODAY AS OF 0500 PM LOCAL TIME.

CLIMATE NORMAL PERIOD 1981 TO 2010
CLIMATE RECORD PERIOD 1872 TO 2016


WEATHER ITEM   OBSERVED TIME   RECORD YEAR NORMAL DEPARTURE LAST
                VALUE   (LST)  VALUE       VALUE  FROM      YEAR
                                                  NORMAL
..................................................................
TEMPERATURE (F)
 TODAY
  MAXIMUM         40   1223 AM  81    1910  64    -24       58
  MINIMUM         32    929 AM  20    1984  37     -5       34
  AVERAGE         36                        50    -14       46

PRECIPITATION (IN)
  TODAY            0.09          1.06 1941   0.06   0.03     0.00
  MONTH TO DATE    1.25                      1.30  -0.05     0.97
  SINCE MAR 1      1.98                      2.30  -0.32     1.78
  SINCE JAN 1      3.52                      2.96   0.56     4.10

SNOWFALL (IN)
  TODAY            0.6           1.7  1958   0.2    0.4      0.0
  MONTH TO DATE    5.7                       4.7    1.0      1.7
  SINCE MAR 1     16.2                      12.8    3.4      5.6
  SINCE JUL 1     43.3                      36.8    6.5     46.5
  SNOW DEPTH       0

DEGREE DAYS
 HEATING
  TODAY           29                        15     14       19
  MONTH TO DATE  480                       525    -45      472
  SINCE MAR 1   1190                      1330   -140     1141
  SINCE JUL 1   5093                      5893   -800     5362

 COOLING
  TODAY            0                         0      0        0
  MONTH TO DATE    0                         0      0        0
  SINCE MAR 1      0                         0      0        0
  SINCE JAN 1      0                         0      0        0
..................................................................


WIND (MPH)
  HIGHEST WIND SPEED    16   HIGHEST WIND DIRECTION     S (170)
  HIGHEST GUST SPEED    18   HIGHEST GUST DIRECTION     S (170)
  AVERAGE WIND SPEED     9.2


SKY COVER
  POSSIBLE SUNSHINE  MM
  AVERAGE SKY COVER 1.0


WEATHER CONDITIONS
 THE FOLLOWING WEATHER WAS RECORDED TODAY.
  LIGHT RAIN
  SNOW
  LIGHT SNOW
  FOG


RELATIVE HUMIDITY (PERCENT)
 HIGHEST    92           800 AM
 LOWEST     64           100 AM
 AVERAGE    78

..........................................................


THE COLORADO SPRINGS CO CLIMATE NORMALS FOR TOMORROW
                         NORMAL    RECORD    YEAR
 MAXIMUM TEMPERATURE (F)   64        81      2007
 MINIMUM TEMPERATURE (F)   37        17      1908


SUNRISE AND SUNSET
APRIL 28 2016.........SUNRISE   604 AM MDT   SUNSET   749 PM MDT
APRIL 29 2016.........SUNRISE   603 AM MDT   SUNSET   750 PM MDT


-  INDICATES NEGATIVE NUMBERS.
R  INDICATES RECORD WAS SET OR TIED.
MM INDICATES DATA IS MISSING.
T  INDICATES TRACE AMOUNT.




$$
