000
CDUS45 KPUB 271030
CLICOS


CLIMATE REPORT
NATIONAL WEATHER SERVICE PUEBLO
430 AM MDT WED JUL 27 2016


...................................

...THE COLORADO SPRINGS CO CLIMATE SUMMARY FOR JULY 26 2016...

CLIMATE NORMAL PERIOD 1981 TO 2010
CLIMATE RECORD PERIOD 1872 TO 2016


WEATHER ITEM   OBSERVED TIME   RECORD YEAR NORMAL DEPARTURE LAST
                VALUE   (LST)  VALUE       VALUE  FROM      YEAR
                                                  NORMAL
..................................................................
TEMPERATURE (F)
 YESTERDAY
  MAXIMUM         86    209 PM  97    1953  84      2       88
  MINIMUM         58    326 AM  46    1913  58      0       62
                                      1900
  AVERAGE         72                        71      1       75

PRECIPITATION (IN)
  YESTERDAY        0.00          1.36 1955   0.11  -0.11     0.41
  MONTH TO DATE    1.86                      2.30  -0.44     3.14
  SINCE JUN 1      2.90                      4.80  -1.90     8.86
  SINCE JAN 1      9.83                      9.91  -0.08    21.09

SNOWFALL (IN)
  YESTERDAY        0.0           0.0  2015   0.0    0.0       T
                                      2002
  MONTH TO DATE    T                         0.0    0.0       T
  SINCE JUN 1      T                         0.0    0.0       T
  SINCE JUL 1      T                         0.0    0.0       T
  SNOW DEPTH       0

DEGREE DAYS
 HEATING
  YESTERDAY        0                         0      0        0
  MONTH TO DATE    0                         3     -3       10
  SINCE JUN 1      8                        82    -74       20
  SINCE JUL 1      0                         3     -3       10

 COOLING
  YESTERDAY        7                         6      1       10
  MONTH TO DATE  256                       159     97      151
  SINCE JUN 1    437                       242    195      273
  SINCE JAN 1    439                       252    187      273
..................................................................


WIND (MPH)
  HIGHEST WIND SPEED    28   HIGHEST WIND DIRECTION     W (280)
  HIGHEST GUST SPEED    36   HIGHEST GUST DIRECTION     W (270)
  AVERAGE WIND SPEED     8.4


SKY COVER
  POSSIBLE SUNSHINE  MM
  AVERAGE SKY COVER 0.6


WEATHER CONDITIONS
 THE FOLLOWING WEATHER WAS RECORDED YESTERDAY.
  NO SIGNIFICANT WEATHER WAS OBSERVED.


RELATIVE HUMIDITY (PERCENT)
 HIGHEST    72           700 AM
 LOWEST     16           200 PM
 AVERAGE    44

..........................................................


THE COLORADO SPRINGS CO CLIMATE NORMALS FOR TODAY
                         NORMAL    RECORD    YEAR
 MAXIMUM TEMPERATURE (F)   84        97      1960
 MINIMUM TEMPERATURE (F)   58        46      1909


SUNRISE AND SUNSET
JULY 27 2016..........SUNRISE   556 AM MDT   SUNSET   814 PM MDT
JULY 28 2016..........SUNRISE   557 AM MDT   SUNSET   813 PM MDT


-  INDICATES NEGATIVE NUMBERS.
R  INDICATES RECORD WAS SET OR TIED.
MM INDICATES DATA IS MISSING.
T  INDICATES TRACE AMOUNT.




$$
