000
CDUS45 KPUB 181133
CLICOS


CLIMATE REPORT
NATIONAL WEATHER SERVICE PUEBLO
431 AM MST MON DEC 18 2017


...................................

...THE COLORADO SPRINGS CO CLIMATE SUMMARY FOR DECEMBER 17 2017...

CLIMATE NORMAL PERIOD 1981 TO 2010
CLIMATE RECORD PERIOD 1872 TO 2017


WEATHER ITEM   OBSERVED TIME   RECORD YEAR NORMAL DEPARTURE LAST
                VALUE   (LST)  VALUE       VALUE  FROM      YEAR
                                                  NORMAL
..................................................................
TEMPERATURE (F)
 YESTERDAY
  MAXIMUM         32    444 PM  75    1980  41     -9       14
  MINIMUM         16   1156 PM -14    2016  17     -1      -14
  AVERAGE         24                        29     -5        0

PRECIPITATION (IN)
  YESTERDAY        0.00          0.90 1946   0.01  -0.01     0.28
  MONTH TO DATE    T                         0.20  -0.20     0.42
  SINCE DEC 1      T                         0.20  -0.20     0.42
  SINCE JAN 1     18.43                     16.40   2.03    14.09

SNOWFALL (IN)
  YESTERDAY        0.0           9.0  1946   0.2   -0.2      4.0
  MONTH TO DATE    0.2                       3.3   -3.1      6.4
  SINCE DEC 1      0.2                       3.3   -3.1      6.4
  SINCE JUL 1      1.8                      11.1   -9.3      6.4
  SNOW DEPTH       0

DEGREE DAYS
 HEATING
  YESTERDAY       41                        36      5       65
  MONTH TO DATE  462                       594   -132      649
  SINCE DEC 1    462                       594   -132      649
  SINCE JUL 1   1630                      2075   -445     1552

 COOLING
  YESTERDAY        0                         0      0        0
  MONTH TO DATE    0                         0      0        0
  SINCE DEC 1      0                         0      0        0
  SINCE JAN 1    639                       455    184      710
..................................................................


WIND (MPH)
  HIGHEST WIND SPEED    10   HIGHEST WIND DIRECTION     N (20)
  HIGHEST GUST SPEED    11   HIGHEST GUST DIRECTION     N (20)
  AVERAGE WIND SPEED     4.9


SKY COVER
  POSSIBLE SUNSHINE  MM
  AVERAGE SKY COVER 0.6


WEATHER CONDITIONS
 THE FOLLOWING WEATHER WAS RECORDED YESTERDAY.
  FOG
  FOG W/VISIBILITY <= 1/4 MILE


RELATIVE HUMIDITY (PERCENT)
 HIGHEST   100           900 AM
 LOWEST     63           100 AM
 AVERAGE    82

..........................................................


THE COLORADO SPRINGS CO CLIMATE NORMALS FOR TODAY
                         NORMAL    RECORD    YEAR
 MAXIMUM TEMPERATURE (F)   41        65      2013
 MINIMUM TEMPERATURE (F)   17       -15      1909


SUNRISE AND SUNSET
DECEMBER 18 2017......SUNRISE   712 AM MST   SUNSET   439 PM MST
DECEMBER 19 2017......SUNRISE   713 AM MST   SUNSET   440 PM MST


-  INDICATES NEGATIVE NUMBERS.
R  INDICATES RECORD WAS SET OR TIED.
MM INDICATES DATA IS MISSING.
T  INDICATES TRACE AMOUNT.




$$
