000
CDUS45 KPUB 011127
CLICOS


CLIMATE REPORT
NATIONAL WEATHER SERVICE PUEBLO
427 AM MST SUN FEB 1 2015


...................................

...THE COLORADO SPRINGS CO CLIMATE SUMMARY FOR JANUARY 31 2015...

CLIMATE NORMAL PERIOD 1981 TO 2010
CLIMATE RECORD PERIOD 1872 TO 2015


WEATHER ITEM   OBSERVED TIME   RECORD YEAR NORMAL DEPARTURE LAST
                VALUE   (LST)  VALUE       VALUE  FROM      YEAR
                                                  NORMAL
..................................................................
TEMPERATURE (F)
 YESTERDAY
  MAXIMUM         39        MM  70    1989  43     -4       26
  MINIMUM         30        MM -26    1951  18     12       17
  AVERAGE         35                        30      5       22

PRECIPITATION (IN)
  YESTERDAY        0.07          0.24 1983   0.01   0.06     0.17
  MONTH TO DATE    0.87                      0.32   0.55     0.67
  SINCE DEC 1      1.03                      0.66   0.37     0.74
  SINCE JAN 1      0.87                      0.32   0.55     0.67

SNOWFALL (IN)
  YESTERDAY        0.0           3.1  2014   0.2   -0.2      3.1
  MONTH TO DATE   13.5                       5.6    7.9     13.6
  SINCE DEC 1     17.2                      11.3    5.9     16.5
  SINCE JUL 1     24.3                      19.1    5.2     20.7
  SNOW DEPTH       0

DEGREE DAYS
 HEATING
  YESTERDAY       30                        34     -4       43
  MONTH TO DATE  989                      1067    -78     1072
  SINCE DEC 1   2019                      2162   -143     2175
  SINCE JUL 1   3344                      3643   -299     3536

 COOLING
  YESTERDAY        0                         0      0        0
  MONTH TO DATE    0                         0      0        0
  SINCE DEC 1      0                         0      0        0
  SINCE JAN 1      0                         0      0        0
..................................................................


WIND (MPH)
  HIGHEST WIND SPEED    13   HIGHEST WIND DIRECTION     N (350)
  HIGHEST GUST SPEED    MM   HIGHEST GUST DIRECTION    MM
  AVERAGE WIND SPEED     4.9


SKY COVER
  POSSIBLE SUNSHINE  MM
  AVERAGE SKY COVER 0.8


WEATHER CONDITIONS
 THE FOLLOWING WEATHER WAS RECORDED YESTERDAY.
  LIGHT SNOW
  FOG


RELATIVE HUMIDITY (PERCENT)
 HIGHEST    96           500 PM
 LOWEST     54           100 AM
 AVERAGE    75

..........................................................


THE COLORADO SPRINGS CO CLIMATE NORMALS FOR TODAY
                         NORMAL    RECORD    YEAR
 MAXIMUM TEMPERATURE (F)   43        70      1963
 MINIMUM TEMPERATURE (F)   18       -27      1951


SUNRISE AND SUNSET
FEBRUARY  1 2015......SUNRISE   705 AM MST   SUNSET   520 PM MST
FEBRUARY  2 2015......SUNRISE   704 AM MST   SUNSET   521 PM MST


-  INDICATES NEGATIVE NUMBERS.
R  INDICATES RECORD WAS SET OR TIED.
MM INDICATES DATA IS MISSING.
T  INDICATES TRACE AMOUNT.




$$
