000
CDUS45 KPUB 240020
CLICOS


CLIMATE REPORT
NATIONAL WEATHER SERVICE PUEBLO
620 PM MDT WED AUG 23 2017


...................................

...THE COLORADO SPRINGS CO CLIMATE SUMMARY FOR AUGUST 23 2017...
VALID TODAY AS OF 0500 PM LOCAL TIME.

CLIMATE NORMAL PERIOD 1981 TO 2010
CLIMATE RECORD PERIOD 1872 TO 2017


WEATHER ITEM   OBSERVED TIME   RECORD YEAR NORMAL DEPARTURE LAST
                VALUE   (LST)  VALUE       VALUE  FROM      YEAR
                                                  NORMAL
..................................................................
TEMPERATURE (F)
 TODAY
  MAXIMUM         82    250 PM  95    2011  81      1       85
  MINIMUM         55    241 AM  44    1917  55      0       58
                                      1896
  AVERAGE         69                        68      1       72

PRECIPITATION (IN)
  TODAY            T             1.92 1996   0.09  -0.09      T
  MONTH TO DATE    2.43                      2.64  -0.21     0.95
  SINCE JUN 1      9.16                      7.98   1.18     5.03
  SINCE JAN 1     15.28                     13.09   2.19    11.96

SNOWFALL (IN)
  TODAY            0.0           0.0  2002   0.0    0.0      0.0
  MONTH TO DATE    T                         0.0    0.0      0.0
  SINCE JUN 1      T                         0.0    0.0       T
  SINCE JUL 1      T                         0.0    0.0       T
  SNOW DEPTH       0

DEGREE DAYS
 HEATING
  TODAY            0                         1     -1        0
  MONTH TO DATE    9                         8      1        7
  SINCE JUN 1     30                        97    -67       15
  SINCE JUL 1      9                        18     -9        7

 COOLING
  TODAY            4                         4      0        7
  MONTH TO DATE   85                       109    -24      138
  SINCE JUN 1    510                       383    127      618
  SINCE JAN 1    512                       393    119      620
..................................................................


WIND (MPH)
  HIGHEST WIND SPEED    24   HIGHEST WIND DIRECTION     W (280)
  HIGHEST GUST SPEED    31   HIGHEST GUST DIRECTION    NW (320)
  AVERAGE WIND SPEED     4.9


SKY COVER
  POSSIBLE SUNSHINE  MM
  AVERAGE SKY COVER 0.5


WEATHER CONDITIONS
 THE FOLLOWING WEATHER WAS RECORDED TODAY.
  LIGHT RAIN


RELATIVE HUMIDITY (PERCENT)
 HIGHEST    83           300 AM
 LOWEST     32           400 PM
 AVERAGE    58

..........................................................


THE COLORADO SPRINGS CO CLIMATE NORMALS FOR TOMORROW
                         NORMAL    RECORD    YEAR
 MAXIMUM TEMPERATURE (F)   81        94      1964
 MINIMUM TEMPERATURE (F)   55        41      1911


SUNRISE AND SUNSET
AUGUST 23 2017........SUNRISE   620 AM MDT   SUNSET   742 PM MDT
AUGUST 24 2017........SUNRISE   621 AM MDT   SUNSET   741 PM MDT


-  INDICATES NEGATIVE NUMBERS.
R  INDICATES RECORD WAS SET OR TIED.
MM INDICATES DATA IS MISSING.
T  INDICATES TRACE AMOUNT.




$$
