000
CDUS43 KLSX 280745
CLICOU


CLIMATE REPORT
NATIONAL WEATHER SERVICE ST LOUIS MO
145 AM CST FRI NOV 28 2014


...................................

...THE COLUMBIA ASOS CLIMATE SUMMARY FOR NOVEMBER 27 2014...

CLIMATE NORMAL PERIOD 1981 TO 2010
CLIMATE RECORD PERIOD 1890 TO 2014


WEATHER ITEM   OBSERVED TIME   RECORD YEAR NORMAL DEPARTURE LAST
                VALUE   (LST)  VALUE       VALUE  FROM      YEAR
                                                  NORMAL
..................................................................
TEMPERATURE (F)
 YESTERDAY
  MAXIMUM         35   1253 PM  74    1960  48    -13       30
  MINIMUM         28    854 AM  11    1955  30     -2       15
  AVERAGE         32                        39     -7       23

PRECIPITATION (IN)
  YESTERDAY        0.00          1.94 1990   0.11  -0.11     0.00
  MONTH TO DATE    1.32                      2.93  -1.61     1.47
  SINCE SEP 1     17.65                     10.11   7.54     6.72
  SINCE JAN 1     41.94                     39.86   2.08    39.81

SNOWFALL (IN)
  YESTERDAY        0.0           3.5  1980   0.0    0.0      0.0
  MONTH TO DATE    0.8                       0.7    0.1      0.0
  SINCE SEP 1      0.8                       0.7    0.1      0.0
  SINCE JUL 1      0.8                       0.7    0.1      0.0
  SNOW DEPTH       0

DEGREE DAYS
 HEATING
  YESTERDAY       33                        26      7       42
  MONTH TO DATE  733                       538    195      601
  SINCE SEP 1   1027                       901    126      925
  SINCE JUL 1   1027                       903    124      925

 COOLING
  YESTERDAY        0                         0      0        0
  MONTH TO DATE    0                         0      0        0
  SINCE SEP 1    156                       164     -8      255
  SINCE JAN 1   1266                      1247     19     1322
..................................................................


WIND (MPH)
  HIGHEST WIND SPEED    20   HIGHEST WIND DIRECTION    NW (310)
  HIGHEST GUST SPEED    24   HIGHEST GUST DIRECTION     N (350)
  AVERAGE WIND SPEED     8.4


SKY COVER
  AVERAGE SKY COVER 0.7


WEATHER CONDITIONS
 THE FOLLOWING WEATHER WAS RECORDED YESTERDAY.
  FOG


RELATIVE HUMIDITY (PERCENT)
 HIGHEST    92
 LOWEST     61
 AVERAGE    77

..........................................................


THE COLUMBIA ASOS CLIMATE NORMALS FOR TODAY
                         NORMAL    RECORD    YEAR
 MAXIMUM TEMPERATURE (F)   47        74      1905
 MINIMUM TEMPERATURE (F)   29         7      1896


SUNRISE AND SUNSET
NOVEMBER 28 2014......SUNRISE   705 AM CST   SUNSET   448 PM CST
NOVEMBER 29 2014......SUNRISE   706 AM CST   SUNSET   448 PM CST


-  INDICATES NEGATIVE NUMBERS.
R  INDICATES RECORD WAS SET OR TIED.
MM INDICATES DATA IS MISSING.
T  INDICATES TRACE AMOUNT.




$$
