000
CDUS43 KLSX 011125 CCA
CLICOU

CLIMATE REPORT
NATIONAL WEATHER SERVICE ST LOUIS MO
230 AM CDT MON SEP 1 2014


...................................

...THE COLUMBIA ASOS CLIMATE SUMMARY FOR AUGUST 31 2014...

CLIMATE NORMAL PERIOD 1981 TO 2010
CLIMATE RECORD PERIOD 1890 TO 2014


WEATHER ITEM   OBSERVED TIME   RECORD YEAR NORMAL DEPARTURE LAST
                VALUE   (LST)  VALUE       VALUE  FROM      YEAR
                                                  NORMAL
..................................................................
TEMPERATURE (F)
 YESTERDAY
  MAXIMUM         94    409 PM 103    1913  85      9      100
  MINIMUM         66    534 AM  40    1915  63      3       73
  AVERAGE         80                        74      6       87

PRECIPITATION (IN)
  YESTERDAY        0.00          2.23 2012   0.14  -0.14     0.00
  MONTH TO DATE    2.94                      4.36  -1.42     1.88
  SINCE JUN 1      9.47                     13.20  -3.73     6.38
  SINCE JAN 1     24.29                     29.75  -5.46    33.09

SNOWFALL (IN)
  YESTERDAY        0.0           0.0  2013   0.0    0.0      0.0
  MONTH TO DATE    0.0                       0.0    0.0      0.0
  SINCE JUN 1      0.0                       0.0    0.0      0.0
  SINCE JUL 1      0.0                       0.0    0.0      0.0
  SNOW DEPTH       0

DEGREE DAYS
 HEATING
  YESTERDAY        0                         0      0        0
  MONTH TO DATE    0                         0      0        0
  SINCE JUN 1      0                        13    -13        6
  SINCE JUL 1      0                         2     -2        0

 COOLING
  YESTERDAY       15                         9      6       22
  MONTH TO DATE  397                       350     47      344
  SINCE JUN 1    950                       980    -30      933
  SINCE JAN 1   1110                      1083     27     1067
..................................................................


WIND (MPH)
  HIGHEST WIND SPEED    16   HIGHEST WIND DIRECTION     S (170)
  HIGHEST GUST SPEED    20   HIGHEST GUST DIRECTION     S (190)
  AVERAGE WIND SPEED     8.7


SKY COVER
  AVERAGE SKY COVER 0.1


WEATHER CONDITIONS
 THE FOLLOWING WEATHER WAS RECORDED YESTERDAY.
  FOG


RELATIVE HUMIDITY (PERCENT)
 HIGHEST   100
 LOWEST     30
 AVERAGE    65

..........................................................


THE COLUMBIA ASOS CLIMATE NORMALS FOR TODAY
                         NORMAL    RECORD    YEAR
 MAXIMUM TEMPERATURE (F)   84       102      1913
 MINIMUM TEMPERATURE (F)   63        45      1967
                                             1949
                                             1893


SUNRISE AND SUNSET
SEPTEMBER  1 2014.....SUNRISE   638 AM CDT   SUNSET   739 PM CDT
SEPTEMBER  2 2014.....SUNRISE   639 AM CDT   SUNSET   738 PM CDT


-  INDICATES NEGATIVE NUMBERS.
R  INDICATES RECORD WAS SET OR TIED.
MM INDICATES DATA IS MISSING.
T  INDICATES TRACE AMOUNT.




$$
