000
CDUS43 KLSX 310730
CLICOU


CLIMATE REPORT
NATIONAL WEATHER SERVICE ST LOUIS MO
229 AM CDT FRI OCT 31 2014


...................................

...THE COLUMBIA ASOS CLIMATE SUMMARY FOR OCTOBER 30 2014...

CLIMATE NORMAL PERIOD 1981 TO 2010
CLIMATE RECORD PERIOD 1890 TO 2014


WEATHER ITEM   OBSERVED TIME   RECORD YEAR NORMAL DEPARTURE LAST
                VALUE   (LST)  VALUE       VALUE  FROM      YEAR
                                                  NORMAL
..................................................................
TEMPERATURE (F)
 YESTERDAY
  MAXIMUM         60    411 PM  89    1950  62     -2       71
  MINIMUM         39    519 AM  20    1925  41     -2       60
                                      1917
  AVERAGE         50                        52     -2       66

PRECIPITATION (IN)
  YESTERDAY        0.02          1.93 1941   0.10  -0.08     0.11
  MONTH TO DATE   10.18                      3.22   6.96     1.70
  SINCE SEP 1     16.33                      7.09   9.24     4.12
  SINCE JAN 1     40.62                     36.84   3.78    37.21

SNOWFALL (IN)
  YESTERDAY        0.0           0.2  1954   0.0    0.0      0.0
  MONTH TO DATE    0.0                       0.1   -0.1      0.0
  SINCE SEP 1      0.0                       0.1   -0.1      0.0
  SINCE JUL 1      0.0                       0.1   -0.1      0.0
  SNOW DEPTH       0

DEGREE DAYS
 HEATING
  YESTERDAY       15                        14      1        0
  MONTH TO DATE  221                       284    -63      296
  SINCE SEP 1    268                       350    -82      312
  SINCE JUL 1    268                       352    -84      312

 COOLING
  YESTERDAY        0                         0      0        1
  MONTH TO DATE   18                        15      3       48
  SINCE SEP 1    156                       159     -3      255
  SINCE JAN 1   1266                      1242     24     1322
..................................................................


WIND (MPH)
  HIGHEST WIND SPEED    21   HIGHEST WIND DIRECTION     S (160)
  HIGHEST GUST SPEED    24   HIGHEST GUST DIRECTION     S (160)
  AVERAGE WIND SPEED     7.8


SKY COVER
  AVERAGE SKY COVER 0.4


WEATHER CONDITIONS
 THE FOLLOWING WEATHER WAS RECORDED YESTERDAY.
  LIGHT RAIN


RELATIVE HUMIDITY (PERCENT)
 HIGHEST    93
 LOWEST     67
 AVERAGE    80

..........................................................


THE COLUMBIA ASOS CLIMATE NORMALS FOR TODAY
                         NORMAL    RECORD    YEAR
 MAXIMUM TEMPERATURE (F)   62        87      1950
 MINIMUM TEMPERATURE (F)   41        22      1993
                                             1930
                                             1898


SUNRISE AND SUNSET
OCTOBER 31 2014.......SUNRISE   735 AM CDT   SUNSET   610 PM CDT
NOVEMBER  1 2014......SUNRISE   736 AM CDT   SUNSET   608 PM CDT


-  INDICATES NEGATIVE NUMBERS.
R  INDICATES RECORD WAS SET OR TIED.
MM INDICATES DATA IS MISSING.
T  INDICATES TRACE AMOUNT.




$$
