000
CDUS43 KLSX 290737
CLICOU


CLIMATE REPORT
NATIONAL WEATHER SERVICE ST LOUIS MO
236 AM CDT FRI APR 29 2016


...................................

...THE COLUMBIA ASOS CLIMATE SUMMARY FOR APRIL 28 2016...

CLIMATE NORMAL PERIOD 1981 TO 2010
CLIMATE RECORD PERIOD 1890 TO 2016


WEATHER ITEM   OBSERVED TIME   RECORD YEAR NORMAL DEPARTURE LAST
                VALUE   (LST)  VALUE       VALUE  FROM      YEAR
                                                  NORMAL
..................................................................
TEMPERATURE (F)
 YESTERDAY
  MAXIMUM         66    258 PM  88    1970  70     -4       72
                                      1951
                                      1894
  MINIMUM         50   1150 PM  32    1928  48      2       42
  AVERAGE         58                        59     -1       57

PRECIPITATION (IN)
  YESTERDAY        0.00          4.50 1996   0.17  -0.17     0.00
  MONTH TO DATE    2.05                      4.15  -2.10     3.29
  SINCE MAR 1      3.93                      7.06  -3.13     4.83
  SINCE JAN 1      5.58                     11.23  -5.65     7.18

SNOWFALL (IN)
  YESTERDAY        0.0           0.0  2015   0.0    0.0      0.0
  MONTH TO DATE    0.0                       0.2   -0.2      0.0
  SINCE MAR 1      T                         1.9   -1.9      1.6
  SINCE JUL 1      9.0                      18.0   -9.0     12.0
  SNOW DEPTH       0

DEGREE DAYS
 HEATING
  YESTERDAY        7                         7      0        8
  MONTH TO DATE  221                       306    -85      208
  SINCE MAR 1    639                       942   -303      793
  SINCE JUL 1   3816                      4888  -1072     4848

 COOLING
  YESTERDAY        0                         1     -1        0
  MONTH TO DATE   28                        21      7       15
  SINCE MAR 1     32                        24      8       15
  SINCE JAN 1     32                        24      8       15
..................................................................


WIND (MPH)
  HIGHEST WIND SPEED    18   HIGHEST WIND DIRECTION    SW (240)
  HIGHEST GUST SPEED    23   HIGHEST GUST DIRECTION    SW (240)
  AVERAGE WIND SPEED     9.4


SKY COVER
  AVERAGE SKY COVER 0.1


WEATHER CONDITIONS
 THE FOLLOWING WEATHER WAS RECORDED YESTERDAY.
  NO SIGNIFICANT WEATHER WAS OBSERVED.


RELATIVE HUMIDITY (PERCENT)
 HIGHEST   100
 LOWEST     58
 AVERAGE    79

..........................................................


THE COLUMBIA ASOS CLIMATE NORMALS FOR TODAY
                         NORMAL    RECORD    YEAR
 MAXIMUM TEMPERATURE (F)   70        91      1910
 MINIMUM TEMPERATURE (F)   48        32      2008


SUNRISE AND SUNSET
APRIL 29 2016.........SUNRISE   613 AM CDT   SUNSET   800 PM CDT
APRIL 30 2016.........SUNRISE   612 AM CDT   SUNSET   801 PM CDT


-  INDICATES NEGATIVE NUMBERS.
R  INDICATES RECORD WAS SET OR TIED.
MM INDICATES DATA IS MISSING.
T  INDICATES TRACE AMOUNT.




$$
