000
CDUS43 KLSX 042230
CLICOU


CLIMATE REPORT
NATIONAL WEATHER SERVICE ST LOUIS MO
529 PM CDT TUE AUG 4 2015


...................................

...THE COLUMBIA ASOS CLIMATE SUMMARY FOR AUGUST 4 2015...
VALID TODAY AS OF 0500 PM LOCAL TIME.

CLIMATE NORMAL PERIOD 1981 TO 2010
CLIMATE RECORD PERIOD 1890 TO 2015


WEATHER ITEM   OBSERVED TIME   RECORD YEAR NORMAL DEPARTURE LAST
                VALUE   (LST)  VALUE       VALUE  FROM      YEAR
                                                  NORMAL
..................................................................
TEMPERATURE (F)
 TODAY
  MAXIMUM         88   1211 PM 108    1918  88      0       88
  MINIMUM         69    559 AM  44    1894  67      2       65
  AVERAGE         79                        77      2       77

PRECIPITATION (IN)
  TODAY            0.00          2.40 1953   0.13  -0.13      T
  MONTH TO DATE    0.03                      0.51  -0.48     0.01
  SINCE JUN 1     15.99                      9.35   6.64     6.54
  SINCE JAN 1     28.85                     25.90   2.95    21.36

SNOWFALL (IN)
  TODAY            0.0           0.0  2013   0.0    0.0      0.0
  MONTH TO DATE    0.0                       0.0    0.0      0.0
  SINCE JUN 1      0.0                       0.0    0.0      0.0
  SINCE JUL 1      0.0                       0.0    0.0      0.0
  SNOW DEPTH       0

DEGREE DAYS
 HEATING
  TODAY            0                         0      0        0
  MONTH TO DATE    0                         0      0        0
  SINCE JUN 1      8                        11     -3        0
  SINCE JUL 1      1                         0      1        0

 COOLING
  TODAY           14                        12      2       12
  MONTH TO DATE   56                        48      8       41
  SINCE JUN 1    765                       678     87      594
  SINCE JAN 1    884                       781    103      754
..................................................................


WIND (MPH)
  HIGHEST WIND SPEED    21   HIGHEST WIND DIRECTION     N (360)
  HIGHEST GUST SPEED    25   HIGHEST GUST DIRECTION     N (360)
  AVERAGE WIND SPEED     7.4


SKY COVER
  AVERAGE SKY COVER 0.1



RELATIVE HUMIDITY (PERCENT)
 HIGHEST    90           200 AM
 LOWEST     55          1200 PM
 AVERAGE    73

..........................................................


THE COLUMBIA ASOS CLIMATE NORMALS FOR TOMORROW
                         NORMAL    RECORD    YEAR
 MAXIMUM TEMPERATURE (F)   88       106      1918
 MINIMUM TEMPERATURE (F)   67        50      1894


SUNRISE AND SUNSET
AUGUST  4 2015........SUNRISE   612 AM CDT   SUNSET   817 PM CDT
AUGUST  5 2015........SUNRISE   613 AM CDT   SUNSET   816 PM CDT


-  INDICATES NEGATIVE NUMBERS.
R  INDICATES RECORD WAS SET OR TIED.
MM INDICATES DATA IS MISSING.
T  INDICATES TRACE AMOUNT.




$$
