000
CDUS45 KRIW 310734
CLICPR


CLIMATE REPORT
NATIONAL WEATHER SERVICE RIVERTON WY
134 AM MDT MON AUG 31 2015


...................................

...THE CASPER WY CLIMATE SUMMARY FOR AUGUST 30 2015...

CLIMATE NORMAL PERIOD 1981 TO 2010
CLIMATE RECORD PERIOD 1939 TO 2015


WEATHER ITEM   OBSERVED TIME   RECORD YEAR NORMAL DEPARTURE LAST
                VALUE   (LST)  VALUE       VALUE  FROM      YEAR
                                                  NORMAL
..................................................................
TEMPERATURE (F)
 YESTERDAY
  MAXIMUM         92    105 PM  96    1948  83      9       89
  MINIMUM         62    155 AM  34    1965  48     14       46
  AVERAGE         77                        65     12       68

PRECIPITATION (IN)
  YESTERDAY        0.00          0.43 2003   0.03  -0.03     0.04
  MONTH TO DATE    0.83                      0.83   0.00     1.01
  SINCE JUN 1      2.90                      3.85  -0.95     3.53
  SINCE JAN 1     10.40                      9.06   1.34     8.29

SNOWFALL (IN)
  YESTERDAY        0.0                       0.0    0.0      0.0
  MONTH TO DATE    0.0                       0.0    0.0      0.0
  SINCE JUN 1      0.0                       0.1   -0.1       T
  SINCE JUL 1      0.0                       0.0    0.0       T
  SNOW DEPTH       0

DEGREE DAYS
 HEATING
  YESTERDAY        0                         2     -2        0
  MONTH TO DATE   44                        26     18       25
  SINCE JUN 1     86                       178    -92      199
  SINCE JUL 1     60                        42     18       41

 COOLING
  YESTERDAY       12                         3      9        3
  MONTH TO DATE  143                       150     -7      117
  SINCE JUN 1    349                       391    -42      322
  SINCE JAN 1    349                       395    -46      328
..................................................................


WIND (MPH)
  HIGHEST WIND SPEED    36   HIGHEST WIND DIRECTION     W (250)
  HIGHEST GUST SPEED    44   HIGHEST GUST DIRECTION     W (250)
  AVERAGE WIND SPEED    15.9


SKY COVER
  POSSIBLE SUNSHINE  MM
  AVERAGE SKY COVER 0.0


WEATHER CONDITIONS
 THE FOLLOWING WEATHER WAS RECORDED YESTERDAY.
  NO SIGNIFICANT WEATHER WAS OBSERVED.


RELATIVE HUMIDITY (PERCENT)
 HIGHEST    38           800 PM
 LOWEST     13          1000 AM
 AVERAGE    26

..........................................................


THE CASPER WY CLIMATE NORMALS FOR TODAY
                         NORMAL    RECORD    YEAR
 MAXIMUM TEMPERATURE (F)   82        94      2007
                                             1954
 MINIMUM TEMPERATURE (F)   48        33      1977
                                             1965


SUNRISE AND SUNSET
AUGUST 31 2015........SUNRISE   629 AM MDT   SUNSET   742 PM MDT
SEPTEMBER  1 2015.....SUNRISE   630 AM MDT   SUNSET   741 PM MDT


-  INDICATES NEGATIVE NUMBERS.
R  INDICATES RECORD WAS SET OR TIED.
MM INDICATES DATA IS MISSING.
T  INDICATES TRACE AMOUNT.




$$
