000
CDUS45 KRIW 210735
CLICPR


CLIMATE REPORT
NATIONAL WEATHER SERVICE RIVERTON WY
133 AM MDT MON APR 21 2014


...................................

...THE CASPER WY CLIMATE SUMMARY FOR APRIL 20 2014...

CLIMATE NORMAL PERIOD 1981 TO 2010
CLIMATE RECORD PERIOD 1939 TO 2014


WEATHER ITEM   OBSERVED TIME   RECORD YEAR NORMAL DEPARTURE LAST
                VALUE   (LST)  VALUE       VALUE  FROM      YEAR
                                                  NORMAL
..................................................................
TEMPERATURE (F)
 YESTERDAY
  MAXIMUM         71    127 PM  81    1989  58     13       55
                                      1980
                                      1962
  MINIMUM         36   1159 PM  -2    1966  30      6       36
  AVERAGE         54                        44     10       46

PRECIPITATION (IN)
  YESTERDAY        0.00          1.82 1974   0.04  -0.04     0.02
  MONTH TO DATE    0.64                      0.78  -0.14     2.30
  SINCE MAR 1      2.28                      1.60   0.68     3.15
  SINCE JAN 1      3.76                      2.68   1.08     3.92

SNOWFALL (IN)
  YESTERDAY        0.0                       0.4   -0.4      0.0
  MONTH TO DATE    5.2                       8.4   -3.2     35.1
  SINCE MAR 1     23.9                      19.3    4.6     45.6
  SINCE JUL 1     90.1                      68.7   21.4     78.3
  SNOW DEPTH       0

DEGREE DAYS
 HEATING
  YESTERDAY       11                        21    -10       19
  MONTH TO DATE  455                       474    -19      616
  SINCE MAR 1   1367                      1399    -32     1577
  SINCE JUL 1   7131                      6847    284     6627

 COOLING
  YESTERDAY        0                         0      0        0
  MONTH TO DATE    0                         0      0        0
  SINCE MAR 1      0                         0      0        0
  SINCE JAN 1      0                         0      0        0
..................................................................


WIND (MPH)
  HIGHEST WIND SPEED    20   HIGHEST WIND DIRECTION     N (360)
  HIGHEST GUST SPEED    30   HIGHEST GUST DIRECTION     N (350)
  AVERAGE WIND SPEED    11.4


SKY COVER
  POSSIBLE SUNSHINE  MM
  AVERAGE SKY COVER 0.1


WEATHER CONDITIONS
 THE FOLLOWING WEATHER WAS RECORDED YESTERDAY.
  NO SIGNIFICANT WEATHER WAS OBSERVED.


RELATIVE HUMIDITY (PERCENT)
 HIGHEST    82           500 AM
 LOWEST     20           100 PM
 AVERAGE    51

..........................................................


THE CASPER WY CLIMATE NORMALS FOR TODAY
                         NORMAL    RECORD    YEAR
 MAXIMUM TEMPERATURE (F)   58        83      1989
 MINIMUM TEMPERATURE (F)   30        14      1973


SUNRISE AND SUNSET
APRIL 21 2014.........SUNRISE   615 AM MDT   SUNSET   755 PM MDT
APRIL 22 2014.........SUNRISE   613 AM MDT   SUNSET   756 PM MDT


-  INDICATES NEGATIVE NUMBERS.
R  INDICATES RECORD WAS SET OR TIED.
MM INDICATES DATA IS MISSING.
T  INDICATES TRACE AMOUNT.




$$
