000
CDUS45 KRIW 300734
CLICPR


CLIMATE REPORT
NATIONAL WEATHER SERVICE RIVERTON WY
131 AM MDT TUE JUN 30 2015


...................................

...THE CASPER WY CLIMATE SUMMARY FOR JUNE 29 2015...

CLIMATE NORMAL PERIOD 1981 TO 2010
CLIMATE RECORD PERIOD 1939 TO 2015


WEATHER ITEM   OBSERVED TIME   RECORD YEAR NORMAL DEPARTURE LAST
                VALUE   (LST)  VALUE       VALUE  FROM      YEAR
                                                  NORMAL
..................................................................
TEMPERATURE (F)
 YESTERDAY
  MAXIMUM         92    344 PM  99    2007  85      7       84
                                      2002
  MINIMUM         51    210 AM  38    2008  50      1       42
                                      1969
  AVERAGE         72                        67      5       63

PRECIPITATION (IN)
  YESTERDAY        0.00          0.55 1947   0.05  -0.05     0.00
  MONTH TO DATE    1.50                      1.57  -0.07     1.35
  SINCE JUN 1      1.50                      1.57  -0.07     1.35
  SINCE JAN 1      9.00                      6.78   2.22     6.11

SNOWFALL (IN)
  YESTERDAY        0.0                       0.0    0.0      0.0
  MONTH TO DATE    0.0                       0.1   -0.1      0.0
  SINCE JUN 1      0.0                       0.1   -0.1      0.0
  SINCE JUL 1     71.7                      74.9   -3.2     91.6
  SNOW DEPTH       0

DEGREE DAYS
 HEATING
  YESTERDAY        0                         2     -2        2
  MONTH TO DATE   26                       134   -108      154
  SINCE JUN 1     26                       134   -108      154
  SINCE JUL 1   6964                      7578   -614     7864

 COOLING
  YESTERDAY        7                         4      3        0
  MONTH TO DATE   67                        51     16       17
  SINCE JUN 1     67                        51     16       17
  SINCE JAN 1     67                        55     12       23
..................................................................


WIND (MPH)
  HIGHEST WIND SPEED    15   HIGHEST WIND DIRECTION     N (10)
  HIGHEST GUST SPEED    19   HIGHEST GUST DIRECTION     N (350)
  AVERAGE WIND SPEED     7.5


SKY COVER
  POSSIBLE SUNSHINE  MM
  AVERAGE SKY COVER 0.0


WEATHER CONDITIONS
 THE FOLLOWING WEATHER WAS RECORDED YESTERDAY.
  NO SIGNIFICANT WEATHER WAS OBSERVED.


RELATIVE HUMIDITY (PERCENT)
 HIGHEST    89           100 AM
 LOWEST     15           200 PM
 AVERAGE    52

..........................................................


THE CASPER WY CLIMATE NORMALS FOR TODAY
                         NORMAL    RECORD    YEAR
 MAXIMUM TEMPERATURE (F)   85       102      1990
 MINIMUM TEMPERATURE (F)   50        35      1968


SUNRISE AND SUNSET
JUNE 30 2015..........SUNRISE   530 AM MDT   SUNSET   849 PM MDT
JULY  1 2015..........SUNRISE   531 AM MDT   SUNSET   848 PM MDT


-  INDICATES NEGATIVE NUMBERS.
R  INDICATES RECORD WAS SET OR TIED.
MM INDICATES DATA IS MISSING.
T  INDICATES TRACE AMOUNT.




$$
