000
CDUS45 KRIW 270032
CLICPR


CLIMATE REPORT
NATIONAL WEATHER SERVICE RIVERTON WY
631 PM MDT WED JUL 26 2017


...................................

...THE CASPER WY CLIMATE SUMMARY FOR JULY 26 2017...
VALID TODAY AS OF 0500 PM LOCAL TIME.

CLIMATE NORMAL PERIOD 1981 TO 2010
CLIMATE RECORD PERIOD 1939 TO 2017


WEATHER ITEM   OBSERVED TIME   RECORD YEAR NORMAL DEPARTURE LAST
                VALUE   (LST)  VALUE       VALUE  FROM      YEAR
                                                  NORMAL
..................................................................
TEMPERATURE (F)
 TODAY
  MAXIMUM         81        MM  98    2010  89     -8       93
                                      2008
  MINIMUM         59        MM  40    1971  54      5       54
  AVERAGE         70                        72     -2       74

PRECIPITATION (IN)
  TODAY            T             0.68 1963   0.05  -0.05     0.07
  MONTH TO DATE    0.08                      1.19  -1.11     0.15
  SINCE JUN 1      1.09                      2.80  -1.71     1.32
  SINCE JAN 1      8.69                      8.01   0.68    10.78

SNOWFALL (IN)
  TODAY            0.0                       0.0    0.0      0.0
  MONTH TO DATE    0.0                       0.0    0.0      0.0
  SINCE JUN 1      0.0                       0.1   -0.1      0.0
  SINCE JUL 1      0.0                       0.0    0.0      0.0
  SNOW DEPTH       0

DEGREE DAYS
 HEATING
  TODAY            0                         0      0        0
  MONTH TO DATE    1                        11    -10        5
  SINCE JUN 1     92                       147    -55       42
  SINCE JUL 1      1                        11    -10        5

 COOLING
  TODAY            5                         7     -2        9
  MONTH TO DATE  225                       155     70      166
  SINCE JUN 1    261                       208     53      269
  SINCE JAN 1    261                       212     49      269
..................................................................


WIND (MPH)
  HIGHEST WIND SPEED    14   HIGHEST WIND DIRECTION     E (90)
  HIGHEST GUST SPEED    MM   HIGHEST GUST DIRECTION    MM
  AVERAGE WIND SPEED     6.6


SKY COVER
  POSSIBLE SUNSHINE  MM
  AVERAGE SKY COVER 0.6


WEATHER CONDITIONS
 THE FOLLOWING WEATHER WAS RECORDED TODAY.
  LIGHT RAIN


RELATIVE HUMIDITY (PERCENT)
 HIGHEST    97           600 AM
 LOWEST     45           300 PM
 AVERAGE    71

..........................................................


THE CASPER WY CLIMATE NORMALS FOR TOMORROW
                         NORMAL    RECORD    YEAR
 MAXIMUM TEMPERATURE (F)   89        99      2008
 MINIMUM TEMPERATURE (F)   54        45      2005


SUNRISE AND SUNSET
JULY 26 2017..........SUNRISE   551 AM MDT   SUNSET   833 PM MDT
JULY 27 2017..........SUNRISE   552 AM MDT   SUNSET   832 PM MDT


-  INDICATES NEGATIVE NUMBERS.
R  INDICATES RECORD WAS SET OR TIED.
MM INDICATES DATA IS MISSING.
T  INDICATES TRACE AMOUNT.




$$
