000
CDUS45 KRIW 290740
CLICPR


CLIMATE REPORT
NATIONAL WEATHER SERVICE RIVERTON WY
1239 AM MST THU JAN 29 2015


...................................

...THE CASPER WY CLIMATE SUMMARY FOR JANUARY 28 2015...

CLIMATE NORMAL PERIOD 1981 TO 2010
CLIMATE RECORD PERIOD 1939 TO 2015


WEATHER ITEM   OBSERVED TIME   RECORD YEAR NORMAL DEPARTURE LAST
                VALUE   (LST)  VALUE       VALUE  FROM      YEAR
                                                  NORMAL
..................................................................
TEMPERATURE (F)
 YESTERDAY
  MAXIMUM         43   1224 AM  55    1971  35      8       24
  MINIMUM         33   1159 PM -32    1980  14     19       -6
  AVERAGE         38                        25     13        9

PRECIPITATION (IN)
  YESTERDAY        0.16          0.30 1970   0.02   0.14     0.00
  MONTH TO DATE    0.51                      0.46   0.05     0.71
  SINCE DEC 1      1.76                      0.95   0.81     1.91
  SINCE JAN 1      0.51                      0.46   0.05     0.71

SNOWFALL (IN)
  YESTERDAY        T                         0.3   -0.3      0.0
  MONTH TO DATE    6.1                       8.2   -2.1     13.8
  SINCE DEC 1     23.9                      19.2    4.7     29.5
  SINCE JUL 1     38.7                      38.7    0.0     54.3
  SNOW DEPTH       0

DEGREE DAYS
 HEATING
  YESTERDAY       27                        40    -13       56
  MONTH TO DATE 1089                      1125    -36     1139
  SINCE DEC 1   2213                      2400   -187     2515
  SINCE JUL 1   3988                      4254   -266     4359

 COOLING
  YESTERDAY        0                         0      0        0
  MONTH TO DATE    0                         0      0        0
  SINCE DEC 1      0                         0      0        0
  SINCE JAN 1      0                         0      0        0
..................................................................


WIND (MPH)
  HIGHEST WIND SPEED    26   HIGHEST WIND DIRECTION    SW (220)
  HIGHEST GUST SPEED    31   HIGHEST GUST DIRECTION    SW (220)
  AVERAGE WIND SPEED     7.2


SKY COVER
  POSSIBLE SUNSHINE  MM
  AVERAGE SKY COVER 0.7


WEATHER CONDITIONS
 THE FOLLOWING WEATHER WAS RECORDED YESTERDAY.
  RAIN
  LIGHT RAIN
  LIGHT SNOW
  FOG


RELATIVE HUMIDITY (PERCENT)
 HIGHEST    92          1100 AM
 LOWEST     57          1200 AM
 AVERAGE    75

..........................................................


THE CASPER WY CLIMATE NORMALS FOR TODAY
                         NORMAL    RECORD    YEAR
 MAXIMUM TEMPERATURE (F)   35        53      1971
 MINIMUM TEMPERATURE (F)   14       -28      1980


SUNRISE AND SUNSET
JANUARY 29 2015.......SUNRISE   724 AM MST   SUNSET   515 PM MST
JANUARY 30 2015.......SUNRISE   723 AM MST   SUNSET   516 PM MST


-  INDICATES NEGATIVE NUMBERS.
R  INDICATES RECORD WAS SET OR TIED.
MM INDICATES DATA IS MISSING.
T  INDICATES TRACE AMOUNT.




$$
