000
CDUS45 KRIW 280744
CLICPR


CLIMATE REPORT
NATIONAL WEATHER SERVICE RIVERTON WY
1238 AM MST FRI NOV 28 2014


...................................

...THE CASPER WY CLIMATE SUMMARY FOR NOVEMBER 27 2014...

CLIMATE NORMAL PERIOD 1981 TO 2010
CLIMATE RECORD PERIOD 1939 TO 2014


WEATHER ITEM   OBSERVED TIME   RECORD YEAR NORMAL DEPARTURE LAST
                VALUE   (LST)  VALUE       VALUE  FROM      YEAR
                                                  NORMAL
..................................................................
TEMPERATURE (F)
 YESTERDAY
  MAXIMUM         54    309 PM  64    1998  38     16       50
  MINIMUM         37    305 AM -11    1952  17     20       19
  AVERAGE         46                        28     18       35

PRECIPITATION (IN)
  YESTERDAY        0.00          0.30 1942   0.02  -0.02     0.00
  MONTH TO DATE    0.77                      0.70   0.07     0.24
  SINCE SEP 1      2.46                      2.89  -0.43     4.74
  SINCE JAN 1     10.84                     11.97  -1.13    13.94

SNOWFALL (IN)
  YESTERDAY        0.0                       0.4   -0.4      0.0
  MONTH TO DATE   10.6                       9.3    1.3      3.6
  SINCE SEP 1     14.8                      18.5   -3.7     24.8
  SINCE JUL 1     14.8                      18.5   -3.7     24.8
  SNOW DEPTH       0

DEGREE DAYS
 HEATING
  YESTERDAY       19                        37    -18       30
  MONTH TO DATE  980                       843    137      873
  SINCE SEP 1   1624                      1696    -72     1762
  SINCE JUL 1   1671                      1742    -71     1762

 COOLING
  YESTERDAY        0                         0      0        0
  MONTH TO DATE    0                         0      0        0
  SINCE SEP 1     29                        25      4       80
  SINCE JAN 1    357                       422    -65      618
..................................................................


WIND (MPH)
  HIGHEST WIND SPEED    30   HIGHEST WIND DIRECTION    SW (220)
  HIGHEST GUST SPEED    42   HIGHEST GUST DIRECTION    SW (220)
  AVERAGE WIND SPEED    16.1


SKY COVER
  POSSIBLE SUNSHINE  MM
  AVERAGE SKY COVER 0.0


WEATHER CONDITIONS
 THE FOLLOWING WEATHER WAS RECORDED YESTERDAY.
  NO SIGNIFICANT WEATHER WAS OBSERVED.


RELATIVE HUMIDITY (PERCENT)
 HIGHEST    70          1200 AM
 LOWEST     35           300 PM
 AVERAGE    53

..........................................................


THE CASPER WY CLIMATE NORMALS FOR TODAY
                         NORMAL    RECORD    YEAR
 MAXIMUM TEMPERATURE (F)   38        61      1998
 MINIMUM TEMPERATURE (F)   17        -9      1952


SUNRISE AND SUNSET
NOVEMBER 28 2014......SUNRISE   714 AM MST   SUNSET   434 PM MST
NOVEMBER 29 2014......SUNRISE   715 AM MST   SUNSET   433 PM MST


-  INDICATES NEGATIVE NUMBERS.
R  INDICATES RECORD WAS SET OR TIED.
MM INDICATES DATA IS MISSING.
T  INDICATES TRACE AMOUNT.




$$
