249
CDUS45 KRIW 090734
CLICPR


CLIMATE REPORT
NATIONAL WEATHER SERVICE RIVERTON WY
1228 AM MST TUE FEB 9 2016


...................................

...THE CASPER WY CLIMATE SUMMARY FOR FEBRUARY 8 2016...

CLIMATE NORMAL PERIOD 1981 TO 2010
CLIMATE RECORD PERIOD 1939 TO 2016


WEATHER ITEM   OBSERVED TIME   RECORD YEAR NORMAL DEPARTURE LAST
                VALUE   (LST)  VALUE       VALUE  FROM      YEAR
                                                  NORMAL
..................................................................
TEMPERATURE (F)
 YESTERDAY
  MAXIMUM         38    402 PM  61    1996  36      2       57
  MINIMUM         16   1208 AM -24    1982  15      1       31
  AVERAGE         27                        25      2       44

PRECIPITATION (IN)
  YESTERDAY        0.00          0.21 1966   0.02  -0.02     0.00
  MONTH TO DATE    0.34                      0.15   0.19     0.30
  SINCE DEC 1      2.39                      1.15   1.24     2.07
  SINCE JAN 1      1.33                      0.66   0.67     0.82

SNOWFALL (IN)
  YESTERDAY        0.0                       0.3   -0.3      0.0
  MONTH TO DATE   14.6                       2.7   11.9      3.0
  SINCE DEC 1     44.8                      22.8   22.0     27.2
  SINCE JUL 1     58.1                      42.3   15.8     42.0
  SNOW DEPTH       6

DEGREE DAYS
 HEATING
  YESTERDAY       38                        40     -2       21
  MONTH TO DATE  384                       320     64      217
  SINCE DEC 1   2834                      2843     -9     2524
  SINCE JUL 1   4356                      4697   -341     4299

 COOLING
  YESTERDAY        0                         0      0        0
  MONTH TO DATE    0                         0      0        0
  SINCE DEC 1      0                         0      0        0
  SINCE JAN 1      0                         0      0        0
..................................................................


WIND (MPH)
  HIGHEST WIND SPEED    25   HIGHEST WIND DIRECTION    SW (220)
  HIGHEST GUST SPEED    31   HIGHEST GUST DIRECTION    SW (210)
  AVERAGE WIND SPEED    15.3


SKY COVER
  POSSIBLE SUNSHINE  MM
  AVERAGE SKY COVER 0.1


WEATHER CONDITIONS
 THE FOLLOWING WEATHER WAS RECORDED YESTERDAY.
  NO SIGNIFICANT WEATHER WAS OBSERVED.


RELATIVE HUMIDITY (PERCENT)
 HIGHEST    73          1200 AM
 LOWEST     54           300 PM
 AVERAGE    64

..........................................................


THE CASPER WY CLIMATE NORMALS FOR TODAY
                         NORMAL    RECORD    YEAR
 MAXIMUM TEMPERATURE (F)   36        63      1996
 MINIMUM TEMPERATURE (F)   15       -22      1982


SUNRISE AND SUNSET
FEBRUARY  9 2016......SUNRISE   712 AM MST   SUNSET   529 PM MST
FEBRUARY 10 2016......SUNRISE   711 AM MST   SUNSET   530 PM MST


-  INDICATES NEGATIVE NUMBERS.
R  INDICATES RECORD WAS SET OR TIED.
MM INDICATES DATA IS MISSING.
T  INDICATES TRACE AMOUNT.




$$
