000
CDUS45 KRIW 230758
CLICPR


CLIMATE REPORT
NATIONAL WEATHER SERVICE RIVERTON WY
157 AM MDT WED APR 23 2014


...................................

...THE CASPER WY CLIMATE SUMMARY FOR APRIL 22 2014...

CLIMATE NORMAL PERIOD 1981 TO 2010
CLIMATE RECORD PERIOD 1939 TO 2014


WEATHER ITEM   OBSERVED TIME   RECORD YEAR NORMAL DEPARTURE LAST
                VALUE   (LST)  VALUE       VALUE  FROM      YEAR
                                                  NORMAL
..................................................................
TEMPERATURE (F)
 YESTERDAY
  MAXIMUM         72    236 PM  81    1994  59     13       28
  MINIMUM         33    323 AM  12    1967  30      3       15
  AVERAGE         53                        44      9       22

PRECIPITATION (IN)
  YESTERDAY        0.00          0.37 1988   0.05  -0.05     0.12
  MONTH TO DATE    0.64                      0.87  -0.23     2.42
  SINCE MAR 1      2.28                      1.69   0.59     3.27
  SINCE JAN 1      3.76                      2.77   0.99     4.04

SNOWFALL (IN)
  YESTERDAY        0.0                       0.4   -0.4      2.7
  MONTH TO DATE    5.2                       9.1   -3.9     37.8
  SINCE MAR 1     23.9                      20.0    3.9     48.3
  SINCE JUL 1     90.1                      69.4   20.7     81.0
  SNOW DEPTH       0

DEGREE DAYS
 HEATING
  YESTERDAY       12                        21     -9       43
  MONTH TO DATE  485                       516    -31      681
  SINCE MAR 1   1397                      1441    -44     1642
  SINCE JUL 1   7161                      6889    272     6692

 COOLING
  YESTERDAY        0                         0      0        0
  MONTH TO DATE    0                         0      0        0
  SINCE MAR 1      0                         0      0        0
  SINCE JAN 1      0                         0      0        0
..................................................................


WIND (MPH)
  HIGHEST WIND SPEED    32   HIGHEST WIND DIRECTION     W (280)
  HIGHEST GUST SPEED    43   HIGHEST GUST DIRECTION    SW (230)
  AVERAGE WIND SPEED    11.2


SKY COVER
  POSSIBLE SUNSHINE  MM
  AVERAGE SKY COVER 0.1


WEATHER CONDITIONS
 THE FOLLOWING WEATHER WAS RECORDED YESTERDAY.
  NO SIGNIFICANT WEATHER WAS OBSERVED.


RELATIVE HUMIDITY (PERCENT)
 HIGHEST    89           300 AM
 LOWEST     21           800 PM
 AVERAGE    55

..........................................................


THE CASPER WY CLIMATE NORMALS FOR TODAY
                         NORMAL    RECORD    YEAR
 MAXIMUM TEMPERATURE (F)   59        82      2012
                                             1989
 MINIMUM TEMPERATURE (F)   30         9      2013


SUNRISE AND SUNSET
APRIL 23 2014.........SUNRISE   611 AM MDT   SUNSET   758 PM MDT
APRIL 24 2014.........SUNRISE   610 AM MDT   SUNSET   759 PM MDT


-  INDICATES NEGATIVE NUMBERS.
R  INDICATES RECORD WAS SET OR TIED.
MM INDICATES DATA IS MISSING.
T  INDICATES TRACE AMOUNT.




$$
