000
CDUS45 KRIW 280738
CLICPR


CLIMATE REPORT
NATIONAL WEATHER SERVICE RIVERTON WY
128 AM MDT THU APR 28 2016


...................................

...THE CASPER WY CLIMATE SUMMARY FOR APRIL 27 2016...

CLIMATE NORMAL PERIOD 1981 TO 2010
CLIMATE RECORD PERIOD 1939 TO 2016


WEATHER ITEM   OBSERVED TIME   RECORD YEAR NORMAL DEPARTURE LAST
                VALUE   (LST)  VALUE       VALUE  FROM      YEAR
                                                  NORMAL
..................................................................
TEMPERATURE (F)
 YESTERDAY
  MAXIMUM         39    159 PM  81    1992  60    -21       46
                                      1952
  MINIMUM         22    155 AM  15    1984  31     -9       33
  AVERAGE         31                        46    -15       40

PRECIPITATION (IN)
  YESTERDAY        T             0.68 1970   0.05  -0.05     0.09
  MONTH TO DATE    3.23                      1.12   2.11     1.66
  SINCE MAR 1      4.59                      1.94   2.65     2.30
  SINCE JAN 1      6.05                      3.02   3.03     3.61

SNOWFALL (IN)
  YESTERDAY        0.2                       0.3   -0.1      0.2
  MONTH TO DATE   13.3                      10.7    2.6      4.7
  SINCE MAR 1     26.7                      21.6    5.1     14.0
  SINCE JUL 1     85.4                      71.0   14.4     65.4
  SNOW DEPTH       0

DEGREE DAYS
 HEATING
  YESTERDAY       34                        19     15       25
  MONTH TO DATE  564                       614    -50      588
  SINCE MAR 1   1418                      1539   -121     1357
  SINCE JUL 1   6353                      6987   -634     6408

 COOLING
  YESTERDAY        0                         0      0        0
  MONTH TO DATE    0                         0      0        0
  SINCE MAR 1      0                         0      0        0
  SINCE JAN 1      0                         0      0        0
..................................................................


WIND (MPH)
  HIGHEST WIND SPEED    15   HIGHEST WIND DIRECTION    NE (30)
  HIGHEST GUST SPEED    20   HIGHEST GUST DIRECTION     W (260)
  AVERAGE WIND SPEED     6.6


SKY COVER
  POSSIBLE SUNSHINE  MM
  AVERAGE SKY COVER 1.0


WEATHER CONDITIONS
 THE FOLLOWING WEATHER WAS RECORDED YESTERDAY.
  LIGHT SNOW
  FOG


RELATIVE HUMIDITY (PERCENT)
 HIGHEST    92          1200 AM
 LOWEST     59           100 PM
 AVERAGE    76

..........................................................


THE CASPER WY CLIMATE NORMALS FOR TODAY
                         NORMAL    RECORD    YEAR
 MAXIMUM TEMPERATURE (F)   61        80      2007
                                             2000
                                             1992
 MINIMUM TEMPERATURE (F)   32        13      1984


SUNRISE AND SUNSET
APRIL 28 2016.........SUNRISE   603 AM MDT   SUNSET   804 PM MDT
APRIL 29 2016.........SUNRISE   602 AM MDT   SUNSET   805 PM MDT


-  INDICATES NEGATIVE NUMBERS.
R  INDICATES RECORD WAS SET OR TIED.
MM INDICATES DATA IS MISSING.
T  INDICATES TRACE AMOUNT.




$$
