000
CDUS45 KRIW 240748
CLICPR


CLIMATE REPORT
NATIONAL WEATHER SERVICE RIVERTON WY
129 AM MDT FRI MAR 24 2017


...................................

...THE CASPER WY CLIMATE SUMMARY FOR MARCH 23 2017...

CLIMATE NORMAL PERIOD 1981 TO 2010
CLIMATE RECORD PERIOD 1939 TO 2017


WEATHER ITEM   OBSERVED TIME   RECORD YEAR NORMAL DEPARTURE LAST
                VALUE   (LST)  VALUE       VALUE  FROM      YEAR
                                                  NORMAL
..................................................................
TEMPERATURE (F)
 YESTERDAY
  MAXIMUM         50   1256 PM  76    2012  50      0       33
  MINIMUM         32   1144 PM  -2    1965  24      8       23
                                      1964
  AVERAGE         41                        37      4       28

PRECIPITATION (IN)
  YESTERDAY        0.02          0.88 2009   0.03  -0.01     0.02
  MONTH TO DATE    0.40                      0.57  -0.17     0.36
  SINCE MAR 1      0.40                      0.57  -0.17     0.36
  SINCE JAN 1      1.75                      1.65   0.10     1.82

SNOWFALL (IN)
  YESTERDAY        0.0                       0.4   -0.4      0.8
  MONTH TO DATE    2.3                       7.8   -5.5      1.5
  SINCE MAR 1      2.3                       7.8   -5.5      1.5
  SINCE JUL 1     55.8                      57.2   -1.4     60.2
  SNOW DEPTH       0

DEGREE DAYS
 HEATING
  YESTERDAY       24                        28     -4       37
  MONTH TO DATE  536                       710   -174      624
  SINCE MAR 1    536                       710   -174      624
  SINCE JUL 1   5726                      6158   -432     5559

 COOLING
  YESTERDAY        0                         0      0        0
  MONTH TO DATE    0                         0      0        0
  SINCE MAR 1      0                         0      0        0
  SINCE JAN 1      0                         0      0        0
..................................................................


WIND (MPH)
  HIGHEST WIND SPEED    26   HIGHEST WIND DIRECTION     N (10)
  HIGHEST GUST SPEED    32   HIGHEST GUST DIRECTION     N (350)
  AVERAGE WIND SPEED    10.3


SKY COVER
  POSSIBLE SUNSHINE  MM
  AVERAGE SKY COVER 0.9


WEATHER CONDITIONS
 THE FOLLOWING WEATHER WAS RECORDED YESTERDAY.
  LIGHT RAIN
  FOG


RELATIVE HUMIDITY (PERCENT)
 HIGHEST   100           400 AM
 LOWEST     66           100 PM
 AVERAGE    83

..........................................................


THE CASPER WY CLIMATE NORMALS FOR TODAY
                         NORMAL    RECORD    YEAR
 MAXIMUM TEMPERATURE (F)   51        72      1993
 MINIMUM TEMPERATURE (F)   24       -15      1965


SUNRISE AND SUNSET
MARCH 24 2017.........SUNRISE   701 AM MDT   SUNSET   723 PM MDT
MARCH 25 2017.........SUNRISE   700 AM MDT   SUNSET   724 PM MDT


-  INDICATES NEGATIVE NUMBERS.
R  INDICATES RECORD WAS SET OR TIED.
MM INDICATES DATA IS MISSING.
T  INDICATES TRACE AMOUNT.




$$
