000
CDUS45 KRIW 050740
CLICPR


CLIMATE REPORT
NATIONAL WEATHER SERVICE RIVERTON WY
136 AM MDT WED AUG 5 2015


...................................

...THE CASPER WY CLIMATE SUMMARY FOR AUGUST 4 2015...

CLIMATE NORMAL PERIOD 1981 TO 2010
CLIMATE RECORD PERIOD 1939 TO 2015


WEATHER ITEM   OBSERVED TIME   RECORD YEAR NORMAL DEPARTURE LAST
                VALUE   (LST)  VALUE       VALUE  FROM      YEAR
                                                  NORMAL
..................................................................
TEMPERATURE (F)
 YESTERDAY
  MAXIMUM         81    148 PM  97    1981  89     -8       85
                                      1979
                                      1941
  MINIMUM         57    225 AM  41    1980  54      3       57
  AVERAGE         69                        71     -2       71

PRECIPITATION (IN)
  YESTERDAY        T             0.84 1990   0.04  -0.04     0.30
  MONTH TO DATE    0.73                      0.15   0.58     0.30
  SINCE JUN 1      2.80                      3.17  -0.37     2.82
  SINCE JAN 1     10.30                      8.38   1.92     7.58

SNOWFALL (IN)
  YESTERDAY        0.0                       0.0    0.0      0.0
  MONTH TO DATE    0.0                       0.0    0.0      0.0
  SINCE JUN 1      0.0                       0.1   -0.1       T
  SINCE JUL 1      0.0                       0.0    0.0       T
  SNOW DEPTH       0

DEGREE DAYS
 HEATING
  YESTERDAY        0                         0      0        0
  MONTH TO DATE    0                         0      0        0
  SINCE JUN 1     42                       152   -110      174
  SINCE JUL 1     16                        16      0       16

 COOLING
  YESTERDAY        4                         7     -3        6
  MONTH TO DATE   25                        28     -3       22
  SINCE JUN 1    231                       269    -38      227
  SINCE JAN 1    231                       273    -42      233
..................................................................


WIND (MPH)
  HIGHEST WIND SPEED    21   HIGHEST WIND DIRECTION     N (340)
  HIGHEST GUST SPEED    26   HIGHEST GUST DIRECTION     N (340)
  AVERAGE WIND SPEED    10.4


SKY COVER
  POSSIBLE SUNSHINE  MM
  AVERAGE SKY COVER 0.5


WEATHER CONDITIONS
 THE FOLLOWING WEATHER WAS RECORDED YESTERDAY.
  THUNDERSTORM


RELATIVE HUMIDITY (PERCENT)
 HIGHEST    86          1200 AM
 LOWEST     37           400 PM
 AVERAGE    62

..........................................................


THE CASPER WY CLIMATE NORMALS FOR TODAY
                         NORMAL    RECORD    YEAR
 MAXIMUM TEMPERATURE (F)   89       102      1979
 MINIMUM TEMPERATURE (F)   54        39      1980


SUNRISE AND SUNSET
AUGUST  5 2015........SUNRISE   601 AM MDT   SUNSET   822 PM MDT
AUGUST  6 2015........SUNRISE   602 AM MDT   SUNSET   821 PM MDT


-  INDICATES NEGATIVE NUMBERS.
R  INDICATES RECORD WAS SET OR TIED.
MM INDICATES DATA IS MISSING.
T  INDICATES TRACE AMOUNT.




$$
