000
CDUS46 KLOX 030915
CLICQT


CLIMATE REPORT
NATIONAL WEATHER SERVICE LOS ANGELES/OXNARD CA
215 AM PDT THU SEP 3 2015


...................................

...THE DOWNTOWN LOS ANGELES (USC) CA CLIMATE SUMMARY FOR SEPTEMBER 2 2015...

CLIMATE NORMAL PERIOD 1981 TO 2010
CLIMATE RECORD PERIOD 1877 TO 2015


WEATHER ITEM   OBSERVED TIME   RECORD YEAR NORMAL DEPARTURE LAST
                VALUE   (LST)  VALUE       VALUE  FROM      YEAR
                                                  NORMAL
..................................................................
TEMPERATURE (F)
 YESTERDAY
  MAXIMUM         81   1115 AM 108    1955  85     -4       84
  MINIMUM         67   1105 PM  51    1881  64      3       68
  AVERAGE         74                        74      0       76

PRECIPITATION (IN)
  YESTERDAY        0.00          0.02 1913   0.00   0.00     0.00
                                      1894
  MONTH TO DATE    0.00                      0.00   0.00     0.00
  SINCE OCT 1      8.85                     14.69  -5.84     6.03
  SINCE JAN 1      4.24                     10.66  -6.42     5.15

SNOWFALL (IN)
  YESTERDAY        0.0
  MONTH TO DATE    0.0
  SINCE SEP 1      0.0
  SINCE JUL 1      0.0

DEGREE DAYS
 HEATING
  YESTERDAY        0                         0      0        0
  MONTH TO DATE    0                         0      0        0
  SINCE SEP 1      0                         0      0        0
  SINCE JUL 1      0                         0      0        0

 COOLING
  YESTERDAY        9                         9      0       11
  MONTH TO DATE   20                        18      2       24
  SINCE SEP 1     20                        18      2       24
  SINCE JAN 1   1141                       852    289     1101
..................................................................


WIND (MPH)
  HIGHEST WIND SPEED     9   HIGHEST WIND DIRECTION     W (270)
  HIGHEST GUST SPEED    17   HIGHEST GUST DIRECTION     W (270)
  AVERAGE WIND SPEED     1.6


SKY COVER
  POSSIBLE SUNSHINE  MM
  AVERAGE SKY COVER 0.5


WEATHER CONDITIONS
 THE FOLLOWING WEATHER WAS RECORDED YESTERDAY.
  HAZE


RELATIVE HUMIDITY (PERCENT)
 HIGHEST    81          1000 PM
 LOWEST     54          1000 AM
 AVERAGE    68

..........................................................


THE DOWNTOWN LOS ANGELES (USC) CA CLIMATE NORMALS FOR TODAY
                         NORMAL    RECORD    YEAR
 MAXIMUM TEMPERATURE (F)   85       103      1988
                                             1955
 MINIMUM TEMPERATURE (F)   64        51      1892


SUNRISE AND SUNSET
SEPTEMBER  3 2015.....SUNRISE   628 AM PDT   SUNSET   716 PM PDT
SEPTEMBER  4 2015.....SUNRISE   629 AM PDT   SUNSET   715 PM PDT


-  INDICATES NEGATIVE NUMBERS.
R  INDICATES RECORD WAS SET OR TIED.
MM INDICATES DATA IS MISSING.
T  INDICATES TRACE AMOUNT.




$$
