000
CDUS46 KLOX 230910
CLICQT


CLIMATE REPORT
NATIONAL WEATHER SERVICE LOS ANGELES/OXNARD CA
109 AM PST TUE JAN 23 2018


...................................

...THE DOWNTOWN LOS ANGELES (USC) CA CLIMATE SUMMARY FOR JANUARY 22 2018...

CLIMATE NORMAL PERIOD 1981 TO 2010
CLIMATE RECORD PERIOD 1877 TO 2018


WEATHER ITEM   OBSERVED TIME   RECORD YEAR NORMAL DEPARTURE LAST
                VALUE   (LST)  VALUE       VALUE  FROM      YEAR
                                                  NORMAL
..................................................................
TEMPERATURE (F)
 YESTERDAY
  MAXIMUM         69    217 PM  84    1994  68      1       56
  MINIMUM         44    521 AM  34    1937  48     -4       51
  AVERAGE         57                        58     -1       54

PRECIPITATION (IN)
  YESTERDAY        0.00          3.69 1967   0.09  -0.09     2.67
  MONTH TO DATE    1.77                      2.23  -0.46     8.05
  SINCE OCT 1      1.89                      6.26  -4.37    14.00
  SINCE JAN 1      1.77                      2.23  -0.46     8.05

SNOWFALL (IN)
  YESTERDAY        0.0
  MONTH TO DATE    0.0
  SINCE DEC 1      0.0
  SINCE JUL 1      0.0

DEGREE DAYS
 HEATING
  YESTERDAY        8                         7      1       11
  MONTH TO DATE   76                       160    -84      166
  SINCE DEC 1    206                       394   -188      363
  SINCE JUL 1    224                       525   -301      434

 COOLING
  YESTERDAY        0                         0      0        0
  MONTH TO DATE   10                         0     10        1
  SINCE DEC 1     22                         4     18        7
  SINCE JAN 1     10                         0     10        1
..................................................................


WIND (MPH)
  HIGHEST WIND SPEED     7   HIGHEST WIND DIRECTION     W (270)
  HIGHEST GUST SPEED    11   HIGHEST GUST DIRECTION     W (270)
  AVERAGE WIND SPEED     1.3


SKY COVER
  POSSIBLE SUNSHINE  MM
  AVERAGE SKY COVER 0.0


WEATHER CONDITIONS
 THE FOLLOWING WEATHER WAS RECORDED YESTERDAY.
  NO SIGNIFICANT WEATHER WAS OBSERVED.


RELATIVE HUMIDITY (PERCENT)
 HIGHEST    59          1100 PM
 LOWEST     16          1200 PM
 AVERAGE    38

..........................................................


THE DOWNTOWN LOS ANGELES (USC) CA CLIMATE NORMALS FOR TODAY
                         NORMAL    RECORD    YEAR
 MAXIMUM TEMPERATURE (F)   68        84      1968
                                             1953
 MINIMUM TEMPERATURE (F)   48        33      1937


SUNRISE AND SUNSET
JANUARY 23 2018.......SUNRISE   655 AM PST   SUNSET   515 PM PST
JANUARY 24 2018.......SUNRISE   655 AM PST   SUNSET   516 PM PST


-  INDICATES NEGATIVE NUMBERS.
R  INDICATES RECORD WAS SET OR TIED.
MM INDICATES DATA IS MISSING.
T  INDICATES TRACE AMOUNT.




$$
