931
CDUS46 KLOX 110906
CLICQT


CLIMATE REPORT
NATIONAL WEATHER SERVICE LOS ANGELES/OXNARD CA
106 AM PST THU FEB 11 2016


...................................

...THE DOWNTOWN LOS ANGELES (USC) CA CLIMATE SUMMARY FOR FEBRUARY 10 2016...

CLIMATE NORMAL PERIOD 1981 TO 2010
CLIMATE RECORD PERIOD 1877 TO 2016


WEATHER ITEM   OBSERVED TIME   RECORD YEAR NORMAL DEPARTURE LAST
                VALUE   (LST)  VALUE       VALUE  FROM      YEAR
                                                  NORMAL
..................................................................
TEMPERATURE (F)
 YESTERDAY
  MAXIMUM         88R   224 PM  88    1988  68     20       78
  MINIMUM         61    715 AM  37    1890  49     12       53
                                      1883
  AVERAGE         75                        59     16       66

PRECIPITATION (IN)
  YESTERDAY        0.00          2.55 1962   0.13  -0.13     0.00
  MONTH TO DATE    0.00                      1.26  -1.26     0.02
  SINCE OCT 1      4.20                      8.41  -4.21     5.72
  SINCE JAN 1      3.17                      4.38  -1.21     1.11

SNOWFALL (IN)
  YESTERDAY        0.0
  MONTH TO DATE    0.0
  SINCE DEC 1      0.0
  SINCE JUL 1      0.0

DEGREE DAYS
 HEATING
  YESTERDAY        0                         7     -7        0
  MONTH TO DATE   50                        70    -20        9
  SINCE DEC 1    517                       530    -13      298
  SINCE JUL 1    621                       661    -40      321

 COOLING
  YESTERDAY       10                         0     10        1
  MONTH TO DATE   27                         0     27        8
  SINCE DEC 1     37                        13     24       34
  SINCE JAN 1     27                         9     18       30
..................................................................


WIND (MPH)
  HIGHEST WIND SPEED     8   HIGHEST WIND DIRECTION     W (270)
  HIGHEST GUST SPEED    12   HIGHEST GUST DIRECTION     W (270)
  AVERAGE WIND SPEED     1.5


SKY COVER
  POSSIBLE SUNSHINE  MM
  AVERAGE SKY COVER 0.0


WEATHER CONDITIONS
 THE FOLLOWING WEATHER WAS RECORDED YESTERDAY.
  NO SIGNIFICANT WEATHER WAS OBSERVED.


RELATIVE HUMIDITY (PERCENT)
 HIGHEST    48          1000 PM
 LOWEST     11           100 PM
 AVERAGE    30

..........................................................


THE DOWNTOWN LOS ANGELES (USC) CA CLIMATE NORMALS FOR TODAY
                         NORMAL    RECORD    YEAR
 MAXIMUM TEMPERATURE (F)   68        88      1971
 MINIMUM TEMPERATURE (F)   49        35      1894


SUNRISE AND SUNSET
FEBRUARY 11 2016......SUNRISE   642 AM PST   SUNSET   533 PM PST
FEBRUARY 12 2016......SUNRISE   641 AM PST   SUNSET   534 PM PST


-  INDICATES NEGATIVE NUMBERS.
R  INDICATES RECORD WAS SET OR TIED.
MM INDICATES DATA IS MISSING.
T  INDICATES TRACE AMOUNT.




$$
