000
CDUS46 KLOX 290907
CLICQT


CLIMATE REPORT
NATIONAL WEATHER SERVICE LOS ANGELES/OXNARD CA
106 AM PST MON DEC 29 2014


...................................

...THE DOWNTOWN LOS ANGELES (USC) CA CLIMATE SUMMARY FOR DECEMBER 28 2014...

CLIMATE NORMAL PERIOD 1981 TO 2010
CLIMATE RECORD PERIOD 1877 TO 2014


WEATHER ITEM   OBSERVED TIME   RECORD YEAR NORMAL DEPARTURE LAST
                VALUE   (LST)  VALUE       VALUE  FROM      YEAR
                                                  NORMAL
..................................................................
TEMPERATURE (F)
 YESTERDAY
  MAXIMUM         63    235 PM  87    1919  68     -5       73
  MINIMUM         43    611 AM  36    1954  47     -4       51
  AVERAGE         53                        57     -4       62

PRECIPITATION (IN)
  YESTERDAY        0.00          5.55 2004   0.10  -0.10     0.00
  MONTH TO DATE    3.69                      2.02   1.67     0.20
  SINCE JUL 1      4.47                      4.01   0.46     0.97
  SINCE JAN 1      9.58                     14.62  -5.04     3.60

SNOWFALL (IN)
  YESTERDAY        0.0
  MONTH TO DATE    0.0
  SINCE DEC 1      0.0
  SINCE JUL 1      0.0

DEGREE DAYS
 HEATING
  YESTERDAY       12                         8      4        3
  MONTH TO DATE  140                       213    -73      183
  SINCE DEC 1    140                       213    -73      183
  SINCE JUL 1    163                       344   -181      264

 COOLING
  YESTERDAY        0                         0      0        0
  MONTH TO DATE    4                         0      4       16
  SINCE DEC 1      4                         0      4       16
  SINCE JAN 1   1749                      1240    509     1225
..................................................................


WIND (MPH)
  HIGHEST WIND SPEED     7   HIGHEST WIND DIRECTION     W (270)
  HIGHEST GUST SPEED    10   HIGHEST GUST DIRECTION     N (360)
  AVERAGE WIND SPEED     1.1


SKY COVER
  POSSIBLE SUNSHINE  MM
  AVERAGE SKY COVER 0.0


WEATHER CONDITIONS
 THE FOLLOWING WEATHER WAS RECORDED YESTERDAY.
  NO SIGNIFICANT WEATHER WAS OBSERVED.


RELATIVE HUMIDITY (PERCENT)
 HIGHEST    76          1100 PM
 LOWEST     20           100 PM
 AVERAGE    48

..........................................................


THE DOWNTOWN LOS ANGELES (USC) CA CLIMATE NORMALS FOR TODAY
                         NORMAL    RECORD    YEAR
 MAXIMUM TEMPERATURE (F)   68        89      1897
 MINIMUM TEMPERATURE (F)   47        35      1882


SUNRISE AND SUNSET
DECEMBER 29 2014......SUNRISE   658 AM PST   SUNSET   453 PM PST
DECEMBER 30 2014......SUNRISE   658 AM PST   SUNSET   453 PM PST


-  INDICATES NEGATIVE NUMBERS.
R  INDICATES RECORD WAS SET OR TIED.
MM INDICATES DATA IS MISSING.
T  INDICATES TRACE AMOUNT.




$$
