000
CDUS42 KILM 170940
CLICRE


CLIMATE REPORT
NATIONAL WEATHER SERVICE WILMINGTON NC
440 AM EST SUN DEC 17 2017


...................................

...THE N.MYRTLE BEACH SOUTH CAROLINA CLIMATE SUMMARY FOR DECEMBER 16 2017...

CLIMATE NORMAL PERIOD 1981 TO 2010
CLIMATE RECORD PERIOD 1949 TO 2017


WEATHER ITEM   OBSERVED TIME   RECORD YEAR NORMAL DEPARTURE LAST
                VALUE   (LST)  VALUE       VALUE  FROM      YEAR
                                                  NORMAL
..................................................................
TEMPERATURE (F)
 YESTERDAY
  MAXIMUM         51    102 PM  76    2011  58     -7       43
  MINIMUM         30    730 AM  19    2004  39     -9       27
                                      1955
  AVERAGE         41                        48     -7       35

PRECIPITATION (IN)
  YESTERDAY        0.00          0.70 2007   0.11  -0.11      T
  MONTH TO DATE    1.98                      1.91   0.07     1.54
  SINCE DEC 1      1.98                      1.91   0.07     1.54
  SINCE JAN 1     47.66                     50.46  -2.80    55.11

SNOWFALL (IN)
  YESTERDAY       MM
  MONTH TO DATE   MM
  SINCE DEC 1     MM
  SINCE JUL 1     MM
  SNOW DEPTH      MM

DEGREE DAYS
 HEATING
  YESTERDAY       24                        17      7       30
  MONTH TO DATE  241                       238      3      240
  SINCE DEC 1    241                       238      3      240
  SINCE JUL 1    582                       599    -17      543

 COOLING
  YESTERDAY        0                         0      0        0
  MONTH TO DATE    0                         0      0        0
  SINCE DEC 1      0                         0      0        0
  SINCE JAN 1   2197                      1899    298     2370
..................................................................


WIND (MPH)
  HIGHEST WIND SPEED    12   HIGHEST WIND DIRECTION    SW (220)
  HIGHEST GUST SPEED    21   HIGHEST GUST DIRECTION     N (10)
  AVERAGE WIND SPEED     3.4


SKY COVER
  POSSIBLE SUNSHINE  MM
  AVERAGE SKY COVER 0.0


WEATHER CONDITIONS
 THE FOLLOWING WEATHER WAS RECORDED YESTERDAY.
  FOG


RELATIVE HUMIDITY (PERCENT)
 HIGHEST    92           600 AM
 LOWEST     36           100 PM
 AVERAGE    64

..........................................................


THE N.MYRTLE BEACH SOUTH CAROLINA CLIMATE NORMALS FOR TODAY
                         NORMAL    RECORD    YEAR
 MAXIMUM TEMPERATURE (F)   58        73      2015
 MINIMUM TEMPERATURE (F)   39        17      1951


SUNRISE AND SUNSET
DECEMBER 17 2017......SUNRISE   714 AM EST   SUNSET   508 PM EST
DECEMBER 18 2017......SUNRISE   714 AM EST   SUNSET   509 PM EST


-  INDICATES NEGATIVE NUMBERS.
R  INDICATES RECORD WAS SET OR TIED.
MM INDICATES DATA IS MISSING.
T  INDICATES TRACE AMOUNT.




$$
