000
CDUS42 KILM 052058
CLICRE


CLIMATE REPORT
NATIONAL WEATHER SERVICE WILMINGTON NC
449 PM EDT THU MAY 5 2016


...................................

...THE NORTH MYRTLE BEACH SC CLIMATE SUMMARY FOR MAY 5 2016...
VALID TODAY AS OF 0400 PM LOCAL TIME.

CLIMATE NORMAL PERIOD 1981 TO 2010
CLIMATE RECORD PERIOD 1949 TO 2016


WEATHER ITEM   OBSERVED TIME   RECORD YEAR NORMAL DEPARTURE LAST
                VALUE   (LST)  VALUE       VALUE  FROM      YEAR
                                                  NORMAL
..................................................................
TEMPERATURE (F)
 TODAY
  MAXIMUM         73   1204 PM  91    1952  76     -3       76
  MINIMUM         57    633 AM  45    1997  57      0       53
  AVERAGE         65                        67     -2       65

PRECIPITATION (IN)
  TODAY            0.00                      0.11  -0.11     0.00
  MONTH TO DATE    2.29                      0.50   1.79      T
  SINCE MAR 1      4.75                      7.38  -2.63     6.07
  SINCE JAN 1     12.82                     14.49  -1.67    13.26

DEGREE DAYS
 HEATING
  TODAY            0                         2     -2        0
  MONTH TO DATE    0                        10    -10        8
  SINCE MAR 1    294                       489   -195      363
  SINCE JUL 1   1769                      2433   -664     2450

 COOLING
  TODAY            0                         3     -3        0
  MONTH TO DATE   31                        15     16        0
  SINCE MAR 1    131                        57     74       52
  SINCE JAN 1    131                        57     74       53
..................................................................


WIND (MPH)
  HIGHEST WIND SPEED    18   HIGHEST WIND DIRECTION     W (280)
  HIGHEST GUST SPEED    28   HIGHEST GUST DIRECTION     N (360)
  AVERAGE WIND SPEED     7.6


SKY COVER
  POSSIBLE SUNSHINE  MM
  AVERAGE SKY COVER 0.2


WEATHER CONDITIONS
 THE FOLLOWING WEATHER WAS RECORDED TODAY.
  NO SIGNIFICANT WEATHER WAS OBSERVED.


RELATIVE HUMIDITY (PERCENT)
 HIGHEST    77           600 AM
 LOWEST     49          1100 AM
 AVERAGE    63

..........................................................


THE NORTH MYRTLE BEACH SC CLIMATE NORMALS FOR TOMORROW
                         NORMAL    RECORD    YEAR
 MAXIMUM TEMPERATURE (F)   77        93      1952
 MINIMUM TEMPERATURE (F)   58        44      1954


SUNRISE AND SUNSET
MAY  5 2016...........SUNRISE   622 AM EDT   SUNSET   802 PM EDT
MAY  6 2016...........SUNRISE   621 AM EDT   SUNSET   803 PM EDT


-  INDICATES NEGATIVE NUMBERS.
R  INDICATES RECORD WAS SET OR TIED.
MM INDICATES DATA IS MISSING.
T  INDICATES TRACE AMOUNT.




$$
