000
CDUS42 KILM 210841
CLICRE


CLIMATE REPORT
NATIONAL WEATHER SERVICE WILMINGTON NC
441 AM EDT MON APR 21 2014


...................................

...THE NORTH MYRTLE BEACH SC CLIMATE SUMMARY FOR APRIL 20 2014...

CLIMATE NORMAL PERIOD 1981 TO 2010
CLIMATE RECORD PERIOD 1949 TO 2014


WEATHER ITEM   OBSERVED TIME   RECORD YEAR NORMAL DEPARTURE LAST
                VALUE   (LST)  VALUE       VALUE  FROM      YEAR
                                                  NORMAL
..................................................................
TEMPERATURE (F)
 YESTERDAY
  MAXIMUM         62    137 PM  87    1955  72    -10       68
  MINIMUM         50    800 AM  32    1994  53     -3       45
  AVERAGE         56                        63     -7       57

PRECIPITATION (IN)
  YESTERDAY        0.34                      0.09   0.25     0.19
  MONTH TO DATE    1.98                      2.03  -0.05     4.21
  SINCE MAR 1      6.72                      5.95   0.77     7.39
  SINCE JAN 1     10.84                     13.06  -2.22    12.45

SNOWFALL (IN)
  YESTERDAY       MM
  MONTH TO DATE   MM
  SINCE MAR 1     MM
  SINCE JUL 1     MM
  SNOW DEPTH      MM

DEGREE DAYS
 HEATING
  YESTERDAY        9                         4      5        8
  MONTH TO DATE   92                       113    -21       88
  SINCE MAR 1    540                       451     89      573
  SINCE JUL 1   2564                      2395    169     2354

 COOLING
  YESTERDAY        0                         2     -2        0
  MONTH TO DATE   15                        17     -2       26
  SINCE MAR 1     15                        20     -5       28
  SINCE JAN 1     15                        20     -5       30
..................................................................


WIND (MPH)
  HIGHEST WIND SPEED    26   HIGHEST WIND DIRECTION     N (10)
  HIGHEST GUST SPEED    38   HIGHEST GUST DIRECTION     N (20)
  AVERAGE WIND SPEED    17.2


SKY COVER
  POSSIBLE SUNSHINE  MM
  AVERAGE SKY COVER 1.0


WEATHER CONDITIONS
 THE FOLLOWING WEATHER WAS RECORDED YESTERDAY.
  RAIN
  LIGHT RAIN
  FOG


RELATIVE HUMIDITY (PERCENT)
 HIGHEST    96           100 AM
 LOWEST     62          1000 PM
 AVERAGE    79

..........................................................


THE NORTH MYRTLE BEACH SC CLIMATE NORMALS FOR TODAY
                         NORMAL    RECORD    YEAR
 MAXIMUM TEMPERATURE (F)   73        92      2002
 MINIMUM TEMPERATURE (F)   53        29      1953


SUNRISE AND SUNSET
APRIL 21 2014.........SUNRISE   637 AM EDT   SUNSET   751 PM EDT
APRIL 22 2014.........SUNRISE   636 AM EDT   SUNSET   751 PM EDT


-  INDICATES NEGATIVE NUMBERS.
R  INDICATES RECORD WAS SET OR TIED.
MM INDICATES DATA IS MISSING.
T  INDICATES TRACE AMOUNT.




$$
