000
CDUS42 KILM 172102
CLICRE


CLIMATE REPORT
NATIONAL WEATHER SERVICE WILMINGTON NC
502 PM EDT TUE OCT 17 2017


...................................

...THE N.MYRTLE BEACH SOUTH CAROLINA CLIMATE SUMMARY FOR OCTOBER 17 2017...
VALID TODAY AS OF 0400 PM LOCAL TIME.

CLIMATE NORMAL PERIOD 1981 TO 2010
CLIMATE RECORD PERIOD 1949 TO 2017


WEATHER ITEM   OBSERVED TIME   RECORD YEAR NORMAL DEPARTURE LAST
                VALUE   (LST)  VALUE       VALUE  FROM      YEAR
                                                  NORMAL
..................................................................
TEMPERATURE (F)
 TODAY
  MAXIMUM         66    259 PM  85    2008  75     -9       77
  MINIMUM         54    743 AM  38    1954  55     -1       58
  AVERAGE         60                        65     -5       68

PRECIPITATION (IN)
  TODAY            0.00          4.00 1999   0.14  -0.14     0.00
  MONTH TO DATE    1.83                      2.38  -0.55     9.38
  SINCE SEP 1      6.11                      8.66  -2.55    27.75
  SINCE JAN 1     41.72                     44.01  -2.29    53.39

DEGREE DAYS
 HEATING
  TODAY            5                         3      2        0
  MONTH TO DATE    5                        25    -20        6
  SINCE SEP 1      5                        29    -24        6
  SINCE JUL 1      5                        29    -24        6

 COOLING
  TODAY            0                         3     -3        3
  MONTH TO DATE  143                        72     71       84
  SINCE SEP 1    493                       380    113      462
  SINCE JAN 1   2158                      1856    302     2318
..................................................................


WIND (MPH)
  HIGHEST WIND SPEED    20   HIGHEST WIND DIRECTION     N (20)
  HIGHEST GUST SPEED    31   HIGHEST GUST DIRECTION    NE (30)
  AVERAGE WIND SPEED    12.4


SKY COVER
  POSSIBLE SUNSHINE  MM
  AVERAGE SKY COVER 0.0


WEATHER CONDITIONS
 THE FOLLOWING WEATHER WAS RECORDED TODAY.
  NO SIGNIFICANT WEATHER WAS OBSERVED.


RELATIVE HUMIDITY (PERCENT)
 HIGHEST    75          1200 AM
 LOWEST     40           300 PM
 AVERAGE    58

..........................................................


THE N.MYRTLE BEACH SOUTH CAROLINA CLIMATE NORMALS FOR TOMORROW
                         NORMAL    RECORD    YEAR
 MAXIMUM TEMPERATURE (F)   74        81      2014
                                             2007
 MINIMUM TEMPERATURE (F)   55        37      1954


SUNRISE AND SUNSET
OCTOBER 17 2017.......SUNRISE   722 AM EDT   SUNSET   638 PM EDT
OCTOBER 18 2017.......SUNRISE   722 AM EDT   SUNSET   637 PM EDT


-  INDICATES NEGATIVE NUMBERS.
R  INDICATES RECORD WAS SET OR TIED.
MM INDICATES DATA IS MISSING.
T  INDICATES TRACE AMOUNT.




$$
