000
CDUS42 KILM 272042
CLICRE


CLIMATE REPORT
NATIONAL WEATHER SERVICE WILMINGTON NC
441 PM EDT THU APR 27 2017


...................................

...THE NORTH MYRTLE BEACH SC CLIMATE SUMMARY FOR APRIL 27 2017...
VALID TODAY AS OF 0400 PM LOCAL TIME.

CLIMATE NORMAL PERIOD 1981 TO 2010
CLIMATE RECORD PERIOD 1949 TO 2017


WEATHER ITEM   OBSERVED TIME   RECORD YEAR NORMAL DEPARTURE LAST
                VALUE   (LST)  VALUE       VALUE  FROM      YEAR
                                                  NORMAL
..................................................................
TEMPERATURE (F)
 TODAY
  MAXIMUM         78    259 PM  85    2012  74      4       79
  MINIMUM         66    417 AM  38    2001  55     11       67
  AVERAGE         72                        65      7       73

PRECIPITATION (IN)
  TODAY            0.00                      0.09  -0.09     0.00
  MONTH TO DATE    3.44                      2.69   0.75     0.90
  SINCE MAR 1      5.38                      6.61  -1.23     2.37
  SINCE JAN 1      8.91                     13.72  -4.81    10.44

SNOWFALL (IN)
  TODAY           MM
  MONTH TO DATE   MM
  SINCE MAR 1     MM
  SINCE JUL 1     MM
  SNOW DEPTH      MM

DEGREE DAYS
 HEATING
  TODAY            0                         2     -2        0
  MONTH TO DATE   48                       134    -86      123
  SINCE MAR 1    392                       472    -80      294
  SINCE JUL 1   1796                      2416   -620     1769

 COOLING
  TODAY            7                         2      5        8
  MONTH TO DATE   67                        31     36       40
  SINCE MAR 1     79                        34     45       76
  SINCE JAN 1     80                        34     46       76
..................................................................


WIND (MPH)
  HIGHEST WIND SPEED    20   HIGHEST WIND DIRECTION     S (190)
  HIGHEST GUST SPEED    25   HIGHEST GUST DIRECTION     S (180)
  AVERAGE WIND SPEED    11.9


SKY COVER
  POSSIBLE SUNSHINE  MM
  AVERAGE SKY COVER 0.1


WEATHER CONDITIONS
 THE FOLLOWING WEATHER WAS RECORDED TODAY.
  NO SIGNIFICANT WEATHER WAS OBSERVED.


RELATIVE HUMIDITY (PERCENT)
 HIGHEST   100           400 AM
 LOWEST     60           300 PM
 AVERAGE    80

..........................................................


THE NORTH MYRTLE BEACH SC CLIMATE NORMALS FOR TOMORROW
                         NORMAL    RECORD    YEAR
 MAXIMUM TEMPERATURE (F)   75        90      1954
 MINIMUM TEMPERATURE (F)   55        41      1993


SUNRISE AND SUNSET
APRIL 27 2017.........SUNRISE   630 AM EDT   SUNSET   755 PM EDT
APRIL 28 2017.........SUNRISE   629 AM EDT   SUNSET   756 PM EDT


-  INDICATES NEGATIVE NUMBERS.
R  INDICATES RECORD WAS SET OR TIED.
MM INDICATES DATA IS MISSING.
T  INDICATES TRACE AMOUNT.




$$
