000
CDUS42 KILM 220941
CLICRE


CLIMATE REPORT
NATIONAL WEATHER SERVICE WILMINGTON NC
440 AM EST MON DEC 22 2014


...................................

...THE NORTH MYRTLE BEACH SC CLIMATE SUMMARY FOR DECEMBER 21 2014...

CLIMATE NORMAL PERIOD 1981 TO 2010
CLIMATE RECORD PERIOD 1949 TO 2014


WEATHER ITEM   OBSERVED TIME   RECORD YEAR NORMAL DEPARTURE LAST
                VALUE   (LST)  VALUE       VALUE  FROM      YEAR
                                                  NORMAL
..................................................................
TEMPERATURE (F)
 YESTERDAY
  MAXIMUM         52    342 PM  73    2013  57     -5       73
  MINIMUM         40    700 AM  17    1954  38      2       51
  AVERAGE         46                        48     -2       62

PRECIPITATION (IN)
  YESTERDAY        0.02                      0.11  -0.09     0.00
  MONTH TO DATE    0.35                      2.48  -2.13     0.70
  SINCE DEC 1      0.35                      2.48  -2.13     0.70
  SINCE JAN 1     38.14                     51.03 -12.89    47.68

SNOWFALL (IN)
  YESTERDAY       MM
  MONTH TO DATE   MM
  SINCE DEC 1     MM
  SINCE JUL 1     MM
  SNOW DEPTH      MM

DEGREE DAYS
 HEATING
  YESTERDAY       19                        18      1        3
  MONTH TO DATE  315                       324     -9      271
  SINCE DEC 1    315                       324     -9      271
  SINCE JUL 1    765                       685     80      684

 COOLING
  YESTERDAY        0                         0      0        0
  MONTH TO DATE    0                         0      0        3
  SINCE DEC 1      0                         0      0        3
  SINCE JAN 1   2029                      1899    130     1843
..................................................................


WIND (MPH)
  HIGHEST WIND SPEED    14   HIGHEST WIND DIRECTION    NE (40)
  HIGHEST GUST SPEED    19   HIGHEST GUST DIRECTION    NE (40)
  AVERAGE WIND SPEED     9.4


SKY COVER
  POSSIBLE SUNSHINE  MM
  AVERAGE SKY COVER 1.0


WEATHER CONDITIONS
 THE FOLLOWING WEATHER WAS RECORDED YESTERDAY.
  LIGHT RAIN
  FOG


RELATIVE HUMIDITY (PERCENT)
 HIGHEST    92          1000 PM
 LOWEST     61           200 PM
 AVERAGE    77

..........................................................


THE NORTH MYRTLE BEACH SC CLIMATE NORMALS FOR TODAY
                         NORMAL    RECORD    YEAR
 MAXIMUM TEMPERATURE (F)   57        77      1998
 MINIMUM TEMPERATURE (F)   38        20      1954


SUNRISE AND SUNSET
DECEMBER 22 2014......SUNRISE   716 AM EST   SUNSET   511 PM EST
DECEMBER 23 2014......SUNRISE   717 AM EST   SUNSET   511 PM EST


-  INDICATES NEGATIVE NUMBERS.
R  INDICATES RECORD WAS SET OR TIED.
MM INDICATES DATA IS MISSING.
T  INDICATES TRACE AMOUNT.




$$
