000
CDUS42 KILM 270941
CLICRE


CLIMATE REPORT
NATIONAL WEATHER SERVICE WILMINGTON NC
441 AM EST THU NOV 27 2014


...................................

...THE NORTH MYRTLE BEACH SC CLIMATE SUMMARY FOR NOVEMBER 26 2014...

CLIMATE NORMAL PERIOD 1981 TO 2010
CLIMATE RECORD PERIOD 1949 TO 2014


WEATHER ITEM   OBSERVED TIME   RECORD YEAR NORMAL DEPARTURE LAST
                VALUE   (LST)  VALUE       VALUE  FROM      YEAR
                                                  NORMAL
..................................................................
TEMPERATURE (F)
 YESTERDAY
  MAXIMUM         69    534 AM  84    2007  64      5       70
  MINIMUM         41   1159 PM  16    1950  44     -3       37
  AVERAGE         55                        54      1       54

PRECIPITATION (IN)
  YESTERDAY        0.17                      0.10   0.07     1.71
  MONTH TO DATE    3.86                      2.63   1.23     3.41
  SINCE SEP 1      9.14                     12.79  -3.65     6.14
  SINCE JAN 1     37.79                     48.14 -10.35    46.90

SNOWFALL (IN)
  YESTERDAY       MM
  MONTH TO DATE   MM
  SINCE SEP 1     MM
  SINCE JUL 1     MM
  SNOW DEPTH      MM

DEGREE DAYS
 HEATING
  YESTERDAY       10                        12     -2       11
  MONTH TO DATE  311                       222     89      256
  SINCE SEP 1    371                       312     59      333
  SINCE JUL 1    371                       312     59      333

 COOLING
  YESTERDAY        0                         0      0        0
  MONTH TO DATE    4                        12     -8       23
  SINCE SEP 1    441                       419     22      389
  SINCE JAN 1   2029                      1895    134     1840
..................................................................


WIND (MPH)
  HIGHEST WIND SPEED    18   HIGHEST WIND DIRECTION    SW (230)
  HIGHEST GUST SPEED    27   HIGHEST GUST DIRECTION     N (360)
  AVERAGE WIND SPEED     7.1


SKY COVER
  POSSIBLE SUNSHINE  MM
  AVERAGE SKY COVER 0.8


WEATHER CONDITIONS
 THE FOLLOWING WEATHER WAS RECORDED YESTERDAY.
  HEAVY RAIN
  LIGHT RAIN
  FOG
  FOG W/VISIBILITY <= 1/4 MILE


RELATIVE HUMIDITY (PERCENT)
 HIGHEST   100          1100 PM
 LOWEST     77           300 PM
 AVERAGE    89

..........................................................


THE NORTH MYRTLE BEACH SC CLIMATE NORMALS FOR TODAY
                         NORMAL    RECORD    YEAR
 MAXIMUM TEMPERATURE (F)   63        79      2001
 MINIMUM TEMPERATURE (F)   44        23      1954


SUNRISE AND SUNSET
NOVEMBER 27 2014......SUNRISE   658 AM EST   SUNSET   507 PM EST
NOVEMBER 28 2014......SUNRISE   659 AM EST   SUNSET   507 PM EST


-  INDICATES NEGATIVE NUMBERS.
R  INDICATES RECORD WAS SET OR TIED.
MM INDICATES DATA IS MISSING.
T  INDICATES TRACE AMOUNT.




$$
