000
CDUS44 KCRP 260027
CLICRP

CLIMATE REPORT
NATIONAL WEATHER SERVICE CORPUS CHRISTI TX
623 PM CST THU DEC 25 2014


...................................

...THE CORPUS CHRISTI CLIMATE SUMMARY FOR DECEMBER 25 2014...
VALID TODAY AS OF 600 PM LOCAL TIME.

CLIMATE NORMAL PERIOD 1981 TO 2010
CLIMATE RECORD PERIOD 1887 TO 2014


WEATHER ITEM   OBSERVED TIME   RECORD YEAR NORMAL DEPARTURE LAST
                VALUE   (LST)  VALUE       VALUE  FROM      YEAR
                                                  NORMAL
..................................................................
TEMPERATURE (F)
 TODAY
  MAXIMUM         68    159 PM  89    1964  67      1       71
  MINIMUM         33    340 AM  14    1983  47    -14       47
  AVERAGE         51                        57     -6       59

PRECIPITATION (IN)
  TODAY            0.00          3.97 1938   0.07  -0.07     0.02
  MONTH TO DATE    0.43                      1.44  -1.01     0.05
  SINCE DEC 1      0.43                      1.44  -1.01     0.05
  SINCE JAN 1     28.75                     31.37  -2.62    23.21

SNOWFALL (IN)
  TODAY            0.0
  MONTH TO DATE    0.0
  SINCE DEC 1      0.0
  SINCE JUL 1      0.0
  SNOW DEPTH       0

DEGREE DAYS
 HEATING
  TODAY           14                         9      5        6
  MONTH TO DATE   89                       195   -106      225
  SINCE DEC 1     89                       195   -106      225
  SINCE JUL 1    250                       296    -46      382

 COOLING
  TODAY            0                         1     -1        0
  MONTH TO DATE   52                        43      9       36
  SINCE DEC 1     52                        43      9       36
  SINCE JAN 1   3693                      3518    175     4148
..................................................................


WIND (MPH)
  HIGHEST WIND SPEED    26   HIGHEST WIND DIRECTION     S (160)
  HIGHEST GUST SPEED    33   HIGHEST GUST DIRECTION    SE (150)


SKY COVER
  POSSIBLE SUNSHINE  MM
  AVERAGE SKY COVER 0.6


WEATHER CONDITIONS
 THE FOLLOWING WEATHER WAS RECORDED TODAY.
  NO SIGNIFICANT WEATHER WAS OBSERVED.


RELATIVE HUMIDITY (PERCENT)
 HIGHEST    82           400 AM
 LOWEST     37          1200 PM
 AVERAGE    60

..........................................................


THE CORPUS CHRISTI CLIMATE NORMALS FOR TOMORROW
                         NORMAL    RECORD    YEAR
 MAXIMUM TEMPERATURE (F)   67        83      1950
                                             1916
 MINIMUM TEMPERATURE (F)   47        24      2004


SUNRISE AND SUNSET
DECEMBER 25 2014......SUNRISE   718 AM CST   SUNSET   542 PM CST
DECEMBER 26 2014......SUNRISE   719 AM CST   SUNSET   542 PM CST


-  INDICATES NEGATIVE NUMBERS.
R  INDICATES RECORD WAS SET OR TIED.
MM INDICATES DATA IS MISSING.
T  INDICATES TRACE AMOUNT.




$$
