000
CDUS44 KCRP 230751
CLICRP

CLIMATE REPORT
NATIONAL WEATHER SERVICE CORPUS CHRISTI TX
148 AM CST MON JAN 23 2017


...................................

...THE CORPUS CHRISTI CLIMATE SUMMARY FOR JANUARY 22 2017...

CLIMATE NORMAL PERIOD 1981 TO 2010
CLIMATE RECORD PERIOD 1887 TO 2017


WEATHER ITEM   OBSERVED TIME   RECORD YEAR NORMAL DEPARTURE LAST
                VALUE   (LST)  VALUE       VALUE  FROM      YEAR
                                                  NORMAL
..................................................................
TEMPERATURE (F)
 YESTERDAY
  MAXIMUM         78    354 PM  89    1972  67     11       65
  MINIMUM         48   1150 PM  20    1930  47      1       42
  AVERAGE         63                        57      6       54

PRECIPITATION (IN)
  YESTERDAY        0.00          1.36 1975   0.06  -0.06     0.00
  MONTH TO DATE    0.22                      1.10  -0.88     2.08
  SINCE DEC 1      2.42                      2.93  -0.51     2.97
  SINCE JAN 1      0.22                      1.10  -0.88     2.08

SNOWFALL (IN)
  YESTERDAY        0.0
  MONTH TO DATE    0.0
  SINCE DEC 1      0.0
  SINCE JUL 1      0.0
  SNOW DEPTH       0

DEGREE DAYS
 HEATING
  YESTERDAY        2                         9     -7       11
  MONTH TO DATE   98                       198   -100      209
  SINCE DEC 1    247                       448   -201      368
  SINCE JUL 1    265                       549   -284      442

 COOLING
  YESTERDAY        0                         1     -1        0
  MONTH TO DATE   84                        22     62        2
  SINCE DEC 1    172                        71    101       80
  SINCE JAN 1     84                        22     62        2
..................................................................


WIND (MPH)
  HIGHEST WIND SPEED    43   HIGHEST WIND DIRECTION    NW (300)
  HIGHEST GUST SPEED    54   HIGHEST GUST DIRECTION    NW (300)
  AVERAGE WIND SPEED    22.9


SKY COVER
  POSSIBLE SUNSHINE  MM
  AVERAGE SKY COVER 0.0


WEATHER CONDITIONS
 THE FOLLOWING WEATHER WAS RECORDED YESTERDAY.
  NO SIGNIFICANT WEATHER WAS OBSERVED.


RELATIVE HUMIDITY (PERCENT)
 HIGHEST    45          1200 AM
 LOWEST     15           200 PM
 AVERAGE    30

..........................................................


THE CORPUS CHRISTI CLIMATE NORMALS FOR TODAY
                         NORMAL    RECORD    YEAR
 MAXIMUM TEMPERATURE (F)   67        90      1972
 MINIMUM TEMPERATURE (F)   47        23      1940


SUNRISE AND SUNSET
JANUARY 23 2017.......SUNRISE   720 AM CST   SUNSET   604 PM CST
JANUARY 24 2017.......SUNRISE   720 AM CST   SUNSET   605 PM CST


-  INDICATES NEGATIVE NUMBERS.
R  INDICATES RECORD WAS SET OR TIED.
MM INDICATES DATA IS MISSING.
T  INDICATES TRACE AMOUNT.

$$

GW
