000
CDUS44 KCRP 020818
CLICRP

CLIMATE REPORT
NATIONAL WEATHER SERVICE CORPUS CHRISTI TX
317 AM CDT THU JUL 2 2015

...................................

...THE CORPUS CHRISTI CLIMATE SUMMARY FOR JULY 1 2015...

CLIMATE NORMAL PERIOD 1981 TO 2010
CLIMATE RECORD PERIOD 1887 TO 2015


WEATHER ITEM   OBSERVED TIME   RECORD YEAR NORMAL DEPARTURE LAST
                VALUE   (LST)  VALUE       VALUE  FROM      YEAR
                                                  NORMAL
..................................................................
TEMPERATURE (F)
 YESTERDAY
  MAXIMUM         86    508 PM 100    1964  92     -6       95
  MINIMUM         73   1159 AM  67    1985  75     -2       77
  AVERAGE         80                        83     -3       86

PRECIPITATION (IN)
  YESTERDAY        0.57          4.10 1903   0.12   0.45     0.00
  MONTH TO DATE    0.57                      0.12   0.45     0.00
  SINCE JUN 1      2.20                      3.48  -1.28     1.41
  SINCE JAN 1     32.46                     13.75  18.71     8.51

SNOWFALL (IN)
  YESTERDAY        0.0
  MONTH TO DATE    0.0
  SINCE JUN 1      0.0
  SINCE JUL 1      0.0
  SNOW DEPTH       0

DEGREE DAYS
 HEATING
  YESTERDAY        0                         0      0        0
  MONTH TO DATE    0                         0      0        0
  SINCE JUN 1      0                         0      0        0
  SINCE JUL 1      0                         0      0        0

 COOLING
  YESTERDAY       15                        18     -3       21
  MONTH TO DATE   15                        18     -3       21
  SINCE JUN 1    554                       540     14      628
  SINCE JAN 1   1384                      1381      3     1434
..................................................................


WIND (MPH)
  HIGHEST WIND SPEED    29   HIGHEST WIND DIRECTION     S (190)
  HIGHEST GUST SPEED    36   HIGHEST GUST DIRECTION     S (190)
  AVERAGE WIND SPEED     8.8


SKY COVER
  POSSIBLE SUNSHINE  MM
  AVERAGE SKY COVER 0.8


WEATHER CONDITIONS
 THE FOLLOWING WEATHER WAS RECORDED YESTERDAY.
  THUNDERSTORM
  HEAVY RAIN
  RAIN
  LIGHT RAIN
  FOG


RELATIVE HUMIDITY (PERCENT)
 HIGHEST    94           300 AM
 LOWEST     57           500 PM
 AVERAGE    76

..........................................................


THE CORPUS CHRISTI CLIMATE NORMALS FOR TODAY
                         NORMAL    RECORD    YEAR
 MAXIMUM TEMPERATURE (F)   92       100      1949
 MINIMUM TEMPERATURE (F)   75        70      1963
                                             1947
                                             1904


SUNRISE AND SUNSET
JULY  2 2015..........SUNRISE   638 AM CDT   SUNSET   830 PM CDT
JULY  3 2015..........SUNRISE   638 AM CDT   SUNSET   830 PM CDT


-  INDICATES NEGATIVE NUMBERS.
R  INDICATES RECORD WAS SET OR TIED.
MM INDICATES DATA IS MISSING.
T  INDICATES TRACE AMOUNT.

$$
