000
CDUS44 KCRP 052132
CLICRP

CLIMATE REPORT
NATIONAL WEATHER SERVICE CORPUS CHRISTI TX
331 PM CST FRI FEB 5 2016

...................................

...THE CORPUS CHRISTI CLIMATE SUMMARY FOR FEBRUARY 5 2016...
VALID TODAY AS OF 0300 PM LOCAL TIME.

CLIMATE NORMAL PERIOD 1981 TO 2010
CLIMATE RECORD PERIOD 1887 TO 2016

WEATHER ITEM   OBSERVED TIME   RECORD YEAR NORMAL DEPARTURE LAST
                VALUE   (LST)  VALUE       VALUE  FROM      YEAR
                                                  NORMAL
..................................................................
TEMPERATURE (F)
 TODAY
  MAXIMUM         64        MM  90    2008  69     -5       58
  MINIMUM         35        MM  27    2011  49    -14       48
  AVERAGE         50                        59     -9       53

PRECIPITATION (IN)
  TODAY            0.00          1.52 2012   0.06  -0.06      T
  MONTH TO DATE    0.00                      0.28  -0.28     0.79
  SINCE DEC 1      2.97                      3.65  -0.68     3.87
  SINCE JAN 1      2.08                      1.82   0.26     2.83

SNOWFALL (IN)
  TODAY            0.0
  MONTH TO DATE    0.0
  SINCE DEC 1      0.0
  SINCE JUL 1      0.0
  SNOW DEPTH       0

DEGREE DAYS
 HEATING
  TODAY           15                         7      8       12
  MONTH TO DATE   36                        39     -3       55
  SINCE DEC 1    468                       565    -97      600
  SINCE JUL 1    542                       666   -124      761

 COOLING
  TODAY            0                         1     -1        0
  MONTH TO DATE    6                         5      1        3
  SINCE DEC 1     97                        84     13       65
  SINCE JAN 1     19                        35    -16        6
..................................................................


WIND (MPH)
  HIGHEST WIND SPEED    18   HIGHEST WIND DIRECTION     E (110)
  HIGHEST GUST SPEED    24   HIGHEST GUST DIRECTION    SE (140)


SKY COVER
  POSSIBLE SUNSHINE  MM
  AVERAGE SKY COVER 0.3


WEATHER CONDITIONS
 THE FOLLOWING WEATHER WAS RECORDED TODAY.
  NO SIGNIFICANT WEATHER WAS OBSERVED.


RELATIVE HUMIDITY (PERCENT)
 HIGHEST    70           300 AM
 LOWEST     43          1000 AM
 AVERAGE    57

..........................................................


THE CORPUS CHRISTI CLIMATE NORMALS FOR TOMORROW
                         NORMAL    RECORD    YEAR
 MAXIMUM TEMPERATURE (F)   69        85      1951
 MINIMUM TEMPERATURE (F)   49        26      1989


SUNRISE AND SUNSET
FEBRUARY  5 2016......SUNRISE   715 AM CST   SUNSET   614 PM CST
FEBRUARY  6 2016......SUNRISE   714 AM CST   SUNSET   614 PM CST


-  INDICATES NEGATIVE NUMBERS.
R  INDICATES RECORD WAS SET OR TIED.
MM INDICATES DATA IS MISSING.
T  INDICATES TRACE AMOUNT.

$$
