000
CDUS44 KCRP 200109
CLICRP

CLIMATE REPORT
NATIONAL WEATHER SERVICE CORPUS CHRISTI TX
709 PM CST MON FEB 19 2018


...................................

...THE CORPUS CHRISTI CLIMATE SUMMARY FOR FEBRUARY 19 2018...
VALID TODAY AS OF 700 PM LOCAL TIME.

CLIMATE NORMAL PERIOD 1981 TO 2010
CLIMATE RECORD PERIOD 1887 TO 2018


WEATHER ITEM   OBSERVED TIME   RECORD YEAR NORMAL DEPARTURE LAST
                VALUE   (LST)  VALUE       VALUE  FROM      YEAR
                                                  NORMAL
..................................................................
TEMPERATURE (F)
 TODAY
  MAXIMUM         82    230 PM  97    1986  71     11       80
  MINIMUM         69    729 AM  31    1964  51     18       72
  AVERAGE         76                        61     15       76

PRECIPITATION (IN)
  TODAY            0.00          2.65 1903   0.07  -0.07     0.04
  MONTH TO DATE    0.19                      1.27  -1.08     1.07
  SINCE DEC 1      5.84                      4.64   1.20     3.54
  SINCE JAN 1      1.46                      2.81  -1.35     1.34

SNOWFALL (IN)
  TODAY            0.0
  MONTH TO DATE    0.0
  SINCE DEC 1      1.0
  SINCE JUL 1      1.0
  SNOW DEPTH       0

DEGREE DAYS
 HEATING
  TODAY            0                         6     -6        0
  MONTH TO DATE   93                       130    -37       26
  SINCE DEC 1    749                       656     93      330
  SINCE JUL 1    813                       757     56      348

 COOLING
  TODAY           11                         2      9       11
  MONTH TO DATE   64                        31     33      116
  SINCE DEC 1    109                       110     -1      296
  SINCE JAN 1     71                        61     10      208
..................................................................


WIND (MPH)
  HIGHEST WIND SPEED    39   HIGHEST WIND DIRECTION     S (160)
  HIGHEST GUST SPEED    46   HIGHEST GUST DIRECTION    SE (150)


SKY COVER
  POSSIBLE SUNSHINE  MM
  AVERAGE SKY COVER 0.9


WEATHER CONDITIONS
 THE FOLLOWING WEATHER WAS RECORDED TODAY.
  FOG


RELATIVE HUMIDITY (PERCENT)
 HIGHEST   100           100 AM
 LOWEST     67           200 PM
 AVERAGE    84

..........................................................


THE CORPUS CHRISTI CLIMATE NORMALS FOR TOMORROW
                         NORMAL    RECORD    YEAR
 MAXIMUM TEMPERATURE (F)   71        93      1996
 MINIMUM TEMPERATURE (F)   52        35      1978
                                             1929
                                             1904


SUNRISE AND SUNSET
FEBRUARY 19 2018......SUNRISE   704 AM CST   SUNSET   624 PM CST
FEBRUARY 20 2018......SUNRISE   703 AM CST   SUNSET   625 PM CST


-  INDICATES NEGATIVE NUMBERS.
R  INDICATES RECORD WAS SET OR TIED.
MM INDICATES DATA IS MISSING.
T  INDICATES TRACE AMOUNT.




$$
