000
CDUS44 KCRP 202332
CLICRP

CLIMATE REPORT
NATIONAL WEATHER SERVICE CORPUS CHRISTI TX
531 PM CST MON NOV 20 2017

...................................

...THE CORPUS CHRISTI CLIMATE SUMMARY FOR NOVEMBER 20 2017...
VALID AS OF 531 PM LOCAL TIME.

CLIMATE NORMAL PERIOD 1981 TO 2010
CLIMATE RECORD PERIOD 1887 TO 2017


WEATHER ITEM   OBSERVED TIME   RECORD YEAR NORMAL DEPARTURE LAST
                VALUE   (LST)  VALUE       VALUE  FROM      YEAR
                                                  NORMAL
..................................................................
TEMPERATURE (F)
 TODAY
  MAXIMUM         68    247 PM  89    1996  75     -7       69
  MINIMUM         46    618 AM  29    1969  55     -9       43
  AVERAGE         57                        65     -8       56

PRECIPITATION (IN)
  TODAY            0.00          2.45 2009   0.06  -0.06     0.00
  MONTH TO DATE    0.23                      1.47  -1.24     1.25
  SINCE SEP 1      4.16                     10.09  -5.93     5.24
  SINCE JAN 1     26.52                     29.43  -2.91    30.53

SNOWFALL (IN)
  TODAY            0.0
  MONTH TO DATE    0.0
  SINCE SEP 1      0.0
  SINCE JUL 1      0.0
  SNOW DEPTH       0

DEGREE DAYS
 HEATING
  TODAY            8                         4      4        9
  MONTH TO DATE   26                        43    -17       17
  SINCE SEP 1     47                        53     -6       17
  SINCE JUL 1     47                        53     -6       17

 COOLING
  TODAY            0                         3     -3        0
  MONTH TO DATE  179                        96     83      162
  SINCE SEP 1    985                       886     99     1195
  SINCE JAN 1   3966                      3447    519     4112
..................................................................


WIND (MPH)
  HIGHEST WIND SPEED    15   HIGHEST WIND DIRECTION    NE (50)
  HIGHEST GUST SPEED    18   HIGHEST GUST DIRECTION    NE (60)


SKY COVER
  POSSIBLE SUNSHINE  MM
  AVERAGE SKY COVER 0.8


WEATHER CONDITIONS
 THE FOLLOWING WEATHER WAS RECORDED TODAY.
  THUNDERSTORM


RELATIVE HUMIDITY (PERCENT)
 HIGHEST    77           400 AM
 LOWEST     52           200 AM
 AVERAGE    65

..........................................................


THE CORPUS CHRISTI CLIMATE NORMALS FOR TOMORROW
                         NORMAL    RECORD    YEAR
 MAXIMUM TEMPERATURE (F)   74        91      1996
 MINIMUM TEMPERATURE (F)   54        32      1969


SUNRISE AND SUNSET
NOVEMBER 20 2017......SUNRISE   655 AM CST   SUNSET   536 PM CST
NOVEMBER 21 2017......SUNRISE   656 AM CST   SUNSET   536 PM CST


-  INDICATES NEGATIVE NUMBERS.
R  INDICATES RECORD WAS SET OR TIED.
MM INDICATES DATA IS MISSING.
T  INDICATES TRACE AMOUNT.




$$
