000
CDUS44 KCRP 240902 RRA
CLICRP

CLIMATE REPORT
NATIONAL WEATHER SERVICE CORPUS CHRISTI TX
401 AM CDT SAT SEP 24 2016


...................................

...THE CORPUS CHRISTI CLIMATE SUMMARY FOR SEPTEMBER 23 2016...

CLIMATE NORMAL PERIOD 1981 TO 2010
CLIMATE RECORD PERIOD 1887 TO 2016


WEATHER ITEM   OBSERVED TIME   RECORD YEAR NORMAL DEPARTURE LAST
                VALUE   (LST)  VALUE       VALUE  FROM      YEAR
                                                  NORMAL
..................................................................
TEMPERATURE (F)
 YESTERDAY
  MAXIMUM         95    252 PM 100    2005  89      6       89
  MINIMUM         76    639 AM  56    1999  71      5       68
                                      1975
  AVERAGE         86                        80      6       79

PRECIPITATION (IN)
  YESTERDAY        0.00          2.82 1888   0.15  -0.15     0.00
  MONTH TO DATE    0.62                      3.96  -3.34     2.46
  SINCE SEP 1      0.62                      3.96  -3.34     2.46
  SINCE JAN 1     25.91                     23.30   2.61    38.47

SNOWFALL (IN)
  YESTERDAY        0.0
  MONTH TO DATE    0.0
  SINCE SEP 1      0.0
  SINCE JUL 1      0.0
  SNOW DEPTH       0

DEGREE DAYS
 HEATING
  YESTERDAY        0                         0      0        0
  MONTH TO DATE    0                         0      0        0
  SINCE SEP 1      0                         0      0        0
  SINCE JUL 1      0                         0      0        0

 COOLING
  YESTERDAY       21                        15      6       14
  MONTH TO DATE  491                       386    105      414
  SINCE SEP 1    491                       386    105      414
  SINCE JAN 1   3408                      2947    461     3071
..................................................................


WIND (MPH)
  HIGHEST WIND SPEED    22   HIGHEST WIND DIRECTION    SE (130)
  HIGHEST GUST SPEED    28   HIGHEST GUST DIRECTION    SE (120)
  AVERAGE WIND SPEED     8.6


SKY COVER
  POSSIBLE SUNSHINE  MM
  AVERAGE SKY COVER 0.5


WEATHER CONDITIONS
 THE FOLLOWING WEATHER WAS RECORDED YESTERDAY.
  HAZE


RELATIVE HUMIDITY (PERCENT)
 HIGHEST    94           600 AM
 LOWEST     52           100 PM
 AVERAGE    73

..........................................................


THE CORPUS CHRISTI CLIMATE NORMALS FOR TODAY
                         NORMAL    RECORD    YEAR
 MAXIMUM TEMPERATURE (F)   89       106      2005
 MINIMUM TEMPERATURE (F)   70        55      1975


SUNRISE AND SUNSET
SEPTEMBER 24 2016.....SUNRISE   720 AM CDT   SUNSET   723 PM CDT
SEPTEMBER 25 2016.....SUNRISE   720 AM CDT   SUNSET   722 PM CDT


-  INDICATES NEGATIVE NUMBERS.
R  INDICATES RECORD WAS SET OR TIED.
MM INDICATES DATA IS MISSING.
T  INDICATES TRACE AMOUNT.




$$
