000
CDUS44 KCRP 112338
CLICRP

CLIMATE REPORT
NATIONAL WEATHER SERVICE CORPUS CHRISTI TX
637 PM CDT FRI JUL 11 2014

...................................

...THE CORPUS CHRISTI CLIMATE SUMMARY FOR JULY 11 2014...
VALID TODAY AS OF 637 PM LOCAL TIME.

CLIMATE NORMAL PERIOD 1981 TO 2010
CLIMATE RECORD PERIOD 1887 TO 2014


WEATHER ITEM   OBSERVED TIME   RECORD YEAR NORMAL DEPARTURE LAST
                VALUE   (LST)  VALUE       VALUE  FROM      YEAR
                                                  NORMAL
..................................................................
TEMPERATURE (F)
 TODAY
  MAXIMUM         93    401 PM  99    1975  93      0       98
  MINIMUM         76   1250 AM  65    1905  75      1       76
  AVERAGE         85                        84      1       87

PRECIPITATION (IN)
  TODAY            0.00          3.60 1961   0.10  -0.10     0.00
  MONTH TO DATE    0.46                      1.29  -0.83      T
  SINCE JUN 1      1.87                      4.65  -2.78     2.34
  SINCE JAN 1      8.97                     14.92  -5.95     7.07

SNOWFALL (IN)
  TODAY            0.0
  MONTH TO DATE    0.0
  SINCE JUN 1      0.0
  SINCE JUL 1      0.0
  SNOW DEPTH       0

DEGREE DAYS
 HEATING
  TODAY            0                         0      0        0
  MONTH TO DATE    0                         0      0        0
  SINCE JUN 1      0                         0      0        0
  SINCE JUL 1      0                         0      0        0

 COOLING
  TODAY           20                        19      1       22
  MONTH TO DATE  211                       205      6      231
  SINCE JUN 1    818                       727     91      889
  SINCE JAN 1   1624                      1568     56     1907
..................................................................


WIND (MPH)
  HIGHEST WIND SPEED    23   HIGHEST WIND DIRECTION    SE (140)
  HIGHEST GUST SPEED    30   HIGHEST GUST DIRECTION    SE (150)


SKY COVER
  POSSIBLE SUNSHINE  MM
  AVERAGE SKY COVER 1.0


WEATHER CONDITIONS
 THE FOLLOWING WEATHER WAS RECORDED TODAY.
  NO SIGNIFICANT WEATHER WAS OBSERVED.


RELATIVE HUMIDITY (PERCENT)
 HIGHEST    94          1200 AM
 LOWEST     52           200 PM
 AVERAGE    73

..........................................................


THE CORPUS CHRISTI CLIMATE NORMALS FOR TOMORROW
                         NORMAL    RECORD    YEAR
 MAXIMUM TEMPERATURE (F)   93       101      1964
 MINIMUM TEMPERATURE (F)   75        69      1946


SUNRISE AND SUNSET
JULY 11 2014..........SUNRISE   642 AM CDT   SUNSET   829 PM CDT
JULY 12 2014..........SUNRISE   642 AM CDT   SUNSET   829 PM CDT


-  INDICATES NEGATIVE NUMBERS.
R  INDICATES RECORD WAS SET OR TIED.
MM INDICATES DATA IS MISSING.
T  INDICATES TRACE AMOUNT.




$$
