857
CDUS44 KCRP 041015
CLICRP

CLIMATE REPORT
NATIONAL WEATHER SERVICE CORPUS CHRISTI TX
414 AM CST SUN DEC 4 2016

...THE CORPUS CHRISTI CLIMATE SUMMARY FOR DECEMBER 3 2016...

CLIMATE NORMAL PERIOD 1981 TO 2010
CLIMATE RECORD PERIOD 1887 TO 2016


WEATHER ITEM   OBSERVED TIME   RECORD YEAR NORMAL DEPARTURE LAST
                VALUE   (LST)  VALUE       VALUE  FROM      YEAR
                                                  NORMAL
..................................................................
TEMPERATURE (F)
 YESTERDAY
  MAXIMUM         68   1204 AM  88    1978  71     -3       64
  MINIMUM         57    651 PM  33    1929  51      6       42
  AVERAGE         63                        61      2       53

PRECIPITATION (IN)
  YESTERDAY        1.01          2.32 1943   0.05   0.96     0.00
  MONTH TO DATE    1.02                      0.15   0.87     0.01
  SINCE DEC 1      1.02                      0.15   0.87     0.01
  SINCE JAN 1     31.55                     30.08   1.47    44.14

SNOWFALL (IN)
  YESTERDAY        0.0
  MONTH TO DATE    0.0
  SINCE DEC 1      0.0
  SINCE JUL 1      0.0
  SNOW DEPTH       0

DEGREE DAYS
 HEATING
  YESTERDAY        2                         6     -4       12
  MONTH TO DATE    2                        18    -16       35
  SINCE DEC 1      2                        18    -16       35
  SINCE JUL 1     20                       119    -99      109

 COOLING
  YESTERDAY        0                         2     -2        0
  MONTH TO DATE    8                         6      2        0
  SINCE DEC 1      8                         6      2        0
  SINCE JAN 1   4190                      3481    709     3672
..................................................................


WIND (MPH)
  HIGHEST WIND SPEED    23   HIGHEST WIND DIRECTION     E (70)
  HIGHEST GUST SPEED    26   HIGHEST GUST DIRECTION     E (80)
  AVERAGE WIND SPEED    12.9


SKY COVER
  POSSIBLE SUNSHINE  MM
  AVERAGE SKY COVER 0.9


WEATHER CONDITIONS
 THE FOLLOWING WEATHER WAS RECORDED YESTERDAY.
  THUNDERSTORM
  HEAVY RAIN
  RAIN
  LIGHT RAIN
  FOG


RELATIVE HUMIDITY (PERCENT)
 HIGHEST   100          1100 PM
 LOWEST     84           900 AM
 AVERAGE    92

..........................................................


THE CORPUS CHRISTI CLIMATE NORMALS FOR TODAY
                         NORMAL    RECORD    YEAR
 MAXIMUM TEMPERATURE (F)   71        90      1977
 MINIMUM TEMPERATURE (F)   51        29      1897


SUNRISE AND SUNSET
DECEMBER  4 2016......SUNRISE   706 AM CST   SUNSET   535 PM CST
DECEMBER  5 2016......SUNRISE   707 AM CST   SUNSET   535 PM CST


-  INDICATES NEGATIVE NUMBERS.
R  INDICATES RECORD WAS SET OR TIED.
MM INDICATES DATA IS MISSING.
T  INDICATES TRACE AMOUNT.

$$

87
