000
CDUS44 KCRP 240038
CLICRP

CLIMATE REPORT
NATIONAL WEATHER SERVICE CORPUS CHRISTI TX
736 PM CDT SUN JUL 23 2017

...................................

...THE CORPUS CHRISTI CLIMATE SUMMARY FOR JULY 23 2017...
VALID TODAY AS OF 700 PM LOCAL TIME.

CLIMATE NORMAL PERIOD 1981 TO 2010
CLIMATE RECORD PERIOD 1887 TO 2017


WEATHER ITEM   OBSERVED TIME   RECORD YEAR NORMAL DEPARTURE LAST
                VALUE   (LST)  VALUE       VALUE  FROM      YEAR
                                                  NORMAL
..................................................................
TEMPERATURE (F)
 TODAY
  MAXIMUM         96    110 PM  98    2009  94      2       96
                                      2000
                                      1996
  MINIMUM         80    604 AM  68    1989  75      5       76
  AVERAGE         88                        84      4       86

PRECIPITATION (IN)
  TODAY            0.00          2.86 2008   0.06  -0.06     0.00
  MONTH TO DATE    1.27                      2.30  -1.03      T
  SINCE JUN 1      3.20                      5.66  -2.46     2.95
  SINCE JAN 1     16.47                     15.93   0.54    21.17

SNOWFALL (IN)
  TODAY            0.0
  MONTH TO DATE    0.0
  SINCE JUN 1      0.0
  SINCE JUL 1      0.0
  SNOW DEPTH       0

DEGREE DAYS
 HEATING
  TODAY            0                         0      0        0
  MONTH TO DATE    0                         0      0        0
  SINCE JUN 1      0                         0      0        0
  SINCE JUL 1      0                         0      0        0

 COOLING
  TODAY           23                        19      4       21
  MONTH TO DATE  438                       433      5      493
  SINCE JUN 1   1010                       955     55     1053
  SINCE JAN 1   2200                      1796    404     2089
..................................................................


WIND (MPH)
  HIGHEST WIND SPEED    24   HIGHEST WIND DIRECTION    SE (140)
  HIGHEST GUST SPEED    32   HIGHEST GUST DIRECTION    SE (130)


SKY COVER
  POSSIBLE SUNSHINE  MM
  AVERAGE SKY COVER 0.5


WEATHER CONDITIONS
 THE FOLLOWING WEATHER WAS RECORDED TODAY.
  NO SIGNIFICANT WEATHER WAS OBSERVED.


RELATIVE HUMIDITY (PERCENT)
 HIGHEST    94           300 AM
 LOWEST     49          1200 PM
 AVERAGE    72

..........................................................


THE CORPUS CHRISTI CLIMATE NORMALS FOR TOMORROW
                         NORMAL    RECORD    YEAR
 MAXIMUM TEMPERATURE (F)   94       105      1934
 MINIMUM TEMPERATURE (F)   75        69      1999


SUNRISE AND SUNSET
JULY 23 2017..........SUNRISE   648 AM CDT   SUNSET   824 PM CDT
JULY 24 2017..........SUNRISE   649 AM CDT   SUNSET   824 PM CDT


-  INDICATES NEGATIVE NUMBERS.
R  INDICATES RECORD WAS SET OR TIED.
MM INDICATES DATA IS MISSING.
T  INDICATES TRACE AMOUNT.




$$
