000
CDUS41 KRLX 310821
CLICRW


CLIMATE REPORT
NATIONAL WEATHER SERVICE CHARLESTON WV
318 AM EST SAT JAN 31 2015


...................................

...THE CHARLESTON WV CLIMATE SUMMARY FOR JANUARY 30 2015...

CLIMATE NORMAL PERIOD 1981 TO 2010
CLIMATE RECORD PERIOD 1901 TO 2015


WEATHER ITEM   OBSERVED TIME   RECORD YEAR NORMAL DEPARTURE LAST
                VALUE   (LST)  VALUE       VALUE  FROM      YEAR
                                                  NORMAL
..................................................................
TEMPERATURE (F)
 YESTERDAY
  MAXIMUM         36   1209 AM  75    1903  43     -7       39
  MINIMUM         20   1159 PM  -1    2014  27     -7       -1
  AVERAGE         28                        35     -7       19

PRECIPITATION (IN)
  YESTERDAY        0.04          1.85 1932   0.10  -0.06     0.00
  MONTH TO DATE    2.23                      2.90  -0.67     2.50
  SINCE JAN 1      2.23                      2.90  -0.67     2.50

SNOWFALL (IN)
  YESTERDAY        1.3
  MONTH TO DATE    3.0
  SINCE SEP 1      4.0
  SNOW DEPTH       1

DEGREE DAYS
 HEATING
  YESTERDAY       37                        30      7       46
  MONTH TO DATE  962                       922     40     1126
  SINCE DEC 1   1728                      1778    -50     1919
  SINCE JUL 1   2771                      2662    109     2876

 COOLING
  YESTERDAY        0                         0      0        0
  MONTH TO DATE    0                         0      0        0
  SINCE DEC 1      0                         1     -1        2
  SINCE JAN 1      0                         0      0        0
..................................................................


WIND (MPH)
  HIGHEST WIND SPEED    28   HIGHEST WIND DIRECTION    NW (320)
  HIGHEST GUST SPEED    35   HIGHEST GUST DIRECTION    NW (320)
  AVERAGE WIND SPEED     9.7


SKY COVER
  POSSIBLE SUNSHINE  MM
  AVERAGE SKY COVER 0.6


WEATHER CONDITIONS
 THE FOLLOWING WEATHER WAS RECORDED YESTERDAY.
  RAIN
  LIGHT SNOW
  SLEET
  FOG


RELATIVE HUMIDITY (PERCENT)
 HIGHEST    92           800 AM
 LOWEST     50          1100 AM
 AVERAGE    71

..........................................................


THE CHARLESTON WV CLIMATE NORMALS FOR TODAY
                         NORMAL    RECORD    YEAR
 MAXIMUM TEMPERATURE (F)   44        78      2002
 MINIMUM TEMPERATURE (F)   27         2      1965
                                             1955
                                             1936


SUNRISE AND SUNSET
JANUARY 31 2015.......SUNRISE   733 AM EST   SUNSET   547 PM EST
FEBRUARY  1 2015......SUNRISE   732 AM EST   SUNSET   549 PM EST


-  INDICATES NEGATIVE NUMBERS.
R  INDICATES RECORD WAS SET OR TIED.
MM INDICATES DATA IS MISSING.
T  INDICATES TRACE AMOUNT.




$$
