012
CDUS41 KRLX 230726
CLICRW


CLIMATE REPORT
NATIONAL WEATHER SERVICE CHARLESTON WV
325 AM EDT SUN APR 23 2017


...................................

...THE CHARLESTON WV CLIMATE SUMMARY FOR APRIL 22 2017...

CLIMATE NORMAL PERIOD 1981 TO 2010
CLIMATE RECORD PERIOD 1901 TO 2017


WEATHER ITEM   OBSERVED TIME   RECORD YEAR NORMAL DEPARTURE LAST
                VALUE   (LST)  VALUE       VALUE  FROM      YEAR
                                                  NORMAL
..................................................................
TEMPERATURE (F)
 YESTERDAY
  MAXIMUM         57   1227 AM  92    1985  70    -13       72
  MINIMUM         45   1159 PM  32    1942  46     -1       55
                                      1934
  AVERAGE         51                        58     -7       64

PRECIPITATION (IN)
  YESTERDAY        0.36          1.58 1925   0.11   0.25     0.17
  MONTH TO DATE    2.24                      2.30  -0.06     1.02
  SINCE JAN 1     13.73                     12.40   1.33     9.84

SNOWFALL (IN)
  YESTERDAY        0.0
  MONTH TO DATE    T
  SINCE SEP 1      7.5
  SNOW DEPTH       0

DEGREE DAYS
 HEATING
  YESTERDAY       14                         8      6        1
  MONTH TO DATE  123                       238   -115      238
  SINCE MAR 1    692                       838   -146      623
  SINCE JUL 1   3399                      4292   -893     3558

 COOLING
  YESTERDAY        0                         1     -1        0
  MONTH TO DATE   20                        21     -1       23
  SINCE MAR 1     23                        26     -3       27
  SINCE JAN 1     23                        26     -3       27
..................................................................


WIND (MPH)
  HIGHEST WIND SPEED    12   HIGHEST WIND DIRECTION    NE (30)
  HIGHEST GUST SPEED    17   HIGHEST GUST DIRECTION     N (360)
  AVERAGE WIND SPEED     4.8


SKY COVER
  POSSIBLE SUNSHINE  MM
  AVERAGE SKY COVER 0.9


WEATHER CONDITIONS
 THE FOLLOWING WEATHER WAS RECORDED YESTERDAY.
  HEAVY RAIN
  LIGHT RAIN
  FOG


RELATIVE HUMIDITY (PERCENT)
 HIGHEST    93          1200 PM
 LOWEST     77           500 AM
 AVERAGE    85

..........................................................


THE CHARLESTON WV CLIMATE NORMALS FOR TODAY
                         NORMAL    RECORD    YEAR
 MAXIMUM TEMPERATURE (F)   70        90      2001
                                             1985
 MINIMUM TEMPERATURE (F)   47        29      1986
                                             1982
                                             1927


SUNRISE AND SUNSET
APRIL 23 2017.........SUNRISE   639 AM EDT   SUNSET   811 PM EDT
APRIL 24 2017.........SUNRISE   638 AM EDT   SUNSET   812 PM EDT


-  INDICATES NEGATIVE NUMBERS.
R  INDICATES RECORD WAS SET OR TIED.
MM INDICATES DATA IS MISSING.
T  INDICATES TRACE AMOUNT.




$$
