000
CDUS41 KRLX 060819
CLICRW


CLIMATE REPORT
NATIONAL WEATHER SERVICE CHARLESTON WV
319 AM EST SAT FEB 6 2016


...................................

...THE CHARLESTON WV CLIMATE SUMMARY FOR FEBRUARY 5 2016...

CLIMATE NORMAL PERIOD 1981 TO 2010
CLIMATE RECORD PERIOD 1901 TO 2016


WEATHER ITEM   OBSERVED TIME   RECORD YEAR NORMAL DEPARTURE LAST
                VALUE   (LST)  VALUE       VALUE  FROM      YEAR
                                                  NORMAL
..................................................................
TEMPERATURE (F)
 YESTERDAY
  MAXIMUM         40    441 PM  70    1986  44     -4       41
  MINIMUM         25    754 AM -12    1996  27     -2       16
  AVERAGE         33                        36     -3       29

PRECIPITATION (IN)
  YESTERDAY        T             1.42 2010   0.11  -0.11     0.07
  MONTH TO DATE    0.73                      0.54   0.19     0.63
  SINCE JAN 1      3.27                      3.54  -0.27     2.86

SNOWFALL (IN)
  YESTERDAY        T
  MONTH TO DATE    T
  SINCE SEP 1     21.7
  SNOW DEPTH       0

DEGREE DAYS
 HEATING
  YESTERDAY       32                        29      3       36
  MONTH TO DATE   95                       147    -52      152
  SINCE DEC 1   1616                      1951   -335     1919
  SINCE JUL 1   2268                      2835   -567     2962

 COOLING
  YESTERDAY        0                         0      0        0
  MONTH TO DATE    0                         0      0        0
  SINCE DEC 1      0                         1     -1        0
  SINCE JAN 1      0                         0      0        0
..................................................................


WIND (MPH)
  HIGHEST WIND SPEED    16   HIGHEST WIND DIRECTION    NW (320)
  HIGHEST GUST SPEED    21   HIGHEST GUST DIRECTION    NW (320)
  AVERAGE WIND SPEED     3.9


SKY COVER
  POSSIBLE SUNSHINE  MM
  AVERAGE SKY COVER 0.4


WEATHER CONDITIONS
 THE FOLLOWING WEATHER WAS RECORDED YESTERDAY.
  LIGHT SNOW


RELATIVE HUMIDITY (PERCENT)
 HIGHEST    85          1200 AM
 LOWEST     37           400 PM
 AVERAGE    61

..........................................................


THE CHARLESTON WV CLIMATE NORMALS FOR TODAY
                         NORMAL    RECORD    YEAR
 MAXIMUM TEMPERATURE (F)   45        72      1938
 MINIMUM TEMPERATURE (F)   28        -1      2007


SUNRISE AND SUNSET
FEBRUARY  6 2016......SUNRISE   727 AM EST   SUNSET   554 PM EST
FEBRUARY  7 2016......SUNRISE   726 AM EST   SUNSET   555 PM EST


-  INDICATES NEGATIVE NUMBERS.
R  INDICATES RECORD WAS SET OR TIED.
MM INDICATES DATA IS MISSING.
T  INDICATES TRACE AMOUNT.




$$
