000
CDUS41 KRLX 240722
CLICRW


CLIMATE REPORT
NATIONAL WEATHER SERVICE CHARLESTON WV
321 AM EDT THU APR 24 2014


...................................

...THE CHARLESTON WV CLIMATE SUMMARY FOR APRIL 23 2014...

CLIMATE NORMAL PERIOD 1981 TO 2010
CLIMATE RECORD PERIOD 1901 TO 2014


WEATHER ITEM   OBSERVED TIME   RECORD YEAR NORMAL DEPARTURE LAST
                VALUE   (LST)  VALUE       VALUE  FROM      YEAR
                                                  NORMAL
..................................................................
TEMPERATURE (F)
 YESTERDAY
  MAXIMUM         62    440 PM  90    2001  70     -8       76
                                      1985
  MINIMUM         42    623 AM  29    1986  47     -5       44
                                      1982
                                      1927
  AVERAGE         52                        58     -6       60

PRECIPITATION (IN)
  YESTERDAY        0.00          1.16 1995   0.11  -0.11     0.00
  MONTH TO DATE    1.49                      2.41  -0.92     1.13
  SINCE JAN 1     12.25                     12.51  -0.26    10.33

SNOWFALL (IN)
  YESTERDAY        0.0
  MONTH TO DATE    0.3
  SINCE SEP 1     51.7
  SNOW DEPTH       0

DEGREE DAYS
 HEATING
  YESTERDAY       13                         8      5        5
  MONTH TO DATE  177                       246    -69      204
  SINCE MAR 1    895                       846     49      981
  SINCE JUL 1   4662                      4300    362     4364

 COOLING
  YESTERDAY        0                         1     -1        0
  MONTH TO DATE   15                        22     -7       39
  SINCE MAR 1     15                        27    -12       39
  SINCE JAN 1     15                        27    -12       39
..................................................................


WIND (MPH)
  HIGHEST WIND SPEED    17   HIGHEST WIND DIRECTION    NW (320)
  HIGHEST GUST SPEED    24   HIGHEST GUST DIRECTION    NW (330)
  AVERAGE WIND SPEED     7.2


SKY COVER
  POSSIBLE SUNSHINE  MM
  AVERAGE SKY COVER 0.3


WEATHER CONDITIONS
 THE FOLLOWING WEATHER WAS RECORDED YESTERDAY.
  NO SIGNIFICANT WEATHER WAS OBSERVED.


RELATIVE HUMIDITY (PERCENT)
 HIGHEST    70           600 AM
 LOWEST     32           300 PM
 AVERAGE    51

..........................................................


THE CHARLESTON WV CLIMATE NORMALS FOR TODAY
                         NORMAL    RECORD    YEAR
 MAXIMUM TEMPERATURE (F)   70        91      1915
 MINIMUM TEMPERATURE (F)   47        29      1986
                                             1927


SUNRISE AND SUNSET
APRIL 24 2014.........SUNRISE   638 AM EDT   SUNSET   811 PM EDT
APRIL 25 2014.........SUNRISE   637 AM EDT   SUNSET   812 PM EDT


-  INDICATES NEGATIVE NUMBERS.
R  INDICATES RECORD WAS SET OR TIED.
MM INDICATES DATA IS MISSING.
T  INDICATES TRACE AMOUNT.




$$
