000
CDUS42 KFFC 210918
CLICSG


CLIMATE REPORT
NATIONAL WEATHER SERVICE PEACHTREE CITY GA
418 AM EST SUN DEC 21 2014


...................................

...THE COLUMBUS CLIMATE SUMMARY FOR DECEMBER 20 2014...

CLIMATE NORMAL PERIOD 1981 TO 2010
CLIMATE RECORD PERIOD 1948 TO 2014


WEATHER ITEM   OBSERVED TIME   RECORD YEAR NORMAL DEPARTURE LAST
                VALUE   (LST)  VALUE       VALUE  FROM      YEAR
                                                  NORMAL
..................................................................
TEMPERATURE (F)
 YESTERDAY
  MAXIMUM         53    519 PM  74    1978  58     -5       67
  MINIMUM         45    743 AM  17    2000  38      7       37
                                      1981
  AVERAGE         49                        48      1       52

PRECIPITATION (IN)
  YESTERDAY        0.17          1.87 1952   0.13   0.04     0.02
  MONTH TO DATE    0.61                      2.85  -2.24     2.38
  SINCE DEC 1      0.61                      2.85  -2.24     2.38
  SINCE JAN 1     48.12                     45.33   2.79    56.16

SNOWFALL (IN)
  YESTERDAY       MM             0.0  2001   0.0   MM        0.0
  MONTH TO DATE    0.0                       0.0    0.0      0.0
  SINCE DEC 1      0.0                       0.0    0.0      0.0
  SINCE JUL 1      0.0                       0.0    0.0      0.0
  SNOW DEPTH       0

DEGREE DAYS
 HEATING
  YESTERDAY       16                        17     -1       13
  MONTH TO DATE  255                       301    -46      243
  SINCE DEC 1    255                       301    -46      243
  SINCE JUL 1    723                       633     90      591

 COOLING
  YESTERDAY        0                         0      0        0
  MONTH TO DATE    1                         0      1       15
  SINCE DEC 1      1                         0      1       15
  SINCE JAN 1   2314                      2364    -50     2362
..................................................................


WIND (MPH)
  HIGHEST WIND SPEED     9   HIGHEST WIND DIRECTION     E (70)
  HIGHEST GUST SPEED    14   HIGHEST GUST DIRECTION    NE (30)
  AVERAGE WIND SPEED     2.6


SKY COVER
  AVERAGE SKY COVER 1.0


WEATHER CONDITIONS
 THE FOLLOWING WEATHER WAS RECORDED YESTERDAY.
  LIGHT RAIN
  FOG
  HAZE


RELATIVE HUMIDITY (PERCENT)
 HIGHEST   100           700 AM
 LOWEST     83           200 PM
 AVERAGE    92

..........................................................


THE COLUMBUS CLIMATE NORMALS FOR TODAY
                         NORMAL    RECORD    YEAR
 MAXIMUM TEMPERATURE (F)   58        75      1998
                                             1971
 MINIMUM TEMPERATURE (F)   38        18      1981


SUNRISE AND SUNSET
DECEMBER 21 2014......SUNRISE   737 AM EST   SUNSET   538 PM EST
DECEMBER 22 2014......SUNRISE   738 AM EST   SUNSET   539 PM EST


-  INDICATES NEGATIVE NUMBERS.
R  INDICATES RECORD WAS SET OR TIED.
MM INDICATES DATA IS MISSING.
T  INDICATES TRACE AMOUNT.




$$
