000
CDUS42 KFFC 030918
CLICSG


CLIMATE REPORT
NATIONAL WEATHER SERVICE PEACHTREE CITY GA
417 AM EST TUE MAR 3 2015


...................................

...THE COLUMBUS CLIMATE SUMMARY FOR MARCH 2 2015...

CLIMATE NORMAL PERIOD 1981 TO 2010
CLIMATE RECORD PERIOD 1948 TO 2015


WEATHER ITEM   OBSERVED TIME   RECORD YEAR NORMAL DEPARTURE LAST
                VALUE   (LST)  VALUE       VALUE  FROM      YEAR
                                                  NORMAL
..................................................................
TEMPERATURE (F)
 YESTERDAY
  MAXIMUM         69    554 PM  82    1976  66      3       75
  MINIMUM         46    115 AM  20    1980  43      3       42
  AVERAGE         58                        55      3       59

PRECIPITATION (IN)
  YESTERDAY        0.01          1.86 2002   0.18  -0.17     0.00
  MONTH TO DATE    0.06                      0.35  -0.29      T
  SINCE MAR 1      0.06                      0.35  -0.29      T
  SINCE JAN 1      7.43                      8.64  -1.21     8.32

SNOWFALL (IN)
  YESTERDAY       MM             0.0  2002   0.0   MM        0.0
                                      2000
  MONTH TO DATE   MM                         0.0   MM        0.0
  SINCE MAR 1     MM                         0.0   MM        0.0
  SINCE JUL 1      0.0                       0.3   -0.3      1.2
  SNOW DEPTH       0

DEGREE DAYS
 HEATING
  YESTERDAY        7                        11     -4        6
  MONTH TO DATE   26                        22      4       13
  SINCE MAR 1     26                        22      4       13
  SINCE JUL 1   2036                      1799    237     1956

 COOLING
  YESTERDAY        0                         0      0        0
  MONTH TO DATE    0                         0      0        0
  SINCE MAR 1      0                         0      0        0
  SINCE JAN 1      0                         4     -4        3
..................................................................


WIND (MPH)
  HIGHEST WIND SPEED    13   HIGHEST WIND DIRECTION    SE (150)
  HIGHEST GUST SPEED    15   HIGHEST GUST DIRECTION     S (160)
  AVERAGE WIND SPEED     2.5


SKY COVER
  AVERAGE SKY COVER 1.0


WEATHER CONDITIONS
 THE FOLLOWING WEATHER WAS RECORDED YESTERDAY.
  LIGHT RAIN
  FOG
  FOG W/VISIBILITY <= 1/4 MILE


RELATIVE HUMIDITY (PERCENT)
 HIGHEST   100           300 AM
 LOWEST     63           300 PM
 AVERAGE    82

..........................................................


THE COLUMBUS CLIMATE NORMALS FOR TODAY
                         NORMAL    RECORD    YEAR
 MAXIMUM TEMPERATURE (F)   66        83      1997
 MINIMUM TEMPERATURE (F)   44        16      1980


SUNRISE AND SUNSET
MARCH  3 2015.........SUNRISE   705 AM EST   SUNSET   639 PM EST
MARCH  4 2015.........SUNRISE   704 AM EST   SUNSET   639 PM EST


-  INDICATES NEGATIVE NUMBERS.
R  INDICATES RECORD WAS SET OR TIED.
MM INDICATES DATA IS MISSING.
T  INDICATES TRACE AMOUNT.




$$
