000
CDUS42 KFFC 190022
CLICSG


CLIMATE REPORT
NATIONAL WEATHER SERVICE PEACHTREE CITY GA
722 PM EST THU JAN 18 2018


...................................

...THE COLUMBUS CLIMATE SUMMARY FOR JANUARY 18 2018...
VALID AS OF 0700 PM LOCAL TIME.

CLIMATE NORMAL PERIOD 1981 TO 2010
CLIMATE RECORD PERIOD 1948 TO 2018


WEATHER ITEM   OBSERVED TIME   RECORD YEAR NORMAL DEPARTURE LAST
                VALUE   (LST)  VALUE       VALUE  FROM      YEAR
                                                  NORMAL
..................................................................
TEMPERATURE (F)
 TODAY
  MAXIMUM         47    523 PM  79    1937  57    -10       76
  MINIMUM         18    750 AM  16    1957  37    -19       57
  AVERAGE         33                        47    -14       67

PRECIPITATION (IN)
  TODAY            0.00          1.52 1925   0.11  -0.11      T
  MONTH TO DATE    0.89                      2.14  -1.25     8.55
  SINCE DEC 1      3.44                      6.41  -2.97    12.92
  SINCE JAN 1      0.89                      2.14  -1.25     8.55

SNOWFALL (IN)
  TODAY            0.0           0.0  2002   0.0    0.0      0.0
  MONTH TO DATE    2.0                       0.1    1.9      0.0
  SINCE DEC 1      2.0                       0.2    1.8      0.0
  SINCE JUL 1      2.0                       0.2    1.8      0.0
  SNOW DEPTH       0

DEGREE DAYS
 HEATING
  TODAY           32                        18     14        0
  MONTH TO DATE  440                       324    116      205
  SINCE DEC 1    869                       821     48      592
  SINCE JUL 1   1133                      1153    -20      779
..................................................................


WIND (MPH)
  HIGHEST WIND SPEED    13   HIGHEST WIND DIRECTION    NW (330)
  HIGHEST GUST SPEED    16   HIGHEST GUST DIRECTION     N (350)
  AVERAGE WIND SPEED     7.2


SKY COVER
  AVERAGE SKY COVER 0.0


WEATHER CONDITIONS
 THE FOLLOWING WEATHER WAS RECORDED TODAY.
  NO SIGNIFICANT WEATHER WAS OBSERVED.


RELATIVE HUMIDITY (PERCENT)
 HIGHEST    62           400 AM
 LOWEST     19           400 PM

..........................................................


THE COLUMBUS CLIMATE NORMALS FOR TOMORROW
                         NORMAL    RECORD
 MAXIMUM TEMPERATURE (F)   58        82
 MINIMUM TEMPERATURE (F)   37         6


SUNRISE AND SUNSET
JANUARY 18 2018.......SUNRISE   741 AM EST   SUNSET   600 PM EST
JANUARY 19 2018.......SUNRISE   741 AM EST   SUNSET   601 PM EST


-  INDICATES NEGATIVE NUMBERS.
R  INDICATES RECORD WAS SET OR TIED.
MM INDICATES DATA IS MISSING.
T  INDICATES TRACE AMOUNT.




$$
