000
CDUS42 KFFC 230820
CLICSG


CLIMATE REPORT
NATIONAL WEATHER SERVICE PEACHTREE CITY GA
420 AM EDT TUE SEP 23 2014


...................................

...THE COLUMBUS CLIMATE SUMMARY FOR SEPTEMBER 22 2014...

CLIMATE NORMAL PERIOD 1981 TO 2010
CLIMATE RECORD PERIOD 1948 TO 2014


WEATHER ITEM   OBSERVED TIME   RECORD YEAR NORMAL DEPARTURE LAST
                VALUE   (LST)  VALUE       VALUE  FROM      YEAR
                                                  NORMAL
..................................................................
TEMPERATURE (F)
 YESTERDAY
  MAXIMUM         76    547 PM  96    1955  85     -9       83
  MINIMUM         64   1258 PM  48    1983  65     -1       65
  AVERAGE         70                        75     -5       74

PRECIPITATION (IN)
  YESTERDAY        0.15          3.09 1951   0.10   0.05     0.00
  MONTH TO DATE    4.03                      2.28   1.75     0.94
  SINCE SEP 1      4.03                      2.28   1.75     0.94
  SINCE JAN 1     40.21                     35.02   5.19    51.31

DEGREE DAYS
 HEATING
  YESTERDAY        0                         0      0        0
  MONTH TO DATE    0                         0      0        0
  SINCE SEP 1      0                         0      0        0
  SINCE JUL 1      0                         0      0        0

 COOLING
  YESTERDAY        5                        10     -5        9
  MONTH TO DATE  334                       282     52      339
  SINCE SEP 1    334                       282     52      339
  SINCE JAN 1   2129                      2154    -25     2123
..................................................................


WIND (MPH)
  HIGHEST WIND SPEED    15   HIGHEST WIND DIRECTION    NW (330)
  HIGHEST GUST SPEED    20   HIGHEST GUST DIRECTION    NW (330)
  AVERAGE WIND SPEED     2.6


SKY COVER
  AVERAGE SKY COVER 0.2


WEATHER CONDITIONS
 THE FOLLOWING WEATHER WAS RECORDED YESTERDAY.
  THUNDERSTORM
  RAIN
  LIGHT RAIN
  FOG


RELATIVE HUMIDITY (PERCENT)
 HIGHEST    93           100 PM
 LOWEST     58          1100 PM
 AVERAGE    76

..........................................................


THE COLUMBUS CLIMATE NORMALS FOR TODAY
                         NORMAL    RECORD    YEAR
 MAXIMUM TEMPERATURE (F)   84        94      1980
 MINIMUM TEMPERATURE (F)   64        45      1983


SUNRISE AND SUNSET
SEPTEMBER 23 2014.....SUNRISE   729 AM EDT   SUNSET   735 PM EDT
SEPTEMBER 24 2014.....SUNRISE   729 AM EDT   SUNSET   734 PM EDT


-  INDICATES NEGATIVE NUMBERS.
R  INDICATES RECORD WAS SET OR TIED.
MM INDICATES DATA IS MISSING.
T  INDICATES TRACE AMOUNT.




$$
