000
CDUS42 KFFC 240023
CLICSG


CLIMATE REPORT
NATIONAL WEATHER SERVICE PEACHTREE CITY GA
823 PM EDT MON OCT 23 2017


...................................

...THE COLUMBUS CLIMATE SUMMARY FOR OCTOBER 23 2017...
VALID AS OF 0800 PM LOCAL TIME.

CLIMATE NORMAL PERIOD 1981 TO 2010
CLIMATE RECORD PERIOD 1948 TO 2017


WEATHER ITEM   OBSERVED TIME   RECORD YEAR NORMAL DEPARTURE LAST
                VALUE   (LST)  VALUE       VALUE  FROM      YEAR
                                                  NORMAL
..................................................................
TEMPERATURE (F)
 TODAY
  MAXIMUM         76    151 PM  90    1984  75      1       78
                                      1941
  MINIMUM         65    708 PM  36    1987  53     12       43
  AVERAGE         71                        64      7       61

PRECIPITATION (IN)
  TODAY            2.10R         2.03 1945   0.07   2.03     0.00
  MONTH TO DATE    4.38                      1.92   2.46     0.92
  SINCE SEP 1      7.57                      4.98   2.59     1.67
  SINCE JAN 1     46.58                     37.72   8.86    28.59

SNOWFALL (IN)
  TODAY            0.0           0.0  2002   0.0    0.0      0.0
                                      2001
  MONTH TO DATE    0.0                       0.0    0.0      0.0
  SINCE SEP 1      0.0                       0.0    0.0      0.0
  SINCE JUL 1      0.0                       0.0    0.0      0.0
  SNOW DEPTH       0

DEGREE DAYS
 HEATING
  TODAY            0                         3     -3        4
  MONTH TO DATE    3                        40    -37        9
  SINCE SEP 1      6                        43    -37        9
  SINCE JUL 1      6                        43    -37        9

 COOLING
  TODAY            6                         3      3        0
  MONTH TO DATE  215                       102    113      164
  SINCE SEP 1    588                       452    136      631
  SINCE JAN 1   2682                      2324    358     2688
..................................................................


WIND (MPH)
  HIGHEST WIND SPEED    24   HIGHEST WIND DIRECTION    NW (320)
  HIGHEST GUST SPEED    32   HIGHEST GUST DIRECTION    NW (320)
  AVERAGE WIND SPEED    11.3


SKY COVER
  AVERAGE SKY COVER 0.5


WEATHER CONDITIONS
 THE FOLLOWING WEATHER WAS RECORDED TODAY.
  HEAVY RAIN
  RAIN
  LIGHT RAIN
  FOG


RELATIVE HUMIDITY (PERCENT)
 HIGHEST    93           300 AM
 LOWEST     46           400 PM

..........................................................


THE COLUMBUS CLIMATE NORMALS FOR TOMORROW
                         NORMAL    RECORD
 MAXIMUM TEMPERATURE (F)   75        90
 MINIMUM TEMPERATURE (F)   53        30


SUNRISE AND SUNSET
OCTOBER 23 2017.......SUNRISE   750 AM EDT   SUNSET   658 PM EDT
OCTOBER 24 2017.......SUNRISE   751 AM EDT   SUNSET   657 PM EDT


-  INDICATES NEGATIVE NUMBERS.
R  INDICATES RECORD WAS SET OR TIED.
MM INDICATES DATA IS MISSING.
T  INDICATES TRACE AMOUNT.




$$
