000
CDUS42 KFFC 290818
CLICSG


CLIMATE REPORT
NATIONAL WEATHER SERVICE PEACHTREE CITY GA
418 AM EDT SAT APR 29 2017


...................................

...THE COLUMBUS CLIMATE SUMMARY FOR APRIL 28 2017...

CLIMATE NORMAL PERIOD 1981 TO 2010
CLIMATE RECORD PERIOD 1948 TO 2017


WEATHER ITEM   OBSERVED TIME   RECORD YEAR NORMAL DEPARTURE LAST
                VALUE   (LST)  VALUE       VALUE  FROM      YEAR
                                                  NORMAL
..................................................................
TEMPERATURE (F)
 YESTERDAY
  MAXIMUM         88    450 PM  91    1943  80      8       83
                                      1917
                                      1915
  MINIMUM         70   1237 AM  41    1953  56     14       66
  AVERAGE         79                        68     11       75

PRECIPITATION (IN)
  YESTERDAY        0.00          1.26 1962   0.11  -0.11     0.00
  MONTH TO DATE    4.41                      3.34   1.07     6.94
  SINCE MAR 1      5.94                      8.80  -2.86     9.50
  SINCE JAN 1     20.20                     17.09   3.11    16.93

DEGREE DAYS
 HEATING
  YESTERDAY        0                         1     -1        0
  MONTH TO DATE   23                        88    -65       69
  SINCE MAR 1    226                       334   -108      214
  SINCE JUL 1   1356                      2111   -755     1604

 COOLING
  YESTERDAY       14                         4     10       10
  MONTH TO DATE  156                        70     86       58
  SINCE MAR 1    226                        93    133      115
  SINCE JAN 1    243                        97    146      117
..................................................................


WIND (MPH)
  HIGHEST WIND SPEED    17   HIGHEST WIND DIRECTION     S (190)
  HIGHEST GUST SPEED    22   HIGHEST GUST DIRECTION     S (190)
  AVERAGE WIND SPEED     6.7


SKY COVER
  AVERAGE SKY COVER 0.6


WEATHER CONDITIONS
 THE FOLLOWING WEATHER WAS RECORDED YESTERDAY.
  FOG


RELATIVE HUMIDITY (PERCENT)
 HIGHEST    93           200 AM
 LOWEST     50           300 PM
 AVERAGE    72

..........................................................


THE COLUMBUS CLIMATE NORMALS FOR TODAY
                         NORMAL    RECORD    YEAR
 MAXIMUM TEMPERATURE (F)   80        92      1943
                                             1927
 MINIMUM TEMPERATURE (F)   56        39      1928


SUNRISE AND SUNSET
APRIL 29 2017.........SUNRISE   655 AM EDT   SUNSET   820 PM EDT
APRIL 30 2017.........SUNRISE   654 AM EDT   SUNSET   821 PM EDT


-  INDICATES NEGATIVE NUMBERS.
R  INDICATES RECORD WAS SET OR TIED.
MM INDICATES DATA IS MISSING.
T  INDICATES TRACE AMOUNT.




$$
