000
CDUS45 KTFX 072330
CLICTB


CLIMATE REPORT
NATIONAL WEATHER SERVICE GREAT FALLS MT
430 PM MST WED DEC 7 2016


...................................

...THE CUT BANK MT CLIMATE SUMMARY FOR DECEMBER 7 2016...
VALID TODAY AS OF 0400 PM LOCAL TIME.

CLIMATE NORMAL PERIOD 1981 TO 2010
CLIMATE RECORD PERIOD 1903 TO 2016


WEATHER ITEM   OBSERVED TIME   RECORD YEAR NORMAL DEPARTURE LAST
                VALUE   (LST)  VALUE       VALUE  FROM      YEAR
                                                  NORMAL
..................................................................
TEMPERATURE (F)
 TODAY
  MAXIMUM          0    241 PM  57    1939  33    -33       47
  MINIMUM        -13    536 AM -35    2013  13    -26       35
  AVERAGE         -6                        23    -29       41

PRECIPITATION (IN)
  TODAY            0.00          0.33 1958   0.01  -0.01     0.00
  MONTH TO DATE    0.01                      0.05  -0.04     0.00
  SINCE OCT 1      1.34                      0.85   0.49     1.36
  SINCE JAN 1     11.24                     10.73   0.51     9.66

DEGREE DAYS
 HEATING
  TODAY           71                        42     29       24
  MONTH TO DATE  341                       288     53      194
  SINCE DEC 1    341                       288     53      194
  SINCE JUL 1   2319                      2551   -232     2232

 COOLING
  TODAY            0                         0      0        0
  MONTH TO DATE    0                         0      0        0
  SINCE DEC 1      0                         0      0        0
  SINCE JAN 1    108                       162    -54      234
..................................................................


WIND (MPH)
  HIGHEST WIND SPEED    18   HIGHEST WIND DIRECTION    NW (330)
  HIGHEST GUST SPEED    22   HIGHEST GUST DIRECTION     N (340)
  AVERAGE WIND SPEED     8.6


SKY COVER
  AVERAGE SKY COVER 0.0


WEATHER CONDITIONS
 THE FOLLOWING WEATHER WAS RECORDED TODAY.
  NO SIGNIFICANT WEATHER WAS OBSERVED.


RELATIVE HUMIDITY (PERCENT)
 HIGHEST    86           600 AM
 LOWEST     65           100 PM
 AVERAGE    76

..........................................................


THE CUT BANK MT CLIMATE NORMALS FOR TOMORROW
                         NORMAL    RECORD    YEAR
 MAXIMUM TEMPERATURE (F)   33        58      2006
 MINIMUM TEMPERATURE (F)   13       -34      2009
                                             1972


SUNRISE AND SUNSET
DECEMBER  7 2016......SUNRISE   808 AM MST   SUNSET   434 PM MST
DECEMBER  8 2016......SUNRISE   809 AM MST   SUNSET   434 PM MST


-  INDICATES NEGATIVE NUMBERS.
R  INDICATES RECORD WAS SET OR TIED.
MM INDICATES DATA IS MISSING.
T  INDICATES TRACE AMOUNT.




$$
