000
CDUS45 KTFX 201329
CLICTB


CLIMATE REPORT
NATIONAL WEATHER SERVICE GREAT FALLS MT
728 AM MDT THU JUL 20 2017


...................................

...THE CUT BANK MT CLIMATE SUMMARY FOR JULY 19 2017...

CLIMATE NORMAL PERIOD 1981 TO 2010
CLIMATE RECORD PERIOD 1903 TO 2017


WEATHER ITEM   OBSERVED TIME   RECORD YEAR NORMAL DEPARTURE LAST
                VALUE   (LST)  VALUE       VALUE  FROM      YEAR
                                                  NORMAL
..................................................................
TEMPERATURE (F)
 YESTERDAY
  MAXIMUM         87    501 PM 103    1960  81      6       86
  MINIMUM         48    532 AM  38    1911  50     -2       53
  AVERAGE         68                        65      3       70

PRECIPITATION (IN)
  YESTERDAY        0.00          1.70 1952   0.04  -0.04     0.00
  MONTH TO DATE    0.01                      0.87  -0.86     0.89
  SINCE OCT 1      8.94                      8.08   0.86     8.82
  SINCE JAN 1      7.51                      7.06   0.45     6.90

SNOWFALL (IN)
  YESTERDAY       MM
  SNOW DEPTH       0

DEGREE DAYS
 HEATING
  YESTERDAY        0                         2     -2        0
  MONTH TO DATE   11                        64    -53       72
  SINCE JUN 1    182                       297   -115      236
  SINCE JUL 1     11                        64    -53       72

 COOLING
  YESTERDAY        3                         3      0        5
  MONTH TO DATE   91                        36     55       15
  SINCE JUN 1    103                        51     52       37
  SINCE JAN 1    105                        53     52       37
..................................................................


WIND (MPH)
  HIGHEST WIND SPEED    20   HIGHEST WIND DIRECTION     W (260)
  HIGHEST GUST SPEED    24   HIGHEST GUST DIRECTION     W (280)
  AVERAGE WIND SPEED     9.8


SKY COVER
  AVERAGE SKY COVER 0.0


WEATHER CONDITIONS
 THE FOLLOWING WEATHER WAS RECORDED YESTERDAY.
  NO SIGNIFICANT WEATHER WAS OBSERVED.


RELATIVE HUMIDITY (PERCENT)
 HIGHEST    66           500 AM
 LOWEST      8           300 PM
 AVERAGE    37

..........................................................


THE CUT BANK MT CLIMATE NORMALS FOR TODAY
                         NORMAL    RECORD    YEAR
 MAXIMUM TEMPERATURE (F)   81       102      1921
 MINIMUM TEMPERATURE (F)   50        36      1980


SUNRISE AND SUNSET
JULY 20 2017..........SUNRISE   549 AM MDT   SUNSET   922 PM MDT
JULY 21 2017..........SUNRISE   550 AM MDT   SUNSET   921 PM MDT


-  INDICATES NEGATIVE NUMBERS.
R  INDICATES RECORD WAS SET OR TIED.
MM INDICATES DATA IS MISSING.
T  INDICATES TRACE AMOUNT.




$$
