000
CDUS45 KTFX 242330
CLICTB


CLIMATE REPORT
NATIONAL WEATHER SERVICE GREAT FALLS MT
430 PM MST FRI NOV 24 2017


...................................

...THE CUT BANK MT CLIMATE SUMMARY FOR NOVEMBER 24 2017...
VALID TODAY AS OF 0400 PM LOCAL TIME.

CLIMATE NORMAL PERIOD 1981 TO 2010
CLIMATE RECORD PERIOD 1903 TO 2017


WEATHER ITEM   OBSERVED TIME   RECORD YEAR NORMAL DEPARTURE LAST
                VALUE   (LST)  VALUE       VALUE  FROM      YEAR
                                                  NORMAL
..................................................................
TEMPERATURE (F)
 TODAY
  MAXIMUM         45    101 PM  64    1936  37      8       44
  MINIMUM         33    304 AM -14    2010  17     16       29
  AVERAGE         39                        27     12       37

PRECIPITATION (IN)
  TODAY            0.00          0.29 1958   0.01  -0.01     0.00
  MONTH TO DATE    0.10                      0.30  -0.20     0.26
  SINCE OCT 1      0.60                      0.74  -0.14     1.33
  SINCE JAN 1      8.72                     10.62  -1.90    11.23

DEGREE DAYS
 HEATING
  TODAY           26                        38    -12       28
  MONTH TO DATE  932                       804    128      540
  SINCE SEP 1   1980                      1834    146     1600
  SINCE JUL 1   2063                      2028     35     1773

 COOLING
  TODAY            0                         0      0        0
  MONTH TO DATE    0                         0      0        0
  SINCE SEP 1     24                         9     15        5
  SINCE JAN 1    250                       162     88      108
..................................................................


WIND (MPH)
  HIGHEST WIND SPEED    29   HIGHEST WIND DIRECTION     W (270)
  HIGHEST GUST SPEED    35   HIGHEST GUST DIRECTION     W (270)
  AVERAGE WIND SPEED    15.0


SKY COVER
  AVERAGE SKY COVER 0.1


WEATHER CONDITIONS
 THE FOLLOWING WEATHER WAS RECORDED TODAY.
  NO SIGNIFICANT WEATHER WAS OBSERVED.


RELATIVE HUMIDITY (PERCENT)
 HIGHEST    92          1200 AM
 LOWEST     45          1200 PM
 AVERAGE    69

..........................................................


THE CUT BANK MT CLIMATE NORMALS FOR TOMORROW
                         NORMAL    RECORD    YEAR
 MAXIMUM TEMPERATURE (F)   36        58      2005
                                             1949
 MINIMUM TEMPERATURE (F)   17       -20      1985


SUNRISE AND SUNSET
NOVEMBER 24 2017......SUNRISE   752 AM MST   SUNSET   441 PM MST
NOVEMBER 25 2017......SUNRISE   753 AM MST   SUNSET   440 PM MST


-  INDICATES NEGATIVE NUMBERS.
R  INDICATES RECORD WAS SET OR TIED.
MM INDICATES DATA IS MISSING.
T  INDICATES TRACE AMOUNT.




$$
