000
CDUS45 KTFX 282232
CLICTB


CLIMATE REPORT
NATIONAL WEATHER SERVICE GREAT FALLS MT
430 PM MDT SUN AUG 28 2016


...................................

...THE CUT BANK MT CLIMATE SUMMARY FOR AUGUST 28 2016...
VALID TODAY AS OF 0400 PM LOCAL TIME.

CLIMATE NORMAL PERIOD 1981 TO 2010
CLIMATE RECORD PERIOD 1903 TO 2016


WEATHER ITEM   OBSERVED TIME   RECORD YEAR NORMAL DEPARTURE LAST
                VALUE   (LST)  VALUE       VALUE  FROM      YEAR
                                                  NORMAL
..................................................................
TEMPERATURE (F)
 TODAY
  MAXIMUM         67    259 PM  95    2012  75     -8       83
  MINIMUM         47    530 AM  30    1918  45      2       61
  AVERAGE         57                        60     -3       72

PRECIPITATION (IN)
  TODAY            0.00          0.94 1951   0.04  -0.04     0.00
  MONTH TO DATE    1.17                      1.07   0.10     0.60
  SINCE OCT 1     10.56                      9.56   1.00     8.28
  SINCE JAN 1      8.64                      8.54   0.10     5.75

DEGREE DAYS
 HEATING
  TODAY            8                         6      2        0
  MONTH TO DATE   99                        90      9       74
  SINCE JUN 1    337                       409    -72      271
  SINCE JUL 1    173                       176     -3      141

 COOLING
  TODAY            0                         1     -1        7
  MONTH TO DATE   26                        62    -36       92
  SINCE JUN 1     99                       149    -50      222
  SINCE JAN 1     99                       151    -52      222
..................................................................


WIND (MPH)
  HIGHEST WIND SPEED    23   HIGHEST WIND DIRECTION     N (350)
  HIGHEST GUST SPEED    26   HIGHEST GUST DIRECTION     N (350)
  AVERAGE WIND SPEED    12.4


SKY COVER
  AVERAGE SKY COVER 0.2


WEATHER CONDITIONS
 THE FOLLOWING WEATHER WAS RECORDED TODAY.
  NO SIGNIFICANT WEATHER WAS OBSERVED.


RELATIVE HUMIDITY (PERCENT)
 HIGHEST    93           500 AM
 LOWEST     42           300 PM
 AVERAGE    68

..........................................................


THE CUT BANK MT CLIMATE NORMALS FOR TOMORROW
                         NORMAL    RECORD    YEAR
 MAXIMUM TEMPERATURE (F)   75        93      2013
 MINIMUM TEMPERATURE (F)   45        31      1937


SUNRISE AND SUNSET
AUGUST 28 2016........SUNRISE   642 AM MDT   SUNSET   818 PM MDT
AUGUST 29 2016........SUNRISE   643 AM MDT   SUNSET   816 PM MDT


-  INDICATES NEGATIVE NUMBERS.
R  INDICATES RECORD WAS SET OR TIED.
MM INDICATES DATA IS MISSING.
T  INDICATES TRACE AMOUNT.




$$
