000
CDUS45 KTFX 272323
CLICTB


CLIMATE REPORT
NATIONAL WEATHER SERVICE GREAT FALLS MT
422 PM MST FRI FEB 27 2015


...................................

...THE CUT BANK MT CLIMATE SUMMARY FOR FEBRUARY 27 2015...
VALID TODAY AS OF 0400 PM LOCAL TIME.

CLIMATE NORMAL PERIOD 1981 TO 2010
CLIMATE RECORD PERIOD 1903 TO 2015


WEATHER ITEM   OBSERVED TIME   RECORD YEAR NORMAL DEPARTURE LAST
                VALUE   (LST)  VALUE       VALUE  FROM      YEAR
                                                  NORMAL
..................................................................
TEMPERATURE (F)
 TODAY
  MAXIMUM         17    259 PM  71    1992  38    -21       34
  MINIMUM          3    652 AM -24    1960  15    -12        3
  AVERAGE         10                        26    -16       19

PRECIPITATION (IN)
  TODAY            T             0.32 1989   0.01  -0.01      T
  MONTH TO DATE    0.08                      0.20  -0.12     0.45
  SINCE OCT 1      3.32                      1.42   1.90     2.47
  SINCE JAN 1      0.79                      0.40   0.39     1.27

SNOWFALL (IN)
  TODAY           MM
  SNOW DEPTH       T

DEGREE DAYS
 HEATING
  TODAY           55                        39     16       46
  MONTH TO DATE  997                      1104   -107     1430
  SINCE DEC 1   3510                      3759   -249     4049
  SINCE JUL 1   5608                      6022   -414     6138

 COOLING
  TODAY            0                         0      0        0
  MONTH TO DATE    0                         0      0        0
  SINCE DEC 1      0                         0      0        0
  SINCE JAN 1      0                         0      0        0
..................................................................


WIND (MPH)
  HIGHEST WIND SPEED    28   HIGHEST WIND DIRECTION     N (340)
  HIGHEST GUST SPEED    33   HIGHEST GUST DIRECTION     N (340)
  AVERAGE WIND SPEED    12.6


SKY COVER
  AVERAGE SKY COVER 0.9


WEATHER CONDITIONS
 THE FOLLOWING WEATHER WAS RECORDED TODAY.
  LIGHT SNOW
  FOG
  HAZE


RELATIVE HUMIDITY (PERCENT)
 HIGHEST    96           100 AM
 LOWEST     73          1100 AM
 AVERAGE    85

..........................................................


THE CUT BANK MT CLIMATE NORMALS FOR TOMORROW
                         NORMAL    RECORD    YEAR
 MAXIMUM TEMPERATURE (F)   38        66      1992
 MINIMUM TEMPERATURE (F)   15       -25      1911


SUNRISE AND SUNSET
FEBRUARY 27 2015......SUNRISE   715 AM MST   SUNSET   610 PM MST
FEBRUARY 28 2015......SUNRISE   713 AM MST   SUNSET   611 PM MST


-  INDICATES NEGATIVE NUMBERS.
R  INDICATES RECORD WAS SET OR TIED.
MM INDICATES DATA IS MISSING.
T  INDICATES TRACE AMOUNT.




$$
