000
CDUS45 KTFX 170753
CLICTB


CLIMATE REPORT
NATIONAL WEATHER SERVICE GREAT FALLS MT
153 AM MDT WED SEP 17 2014


...................................

...THE CUT BANK MT CLIMATE SUMMARY FOR SEPTEMBER 16 2014...

CLIMATE NORMAL PERIOD 1981 TO 2010
CLIMATE RECORD PERIOD 1903 TO 2014


WEATHER ITEM   OBSERVED TIME   RECORD YEAR NORMAL DEPARTURE LAST
                VALUE   (LST)  VALUE       VALUE  FROM      YEAR
                                                  NORMAL
..................................................................
TEMPERATURE (F)
 YESTERDAY
  MAXIMUM         84    344 PM  90    2009  68     16       84
                                      1938
  MINIMUM         37    553 AM  25    1973  40     -3       52
  AVERAGE         61                        54      7       68

PRECIPITATION (IN)
  YESTERDAY        0.00          0.83 1959   0.04  -0.04     0.00
  MONTH TO DATE    0.61                      0.71  -0.10     2.38
  SINCE OCT 1     15.65                     10.39   5.26    15.57
  SINCE JAN 1     14.45                      9.37   5.08    13.40

SNOWFALL (IN)
  YESTERDAY       MM
  SNOW DEPTH       0

DEGREE DAYS
 HEATING
  YESTERDAY        4                        12     -8        0
  MONTH TO DATE  238                       147     91       16
  SINCE SEP 1    238                       147     91       16
  SINCE JUL 1    335                       341     -6       88

 COOLING
  YESTERDAY        0                         0      0        3
  MONTH TO DATE    0                         6     -6       31
  SINCE SEP 1      0                         6     -6       31
  SINCE JAN 1    197                       159     38      226
..................................................................


WIND (MPH)
  HIGHEST WIND SPEED    22   HIGHEST WIND DIRECTION     W (250)
  HIGHEST GUST SPEED    25   HIGHEST GUST DIRECTION     W (250)
  AVERAGE WIND SPEED     6.5


SKY COVER
  AVERAGE SKY COVER 0.0


WEATHER CONDITIONS
 THE FOLLOWING WEATHER WAS RECORDED YESTERDAY.
  NO SIGNIFICANT WEATHER WAS OBSERVED.


RELATIVE HUMIDITY (PERCENT)
 HIGHEST    85           600 AM
 LOWEST     17           300 PM
 AVERAGE    51

..........................................................


THE CUT BANK MT CLIMATE NORMALS FOR TODAY
                         NORMAL    RECORD    YEAR
 MAXIMUM TEMPERATURE (F)   67        90      1981
 MINIMUM TEMPERATURE (F)   39        24      1973


SUNRISE AND SUNSET
SEPTEMBER 17 2014.....SUNRISE   709 AM MDT   SUNSET   738 PM MDT
SEPTEMBER 18 2014.....SUNRISE   711 AM MDT   SUNSET   736 PM MDT


-  INDICATES NEGATIVE NUMBERS.
R  INDICATES RECORD WAS SET OR TIED.
MM INDICATES DATA IS MISSING.
T  INDICATES TRACE AMOUNT.




$$
