000
CDUS42 KTAE 030619
CLICTY


CLIMATE REPORT
NATIONAL WEATHER SERVICE TALLAHASSEE FL
117 AM EST TUE MAR 3 2015

...................................

...THE CROSS CITY  CLIMATE SUMMARY FOR MARCH 2 2015...

CLIMATE NORMAL PERIOD 1981 TO 2010
CLIMATE RECORD PERIOD 1948 TO 2015


WEATHER ITEM   OBSERVED TIME   NORMAL DEPARTURE LAST
                VALUE   (LST)  VALUE  FROM      YEAR
                                      NORMAL
......................................................
TEMPERATURE (F)
 YESTERDAY
  MAXIMUM         83    332 PM  73     10       78
  MINIMUM         59    755 AM  46     13       41
  AVERAGE         71            60     11

PRECIPITATION (IN)
  YESTERDAY        0.00          0.12  -0.12     0.00
  MONTH TO DATE    0.17          0.23  -0.06     0.00
  SINCE MAR 1      0.17          0.23  -0.06     0.00
  SINCE JAN 1      6.14          7.54  -1.40    10.15

DEGREE DAYS
 HEATING
  YESTERDAY        0             7     -7
  MONTH TO DATE    0            14    -14
  SINCE MAR 1      0            14    -14
  SINCE JUL 1   1160          1134     26

 COOLING
  YESTERDAY        6             1      5
  MONTH TO DATE    6             2      4
  SINCE MAR 1      6             2      4
  SINCE JAN 1     22            29     -7
......................................................


WIND (MPH)
  RESULTANT WIND SPEED   0   RESULTANT WIND DIRECTION   E (110)
  HIGHEST WIND SPEED    10   HIGHEST WIND DIRECTION    SW (240)
  HIGHEST GUST SPEED    MM   HIGHEST GUST DIRECTION    MM
  AVERAGE WIND SPEED     4.3



WEATHER CONDITIONS
 THE FOLLOWING WEATHER WAS RECORDED YESTERDAY.
  NO SIGNIFICANT WEATHER WAS OBSERVED.


RELATIVE HUMIDITY (PERCENT)
 HIGHEST   100
 LOWEST     58

..........................................................



SUNRISE AND SUNSET
MARCH  3 2015.........SUNRISE   656 AM EST   SUNSET   633 PM EST
MARCH  4 2015.........SUNRISE   655 AM EST   SUNSET   634 PM EST


-  INDICATES NEGATIVE NUMBERS.
R  INDICATES RECORD WAS SET OR TIED.
MM INDICATES DATA IS MISSING.
T  INDICATES TRACE AMOUNT.

$$
