000
CDUS42 KTAE 300631
CLICTY


CLIMATE REPORT
NATIONAL WEATHER SERVICE TALLAHASSEE FL
231 AM EDT TUE MAY 30 2017


...................................

...THE CROSS CITY  CLIMATE SUMMARY FOR MAY 29 2017...

CLIMATE NORMAL PERIOD 1981 TO 2010
CLIMATE RECORD PERIOD 1948 TO 2017


WEATHER ITEM   OBSERVED TIME   NORMAL DEPARTURE LAST
                VALUE   (LST)  VALUE  FROM      YEAR
                                      NORMAL
......................................................
TEMPERATURE (F)
 YESTERDAY
  MAXIMUM         90    300 PM  90      0       91
  MINIMUM         70    600 AM  66      4       67
  AVERAGE         80            78      2

PRECIPITATION (IN)
  YESTERDAY        0.00          0.16  -0.16     0.24
  MONTH TO DATE    4.64          2.35   2.29     1.94
  SINCE MAR 1      7.61          9.52  -1.91     9.91
  SINCE JAN 1     10.16         16.83  -6.67    16.67

DEGREE DAYS
 HEATING
  YESTERDAY        0             0      0
  MONTH TO DATE    0             0      0
  SINCE MAR 1    159           183    -24
  SINCE JUL 1    758          1303   -545

 COOLING
  YESTERDAY       15            13      2
  MONTH TO DATE  272           272      0
  SINCE MAR 1    508           427     81
  SINCE JAN 1    570           454    116
......................................................


WIND (MPH)
  RESULTANT WIND SPEED   6   RESULTANT WIND DIRECTION   W (260)
  HIGHEST WIND SPEED    13   HIGHEST WIND DIRECTION    SW (230)
  HIGHEST GUST SPEED    17   HIGHEST GUST DIRECTION     W (270)
  AVERAGE WIND SPEED     6.4



WEATHER CONDITIONS
 THE FOLLOWING WEATHER WAS RECORDED YESTERDAY.
  FOG


RELATIVE HUMIDITY (PERCENT)
 HIGHEST   100
 LOWEST     55

..........................................................




SUNRISE AND SUNSET
MAY 30 2017...........SUNRISE   633 AM EDT   SUNSET   827 PM EDT
MAY 31 2017...........SUNRISE   633 AM EDT   SUNSET   828 PM EDT


-  INDICATES NEGATIVE NUMBERS.
R  INDICATES RECORD WAS SET OR TIED.
MM INDICATES DATA IS MISSING.
T  INDICATES TRACE AMOUNT.




$$
