000
CDUS42 KTAE 190642
CLICTY


CLIMATE REPORT
NATIONAL WEATHER SERVICE TALLAHASSEE FL
239 AM EDT FRI SEP 19 2014


...................................

...THE CROSS CITY (AWOS) CLIMATE SUMMARY FOR SEPTEMBER 18 2014...

CLIMATE NORMAL PERIOD 1981 TO 2010
CLIMATE RECORD PERIOD 1948 TO 2014


WEATHER ITEM   OBSERVED TIME   NORMAL DEPARTURE LAST
                VALUE   (LST)  VALUE  FROM      YEAR
                                      NORMAL
......................................................
TEMPERATURE (F)
 YESTERDAY
  MAXIMUM         93    213 PM  89      4
  MINIMUM         70    646 AM  68      2
  AVERAGE         82            78      4

PRECIPITATION (IN)
  YESTERDAY        0.03          0.14  -0.11     0.01
  MONTH TO DATE    9.97          3.09   6.88     0.75
  SINCE SEP 1      9.97          3.09   6.88     0.75
  SINCE JAN 1     50.35         38.46  11.89    53.53

DEGREE DAYS
 HEATING
  YESTERDAY        0             0      0
  MONTH TO DATE    0             0      0
  SINCE SEP 1      0             0      0
  SINCE JUL 1      0             0      0

 COOLING
  YESTERDAY       17            13      4
  MONTH TO DATE  281           260     21
  SINCE SEP 1    281           260     21
  SINCE JAN 1   2343          2198    145
......................................................


WIND (MPH)
  RESULTANT WIND SPEED   1   RESULTANT WIND DIRECTION   W (250)
  HIGHEST WIND SPEED    12   HIGHEST WIND DIRECTION    SW (240)
  HIGHEST GUST SPEED    14   HIGHEST GUST DIRECTION    SW (240)
  AVERAGE WIND SPEED     2.4



WEATHER CONDITIONS
 THE FOLLOWING WEATHER WAS RECORDED YESTERDAY.
  NO SIGNIFICANT WEATHER WAS OBSERVED.


RELATIVE HUMIDITY (PERCENT)
 HIGHEST    97
 LOWEST     52

..........................................................




SUNRISE AND SUNSET
SEPTEMBER 19 2014.....SUNRISE   719 AM EDT   SUNSET   733 PM EDT
SEPTEMBER 20 2014.....SUNRISE   720 AM EDT   SUNSET   731 PM EDT


-  INDICATES NEGATIVE NUMBERS.
R  INDICATES RECORD WAS SET OR TIED.
MM INDICATES DATA IS MISSING.
T  INDICATES TRACE AMOUNT.




$$
