000
CDUS42 KTAE 282135
CLICTY


CLIMATE REPORT
NATIONAL WEATHER SERVICE TALLAHASSEE FL
535 PM EDT SUN AUG 28 2016


...................................

...THE CROSS CITY  CLIMATE SUMMARY FOR AUGUST 28 2016...
VALID TODAY AS OF 0500 PM LOCAL TIME.

CLIMATE NORMAL PERIOD 1981 TO 2010
CLIMATE RECORD PERIOD 1948 TO 2016


WEATHER ITEM   OBSERVED TIME   NORMAL DEPARTURE LAST
                VALUE   (LST)  VALUE  FROM      YEAR
                                      NORMAL
......................................................
TEMPERATURE (F)
 TODAY
  MAXIMUM         91   1200 PM  90      1       90
  MINIMUM         75    600 AM  71      4       74
  AVERAGE         83            81      2

PRECIPITATION (IN)
  TODAY            0.05          0.25  -0.20     0.16
  MONTH TO DATE   15.04          6.73   8.31    15.00
  SINCE JUN 1     26.69         17.48   9.21    40.73
  SINCE JAN 1     43.44         34.65   8.79    53.87

DEGREE DAYS
 HEATING
  TODAY            0
  MONTH TO DATE    0
  SINCE JUN 1      0
  SINCE JUL 1      0

 COOLING
  TODAY           18
  MONTH TO DATE  449
  SINCE JUN 1   1587
  SINCE JAN 1   2262
......................................................


WIND (MPH)
  RESULTANT WIND SPEED   6   RESULTANT WIND DIRECTION   E (70)
  HIGHEST WIND SPEED    12   HIGHEST WIND DIRECTION    NE (60)
  HIGHEST GUST SPEED    18   HIGHEST GUST DIRECTION     N (20)
  AVERAGE WIND SPEED     6.5



WEATHER CONDITIONS
 THE FOLLOWING WEATHER WAS RECORDED TODAY.
  THUNDERSTORM


RELATIVE HUMIDITY (PERCENT)
 HIGHEST   100
 LOWEST     64
 AVERAGE    82

..........................................................


THE CROSS CITY  CLIMATE NORMALS FOR TOMORROW
                         NORMAL
 MAXIMUM TEMPERATURE (F)   90
 MINIMUM TEMPERATURE (F)   71



-  INDICATES NEGATIVE NUMBERS.
R  INDICATES RECORD WAS SET OR TIED.
MM INDICATES DATA IS MISSING.
T  INDICATES TRACE AMOUNT.




$$
