000
CDUS42 KTAE 180630
CLICTY


CLIMATE REPORT
NATIONAL WEATHER SERVICE TALLAHASSEE FL
130 AM EST SAT NOV 18 2017


...................................

...THE CROSS CITY  CLIMATE SUMMARY FOR NOVEMBER 17 2017...

CLIMATE NORMAL PERIOD 1981 TO 2010
CLIMATE RECORD PERIOD 1948 TO 2017


WEATHER ITEM   OBSERVED TIME   NORMAL DEPARTURE LAST
                VALUE   (LST)  VALUE  FROM      YEAR
                                      NORMAL
......................................................
TEMPERATURE (F)
 YESTERDAY
  MAXIMUM         74        MM  75     -1       79
  MINIMUM         40        MM  49     -9       39
  AVERAGE         57            62     -5

PRECIPITATION (IN)
  YESTERDAY        0.00          0.09  -0.09     0.00
  MONTH TO DATE    0.01          1.33  -1.32     0.00
  SINCE SEP 1      6.41          9.19  -2.78    15.25
  SINCE JAN 1     52.86         44.56   8.30    59.60

DEGREE DAYS
 HEATING
  YESTERDAY        8             5      3
  MONTH TO DATE   39            59    -20
  SINCE SEP 1     90            91     -1
  SINCE JUL 1     90            91     -1

 COOLING
  YESTERDAY        0             2     -2
  MONTH TO DATE   43            41      2
  SINCE SEP 1    767           646    121
  SINCE JAN 1   2885          2584    301
......................................................


WIND (MPH)
  RESULTANT WIND SPEED   2   RESULTANT WIND DIRECTION  NE (40)
  HIGHEST WIND SPEED    10   HIGHEST WIND DIRECTION     N (10)
  HIGHEST GUST SPEED    MM   HIGHEST GUST DIRECTION    MM
  AVERAGE WIND SPEED     2.1



WEATHER CONDITIONS
 THE FOLLOWING WEATHER WAS RECORDED YESTERDAY.
  NO SIGNIFICANT WEATHER WAS OBSERVED.


RELATIVE HUMIDITY (PERCENT)
 HIGHEST    96
 LOWEST     37

..........................................................




SUNRISE AND SUNSET
NOVEMBER 18 2017......SUNRISE   659 AM EST   SUNSET   536 PM EST
NOVEMBER 19 2017......SUNRISE   700 AM EST   SUNSET   535 PM EST


-  INDICATES NEGATIVE NUMBERS.
R  INDICATES RECORD WAS SET OR TIED.
MM INDICATES DATA IS MISSING.
T  INDICATES TRACE AMOUNT.




$$
