000
CDUS42 KTAE 300649
CLICTY


CLIMATE REPORT
NATIONAL WEATHER SERVICE TALLAHASSEE FL
149 AM EST FRI JAN 30 2015


...................................

...THE CROSS CITY (AWOS) CLIMATE SUMMARY FOR JANUARY 29 2015...

CLIMATE NORMAL PERIOD 1981 TO 2010
CLIMATE RECORD PERIOD 1948 TO 2015


WEATHER ITEM   OBSERVED TIME   NORMAL DEPARTURE LAST
                VALUE   (LST)  VALUE  FROM      YEAR
                                      NORMAL
......................................................
TEMPERATURE (F)
 YESTERDAY
  MAXIMUM         69    341 PM  68      1
  MINIMUM         28    515 AM  42    -14
  AVERAGE         49            55     -6

PRECIPITATION (IN)
  YESTERDAY        0.00          0.11  -0.11     0.52
  MONTH TO DATE    2.94          3.84  -0.90     4.94
  SINCE DEC 1      6.18          6.36  -0.18     6.76
  SINCE JAN 1      2.94          3.84  -0.90     4.94

DEGREE DAYS
 HEATING
  YESTERDAY       16            11      5
  MONTH TO DATE  281           352    -71
  SINCE DEC 1    490           689   -199
  SINCE JUL 1    775           857    -82

 COOLING
  YESTERDAY        0             1     -1
  MONTH TO DATE   16             1     15
  SINCE DEC 1     54            19     35
  SINCE JAN 1     16             1     15
......................................................


WIND (MPH)
  RESULTANT WIND SPEED   1   RESULTANT WIND DIRECTION  SW (220)
  HIGHEST WIND SPEED    13   HIGHEST WIND DIRECTION     W (270)
  HIGHEST GUST SPEED    17   HIGHEST GUST DIRECTION     E (90)
  AVERAGE WIND SPEED     3.2



WEATHER CONDITIONS
 THE FOLLOWING WEATHER WAS RECORDED YESTERDAY.
  NO SIGNIFICANT WEATHER WAS OBSERVED.


RELATIVE HUMIDITY (PERCENT)
 HIGHEST    92
 LOWEST     36

..........................................................




SUNRISE AND SUNSET
JANUARY 30 2015.......SUNRISE   723 AM EST   SUNSET   608 PM EST
JANUARY 31 2015.......SUNRISE   723 AM EST   SUNSET   609 PM EST


-  INDICATES NEGATIVE NUMBERS.
R  INDICATES RECORD WAS SET OR TIED.
MM INDICATES DATA IS MISSING.
T  INDICATES TRACE AMOUNT.




$$
