000
CDUS42 KTAE 260639
CLICTY


CLIMATE REPORT
NATIONAL WEATHER SERVICE TALLAHASSEE FL
238 AM EDT TUE MAY 26 2015


...................................

...THE CROSS CITY  CLIMATE SUMMARY FOR MAY 25 2015...

CLIMATE NORMAL PERIOD 1981 TO 2010
CLIMATE RECORD PERIOD 1948 TO 2015


WEATHER ITEM   OBSERVED TIME   NORMAL DEPARTURE LAST
                VALUE   (LST)  VALUE  FROM      YEAR
                                      NORMAL
......................................................
TEMPERATURE (F)
 YESTERDAY
  MAXIMUM         95    354 PM  90      5       93
  MINIMUM         71    556 AM  65      6       68
  AVERAGE         83            77      6

PRECIPITATION (IN)
  YESTERDAY        0.17          0.11   0.06     0.07
  MONTH TO DATE    3.26          1.86   1.40     5.95
  SINCE MAR 1      6.56          9.03  -2.47    14.96
  SINCE JAN 1     12.53         16.34  -3.81    25.11

DEGREE DAYS
 HEATING
  YESTERDAY        0             0      0
  MONTH TO DATE    1             0      1
  SINCE MAR 1     53           183   -130
  SINCE JUL 1   1213          1303    -90

 COOLING
  YESTERDAY       18            12      6
  MONTH TO DATE  302           222     80
  SINCE MAR 1    734           377    357
  SINCE JAN 1    750           404    346
......................................................


WIND (MPH)
  RESULTANT WIND SPEED   2   RESULTANT WIND DIRECTION   E (110)
  HIGHEST WIND SPEED    14   HIGHEST WIND DIRECTION    SE (120)
  HIGHEST GUST SPEED    25   HIGHEST GUST DIRECTION    SE (150)
  AVERAGE WIND SPEED     4.5



WEATHER CONDITIONS
 THE FOLLOWING WEATHER WAS RECORDED YESTERDAY.
  NO SIGNIFICANT WEATHER WAS OBSERVED.


RELATIVE HUMIDITY (PERCENT)
 HIGHEST    94
 LOWEST     39

..........................................................




SUNRISE AND SUNSET
MAY 26 2015...........SUNRISE   634 AM EDT   SUNSET   825 PM EDT
MAY 27 2015...........SUNRISE   634 AM EDT   SUNSET   825 PM EDT


-  INDICATES NEGATIVE NUMBERS.
R  INDICATES RECORD WAS SET OR TIED.
MM INDICATES DATA IS MISSING.
T  INDICATES TRACE AMOUNT.




$$
