000
CDUS42 KTAE 250637
CLICTY


CLIMATE REPORT
NATIONAL WEATHER SERVICE TALLAHASSEE FL
237 AM EDT MON JUL 25 2016


...................................

...THE CROSS CITY  CLIMATE SUMMARY FOR JULY 24 2016...

CLIMATE NORMAL PERIOD 1981 TO 2010
CLIMATE RECORD PERIOD 1948 TO 2016


WEATHER ITEM   OBSERVED TIME   NORMAL DEPARTURE LAST
                VALUE   (LST)  VALUE  FROM      YEAR
                                      NORMAL
......................................................
TEMPERATURE (F)
 YESTERDAY
  MAXIMUM         96    208 PM  91      5       91
  MINIMUM         74    612 AM  72      2       74
  AVERAGE         85            82      3

PRECIPITATION (IN)
  YESTERDAY        0.09          0.20  -0.11     1.96
  MONTH TO DATE    5.84          4.23   1.61    12.51
  SINCE JUN 1     10.92          9.32   1.60    19.88
  SINCE JAN 1     27.67         26.49   1.18    33.02

DEGREE DAYS
 HEATING
  YESTERDAY        0             0      0
  MONTH TO DATE    0             0      0
  SINCE JUN 1      0             0      0
  SINCE JUL 1      0             0      0

 COOLING
  YESTERDAY       20            17      3
  MONTH TO DATE  463           392     71
  SINCE JUN 1    998           839    159
  SINCE JAN 1   1673          1318    355
......................................................


WIND (MPH)
  RESULTANT WIND SPEED   2   RESULTANT WIND DIRECTION   S (180)
  HIGHEST WIND SPEED    16   HIGHEST WIND DIRECTION     S (170)
  HIGHEST GUST SPEED    27   HIGHEST GUST DIRECTION     S (170)
  AVERAGE WIND SPEED     4.5



WEATHER CONDITIONS
 THE FOLLOWING WEATHER WAS RECORDED YESTERDAY.
  NO SIGNIFICANT WEATHER WAS OBSERVED.


RELATIVE HUMIDITY (PERCENT)
 HIGHEST    94
 LOWEST     46

..........................................................




SUNRISE AND SUNSET
JULY 25 2016..........SUNRISE   648 AM EDT   SUNSET   829 PM EDT
JULY 26 2016..........SUNRISE   649 AM EDT   SUNSET   829 PM EDT


-  INDICATES NEGATIVE NUMBERS.
R  INDICATES RECORD WAS SET OR TIED.
MM INDICATES DATA IS MISSING.
T  INDICATES TRACE AMOUNT.




$$
