000
CDUS42 KTAE 060632
CLICTY


CLIMATE REPORT
NATIONAL WEATHER SERVICE TALLAHASSEE FL
132 AM EST TUE DEC 6 2016


...................................

...THE CROSS CITY  CLIMATE SUMMARY FOR DECEMBER 5 2016...

CLIMATE NORMAL PERIOD 1981 TO 2010
CLIMATE RECORD PERIOD 1948 TO 2016


WEATHER ITEM   OBSERVED TIME   NORMAL DEPARTURE LAST
                VALUE   (LST)  VALUE  FROM      YEAR
                                      NORMAL
......................................................
TEMPERATURE (F)
 YESTERDAY
  MAXIMUM         81    200 PM  69     12       73
  MINIMUM         63    600 AM  45     18       54
  AVERAGE         72            57     15

PRECIPITATION (IN)
  YESTERDAY        0.12          0.10   0.02     0.00
  MONTH TO DATE    0.26          0.46  -0.20     0.24
  SINCE DEC 1      0.26          0.46  -0.20     0.24
  SINCE JAN 1     59.86         46.30  13.56    65.86

DEGREE DAYS
 HEATING
  YESTERDAY        0             9     -9
  MONTH TO DATE   26            41    -15
  SINCE DEC 1     26            41    -15
  SINCE JUL 1    151           209    -58

 COOLING
  YESTERDAY        7             1      6
  MONTH TO DATE    9             5      4
  SINCE DEC 1      9             5      4
  SINCE JAN 1   3030          2607    423
......................................................


WIND (MPH)
  RESULTANT WIND SPEED  10   RESULTANT WIND DIRECTION   S (190)
  HIGHEST WIND SPEED    18   HIGHEST WIND DIRECTION     S (190)
  HIGHEST GUST SPEED    28   HIGHEST GUST DIRECTION     S (190)
  AVERAGE WIND SPEED    10.5



WEATHER CONDITIONS
 THE FOLLOWING WEATHER WAS RECORDED YESTERDAY.
  THUNDERSTORM
  RAIN
  LIGHT RAIN
  FOG


RELATIVE HUMIDITY (PERCENT)
 HIGHEST   100
 LOWEST     74

..........................................................




SUNRISE AND SUNSET
DECEMBER  6 2016......SUNRISE   714 AM EST   SUNSET   533 PM EST
DECEMBER  7 2016......SUNRISE   715 AM EST   SUNSET   533 PM EST


-  INDICATES NEGATIVE NUMBERS.
R  INDICATES RECORD WAS SET OR TIED.
MM INDICATES DATA IS MISSING.
T  INDICATES TRACE AMOUNT.




$$
