000
CDUS42 KTAE 270640
CLICTY


CLIMATE REPORT
NATIONAL WEATHER SERVICE TALLAHASSEE FL
240 AM EDT THU AUG 27 2015


...................................

...THE CROSS CITY  CLIMATE SUMMARY FOR AUGUST 26 2015...

CLIMATE NORMAL PERIOD 1981 TO 2010
CLIMATE RECORD PERIOD 1948 TO 2015


WEATHER ITEM   OBSERVED TIME   NORMAL DEPARTURE LAST
                VALUE   (LST)  VALUE  FROM      YEAR
                                      NORMAL
......................................................
TEMPERATURE (F)
 YESTERDAY
  MAXIMUM         95    214 PM  91      4       94
  MINIMUM         75    626 AM  71      4       71
  AVERAGE         85            81      4

PRECIPITATION (IN)
  YESTERDAY        0.99          0.28   0.71     0.00
  MONTH TO DATE   14.84          6.23   8.61     3.47
  SINCE JUN 1     40.57         16.98  23.59    14.53
  SINCE JAN 1     53.71         34.15  19.56    40.03

DEGREE DAYS
 HEATING
  YESTERDAY        0             0      0
  MONTH TO DATE    0             0      0
  SINCE JUN 1      0             0      0
  SINCE JUL 1      0             0      0

 COOLING
  YESTERDAY       20            16      4
  MONTH TO DATE  483           426     57
  SINCE JUN 1   1573          1381    192
  SINCE JAN 1   2412          1860    552
......................................................


WIND (MPH)
  RESULTANT WIND SPEED   2   RESULTANT WIND DIRECTION   W (260)
  HIGHEST WIND SPEED    14   HIGHEST WIND DIRECTION    SW (240)
  HIGHEST GUST SPEED    17   HIGHEST GUST DIRECTION     E (90)
  AVERAGE WIND SPEED     4.0



WEATHER CONDITIONS
 THE FOLLOWING WEATHER WAS RECORDED YESTERDAY.
  NO SIGNIFICANT WEATHER WAS OBSERVED.


RELATIVE HUMIDITY (PERCENT)
 HIGHEST    94
 LOWEST     52

..........................................................




SUNRISE AND SUNSET
AUGUST 27 2015........SUNRISE   707 AM EDT   SUNSET   801 PM EDT
AUGUST 28 2015........SUNRISE   707 AM EDT   SUNSET   759 PM EDT


-  INDICATES NEGATIVE NUMBERS.
R  INDICATES RECORD WAS SET OR TIED.
MM INDICATES DATA IS MISSING.
T  INDICATES TRACE AMOUNT.




$$
