000
CDUS42 KTAE 220633
CLICTY


CLIMATE REPORT
NATIONAL WEATHER SERVICE TALLAHASSEE FL
133 AM EST MON JAN 22 2018


...................................

...THE CROSS CITY  CLIMATE SUMMARY FOR JANUARY 21 2018...

CLIMATE NORMAL PERIOD 1981 TO 2010
CLIMATE RECORD PERIOD 1948 TO 2018


WEATHER ITEM   OBSERVED TIME   NORMAL DEPARTURE LAST
                VALUE   (LST)  VALUE  FROM      YEAR
                                      NORMAL
......................................................
TEMPERATURE (F)
 YESTERDAY
  MAXIMUM         74    315 PM  67      7       81
  MINIMUM         37    635 AM  41     -4       66
  AVERAGE         56            54      2

PRECIPITATION (IN)
  YESTERDAY        0.00          0.14  -0.14     0.00
  MONTH TO DATE    1.83          2.76  -0.93     1.29
  SINCE DEC 1      5.08          5.28  -0.20     5.16
  SINCE JAN 1      1.83          2.76  -0.93     1.29

DEGREE DAYS
 HEATING
  YESTERDAY        9            12     -3
  MONTH TO DATE  392           263    129
  SINCE DEC 1    658           600     58
  SINCE JUL 1    811           768     43

 COOLING
  YESTERDAY        0             0      0
  MONTH TO DATE    9             0      9
  SINCE DEC 1     36            18     18
  SINCE JAN 1      9             0      9
......................................................


WIND (MPH)
  RESULTANT WIND SPEED   1   RESULTANT WIND DIRECTION   E (80)
  HIGHEST WIND SPEED     6   HIGHEST WIND DIRECTION     S (160)
  HIGHEST GUST SPEED    MM   HIGHEST GUST DIRECTION    MM
  AVERAGE WIND SPEED     1.7



WEATHER CONDITIONS
 THE FOLLOWING WEATHER WAS RECORDED YESTERDAY.
  NO SIGNIFICANT WEATHER WAS OBSERVED.


RELATIVE HUMIDITY (PERCENT)
 HIGHEST    96
 LOWEST     46

..........................................................




SUNRISE AND SUNSET
JANUARY 22 2018.......SUNRISE   727 AM EST   SUNSET   602 PM EST
JANUARY 23 2018.......SUNRISE   726 AM EST   SUNSET   603 PM EST


-  INDICATES NEGATIVE NUMBERS.
R  INDICATES RECORD WAS SET OR TIED.
MM INDICATES DATA IS MISSING.
T  INDICATES TRACE AMOUNT.




$$
