000
CDUS42 KCAE 090638
CLICUB


CLIMATE REPORT
NATIONAL WEATHER SERVICE COLUMBIA SC
137 AM EST TUE FEB 9 2016


...................................

...THE HAMILTON - OWENS AIRPORT SC CLIMATE SUMMARY FOR FEBRUARY 8 2016...

CLIMATE NORMAL PERIOD 1981 TO 2010
CLIMATE RECORD PERIOD 9999 TO 9999


WEATHER ITEM   OBSERVED TIME   NORMAL DEPARTURE LAST
                VALUE   (LST)  VALUE  FROM      YEAR
                                      NORMAL
......................................................
TEMPERATURE (F)
 YESTERDAY
  MAXIMUM         62    125 PM  59      3       71
  MINIMUM         30    720 AM  38     -8       36
  AVERAGE         46            48     -2       54

PRECIPITATION (IN)
  YESTERDAY        0.05          0.12  -0.07     0.00
  MONTH TO DATE    1.79          0.84   0.95     0.60
  SINCE DEC 1      8.58          7.67   0.91     8.18
  SINCE JAN 1      3.34          4.47  -1.13     4.00

DEGREE DAYS
 HEATING
  YESTERDAY       19            17      2       11
  MONTH TO DATE   95           139    -44      151
  SINCE DEC 1    902          1260   -358     1199
  SINCE JUL 1   1149          1631   -482     1674

 COOLING
  YESTERDAY        0             0      0        0
  MONTH TO DATE    3             0      3        0
  SINCE DEC 1     59             5     54        0
  SINCE JAN 1      3             1      2        0
......................................................


WIND (MPH)
  HIGHEST WIND SPEED    23   HIGHEST WIND DIRECTION     W (250)
  HIGHEST GUST SPEED    36   HIGHEST GUST DIRECTION     W (270)
  AVERAGE WIND SPEED     3.8


SKY COVER
  AVERAGE SKY COVER 0.2


WEATHER CONDITIONS
 THE FOLLOWING WEATHER WAS RECORDED YESTERDAY.
  RAIN
  LIGHT RAIN
  FOG
  HAZE


RELATIVE HUMIDITY (PERCENT)
 HIGHEST    92           900 PM
 LOWEST     29           200 PM

..........................................................


THE HAMILTON - OWENS AIRPORT SC CLIMATE NORMALS FOR TODAY
                         NORMAL    RECORD    YEAR
 MAXIMUM TEMPERATURE (F)   59        MM        MM
 MINIMUM TEMPERATURE (F)   38        MM        MM


SUNRISE AND SUNSET
FEBRUARY  9 2016......SUNRISE   715 AM EST   SUNSET   602 PM EST
FEBRUARY 10 2016......SUNRISE   714 AM EST   SUNSET   603 PM EST


-  INDICATES NEGATIVE NUMBERS.
R  INDICATES RECORD WAS SET OR TIED.
MM INDICATES DATA IS MISSING.
T  INDICATES TRACE AMOUNT.




$$
