000
CDUS42 KCAE 220709
CLICUB


CLIMATE REPORT
NATIONAL WEATHER SERVICE COLUMBIA SC
308 AM EDT WED OCT 22 2014


...................................

...THE HAMILTON - OWENS AIRPORT SC CLIMATE SUMMARY FOR OCTOBER 21 2014...

CLIMATE NORMAL PERIOD 1981 TO 2010
CLIMATE RECORD PERIOD 9999 TO 9999


WEATHER ITEM   OBSERVED TIME   RECORD YEAR NORMAL DEPARTURE LAST
                VALUE   (LST)  VALUE       VALUE  FROM      YEAR
                                                  NORMAL
..................................................................
TEMPERATURE (F)
 YESTERDAY
  MAXIMUM         79    401 PM  MM      MM  75      4       72
  MINIMUM         51    707 AM  MM      MM  52     -1       49
  AVERAGE         65                        63      2       61

PRECIPITATION (IN)
  YESTERDAY        0.00         MM      MM   0.11  -0.11     0.00
  MONTH TO DATE    2.57                      2.39   0.18     0.15
  SINCE SEP 1      8.11                      6.43   1.68     2.10
  SINCE JAN 1     37.77                     38.28  -0.51    44.99

DEGREE DAYS
 HEATING
  YESTERDAY        0                         4     -4        4
  MONTH TO DATE   23                        39    -16        8
  SINCE SEP 1     27                        42    -15        8
  SINCE JUL 1     27                        42    -15        8

 COOLING
  YESTERDAY        0                         2     -2        0
  MONTH TO DATE  114                        81     33      126
  SINCE SEP 1    462                       410     52      471
  SINCE JAN 1   2389                      2228    161     2199
..................................................................


WIND (MPH)
  HIGHEST WIND SPEED    15   HIGHEST WIND DIRECTION     W (270)
  HIGHEST GUST SPEED    19   HIGHEST GUST DIRECTION     W (270)
  AVERAGE WIND SPEED     3.4


SKY COVER
  AVERAGE SKY COVER 0.0


WEATHER CONDITIONS
 THE FOLLOWING WEATHER WAS RECORDED YESTERDAY.
  NO SIGNIFICANT WEATHER WAS OBSERVED.


RELATIVE HUMIDITY (PERCENT)
 HIGHEST    93           300 AM
 LOWEST     30           200 PM

..........................................................


THE HAMILTON - OWENS AIRPORT SC CLIMATE NORMALS FOR TODAY
                         NORMAL    RECORD    YEAR
 MAXIMUM TEMPERATURE (F)   74        MM        MM
 MINIMUM TEMPERATURE (F)   52        MM        MM


SUNRISE AND SUNSET
OCTOBER 22 2014.......SUNRISE   735 AM EDT   SUNSET   642 PM EDT
OCTOBER 23 2014.......SUNRISE   736 AM EDT   SUNSET   641 PM EDT


-  INDICATES NEGATIVE NUMBERS.
R  INDICATES RECORD WAS SET OR TIED.
MM INDICATES DATA IS MISSING.
T  INDICATES TRACE AMOUNT.




$$
