000
CDUS42 KCAE 230626
CLICUB


CLIMATE REPORT
NATIONAL WEATHER SERVICE COLUMBIA SC
124 AM EST MON JAN 23 2017


...................................

...THE HAMILTON - OWENS AIRPORT SC CLIMATE SUMMARY FOR JANUARY 22 2017...

CLIMATE NORMAL PERIOD 1981 TO 2010
CLIMATE RECORD PERIOD 9999 TO 9999


WEATHER ITEM   OBSERVED TIME   NORMAL DEPARTURE LAST
                VALUE   (LST)  VALUE  FROM      YEAR
                                      NORMAL
......................................................
TEMPERATURE (F)
 YESTERDAY
  MAXIMUM         66    301 PM  56     10       44
  MINIMUM         59    828 AM  36     23       32
  AVERAGE         63            46     17       38

PRECIPITATION (IN)
  YESTERDAY        1.21          0.12   1.09     0.57
  MONTH TO DATE    6.05          2.38   3.67     1.41
  SINCE DEC 1      9.43          5.58   3.85     6.65
  SINCE JAN 1      6.05          2.38   3.67     1.41

DEGREE DAYS
 HEATING
  YESTERDAY        2            19    -17       27
  MONTH TO DATE  219           430   -211      451
  SINCE DEC 1    668           959   -291      645
  SINCE JUL 1    929          1330   -401      892

 COOLING
  YESTERDAY        0             0      0        0
  MONTH TO DATE    2             0      2        0
  SINCE DEC 1      3             4     -1       56
  SINCE JAN 1      2             0      2        0
......................................................


WIND (MPH)
  HIGHEST WIND SPEED    16   HIGHEST WIND DIRECTION     S (180)
  HIGHEST GUST SPEED    20   HIGHEST GUST DIRECTION    SE (120)
  AVERAGE WIND SPEED     5.3


SKY COVER
  AVERAGE SKY COVER 0.9


WEATHER CONDITIONS
 THE FOLLOWING WEATHER WAS RECORDED YESTERDAY.
  HEAVY RAIN
  RAIN
  LIGHT RAIN
  FOG


RELATIVE HUMIDITY (PERCENT)
 HIGHEST    90           400 AM
 LOWEST     73           100 PM

..........................................................


THE HAMILTON - OWENS AIRPORT SC CLIMATE NORMALS FOR TODAY
                         NORMAL    RECORD    YEAR
 MAXIMUM TEMPERATURE (F)   57        MM        MM
 MINIMUM TEMPERATURE (F)   36        MM        MM


SUNRISE AND SUNSET
JANUARY 23 2017.......SUNRISE   726 AM EST   SUNSET   546 PM EST
JANUARY 24 2017.......SUNRISE   726 AM EST   SUNSET   547 PM EST


-  INDICATES NEGATIVE NUMBERS.
R  INDICATES RECORD WAS SET OR TIED.
MM INDICATES DATA IS MISSING.
T  INDICATES TRACE AMOUNT.




$$
