000
CDUS42 KCAE 280522
CLICUB


CLIMATE REPORT
NATIONAL WEATHER SERVICE COLUMBIA SC
122 AM EDT THU AUG 28 2014


...................................

...THE HAMILTON - OWENS AIRPORT SC CLIMATE SUMMARY FOR AUGUST 27 2014...

CLIMATE NORMAL PERIOD 1981 TO 2010
CLIMATE RECORD PERIOD 9999 TO 9999


WEATHER ITEM   OBSERVED TIME   RECORD YEAR NORMAL DEPARTURE LAST
                VALUE   (LST)  VALUE       VALUE  FROM      YEAR
                                                  NORMAL
..................................................................
TEMPERATURE (F)
 YESTERDAY
  MAXIMUM         93    405 PM  MM      MM  90      3       90
  MINIMUM         65    625 AM  MM      MM  71     -6       62
  AVERAGE         79                        80     -1       76

PRECIPITATION (IN)
  YESTERDAY        0.00         MM      MM   0.16  -0.16     0.00
  MONTH TO DATE    4.47                      4.46   0.01     7.27
  SINCE JUN 1     10.95                     14.55  -3.60    25.07
  SINCE JAN 1     28.91                     31.37  -2.46    42.17

DEGREE DAYS
 HEATING
  YESTERDAY        0                         0      0        0
  MONTH TO DATE    0                         0      0        0
  SINCE JUN 1      0                         0      0        0
  SINCE JUL 1      0                         0      0        0

 COOLING
  YESTERDAY       14                        15     -1       11
  MONTH TO DATE  444                       443      1      393
  SINCE JUN 1   1462                      1423     39     1350
  SINCE JAN 1   1855                      1759     96     1660
..................................................................


WIND (MPH)
  HIGHEST WIND SPEED    10   HIGHEST WIND DIRECTION    NE (60)
  HIGHEST GUST SPEED    16   HIGHEST GUST DIRECTION    NE (40)
  AVERAGE WIND SPEED     2.1


SKY COVER
  AVERAGE SKY COVER 0.0


WEATHER CONDITIONS
 THE FOLLOWING WEATHER WAS RECORDED YESTERDAY.
  NO SIGNIFICANT WEATHER WAS OBSERVED.


RELATIVE HUMIDITY (PERCENT)
 HIGHEST    81           400 AM
 LOWEST     25           500 PM

..........................................................


THE HAMILTON - OWENS AIRPORT SC CLIMATE NORMALS FOR TODAY
                         NORMAL    RECORD    YEAR
 MAXIMUM TEMPERATURE (F)   89        MM        MM
 MINIMUM TEMPERATURE (F)   70        MM        MM


SUNRISE AND SUNSET
AUGUST 28 2014........SUNRISE   655 AM EDT   SUNSET   755 PM EDT
AUGUST 29 2014........SUNRISE   655 AM EDT   SUNSET   754 PM EDT


-  INDICATES NEGATIVE NUMBERS.
R  INDICATES RECORD WAS SET OR TIED.
MM INDICATES DATA IS MISSING.
T  INDICATES TRACE AMOUNT.




$$
