000
CDUS42 KCAE 180651
CLICUB


CLIMATE REPORT
NATIONAL WEATHER SERVICE COLUMBIA SC
250 AM EDT WED OCT 18 2017


...................................

...THE HAMILTON - OWENS AIRPORT SC CLIMATE SUMMARY FOR OCTOBER 17 2017...

CLIMATE NORMAL PERIOD 1981 TO 2010
CLIMATE RECORD PERIOD 9999 TO 9999


WEATHER ITEM   OBSERVED TIME   NORMAL DEPARTURE LAST
                VALUE   (LST)  VALUE  FROM      YEAR
                                      NORMAL
......................................................
TEMPERATURE (F)
 YESTERDAY
  MAXIMUM         70    414 PM  76     -6       83
  MINIMUM         50   1159 PM  54     -4       58
  AVERAGE         60            65     -5       71

PRECIPITATION (IN)
  YESTERDAY        0.00          0.11  -0.11     0.00
  MONTH TO DATE    0.87          1.94  -1.07     4.78
  SINCE SEP 1      4.77          5.98  -1.21    10.34
  SINCE JAN 1     40.97         37.83   3.14    38.07

DEGREE DAYS
 HEATING
  YESTERDAY        5             3      2        0
  MONTH TO DATE    5            26    -21        5
  SINCE SEP 1      5            29    -24        5
  SINCE JUL 1      5            29    -24        5

 COOLING
  YESTERDAY        0             2     -2        6
  MONTH TO DATE  176            73    103       91
  SINCE SEP 1    551           402    149      533
  SINCE JAN 1   2651          2220    431     2767
......................................................


WIND (MPH)
  HIGHEST WIND SPEED    13   HIGHEST WIND DIRECTION     E (70)
  HIGHEST GUST SPEED    21   HIGHEST GUST DIRECTION     E (80)
  AVERAGE WIND SPEED     3.6


SKY COVER
  AVERAGE SKY COVER 0.0


WEATHER CONDITIONS
 THE FOLLOWING WEATHER WAS RECORDED YESTERDAY.
  NO SIGNIFICANT WEATHER WAS OBSERVED.


RELATIVE HUMIDITY (PERCENT)
 HIGHEST    77           900 PM
 LOWEST     28           200 PM

..........................................................


THE HAMILTON - OWENS AIRPORT SC CLIMATE NORMALS FOR TODAY
                         NORMAL    RECORD    YEAR
 MAXIMUM TEMPERATURE (F)   75        MM        MM
 MINIMUM TEMPERATURE (F)   53        MM        MM


SUNRISE AND SUNSET
OCTOBER 18 2017.......SUNRISE   732 AM EDT   SUNSET   646 PM EDT
OCTOBER 19 2017.......SUNRISE   732 AM EDT   SUNSET   645 PM EDT


-  INDICATES NEGATIVE NUMBERS.
R  INDICATES RECORD WAS SET OR TIED.
MM INDICATES DATA IS MISSING.
T  INDICATES TRACE AMOUNT.




$$
