000
CDUS42 KCAE 310647
CLICUB


CLIMATE REPORT
NATIONAL WEATHER SERVICE COLUMBIA SC
247 AM EDT SUN JUL 31 2016


...................................

...THE HAMILTON - OWENS AIRPORT SC CLIMATE SUMMARY FOR JULY 30 2016...

CLIMATE NORMAL PERIOD 1981 TO 2010
CLIMATE RECORD PERIOD 9999 TO 9999


WEATHER ITEM   OBSERVED TIME   NORMAL DEPARTURE LAST
                VALUE   (LST)  VALUE  FROM      YEAR
                                      NORMAL
......................................................
TEMPERATURE (F)
 YESTERDAY
  MAXIMUM        100    209 PM  93      7       98
  MINIMUM         77    614 AM  73      4       77
  AVERAGE         89            83      6       88

PRECIPITATION (IN)
  YESTERDAY        0.00          0.15  -0.15     0.19
  MONTH TO DATE    2.66          5.01  -2.35     2.66
  SINCE JUN 1      7.08          9.92  -2.84    10.07
  SINCE JAN 1     21.07         26.74  -5.67    25.21

DEGREE DAYS
 HEATING
  YESTERDAY        0             0      0        0
  MONTH TO DATE    0             0      0        0
  SINCE JUN 1      0             0      0        0
  SINCE JUL 1      0             0      0        0

 COOLING
  YESTERDAY       24            18      6       23
  MONTH TO DATE  634           533    101      607
  SINCE JUN 1   1165           966    199     1153
  SINCE JAN 1   1602          1302    300     1582
......................................................


WIND (MPH)
  HIGHEST WIND SPEED    18   HIGHEST WIND DIRECTION     W (270)
  HIGHEST GUST SPEED    23   HIGHEST GUST DIRECTION     W (250)
  AVERAGE WIND SPEED     4.9


SKY COVER
  AVERAGE SKY COVER 0.1


WEATHER CONDITIONS
 THE FOLLOWING WEATHER WAS RECORDED YESTERDAY.
  NO SIGNIFICANT WEATHER WAS OBSERVED.


RELATIVE HUMIDITY (PERCENT)
 HIGHEST    88           600 AM
 LOWEST     35           100 PM

..........................................................


THE HAMILTON - OWENS AIRPORT SC CLIMATE NORMALS FOR TODAY
                         NORMAL    RECORD    YEAR
 MAXIMUM TEMPERATURE (F)   93        MM        MM
 MINIMUM TEMPERATURE (F)   73        MM        MM


SUNRISE AND SUNSET
JULY 31 2016..........SUNRISE   635 AM EDT   SUNSET   825 PM EDT
AUGUST  1 2016........SUNRISE   636 AM EDT   SUNSET   824 PM EDT


-  INDICATES NEGATIVE NUMBERS.
R  INDICATES RECORD WAS SET OR TIED.
MM INDICATES DATA IS MISSING.
T  INDICATES TRACE AMOUNT.




$$
