467
CDUS43 KUNR 100838
CLICUT


CLIMATE REPORT
NATIONAL WEATHER SERVICE RAPID CITY SD
138 AM MST SUN DEC 10 2017


...................................

...THE CUSTER COUNTY AIRPORT SD CLIMATE SUMMARY FOR DECEMBER 9 2017...

CLIMATE NORMAL PERIOD 1981 TO 2010
CLIMATE RECORD PERIOD 9999 TO 9999


WEATHER ITEM   OBSERVED TIME   NORMAL DEPARTURE LAST
                VALUE   (LST)  VALUE  FROM      YEAR
                                      NORMAL
......................................................
TEMPERATURE (F)
 YESTERDAY
  MAXIMUM         50    107 PM  34     16       16
  MINIMUM         38    333 AM  13     25        0
  AVERAGE         44            23     21        8

PRECIPITATION (IN)
  YESTERDAY        0.00          0.01  -0.01     0.05
  MONTH TO DATE    0.14          0.10   0.04     0.05
  SINCE DEC 1      0.14          0.10   0.04     0.05
  SINCE JAN 1     20.85         18.67   2.18    15.32

DEGREE DAYS
 HEATING
  YESTERDAY       21            42    -21       57
  MONTH TO DATE  305           367    -62      438
  SINCE DEC 1    305           367    -62      438
  SINCE JUL 1   2269          2548   -279     2057

 COOLING
  YESTERDAY        0             0      0        0
  MONTH TO DATE    0             0      0        0
  SINCE DEC 1      0             0      0        0
  SINCE JAN 1    235           177     58      259
......................................................


WIND (MPH)
  HIGHEST WIND SPEED    24   HIGHEST WIND DIRECTION    NW (300)
  HIGHEST GUST SPEED    36   HIGHEST GUST DIRECTION    NW (320)
  AVERAGE WIND SPEED    10.4


SKY COVER
  AVERAGE SKY COVER 0.0


WEATHER CONDITIONS
 THE FOLLOWING WEATHER WAS RECORDED YESTERDAY.
  NO SIGNIFICANT WEATHER WAS OBSERVED.


RELATIVE HUMIDITY (PERCENT)
 HIGHEST    27
 LOWEST     13
 AVERAGE    20

..........................................................




SUNRISE AND SUNSET
DECEMBER 10 2017......SUNRISE   717 AM MST   SUNSET   417 PM MST
DECEMBER 11 2017......SUNRISE   718 AM MST   SUNSET   417 PM MST


-  INDICATES NEGATIVE NUMBERS.
R  INDICATES RECORD WAS SET OR TIED.
MM INDICATES DATA IS MISSING.
T  INDICATES TRACE AMOUNT.




$$
