000
CDUS43 KUNR 300835
CLICUT


CLIMATE REPORT
NATIONAL WEATHER SERVICE RAPID CITY SD
233 AM MDT TUE JUN 30 2015


...................................

...THE CUSTER COUNTY AIRPORT SD CLIMATE SUMMARY FOR JUNE 29 2015...

CLIMATE NORMAL PERIOD 1981 TO 2010
CLIMATE RECORD PERIOD 9999 TO 9999


WEATHER ITEM   OBSERVED TIME   NORMAL DEPARTURE LAST
                VALUE   (LST)  VALUE  FROM      YEAR
                                      NORMAL
......................................................
TEMPERATURE (F)
 YESTERDAY
  MAXIMUM         81   1205 PM  76      5       72
  MINIMUM         56    624 AM  50      6       44
  AVERAGE         69            63      6       58

PRECIPITATION (IN)
  YESTERDAY        1.09          0.10   0.99     0.00
  MONTH TO DATE    6.39          3.13   3.26     3.39
  SINCE JUN 1      6.39          3.13   3.26     3.39
  SINCE JAN 1     15.70         10.24   5.46    11.11

DEGREE DAYS
 HEATING
  YESTERDAY        0             4     -4        7
  MONTH TO DATE  102           217   -115      263
  SINCE JUN 1    102           217   -115      263
  SINCE JUL 1   7686          8386   -700     8423

 COOLING
  YESTERDAY        4             2      2        0
  MONTH TO DATE   21            22     -1        1
  SINCE JUN 1     21            22     -1        1
  SINCE JAN 1     21            23     -2        5
......................................................


WIND (MPH)
  HIGHEST WIND SPEED    15   HIGHEST WIND DIRECTION    SW (240)
  HIGHEST GUST SPEED    20   HIGHEST GUST DIRECTION     W (250)
  AVERAGE WIND SPEED     5.3


SKY COVER
  AVERAGE SKY COVER 0.4


WEATHER CONDITIONS
 THE FOLLOWING WEATHER WAS RECORDED YESTERDAY.
  THUNDERSTORM
  HEAVY RAIN
  RAIN
  LIGHT RAIN
  FOG


RELATIVE HUMIDITY (PERCENT)
 HIGHEST    93
 LOWEST     42
 AVERAGE    68

..........................................................




SUNRISE AND SUNSET
JUNE 30 2015..........SUNRISE   516 AM MDT   SUNSET   840 PM MDT
JULY  1 2015..........SUNRISE   516 AM MDT   SUNSET   840 PM MDT


-  INDICATES NEGATIVE NUMBERS.
R  INDICATES RECORD WAS SET OR TIED.
MM INDICATES DATA IS MISSING.
T  INDICATES TRACE AMOUNT.




$$
