000
CDUS43 KUNR 240831
CLICUT


CLIMATE REPORT
NATIONAL WEATHER SERVICE RAPID CITY SD
130 AM MST SAT FEB 24 2018


...................................

...THE CUSTER COUNTY AIRPORT SD CLIMATE SUMMARY FOR FEBRUARY 23 2018...

CLIMATE NORMAL PERIOD 1981 TO 2010
CLIMATE RECORD PERIOD 9999 TO 9999


WEATHER ITEM   OBSERVED TIME   NORMAL DEPARTURE LAST
                VALUE   (LST)  VALUE  FROM      YEAR
                                      NORMAL
......................................................
TEMPERATURE (F)
 YESTERDAY
  MAXIMUM         27    157 PM  38    -11       24
  MINIMUM         -4    651 AM  16    -20       16
  AVERAGE         12            27    -15       20

PRECIPITATION (IN)
  YESTERDAY        0.00          0.02  -0.02     0.19
  MONTH TO DATE    1.83          0.44   1.39     0.88
  SINCE DEC 1      3.39          1.15   2.24     3.15
  SINCE JAN 1      2.31          0.77   1.54     1.87

DEGREE DAYS
 HEATING
  YESTERDAY       53            38     15       45
  MONTH TO DATE 1157           913    244      740
  SINCE DEC 1   3619          3467    152     3522
  SINCE JUL 1   5583          5648    -65     5141

 COOLING
  YESTERDAY        0             0      0        0
  MONTH TO DATE    0             0      0        0
  SINCE DEC 1      0             0      0        0
  SINCE JAN 1      0             0      0        0
......................................................


WIND (MPH)
  HIGHEST WIND SPEED    10   HIGHEST WIND DIRECTION     S (160)
  HIGHEST GUST SPEED    14   HIGHEST GUST DIRECTION     S (200)
  AVERAGE WIND SPEED     3.8


SKY COVER
  AVERAGE SKY COVER 0.0


WEATHER CONDITIONS
 THE FOLLOWING WEATHER WAS RECORDED YESTERDAY.
  NO SIGNIFICANT WEATHER WAS OBSERVED.


RELATIVE HUMIDITY (PERCENT)
 HIGHEST    79
 LOWEST     29
 AVERAGE    54

..........................................................




SUNRISE AND SUNSET
FEBRUARY 24 2018......SUNRISE   639 AM MST   SUNSET   537 PM MST
FEBRUARY 25 2018......SUNRISE   638 AM MST   SUNSET   538 PM MST


-  INDICATES NEGATIVE NUMBERS.
R  INDICATES RECORD WAS SET OR TIED.
MM INDICATES DATA IS MISSING.
T  INDICATES TRACE AMOUNT.




$$
