000
CDUS43 KUNR 230838
CLICUT


CLIMATE REPORT
NATIONAL WEATHER SERVICE RAPID CITY SD
237 AM MDT THU MAR 23 2017


...................................

...THE CUSTER COUNTY AIRPORT SD CLIMATE SUMMARY FOR MARCH 22 2017...

CLIMATE NORMAL PERIOD 1981 TO 2010
CLIMATE RECORD PERIOD 9999 TO 9999


WEATHER ITEM   OBSERVED TIME   NORMAL DEPARTURE LAST
                VALUE   (LST)  VALUE  FROM      YEAR
                                      NORMAL
......................................................
TEMPERATURE (F)
 YESTERDAY
  MAXIMUM         67    215 PM  43     24       49
  MINIMUM         28    619 AM  23      5       30
  AVERAGE         48            33     15       40

PRECIPITATION (IN)
  YESTERDAY        T             0.04  -0.04     0.16
  MONTH TO DATE    0.17          0.61  -0.44     0.30
  SINCE MAR 1      0.17          0.61  -0.44     0.30
  SINCE JAN 1      2.18          1.47   0.71     0.91

DEGREE DAYS
 HEATING
  YESTERDAY       17            32    -15       25
  MONTH TO DATE  625           759   -134      578
  SINCE MAR 1    625           759   -134      578
  SINCE JUL 1   5993          6594   -601     5633

 COOLING
  YESTERDAY        0             0      0        0
  MONTH TO DATE    0             0      0        0
  SINCE MAR 1      0             0      0        0
  SINCE JAN 1      0             0      0        0
......................................................


WIND (MPH)
  HIGHEST WIND SPEED    28   HIGHEST WIND DIRECTION     W (260)
  HIGHEST GUST SPEED    37   HIGHEST GUST DIRECTION     W (270)
  AVERAGE WIND SPEED     6.1


SKY COVER
  AVERAGE SKY COVER 0.3


WEATHER CONDITIONS
 THE FOLLOWING WEATHER WAS RECORDED YESTERDAY.
  THUNDERSTORM
  LIGHT RAIN
  FOG


RELATIVE HUMIDITY (PERCENT)
 HIGHEST    92
 LOWEST     28
 AVERAGE    60

..........................................................




SUNRISE AND SUNSET
MARCH 23 2017.........SUNRISE   652 AM MDT   SUNSET   711 PM MDT
MARCH 24 2017.........SUNRISE   650 AM MDT   SUNSET   712 PM MDT


-  INDICATES NEGATIVE NUMBERS.
R  INDICATES RECORD WAS SET OR TIED.
MM INDICATES DATA IS MISSING.
T  INDICATES TRACE AMOUNT.




$$
