000
CDUS43 KUNR 030834
CLICUT


CLIMATE REPORT
NATIONAL WEATHER SERVICE RAPID CITY SD
233 AM MDT THU SEP 3 2015


...................................

...THE CUSTER COUNTY AIRPORT SD CLIMATE SUMMARY FOR SEPTEMBER 2 2015...

CLIMATE NORMAL PERIOD 1981 TO 2010
CLIMATE RECORD PERIOD 9999 TO 9999


WEATHER ITEM   OBSERVED TIME   NORMAL DEPARTURE LAST
                VALUE   (LST)  VALUE  FROM      YEAR
                                      NORMAL
......................................................
TEMPERATURE (F)
 YESTERDAY
  MAXIMUM         88    403 PM  74     14       75
  MINIMUM         53    102 AM  46      7       42
  AVERAGE         71            60     11       59

PRECIPITATION (IN)
  YESTERDAY        0.00          0.07  -0.07     0.00
  MONTH TO DATE    0.00          0.14  -0.14      T
  SINCE SEP 1      0.00          0.14  -0.14      T
  SINCE JAN 1     20.24         15.06   5.18    14.51

DEGREE DAYS
 HEATING
  YESTERDAY        0             6     -6        6
  MONTH TO DATE    0            12    -12       18
  SINCE SEP 1      0            12    -12       18
  SINCE JUL 1    146           166    -20      149

 COOLING
  YESTERDAY        6             1      5        0
  MONTH TO DATE   10             2      8        0
  SINCE SEP 1     10             2      8        0
  SINCE JAN 1    197           168     29      134
......................................................


WIND (MPH)
  HIGHEST WIND SPEED    18   HIGHEST WIND DIRECTION     W (280)
  HIGHEST GUST SPEED    24   HIGHEST GUST DIRECTION    SW (230)
  AVERAGE WIND SPEED     6.9


SKY COVER
  AVERAGE SKY COVER 0.0


WEATHER CONDITIONS
 THE FOLLOWING WEATHER WAS RECORDED YESTERDAY.
  NO SIGNIFICANT WEATHER WAS OBSERVED.


RELATIVE HUMIDITY (PERCENT)
 HIGHEST    64
 LOWEST     13
 AVERAGE    39

..........................................................




SUNRISE AND SUNSET
SEPTEMBER  3 2015.....SUNRISE   620 AM MDT   SUNSET   727 PM MDT
SEPTEMBER  4 2015.....SUNRISE   621 AM MDT   SUNSET   725 PM MDT


-  INDICATES NEGATIVE NUMBERS.
R  INDICATES RECORD WAS SET OR TIED.
MM INDICATES DATA IS MISSING.
T  INDICATES TRACE AMOUNT.




$$
