000
CDUS43 KUNR 290839
CLICUT


CLIMATE REPORT
NATIONAL WEATHER SERVICE RAPID CITY SD
238 AM MDT THU SEP 29 2016


...................................

...THE CUSTER COUNTY AIRPORT SD CLIMATE SUMMARY FOR SEPTEMBER 28 2016...

CLIMATE NORMAL PERIOD 1981 TO 2010
CLIMATE RECORD PERIOD 9999 TO 9999


WEATHER ITEM   OBSERVED TIME   NORMAL DEPARTURE LAST
                VALUE   (LST)  VALUE  FROM      YEAR
                                      NORMAL
......................................................
TEMPERATURE (F)
 YESTERDAY
  MAXIMUM         74    141 PM  61     13       57
  MINIMUM         42   1146 PM  36      6       49
  AVERAGE         58            49      9       53

PRECIPITATION (IN)
  YESTERDAY        0.00          0.03  -0.03     0.26
  MONTH TO DATE    1.77          1.50   0.27     0.39
  SINCE SEP 1      1.77          1.50   0.27     0.39
  SINCE JAN 1     14.61         16.42  -1.81    20.63

DEGREE DAYS
 HEATING
  YESTERDAY        7            16     -9       12
  MONTH TO DATE  241           298    -57      137
  SINCE SEP 1    241           298    -57      137
  SINCE JUL 1    377           452    -75      283

 COOLING
  YESTERDAY        0             0      0        0
  MONTH TO DATE    7            11     -4       44
  SINCE SEP 1      7            11     -4       44
  SINCE JAN 1    259           177     82      231
......................................................


WIND (MPH)
  HIGHEST WIND SPEED    18   HIGHEST WIND DIRECTION    NE (60)
  HIGHEST GUST SPEED    26   HIGHEST GUST DIRECTION     E (80)
  AVERAGE WIND SPEED     7.0


SKY COVER
  AVERAGE SKY COVER 0.0


WEATHER CONDITIONS
 THE FOLLOWING WEATHER WAS RECORDED YESTERDAY.
  NO SIGNIFICANT WEATHER WAS OBSERVED.


RELATIVE HUMIDITY (PERCENT)
 HIGHEST    66
 LOWEST     27
 AVERAGE    47

..........................................................




SUNRISE AND SUNSET
SEPTEMBER 29 2016.....SUNRISE   650 AM MDT   SUNSET   638 PM MDT
SEPTEMBER 30 2016.....SUNRISE   651 AM MDT   SUNSET   636 PM MDT


-  INDICATES NEGATIVE NUMBERS.
R  INDICATES RECORD WAS SET OR TIED.
MM INDICATES DATA IS MISSING.
T  INDICATES TRACE AMOUNT.




$$
