000
CDUS43 KUNR 300831
CLICUT


CLIMATE REPORT
NATIONAL WEATHER SERVICE RAPID CITY SD
231 AM MDT TUE AUG 30 2016


...................................

...THE CUSTER COUNTY AIRPORT SD CLIMATE SUMMARY FOR AUGUST 29 2016...

CLIMATE NORMAL PERIOD 1981 TO 2010
CLIMATE RECORD PERIOD 9999 TO 9999


WEATHER ITEM   OBSERVED TIME   NORMAL DEPARTURE LAST
                VALUE   (LST)  VALUE  FROM      YEAR
                                      NORMAL
......................................................
TEMPERATURE (F)
 YESTERDAY
  MAXIMUM         75    317 PM  75      0       86
  MINIMUM         51    352 AM  48      3       54
  AVERAGE         63            61      2       70

PRECIPITATION (IN)
  YESTERDAY        0.00          0.08  -0.08     0.00
  MONTH TO DATE    1.73          1.99  -0.26     2.13
  SINCE JUN 1      8.26          7.65   0.61    10.93
  SINCE JAN 1     12.84         14.76  -1.92    20.24

DEGREE DAYS
 HEATING
  YESTERDAY        2             5     -3        0
  MONTH TO DATE   91            82      9       90
  SINCE JUN 1    190           363   -173      248
  SINCE JUL 1    134           143     -9      146

 COOLING
  YESTERDAY        0             1     -1        5
  MONTH TO DATE   56            50      6       79
  SINCE JUN 1    251           156     95      176
  SINCE JAN 1    251           157     94      176
......................................................


WIND (MPH)
  HIGHEST WIND SPEED    26   HIGHEST WIND DIRECTION     E (70)
  HIGHEST GUST SPEED    31   HIGHEST GUST DIRECTION     E (80)
  AVERAGE WIND SPEED     8.4


SKY COVER
  AVERAGE SKY COVER 0.0


WEATHER CONDITIONS
 THE FOLLOWING WEATHER WAS RECORDED YESTERDAY.
  FOG


RELATIVE HUMIDITY (PERCENT)
 HIGHEST    84
 LOWEST     38
 AVERAGE    61

..........................................................




SUNRISE AND SUNSET
AUGUST 30 2016........SUNRISE   616 AM MDT   SUNSET   733 PM MDT
AUGUST 31 2016........SUNRISE   617 AM MDT   SUNSET   731 PM MDT


-  INDICATES NEGATIVE NUMBERS.
R  INDICATES RECORD WAS SET OR TIED.
MM INDICATES DATA IS MISSING.
T  INDICATES TRACE AMOUNT.




$$
