000
CDUS41 KILN 030533
CLICVG


CLIMATE REPORT
NATIONAL WEATHER SERVICE WILMINGTON OH
132 AM EDT WED SEP 3 2014


...................................

...THE CINCINNATI OH CLIMATE SUMMARY FOR SEPTEMBER 2 2014...

CLIMATE NORMAL PERIOD 1981 TO 2010
CLIMATE RECORD PERIOD 1869 TO 2014


WEATHER ITEM   OBSERVED TIME   RECORD YEAR NORMAL DEPARTURE LAST
                VALUE   (LST)  VALUE       VALUE  FROM      YEAR
                                                  NORMAL
..................................................................
TEMPERATURE (F)
 YESTERDAY
  MAXIMUM         79   1230 PM 102    1953  83     -4       88
  MINIMUM         66   1108 PM  45    1949  62      4       69
  AVERAGE         73                        72      1       79

PRECIPITATION (IN)
  YESTERDAY        1.05          3.19 1950   0.09   0.96     0.00
  MONTH TO DATE    1.30                      0.18   1.12     0.01
  SINCE SEP 1      1.30                      0.18   1.12     0.01
  SINCE JAN 1     31.76                     29.97   1.79    33.06

SNOWFALL (IN)
  YESTERDAY        0.0           0.0    MM   0.0    0.0      0.0
  MONTH TO DATE    0.0                       0.0    0.0      0.0
  SINCE SEP 1      0.0                       0.0    0.0      0.0
  SINCE JUL 1      0.0                       0.0    0.0      0.0
  SNOW DEPTH       0

DEGREE DAYS
 HEATING
  YESTERDAY        0                         0      0        0
  MONTH TO DATE    0                         0      0        0
  SINCE SEP 1      0                         0      0        0
  SINCE JUL 1      5                         0      5        4

 COOLING
  YESTERDAY        8                         8      0       14
  MONTH TO DATE   22                        16      6       25
  SINCE SEP 1     22                        16      6       25
  SINCE JAN 1    968                       984    -16     1001
..................................................................


WIND (MPH)
  RESULTANT WIND SPEED   5   RESULTANT WIND DIRECTION  SW (220)
  HIGHEST WIND SPEED    26   HIGHEST WIND DIRECTION     N (340)
  HIGHEST GUST SPEED    36   HIGHEST GUST DIRECTION     N (350)
  AVERAGE WIND SPEED     6.2


SKY COVER
  POSSIBLE SUNSHINE  MM
  AVERAGE SKY COVER 0.8


WEATHER CONDITIONS
 THE FOLLOWING WEATHER WAS RECORDED YESTERDAY.
  THUNDERSTORM
  HEAVY RAIN
  RAIN
  LIGHT RAIN
  FOG


RELATIVE HUMIDITY (PERCENT)
 HIGHEST   100           900 PM
 LOWEST     69          1200 PM
 AVERAGE    85

..........................................................


THE CINCINNATI OH CLIMATE NORMALS FOR TODAY
                         NORMAL    RECORD    YEAR
 MAXIMUM TEMPERATURE (F)   83       100      2011
 MINIMUM TEMPERATURE (F)   62        49      1952
                                             1946


SUNRISE AND SUNSET
SEPTEMBER  3 2014.....SUNRISE   709 AM EDT   SUNSET   806 PM EDT
SEPTEMBER  4 2014.....SUNRISE   710 AM EDT   SUNSET   804 PM EDT


-  INDICATES NEGATIVE NUMBERS.
R  INDICATES RECORD WAS SET OR TIED.
MM INDICATES DATA IS MISSING.
T  INDICATES TRACE AMOUNT.




$$
