000
CDUS41 KILN 170548
CLICVG


CLIMATE REPORT
NATIONAL WEATHER SERVICE WILMINGTON OH
1248 AM EST WED JAN 17 2018


...................................

...THE CINCINNATI OH CLIMATE SUMMARY FOR JANUARY 16 2018...

CLIMATE NORMAL PERIOD 1981 TO 2010
CLIMATE RECORD PERIOD 1869 TO 2018


WEATHER ITEM   OBSERVED TIME   RECORD YEAR NORMAL DEPARTURE LAST
                VALUE   (LST)  VALUE       VALUE  FROM      YEAR
                                                  NORMAL
..................................................................
TEMPERATURE (F)
 YESTERDAY
  MAXIMUM         15   1207 AM  65    1928  39    -24       55
  MINIMUM          6   1129 AM -21    1977  23    -17       37
  AVERAGE         11                        31    -20       46

PRECIPITATION (IN)
  YESTERDAY        T             1.19 1885   0.09  -0.09     0.13
  MONTH TO DATE    1.54                      1.57  -0.03     2.49
  SINCE DEC 1      3.93                      4.94  -1.01     6.92
  SINCE JAN 1      1.54                      1.57  -0.03     2.49

SNOWFALL (IN)
  YESTERDAY        T             5.2  1978   0.2   -0.2      0.0
  MONTH TO DATE    5.7                       3.1    2.6      2.5
  SINCE DEC 1      9.5                       7.9    1.6      4.7
  SINCE JUL 1      9.5                       8.7    0.8      4.7
  SNOW DEPTH       3

DEGREE DAYS
 HEATING
  YESTERDAY       54                        34     20       19
  MONTH TO DATE  685                       544    141      504
  SINCE DEC 1   1692                      1503    189     1473
  SINCE JUL 1   2583                      2463    120     2155

 COOLING
  YESTERDAY        0                         0      0        0
  MONTH TO DATE    0                         0      0        0
  SINCE DEC 1      0                         0      0        0
  SINCE JAN 1      0                         0      0        0
..................................................................


WIND (MPH)
  RESULTANT WIND SPEED  10   RESULTANT WIND DIRECTION   W (280)
  HIGHEST WIND SPEED    17   HIGHEST WIND DIRECTION    NW (300)
  HIGHEST GUST SPEED    21   HIGHEST GUST DIRECTION    NW (310)
  AVERAGE WIND SPEED     9.8


SKY COVER
  POSSIBLE SUNSHINE  MM
  AVERAGE SKY COVER 0.8


WEATHER CONDITIONS
 THE FOLLOWING WEATHER WAS RECORDED YESTERDAY.
  LIGHT SNOW
  FOG
  HAZE


RELATIVE HUMIDITY (PERCENT)
 HIGHEST    83           500 AM
 LOWEST     66           300 PM
 AVERAGE    75

..........................................................


THE CINCINNATI OH CLIMATE NORMALS FOR TODAY
                         NORMAL    RECORD    YEAR
 MAXIMUM TEMPERATURE (F)   39        63      2017
                                             1952
 MINIMUM TEMPERATURE (F)   23       -24      1977


SUNRISE AND SUNSET
JANUARY 17 2018.......SUNRISE   755 AM EST   SUNSET   543 PM EST
JANUARY 18 2018.......SUNRISE   755 AM EST   SUNSET   544 PM EST


-  INDICATES NEGATIVE NUMBERS.
R  INDICATES RECORD WAS SET OR TIED.
MM INDICATES DATA IS MISSING.
T  INDICATES TRACE AMOUNT.




$$
