000
CDUS45 KCYS 280733
CLICYS


CLIMATE REPORT
NATIONAL WEATHER SERVICE CHEYENNE WY
132 AM MDT THU MAY 28 2015


...................................

...THE CHEYENNE WYOMING AIRPORT CLIMATE SUMMARY FOR MAY 27 2015...

CLIMATE NORMAL PERIOD 1981 TO 2010
CLIMATE RECORD PERIOD 1871 TO 2015


WEATHER ITEM   OBSERVED TIME   RECORD YEAR NORMAL DEPARTURE LAST
                VALUE   (LST)  VALUE       VALUE  FROM      YEAR
                                                  NORMAL
..................................................................
TEMPERATURE (F)
 YESTERDAY
  MAXIMUM         68    325 PM  90    1969  68      0       78
  MINIMUM         48    509 AM  28    1911  44      4       48
  AVERAGE         58                        56      2       63

PRECIPITATION (IN)
  YESTERDAY        0.05          1.29 1936   0.08  -0.03     0.02
  MONTH TO DATE    5.88                      1.99   3.89     2.77
  SINCE JAN 1      9.47                      5.62   3.85     6.74

SNOWFALL (IN)
  YESTERDAY        0.0           4.4  1992   0.0    0.0      0.0
  MONTH TO DATE    4.4                       2.2    2.2     12.9
  SINCE JUL 1     54.5                      60.2   -5.7     91.6
  SNOW DEPTH       0

DEGREE DAYS
 HEATING
  YESTERDAY        7                         9     -2        2
  MONTH TO DATE  476                       356    120      388
  SINCE MAR 1   1810                      1922   -112     1894
  SINCE JUL 1   6456                      6941   -485     7098

 COOLING
  YESTERDAY        0                         0      0        0
  MONTH TO DATE    0                         0      0        0
  SINCE MAR 1      0                         0      0        0
  SINCE JAN 1      0                         0      0        0
..................................................................


WIND (MPH)
  HIGHEST WIND SPEED    22   HIGHEST WIND DIRECTION     W (250)
  HIGHEST GUST SPEED    28   HIGHEST GUST DIRECTION     W (260)
  AVERAGE WIND SPEED     7.5


SKY COVER
  AVERAGE SKY COVER 0.6


WEATHER CONDITIONS
 THE FOLLOWING WEATHER WAS RECORDED YESTERDAY.
  LIGHT RAIN


RELATIVE HUMIDITY (PERCENT)
 HIGHEST    93           200 AM
 LOWEST     37           100 PM
 AVERAGE    65

..........................................................


THE CHEYENNE WYOMING AIRPORT CLIMATE NORMALS FOR TODAY
                         NORMAL    RECORD    YEAR
 MAXIMUM TEMPERATURE (F)   68        88      2000
 MINIMUM TEMPERATURE (F)   44        22      1947


SUNRISE AND SUNSET
MAY 28 2015...........SUNRISE   531 AM MDT   SUNSET   822 PM MDT
MAY 29 2015...........SUNRISE   531 AM MDT   SUNSET   823 PM MDT


-  INDICATES NEGATIVE NUMBERS.
R  INDICATES RECORD WAS SET OR TIED.
MM INDICATES DATA IS MISSING.
T  INDICATES TRACE AMOUNT.




$$
