000
CDUS45 KCYS 300735
CLICYS


CLIMATE REPORT
NATIONAL WEATHER SERVICE CHEYENNE WY
134 AM MDT MON MAR 30 2015


...................................

...THE CHEYENNE WYOMING AIRPORT CLIMATE SUMMARY FOR MARCH 29 2015...

CLIMATE NORMAL PERIOD 1981 TO 2010
CLIMATE RECORD PERIOD 1871 TO 2015


WEATHER ITEM   OBSERVED TIME   RECORD YEAR NORMAL DEPARTURE LAST
                VALUE   (LST)  VALUE       VALUE  FROM      YEAR
                                                  NORMAL
..................................................................
TEMPERATURE (F)
 YESTERDAY
  MAXIMUM         62    128 PM  73    1986  50     12       60
                                      1967
                                      1943
  MINIMUM         37    637 AM  -3    1975  27     10       27
  AVERAGE         50                        39     11       44

PRECIPITATION (IN)
  YESTERDAY        0.00          1.41 1910   0.05  -0.05     0.00
  MONTH TO DATE    0.11                      0.97  -0.86     0.90
  SINCE JAN 1      0.87                      1.77  -0.90     3.06

SNOWFALL (IN)
  YESTERDAY        0.0          13.2  1910   0.4   -0.4      0.0
  MONTH TO DATE    1.7                      10.5   -8.8     11.4
  SINCE MAR 1      1.7                      10.5   -8.8     11.4
  SNOW DEPTH       0

DEGREE DAYS
 HEATING
  YESTERDAY       15                        26    -11       21
  MONTH TO DATE  685                       849   -164      828
  SINCE MAR 1    685                       849   -164      828
  SINCE JUL 1   5331                      5868   -537     6032

 COOLING
  YESTERDAY        0                         0      0        0
  MONTH TO DATE    0                         0      0        0
  SINCE MAR 1      0                         0      0        0
  SINCE JAN 1      0                         0      0        0
..................................................................


WIND (MPH)
  HIGHEST WIND SPEED    28   HIGHEST WIND DIRECTION    NW (320)
  HIGHEST GUST SPEED    38   HIGHEST GUST DIRECTION    NW (320)
  AVERAGE WIND SPEED    14.1


SKY COVER
  AVERAGE SKY COVER 0.0


WEATHER CONDITIONS
 THE FOLLOWING WEATHER WAS RECORDED YESTERDAY.
  NO SIGNIFICANT WEATHER WAS OBSERVED.


RELATIVE HUMIDITY (PERCENT)
 HIGHEST    44           600 AM
 LOWEST     14           100 PM
 AVERAGE    29

..........................................................


THE CHEYENNE WYOMING AIRPORT CLIMATE NORMALS FOR TODAY
                         NORMAL    RECORD    YEAR
 MAXIMUM TEMPERATURE (F)   51        77      1879
 MINIMUM TEMPERATURE (F)   27         0      1936


SUNRISE AND SUNSET
MARCH 30 2015.........SUNRISE   646 AM MDT   SUNSET   722 PM MDT
MARCH 31 2015.........SUNRISE   645 AM MDT   SUNSET   723 PM MDT


-  INDICATES NEGATIVE NUMBERS.
R  INDICATES RECORD WAS SET OR TIED.
MM INDICATES DATA IS MISSING.
T  INDICATES TRACE AMOUNT.




$$
