000
CDUS45 KCYS 250326
CLICYS


CLIMATE REPORT
NATIONAL WEATHER SERVICE CHEYENNE WY
925 PM MDT TUE MAY 24 2016


...................................

...THE CHEYENNE WYOMING AIRPORT CLIMATE SUMMARY FOR MAY 24 2016...
VALID TODAY AS OF 0900 PM LOCAL TIME.

CLIMATE NORMAL PERIOD 1981 TO 2010
CLIMATE RECORD PERIOD 1871 TO 2016


WEATHER ITEM   OBSERVED TIME   RECORD YEAR NORMAL DEPARTURE
                VALUE   (LST)  VALUE       VALUE  FROM
                                                  NORMAL
...............................................................
TEMPERATURE (F)
 TODAY
  MAXIMUM         68    117 PM  83    1967  67      1
                                      1964
                                      1886
  MINIMUM         39    433 AM  30    2007  43     -4
  AVERAGE         54                        55     -1

PRECIPITATION (IN)
  TODAY            0.03          1.77 1908   0.08  -0.05
  MONTH TO DATE    1.75                      1.73   0.02
  SINCE MAR 1      7.14                      4.56   2.58
  SINCE JAN 1      8.34                      5.36   2.98

SNOWFALL (IN)
  TODAY            0.0           1.8  2002   0.0    0.0
  MONTH TO DATE    1.6                       2.1   -0.5
  SINCE JUL 1     91.7                      60.1   31.6
  SNOW DEPTH       0

DEGREE DAYS
 HEATING
  TODAY           11                                1
  MONTH TO DATE  382                               55
  SINCE MAR 1   1871                              -22
  SINCE JUL 1   6388                             -524

 COOLING
  TODAY            0                                0
  MONTH TO DATE    0                                0
  SINCE MAR 1      0                                0
  SINCE JAN 1      0                                0
...............................................................


WIND (MPH)
  HIGHEST WIND SPEED    30   HIGHEST WIND DIRECTION    SE (140)
  HIGHEST GUST SPEED    38   HIGHEST GUST DIRECTION    SE (150)
  AVERAGE WIND SPEED    12.5




RELATIVE HUMIDITY (PERCENT)
 HIGHEST    85
 LOWEST     42
 AVERAGE    64

..........................................................


THE CHEYENNE WYOMING AIRPORT CLIMATE NORMALS FOR TOMORROW
                         NORMAL    RECORD    YEAR
 MAXIMUM TEMPERATURE (F)   67        88      1874
 MINIMUM TEMPERATURE (F)   43        29      1950


SUNRISE AND SUNSET
MAY 24 2016...........SUNRISE   533 AM MDT   SUNSET   820 PM MDT
MAY 25 2016...........SUNRISE   533 AM MDT   SUNSET   820 PM MDT


-  INDICATES NEGATIVE NUMBERS.
R  INDICATES RECORD WAS SET OR TIED.
MM INDICATES DATA IS MISSING.
T  INDICATES TRACE AMOUNT.




$$
