000
CDUS45 KCYS 050327
CLICYS


CLIMATE REPORT
NATIONAL WEATHER SERVICE CHEYENNE WY
926 PM MDT TUE AUG 4 2015


...................................

...THE CHEYENNE WYOMING AIRPORT CLIMATE SUMMARY FOR AUGUST 4 2015...
VALID TODAY AS OF 0900 PM LOCAL TIME.

CLIMATE NORMAL PERIOD 1981 TO 2010
CLIMATE RECORD PERIOD 1871 TO 2015


WEATHER ITEM   OBSERVED TIME   RECORD YEAR NORMAL DEPARTURE
                VALUE   (LST)  VALUE       VALUE  FROM
                                                  NORMAL
...............................................................
TEMPERATURE (F)
 TODAY
  MAXIMUM         82    338 PM  95    1979  83     -1
  MINIMUM         57    521 AM  42    1980  56      1
  AVERAGE         70                        70      0

PRECIPITATION (IN)
  TODAY            0.03          0.97 1878   0.08  -0.05
  MONTH TO DATE    0.03                      0.32  -0.29
  SINCE JUN 1      3.41                      4.85  -1.44
  SINCE JAN 1     12.99                     10.82   2.17

SNOWFALL (IN)
  TODAY            0.0          MM      MM   0.0    0.0
  MONTH TO DATE    0.0                       0.0    0.0
  SINCE JUL 1      0.0                       0.0    0.0
  SNOW DEPTH       0

DEGREE DAYS
 HEATING
  TODAY            0                               -1
  MONTH TO DATE    0                               -4
  SINCE JUN 1     63                              -97
  SINCE JUL 1     27                                1

 COOLING
  TODAY            5                                0
  MONTH TO DATE   26                                6
  SINCE JUN 1    218                               -9
  SINCE JAN 1    218                              -12
...............................................................


WIND (MPH)
  HIGHEST WIND SPEED    32   HIGHEST WIND DIRECTION     W (290)
  HIGHEST GUST SPEED    39   HIGHEST GUST DIRECTION     W (290)
  AVERAGE WIND SPEED    13.4




RELATIVE HUMIDITY (PERCENT)
 HIGHEST    63
 LOWEST     32
 AVERAGE    48

..........................................................


THE CHEYENNE WYOMING AIRPORT CLIMATE NORMALS FOR TOMORROW
                         NORMAL    RECORD    YEAR
 MAXIMUM TEMPERATURE (F)   83        94      1880
 MINIMUM TEMPERATURE (F)   56        46      1887


SUNRISE AND SUNSET
AUGUST  4 2015........SUNRISE   558 AM MDT   SUNSET   813 PM MDT
AUGUST  5 2015........SUNRISE   559 AM MDT   SUNSET   811 PM MDT


-  INDICATES NEGATIVE NUMBERS.
R  INDICATES RECORD WAS SET OR TIED.
MM INDICATES DATA IS MISSING.
T  INDICATES TRACE AMOUNT.




$$
