000
CDUS45 KCYS 250744
CLICYS


CLIMATE REPORT
NATIONAL WEATHER SERVICE CHEYENNE WY
1244 AM MST SUN JAN 25 2015


...................................

...THE CHEYENNE WYOMING CLIMATE SUMMARY FOR JANUARY 24 2015...

CLIMATE NORMAL PERIOD 1981 TO 2010
CLIMATE RECORD PERIOD 1871 TO 2015


WEATHER ITEM   OBSERVED TIME   RECORD YEAR NORMAL DEPARTURE LAST
                VALUE   (LST)  VALUE       VALUE  FROM      YEAR
                                                  NORMAL
..................................................................
TEMPERATURE (F)
 YESTERDAY
  MAXIMUM         47    101 PM  61    1968  39      8       50
  MINIMUM         31    357 AM -17    1894  18     13       26
  AVERAGE         39                        29     10       38

PRECIPITATION (IN)
  YESTERDAY        T             1.00 1921   0.01  -0.01     0.00
  MONTH TO DATE    0.06                      0.25  -0.19     0.42
  SINCE JAN 1      0.06                      0.25  -0.19     0.42

SNOWFALL (IN)
  YESTERDAY        T            14.0  1921   0.2   -0.2      0.0
  MONTH TO DATE    0.8                       4.5   -3.7      7.4
  SINCE JUL 1     23.4                      27.2   -3.8     33.1
  SNOW DEPTH       0

DEGREE DAYS
 HEATING
  YESTERDAY       26                        36    -10       27
  MONTH TO DATE  858                       865     -7      839
  SINCE DEC 1   1963                      2020    -57     2035
  SINCE JUL 1   3561                      3768   -207     3739

 COOLING
  YESTERDAY        0                         0      0        0
  MONTH TO DATE    0                         0      0        0
  SINCE DEC 1      0                         0      0        0
  SINCE JAN 1      0                         0      0        0
..................................................................


WIND (MPH)
  HIGHEST WIND SPEED    40   HIGHEST WIND DIRECTION     W (280)
  HIGHEST GUST SPEED    50   HIGHEST GUST DIRECTION     W (280)
  AVERAGE WIND SPEED    19.2


SKY COVER
  AVERAGE SKY COVER 0.4


WEATHER CONDITIONS
 THE FOLLOWING WEATHER WAS RECORDED YESTERDAY.
  LIGHT SNOW


RELATIVE HUMIDITY (PERCENT)
 HIGHEST    75           900 PM
 LOWEST     25          1000 AM
 AVERAGE    50

..........................................................


THE CHEYENNE WYOMING CLIMATE NORMALS FOR TODAY
                         NORMAL    RECORD    YEAR
 MAXIMUM TEMPERATURE (F)   39        61      1935
 MINIMUM TEMPERATURE (F)   18       -21      1902


SUNRISE AND SUNSET
JANUARY 25 2015.......SUNRISE   716 AM MST   SUNSET   507 PM MST
JANUARY 26 2015.......SUNRISE   716 AM MST   SUNSET   508 PM MST


-  INDICATES NEGATIVE NUMBERS.
R  INDICATES RECORD WAS SET OR TIED.
MM INDICATES DATA IS MISSING.
T  INDICATES TRACE AMOUNT.




$$
