000
CDUS46 KSGX 201430
CLICZZ


CLIMATE REPORT
NATIONAL WEATHER SERVICE SAN DIEGO, CA
730 AM PDT SAT SEP 20 2014


...................................

...THE CAMPO ASOS CA CLIMATE SUMMARY FOR SEPTEMBER 19 2014...

CLIMATE NORMAL PERIOD 1981 TO 2010
CLIMATE RECORD PERIOD 1948 TO 2014


WEATHER ITEM   OBSERVED TIME   RECORD YEAR NORMAL DEPARTURE LAST
                VALUE   (LST)  VALUE       VALUE  FROM      YEAR
                                                  NORMAL
..................................................................
TEMPERATURE (F)
 YESTERDAY
  MAXIMUM         84    222 PM  99    1962  89     -5       93
  MINIMUM         56   1159 PM  29    1955  48      8       44
  AVERAGE         70                        68      2       69

PRECIPITATION (IN)
  YESTERDAY        0.00          0.59 1960   0.01  -0.01     0.00
  MONTH TO DATE    1.41                      0.22   1.19     1.51
  SINCE JUL 1      2.03                      1.24   0.79     1.94
  SINCE JAN 1      4.79                     11.39  -6.60     6.72

SNOWFALL (IN)
  YESTERDAY        0.0
  MONTH TO DATE    0.0
  SINCE JAN 1      0.0
  SINCE JUL 1      0.0
  SNOW DEPTH       0

DEGREE DAYS
 HEATING
  YESTERDAY        0                         1     -1        0
  MONTH TO DATE    0                        17    -17        2
  SINCE SEP 1      0                        17    -17        2
  SINCE JUL 1      2                        31    -29        4

 COOLING
  YESTERDAY        5                         5      0        4
  MONTH TO DATE  183                       123     60      186
  SINCE SEP 1    183                       123     60      186
  SINCE JAN 1    815                       773     42      903
..................................................................


WIND (MPH)
  RESULTANT WIND SPEED   5   RESULTANT WIND DIRECTION  SW (210)
  HIGHEST WIND SPEED    20   HIGHEST WIND DIRECTION    SW (220)
  HIGHEST GUST SPEED    22   HIGHEST GUST DIRECTION    SW (220)
  AVERAGE WIND SPEED     6.0


SKY COVER
  POSSIBLE SUNSHINE  MM
  AVERAGE SKY COVER 0.0



RELATIVE HUMIDITY (PERCENT)
 HIGHEST    97           500 AM
 LOWEST     33           100 PM
 AVERAGE    65

..........................................................


THE CAMPO ASOS CA CLIMATE NORMALS FOR TODAY
                         NORMAL    RECORD    YEAR
 MAXIMUM TEMPERATURE (F)   88        97      1979
 MINIMUM TEMPERATURE (F)   48        33      1989


SUNRISE AND SUNSET
SEPTEMBER 20 2014.....SUNRISE   633 AM PDT   SUNSET   645 PM PDT
SEPTEMBER 21 2014.....SUNRISE   633 AM PDT   SUNSET   644 PM PDT


-  INDICATES NEGATIVE NUMBERS.
R  INDICATES RECORD WAS SET OR TIED.
MM INDICATES DATA IS MISSING.
T  INDICATES TRACE AMOUNT.




$$
