000
CDUS46 KSGX 300021
CLICZZ


CLIMATE REPORT
NATIONAL WEATHER SERVICE SAN DIEGO, CA
521 PM PDT MON MAY 29 2017


...................................

...THE CAMPO ASOS CA CLIMATE SUMMARY FOR MAY 29 2017...
VALID TODAY AS OF 0500 PM LOCAL TIME.

CLIMATE NORMAL PERIOD 1981 TO 2010
CLIMATE RECORD PERIOD 1948 TO 2017


WEATHER ITEM   OBSERVED TIME   RECORD YEAR NORMAL DEPARTURE LAST
                VALUE   (LST)  VALUE       VALUE  FROM      YEAR
                                                  NORMAL
..................................................................
TEMPERATURE (F)
 TODAY
  MAXIMUM         79   1014 AM 102    1984  82     -3       70
  MINIMUM         45    457 AM  32    2010  43      2       54
                                      1989
  AVERAGE         62                        63     -1       62

PRECIPITATION (IN)
  TODAY            0.00          0.13 1988   0.01  -0.01     0.00
  MONTH TO DATE    0.89                      0.18   0.71     0.14
  SINCE OCT 1     16.58                     14.26   2.32     9.32
  SINCE JAN 1     11.35                     10.04   1.31     6.37

DEGREE DAYS
 HEATING
  TODAY            3                         4     -1        3
  MONTH TO DATE  168                       151     17      208
  SINCE MAR 1    746                       868   -122      881
  SINCE JUL 1   2656                      2919   -263     2765

 COOLING
  TODAY            0                         1     -1        0
  MONTH TO DATE   25                        24      1        2
  SINCE MAR 1     27                        27      0        2
  SINCE JAN 1     27                        27      0        2
..................................................................


WIND (MPH)
  RESULTANT WIND SPEED   4   RESULTANT WIND DIRECTION  SW (210)
  HIGHEST WIND SPEED    18   HIGHEST WIND DIRECTION    SW (220)
  HIGHEST GUST SPEED    22   HIGHEST GUST DIRECTION    SW (210)
  AVERAGE WIND SPEED     8.2


SKY COVER
  POSSIBLE SUNSHINE  MM
  AVERAGE SKY COVER 0.0



RELATIVE HUMIDITY (PERCENT)
 HIGHEST    93          1200 AM
 LOWEST     23           900 AM
 AVERAGE    58

..........................................................


THE CAMPO ASOS CA CLIMATE NORMALS FOR TOMORROW
                         NORMAL    RECORD    YEAR
 MAXIMUM TEMPERATURE (F)   83        99      1984
 MINIMUM TEMPERATURE (F)   43        28      1959


SUNRISE AND SUNSET
MAY 29 2017...........SUNRISE   540 AM PDT   SUNSET   747 PM PDT
MAY 30 2017...........SUNRISE   540 AM PDT   SUNSET   748 PM PDT


-  INDICATES NEGATIVE NUMBERS.
R  INDICATES RECORD WAS SET OR TIED.
MM INDICATES DATA IS MISSING.
T  INDICATES TRACE AMOUNT.




$$
