000
CDUS46 KSGX 201138
CLICZZ


CLIMATE REPORT
NATIONAL WEATHER SERVICE SAN DIEGO, CA
433 AM PDT THU JUL 20 2017


...................................

...THE CAMPO ASOS CA CLIMATE SUMMARY FOR JULY 19 2017...

CLIMATE NORMAL PERIOD 1981 TO 2010
CLIMATE RECORD PERIOD 1948 TO 2017


WEATHER ITEM   OBSERVED TIME   RECORD YEAR NORMAL DEPARTURE LAST
                VALUE   (LST)  VALUE       VALUE  FROM      YEAR
                                                  NORMAL
..................................................................
TEMPERATURE (F)
 YESTERDAY
  MAXIMUM         92    214 PM 104    1990  94     -2       99
  MINIMUM         64   1153 PM  35    1987  53     11       55
  AVERAGE         78                        74      4       77

PRECIPITATION (IN)
  YESTERDAY        0.00          1.49 1985   0.02  -0.02     0.00
  MONTH TO DATE    0.00                      0.14  -0.14     0.00
  SINCE OCT 1     16.58                     14.51   2.07     9.32
  SINCE JAN 1     11.35                     10.29   1.06     6.37

DEGREE DAYS
 HEATING
  YESTERDAY        0                         0      0        0
  MONTH TO DATE    0                         4     -4        0
  SINCE JUN 1     37                        60    -23       27
  SINCE JUL 1      0                         4     -4        0

 COOLING
  YESTERDAY       13                         9      4       12
  MONTH TO DATE  231                       142     89      115
  SINCE JUN 1    402                       234    168      336
  SINCE JAN 1    429                       264    165      339
..................................................................


WIND (MPH)
  RESULTANT WIND SPEED   6   RESULTANT WIND DIRECTION  SW (220)
  HIGHEST WIND SPEED    22   HIGHEST WIND DIRECTION     S (190)
  HIGHEST GUST SPEED    25   HIGHEST GUST DIRECTION    SW (220)
  AVERAGE WIND SPEED     7.3


SKY COVER
  POSSIBLE SUNSHINE  MM
  AVERAGE SKY COVER 0.0



RELATIVE HUMIDITY (PERCENT)
 HIGHEST    78           300 AM
 LOWEST     32          1200 PM
 AVERAGE    55

..........................................................


THE CAMPO ASOS CA CLIMATE NORMALS FOR TODAY
                         NORMAL    RECORD    YEAR
 MAXIMUM TEMPERATURE (F)   94       104      1989
 MINIMUM TEMPERATURE (F)   53        42      1973


SUNRISE AND SUNSET
JULY 20 2017..........SUNRISE   552 AM PDT   SUNSET   752 PM PDT
JULY 21 2017..........SUNRISE   553 AM PDT   SUNSET   751 PM PDT


-  INDICATES NEGATIVE NUMBERS.
R  INDICATES RECORD WAS SET OR TIED.
MM INDICATES DATA IS MISSING.
T  INDICATES TRACE AMOUNT.




$$
