000
CDUS46 KSGX 220118
CLICZZ


CLIMATE REPORT
NATIONAL WEATHER SERVICE SAN DIEGO, CA
518 PM PST TUE NOV 21 2017


...................................

...THE CAMPO ASOS CA CLIMATE SUMMARY FOR NOVEMBER 21 2017...
VALID TODAY AS OF 0500 PM LOCAL TIME.

CLIMATE NORMAL PERIOD 1981 TO 2010
CLIMATE RECORD PERIOD 1948 TO 2017


WEATHER ITEM   OBSERVED TIME   RECORD YEAR NORMAL DEPARTURE LAST
                VALUE   (LST)  VALUE       VALUE  FROM      YEAR
                                                  NORMAL
..................................................................
TEMPERATURE (F)
 TODAY
  MAXIMUM         83R   254 PM  83    1998  68     15       54
  MINIMUM         45    518 AM  16    1979  35     10       42
  AVERAGE         64                        52     12       48

PRECIPITATION (IN)
  TODAY            0.00          0.80 1983   0.04  -0.04     0.47
  MONTH TO DATE    0.34                      0.67  -0.33     0.48
  SINCE OCT 1      0.34                      1.49  -1.15     0.54
  SINCE JAN 1     12.06                     13.00  -0.94     7.92

DEGREE DAYS
 HEATING
  TODAY            1                        14    -13       17
  MONTH TO DATE  180                       227    -47      126
  SINCE SEP 1    354                       423    -69      261
  SINCE JUL 1    358                       437    -79      261

 COOLING
  TODAY            0                         0      0        0
  MONTH TO DATE    0                         0      0        4
  SINCE SEP 1    202                       189     13      135
  SINCE JAN 1   1079                       839    240      955
..................................................................


WIND (MPH)
  RESULTANT WIND SPEED   9   RESULTANT WIND DIRECTION  NE (60)
  HIGHEST WIND SPEED    25   HIGHEST WIND DIRECTION     E (70)
  HIGHEST GUST SPEED    31   HIGHEST GUST DIRECTION     E (70)
  AVERAGE WIND SPEED    10.1


SKY COVER
  POSSIBLE SUNSHINE  MM
  AVERAGE SKY COVER 0.0



RELATIVE HUMIDITY (PERCENT)
 HIGHEST    40           500 AM
 LOWEST     11          1000 AM
 AVERAGE    26

..........................................................


THE CAMPO ASOS CA CLIMATE NORMALS FOR TOMORROW
                         NORMAL    RECORD    YEAR
 MAXIMUM TEMPERATURE (F)   68        84      2002
 MINIMUM TEMPERATURE (F)   35        21      2000


SUNRISE AND SUNSET
NOVEMBER 21 2017......SUNRISE   621 AM PST   SUNSET   442 PM PST
NOVEMBER 22 2017......SUNRISE   622 AM PST   SUNSET   442 PM PST


-  INDICATES NEGATIVE NUMBERS.
R  INDICATES RECORD WAS SET OR TIED.
MM INDICATES DATA IS MISSING.
T  INDICATES TRACE AMOUNT.




$$
