000
CDUS43 KUNR 190832
CLID07


CLIMATE REPORT
NATIONAL WEATHER SERVICE RAPID CITY SD
231 AM MDT SAT AUG 19 2017


...................................

...THE FAITH SD CLIMATE SUMMARY FOR AUGUST 18 2017...

CLIMATE NORMAL PERIOD 1981 TO 2010
CLIMATE RECORD PERIOD 9999 TO 9999


WEATHER ITEM   OBSERVED TIME   NORMAL DEPARTURE LAST
                VALUE   (LST)  VALUE  FROM      YEAR
                                      NORMAL
......................................................
TEMPERATURE (F)
 YESTERDAY
  MAXIMUM         86    333 PM  86      0       82
  MINIMUM         55    521 AM  58     -3       57
  AVERAGE         71            72     -1       70

PRECIPITATION (IN)
  YESTERDAY        0.00          0.05  -0.05     0.05
  MONTH TO DATE    0.49          1.03  -0.54     0.94
  SINCE JUN 1      3.62          6.92  -3.30     4.48
  SINCE JAN 1      7.90         13.22  -5.32    11.33

DEGREE DAYS
 HEATING
  YESTERDAY        0             1     -1        0
  MONTH TO DATE   12             2     10        0
  SINCE JUN 1     42           104    -62       18
  SINCE JUL 1     12            14     -2        3

 COOLING
  YESTERDAY        6             7     -1        5
  MONTH TO DATE   51           152   -101      171
  SINCE JUN 1    575           485     90      628
  SINCE JAN 1    587           497     90      630
......................................................


WIND (MPH)
  HIGHEST WIND SPEED    17   HIGHEST WIND DIRECTION    SE (140)
  HIGHEST GUST SPEED    28   HIGHEST GUST DIRECTION    SE (150)
  AVERAGE WIND SPEED    10.2




RELATIVE HUMIDITY (PERCENT)
 HIGHEST    72           500 AM
 LOWEST     25           100 PM
 AVERAGE    49

..........................................................




SUNRISE AND SUNSET
AUGUST 19 2017........SUNRISE   555 AM MDT   SUNSET   747 PM MDT
AUGUST 20 2017........SUNRISE   556 AM MDT   SUNSET   746 PM MDT


-  INDICATES NEGATIVE NUMBERS.
R  INDICATES RECORD WAS SET OR TIED.
MM INDICATES DATA IS MISSING.
T  INDICATES TRACE AMOUNT.




$$
