000
CDUS43 KUNR 020831
CLID07


CLIMATE REPORT
NATIONAL WEATHER SERVICE RAPID CITY SD
130 AM MST FRI DEC 2 2016


...................................

...THE FAITH SD CLIMATE SUMMARY FOR DECEMBER 1 2016...

CLIMATE NORMAL PERIOD 1981 TO 2010
CLIMATE RECORD PERIOD 9999 TO 9999


WEATHER ITEM   OBSERVED TIME   NORMAL DEPARTURE LAST
                VALUE   (LST)  VALUE  FROM      YEAR
                                      NORMAL
......................................................
TEMPERATURE (F)
 YESTERDAY
  MAXIMUM         27    333 PM  34     -7       31
  MINIMUM         24    804 AM  14     10       22
  AVERAGE         26            24      2       27

PRECIPITATION (IN)
  YESTERDAY        0.00          0.01  -0.01     0.07
  MONTH TO DATE    0.00          0.01  -0.01     0.07
  SINCE DEC 1      0.00          0.01  -0.01     0.07
  SINCE JAN 1     14.10         17.27  -3.17    15.46

DEGREE DAYS
 HEATING
  YESTERDAY       39            41     -2       38
  MONTH TO DATE   39            41     -2       38
  SINCE DEC 1     39            41     -2       38
  SINCE JUL 1   1290          1824   -534     1424

 COOLING
  YESTERDAY        0             0      0        0
  MONTH TO DATE    0             0      0        0
  SINCE DEC 1      0             0      0        0
  SINCE JAN 1    734           635     99      691
......................................................


WIND (MPH)
  HIGHEST WIND SPEED    15   HIGHEST WIND DIRECTION    NW (320)
  HIGHEST GUST SPEED    17   HIGHEST GUST DIRECTION    NW (320)
  AVERAGE WIND SPEED     5.1




RELATIVE HUMIDITY (PERCENT)
 HIGHEST   100           700 AM
 LOWEST     84          1100 AM
 AVERAGE    92

..........................................................




SUNRISE AND SUNSET
DECEMBER  2 2016......SUNRISE   708 AM MST   SUNSET   407 PM MST
DECEMBER  3 2016......SUNRISE   709 AM MST   SUNSET   407 PM MST


-  INDICATES NEGATIVE NUMBERS.
R  INDICATES RECORD WAS SET OR TIED.
MM INDICATES DATA IS MISSING.
T  INDICATES TRACE AMOUNT.




$$
