000
CDUS43 KUNR 270837
CLID07


CLIMATE REPORT
NATIONAL WEATHER SERVICE RAPID CITY SD
135 AM MST TUE JAN 27 2015


...................................

...THE FAITH SD CLIMATE SUMMARY FOR JANUARY 26 2015...

CLIMATE NORMAL PERIOD 1981 TO 2010
CLIMATE RECORD PERIOD 9999 TO 9999


WEATHER ITEM   OBSERVED TIME   NORMAL DEPARTURE LAST
                VALUE   (LST)  VALUE  FROM      YEAR
                                      NORMAL
......................................................
TEMPERATURE (F)
 YESTERDAY
  MAXIMUM         59    311 PM  30     29       39
  MINIMUM         38   1159 PM  11     27        0
  AVERAGE         49            20     29       20

PRECIPITATION (IN)
  YESTERDAY        0.00          0.00   0.00     0.00
  MONTH TO DATE    0.14          0.16  -0.02     0.07
  SINCE DEC 1      0.42          0.56  -0.14     0.97
  SINCE JAN 1      0.14          0.16  -0.02     0.07

DEGREE DAYS
 HEATING
  YESTERDAY       16            45    -29       45
  MONTH TO DATE 1072          1170    -98     1109
  SINCE DEC 1   2289          2530   -241     2679
  SINCE JUL 1   4165          4313   -148     4429

 COOLING
  YESTERDAY        0             0      0        0
  MONTH TO DATE    0             0      0        0
  SINCE DEC 1      0             0      0        0
  SINCE JAN 1      0             0      0        0
......................................................


WIND (MPH)
  HIGHEST WIND SPEED    24   HIGHEST WIND DIRECTION     W (290)
  HIGHEST GUST SPEED    34   HIGHEST GUST DIRECTION     W (290)
  AVERAGE WIND SPEED    13.6




RELATIVE HUMIDITY (PERCENT)
 HIGHEST    70           400 AM
 LOWEST     30          1200 PM
 AVERAGE    50

..........................................................




SUNRISE AND SUNSET
JANUARY 27 2015.......SUNRISE   714 AM MST   SUNSET   449 PM MST
JANUARY 28 2015.......SUNRISE   713 AM MST   SUNSET   450 PM MST


-  INDICATES NEGATIVE NUMBERS.
R  INDICATES RECORD WAS SET OR TIED.
MM INDICATES DATA IS MISSING.
T  INDICATES TRACE AMOUNT.




$$
