000
CDUS43 KUNR 290830
CLID07


CLIMATE REPORT
NATIONAL WEATHER SERVICE RAPID CITY SD
230 AM MDT SAT AUG 29 2015


...................................

...THE FAITH SD CLIMATE SUMMARY FOR AUGUST 28 2015...

CLIMATE NORMAL PERIOD 1981 TO 2010
CLIMATE RECORD PERIOD 9999 TO 9999


WEATHER ITEM   OBSERVED TIME   NORMAL DEPARTURE LAST
                VALUE   (LST)  VALUE  FROM      YEAR
                                      NORMAL
......................................................
TEMPERATURE (F)
 YESTERDAY
  MAXIMUM         87    304 PM  83      4       79
  MINIMUM         57    538 AM  55      2       60
  AVERAGE         72            69      3       70

PRECIPITATION (IN)
  YESTERDAY        0.00          0.05  -0.05     0.05
  MONTH TO DATE    2.51          1.46   1.05     5.51
  SINCE JUN 1      5.73          7.35  -1.62    11.87
  SINCE JAN 1     12.97         13.65  -0.68    16.45

DEGREE DAYS
 HEATING
  YESTERDAY        0             1     -1        0
  MONTH TO DATE   29            12     17       22
  SINCE JUN 1     63           114    -51      144
  SINCE JUL 1     29            24      5       39

 COOLING
  YESTERDAY        7             6      1        5
  MONTH TO DATE  195           216    -21      169
  SINCE JUN 1    547           549     -2      367
  SINCE JAN 1    549           561    -12      397
......................................................


WIND (MPH)
  HIGHEST WIND SPEED    14   HIGHEST WIND DIRECTION    SW (230)
  HIGHEST GUST SPEED    18   HIGHEST GUST DIRECTION    SW (220)
  AVERAGE WIND SPEED     7.9




RELATIVE HUMIDITY (PERCENT)
 HIGHEST    97           700 AM
 LOWEST     32           300 PM
 AVERAGE    65

..........................................................




SUNRISE AND SUNSET
AUGUST 29 2015........SUNRISE   606 AM MDT   SUNSET   731 PM MDT
AUGUST 30 2015........SUNRISE   607 AM MDT   SUNSET   729 PM MDT


-  INDICATES NEGATIVE NUMBERS.
R  INDICATES RECORD WAS SET OR TIED.
MM INDICATES DATA IS MISSING.
T  INDICATES TRACE AMOUNT.




$$
