000
CDUS43 KUNR 170921
CLID07


CLIMATE REPORT
NATIONAL WEATHER SERVICE RAPID CITY SD
221 AM MST WED JAN 17 2018


...................................

...THE FAITH SD CLIMATE SUMMARY FOR JANUARY 16 2018...

CLIMATE NORMAL PERIOD 1981 TO 2010
CLIMATE RECORD PERIOD 9999 TO 9999


WEATHER ITEM   OBSERVED TIME   NORMAL DEPARTURE LAST
                VALUE   (LST)  VALUE  FROM      YEAR
                                      NORMAL
......................................................
TEMPERATURE (F)
 YESTERDAY
  MAXIMUM         13    402 PM  30    -17       23
  MINIMUM        -18    433 AM  11    -29        6
  AVERAGE         -2            20    -22       15

PRECIPITATION (IN)
  YESTERDAY        0.00          0.01  -0.01     0.00
  MONTH TO DATE    0.13          0.10   0.03     0.45
  SINCE DEC 1      0.74          0.50   0.24     0.89
  SINCE JAN 1      0.13          0.10   0.03     0.45

DEGREE DAYS
 HEATING
  YESTERDAY       67            45     22       50
  MONTH TO DATE  853           720    133      975
  SINCE DEC 1   2189          2080    109     2457
  SINCE JUL 1   3812          3863    -51     3708

 COOLING
  YESTERDAY        0             0      0        0
  MONTH TO DATE    0             0      0        0
  SINCE DEC 1      0             0      0        0
  SINCE JAN 1      0             0      0        0
......................................................


WIND (MPH)
  HIGHEST WIND SPEED    25   HIGHEST WIND DIRECTION     S (170)
  HIGHEST GUST SPEED    28   HIGHEST GUST DIRECTION     S (170)
  AVERAGE WIND SPEED    16.4




RELATIVE HUMIDITY (PERCENT)
 HIGHEST    89          1200 AM
 LOWEST     67           300 PM
 AVERAGE    78

..........................................................




SUNRISE AND SUNSET
JANUARY 17 2018.......SUNRISE   722 AM MST   SUNSET   435 PM MST
JANUARY 18 2018.......SUNRISE   721 AM MST   SUNSET   437 PM MST


-  INDICATES NEGATIVE NUMBERS.
R  INDICATES RECORD WAS SET OR TIED.
MM INDICATES DATA IS MISSING.
T  INDICATES TRACE AMOUNT.




$$
