000
CDUS43 KUNR 170836
CLID07


CLIMATE REPORT
NATIONAL WEATHER SERVICE RAPID CITY SD
135 AM MST WED DEC 17 2014


...................................

...THE FAITH SD CLIMATE SUMMARY FOR DECEMBER 16 2014...

CLIMATE NORMAL PERIOD 1981 TO 2010
CLIMATE RECORD PERIOD 9999 TO 9999


WEATHER ITEM   OBSERVED TIME   NORMAL DEPARTURE LAST
                VALUE   (LST)  VALUE  FROM      YEAR
                                      NORMAL
......................................................
TEMPERATURE (F)
 YESTERDAY
  MAXIMUM         22   1222 PM  30     -8       40
  MINIMUM         17   1159 PM  11      6       24
  AVERAGE         20            20      0       32

PRECIPITATION (IN)
  YESTERDAY        0.00          0.02  -0.02     0.00
  MONTH TO DATE    0.04          0.19  -0.15     0.37
  SINCE DEC 1      0.04          0.19  -0.15     0.37
  SINCE JAN 1     18.58         17.45   1.13    16.70

DEGREE DAYS
 HEATING
  YESTERDAY       45            44      1       33
  MONTH TO DATE  548           688   -140      838
  SINCE DEC 1    548           688   -140      838
  SINCE JUL 1   2424          2471    -47     2588

 COOLING
  YESTERDAY        0             0      0        0
  MONTH TO DATE    0             0      0        0
  SINCE DEC 1      0             0      0        0
  SINCE JAN 1    445           635   -190      720
......................................................


WIND (MPH)
  HIGHEST WIND SPEED    17   HIGHEST WIND DIRECTION     N (350)
  HIGHEST GUST SPEED    21   HIGHEST GUST DIRECTION     N (340)
  AVERAGE WIND SPEED     6.8




RELATIVE HUMIDITY (PERCENT)
 HIGHEST    84          1200 AM
 LOWEST     71           300 PM
 AVERAGE    78

..........................................................




SUNRISE AND SUNSET
DECEMBER 17 2014......SUNRISE   721 AM MST   SUNSET   408 PM MST
DECEMBER 18 2014......SUNRISE   722 AM MST   SUNSET   408 PM MST


-  INDICATES NEGATIVE NUMBERS.
R  INDICATES RECORD WAS SET OR TIED.
MM INDICATES DATA IS MISSING.
T  INDICATES TRACE AMOUNT.




$$
