000
CDUS43 KUNR 220832
CLID07


CLIMATE REPORT
NATIONAL WEATHER SERVICE RAPID CITY SD
231 AM MDT MON SEP 22 2014


...................................

...THE FAITH SD CLIMATE SUMMARY FOR SEPTEMBER 21 2014...

CLIMATE NORMAL PERIOD 1981 TO 2010
CLIMATE RECORD PERIOD 9999 TO 9999


WEATHER ITEM   OBSERVED TIME   NORMAL DEPARTURE LAST
                VALUE   (LST)  VALUE  FROM      YEAR
                                      NORMAL
......................................................
TEMPERATURE (F)
 YESTERDAY
  MAXIMUM         73    420 PM  71      2       84
  MINIMUM         43    418 AM  44     -1       47
  AVERAGE         58            57      1       66

PRECIPITATION (IN)
  YESTERDAY        0.00          0.05  -0.05     0.00
  MONTH TO DATE    0.34          1.01  -0.67     0.39
  SINCE SEP 1      0.34          1.01  -0.67     0.39
  SINCE JAN 1     16.85         14.83   2.02    12.76

DEGREE DAYS
 HEATING
  YESTERDAY        7             8     -1        0
  MONTH TO DATE  169           103     66       28
  SINCE SEP 1    169           103     66       28
  SINCE JUL 1    212           136     76       43

 COOLING
  YESTERDAY        0             1     -1        1
  MONTH TO DATE   17            56    -39      117
  SINCE SEP 1     17            56    -39      117
  SINCE JAN 1    416           631   -215      707
......................................................


WIND (MPH)
  HIGHEST WIND SPEED    16   HIGHEST WIND DIRECTION     S (160)
  HIGHEST GUST SPEED    19   HIGHEST GUST DIRECTION    SE (150)
  AVERAGE WIND SPEED     7.8




RELATIVE HUMIDITY (PERCENT)
 HIGHEST    71          1200 AM
 LOWEST     27           400 PM
 AVERAGE    49

..........................................................




SUNRISE AND SUNSET
SEPTEMBER 22 2014.....SUNRISE   635 AM MDT   SUNSET   646 PM MDT
SEPTEMBER 23 2014.....SUNRISE   636 AM MDT   SUNSET   644 PM MDT


-  INDICATES NEGATIVE NUMBERS.
R  INDICATES RECORD WAS SET OR TIED.
MM INDICATES DATA IS MISSING.
T  INDICATES TRACE AMOUNT.




$$
