000
CDUS43 KUNR 240832
CLID07


CLIMATE REPORT
NATIONAL WEATHER SERVICE RAPID CITY SD
231 AM MDT SAT JUN 24 2017


...................................

...THE FAITH SD CLIMATE SUMMARY FOR JUNE 23 2017...

CLIMATE NORMAL PERIOD 1981 TO 2010
CLIMATE RECORD PERIOD 9999 TO 9999


WEATHER ITEM   OBSERVED TIME   NORMAL DEPARTURE LAST
                VALUE   (LST)  VALUE  FROM      YEAR
                                      NORMAL
......................................................
TEMPERATURE (F)
 YESTERDAY
  MAXIMUM         70    240 PM  81    -11       82
  MINIMUM         47   1159 PM  55     -8       45
  AVERAGE         59            68     -9       64

PRECIPITATION (IN)
  YESTERDAY        0.00          0.14  -0.14     0.00
  MONTH TO DATE    2.05          2.19  -0.14     1.10
  SINCE JUN 1      2.05          2.19  -0.14     1.10
  SINCE JAN 1      6.33          8.49  -2.16     7.95

DEGREE DAYS
 HEATING
  YESTERDAY        6             1      5        1
  MONTH TO DATE   13            82    -69       15
  SINCE JUN 1     13            82    -69       15
  SINCE JUL 1   7113          7701   -588     6578

 COOLING
  YESTERDAY        0             4     -4        0
  MONTH TO DATE  106            52     54      124
  SINCE JUN 1    106            52     54      124
  SINCE JAN 1    118            64     54      126
......................................................


WIND (MPH)
  HIGHEST WIND SPEED    32   HIGHEST WIND DIRECTION    NW (320)
  HIGHEST GUST SPEED    40   HIGHEST GUST DIRECTION    NW (330)
  AVERAGE WIND SPEED    19.6




RELATIVE HUMIDITY (PERCENT)
 HIGHEST    77           100 AM
 LOWEST     24           400 PM
 AVERAGE    51

..........................................................




SUNRISE AND SUNSET
JUNE 24 2017..........SUNRISE   502 AM MDT   SUNSET   839 PM MDT
JUNE 25 2017..........SUNRISE   503 AM MDT   SUNSET   839 PM MDT


-  INDICATES NEGATIVE NUMBERS.
R  INDICATES RECORD WAS SET OR TIED.
MM INDICATES DATA IS MISSING.
T  INDICATES TRACE AMOUNT.




$$
