000
CDUS43 KUNR 300833
CLID07


CLIMATE REPORT
NATIONAL WEATHER SERVICE RAPID CITY SD
233 AM MDT WED JUL 30 2014


...................................

...THE FAITH SD CLIMATE SUMMARY FOR JULY 29 2014...

CLIMATE NORMAL PERIOD 1981 TO 2010
CLIMATE RECORD PERIOD 9999 TO 9999


WEATHER ITEM   OBSERVED TIME   NORMAL DEPARTURE LAST
                VALUE   (LST)  VALUE  FROM      YEAR
                                      NORMAL
......................................................
TEMPERATURE (F)
 YESTERDAY
  MAXIMUM         83    317 PM  87     -4       83
  MINIMUM         54    446 AM  60     -6       58
  AVERAGE         69            74     -5       71

PRECIPITATION (IN)
  YESTERDAY        0.00          0.06  -0.06     0.00
  MONTH TO DATE    0.43          2.68  -2.25     1.57
  SINCE JUN 1      6.36          5.77   0.59     2.83
  SINCE JAN 1     10.94         12.07  -1.13    10.47

DEGREE DAYS
 HEATING
  YESTERDAY        0             0      0        0
  MONTH TO DATE   17             5     12       13
  SINCE JUN 1    122            95     27       86
  SINCE JUL 1     17             5     12       13

 COOLING
  YESTERDAY        4             9     -5        6
  MONTH TO DATE  163           230    -67      255
  SINCE JUN 1    185           318   -133      337
  SINCE JAN 1    215           330   -115      350
......................................................


WIND (MPH)
  HIGHEST WIND SPEED    12   HIGHEST WIND DIRECTION     S (160)
  HIGHEST GUST SPEED    16   HIGHEST GUST DIRECTION     S (180)
  AVERAGE WIND SPEED     7.1




RELATIVE HUMIDITY (PERCENT)
 HIGHEST    89           300 AM
 LOWEST     35           300 PM
 AVERAGE    62

..........................................................




SUNRISE AND SUNSET
JULY 30 2014..........SUNRISE   531 AM MDT   SUNSET   817 PM MDT
JULY 31 2014..........SUNRISE   532 AM MDT   SUNSET   816 PM MDT


-  INDICATES NEGATIVE NUMBERS.
R  INDICATES RECORD WAS SET OR TIED.
MM INDICATES DATA IS MISSING.
T  INDICATES TRACE AMOUNT.




$$
