000
CDUS43 KUNR 010845
CLID07


CLIMATE REPORT
NATIONAL WEATHER SERVICE RAPID CITY SD
143 AM MST SUN MAR 1 2015


...................................

...THE FAITH SD CLIMATE SUMMARY FOR FEBRUARY 28 2015...

CLIMATE NORMAL PERIOD 1981 TO 2010
CLIMATE RECORD PERIOD 9999 TO 9999


WEATHER ITEM   OBSERVED TIME   NORMAL DEPARTURE LAST
                VALUE   (LST)  VALUE  FROM      YEAR
                                      NORMAL
......................................................
TEMPERATURE (F)
 YESTERDAY
  MAXIMUM         25    101 PM  37    -12       MM
  MINIMUM          7    434 AM  18    -11       -2
  AVERAGE         16            27    -11       MM

PRECIPITATION (IN)
  YESTERDAY        0.00          0.01  -0.01     0.09
  MONTH TO DATE    0.26          0.42  -0.16     0.70
  SINCE DEC 1      0.71          1.02  -0.31     1.80
  SINCE JAN 1      0.43          0.62  -0.19     0.90

DEGREE DAYS
 HEATING
  YESTERDAY       49            38     11       MM
  MONTH TO DATE 1190          1160     30     1392
  SINCE DEC 1   3623          3905   -282     4336
  SINCE JUL 1   5499          5688   -189     6086

 COOLING
  YESTERDAY        0             0      0       MM
  MONTH TO DATE    0             0      0        0
  SINCE DEC 1      0             0      0        0
  SINCE JAN 1      0             0      0        0
......................................................


WIND (MPH)
  HIGHEST WIND SPEED    28   HIGHEST WIND DIRECTION    NW (310)
  HIGHEST GUST SPEED    33   HIGHEST GUST DIRECTION    NW (310)
  AVERAGE WIND SPEED    14.2




RELATIVE HUMIDITY (PERCENT)
 HIGHEST    76           600 AM
 LOWEST     34          1200 PM
 AVERAGE    55

..........................................................




SUNRISE AND SUNSET
MARCH  1 2015.........SUNRISE   626 AM MST   SUNSET   535 PM MST
MARCH  2 2015.........SUNRISE   625 AM MST   SUNSET   537 PM MST


-  INDICATES NEGATIVE NUMBERS.
R  INDICATES RECORD WAS SET OR TIED.
MM INDICATES DATA IS MISSING.
T  INDICATES TRACE AMOUNT.




$$
