000
CDUS43 KUNR 230838
CLID07


CLIMATE REPORT
NATIONAL WEATHER SERVICE RAPID CITY SD
237 AM MDT THU MAR 23 2017


...................................

...THE FAITH SD CLIMATE SUMMARY FOR MARCH 22 2017...

CLIMATE NORMAL PERIOD 1981 TO 2010
CLIMATE RECORD PERIOD 9999 TO 9999


WEATHER ITEM   OBSERVED TIME   NORMAL DEPARTURE LAST
                VALUE   (LST)  VALUE  FROM      YEAR
                                      NORMAL
......................................................
TEMPERATURE (F)
 YESTERDAY
  MAXIMUM         64    424 PM  45     19       50
  MINIMUM         25    235 AM  24      1       28
  AVERAGE         45            35     10       39

PRECIPITATION (IN)
  YESTERDAY        0.00          0.04  -0.04     0.31
  MONTH TO DATE    0.38          0.60  -0.22     0.49
  SINCE MAR 1      0.38          0.60  -0.22     0.49
  SINCE JAN 1      1.40          1.22   0.18     2.00

DEGREE DAYS
 HEATING
  YESTERDAY       20            30    -10       26
  MONTH TO DATE  730           749    -19      531
  SINCE MAR 1    730           749    -19      531
  SINCE JUL 1   6081          6437   -356     5477

 COOLING
  YESTERDAY        0             0      0        0
  MONTH TO DATE    0             0      0        0
  SINCE MAR 1      0             0      0        0
  SINCE JAN 1      0             0      0        0
......................................................


WIND (MPH)
  HIGHEST WIND SPEED    38   HIGHEST WIND DIRECTION     S (160)
  HIGHEST GUST SPEED    46   HIGHEST GUST DIRECTION    SE (150)
  AVERAGE WIND SPEED    21.2




RELATIVE HUMIDITY (PERCENT)
 HIGHEST   100           200 AM
 LOWEST     43           300 PM
 AVERAGE    72

..........................................................




SUNRISE AND SUNSET
MARCH 23 2017.........SUNRISE   645 AM MDT   SUNSET   705 PM MDT
MARCH 24 2017.........SUNRISE   643 AM MDT   SUNSET   706 PM MDT


-  INDICATES NEGATIVE NUMBERS.
R  INDICATES RECORD WAS SET OR TIED.
MM INDICATES DATA IS MISSING.
T  INDICATES TRACE AMOUNT.




$$
