000
CDUS43 KUNR 230851
CLID07


CLIMATE REPORT
NATIONAL WEATHER SERVICE RAPID CITY SD
248 AM MDT TUE MAY 23 2017


...................................

...THE FAITH SD CLIMATE SUMMARY FOR MAY 22 2017...

CLIMATE NORMAL PERIOD 1981 TO 2010
CLIMATE RECORD PERIOD 9999 TO 9999


WEATHER ITEM   OBSERVED TIME   NORMAL DEPARTURE LAST
                VALUE   (LST)  VALUE  FROM      YEAR
                                      NORMAL
......................................................
TEMPERATURE (F)
 YESTERDAY
  MAXIMUM         64    302 PM  68     -4       81
  MINIMUM         45   1200 AM  45      0       52
  AVERAGE         55            57     -2       67

PRECIPITATION (IN)
  YESTERDAY        0.05          0.10  -0.05     0.00
  MONTH TO DATE    1.17          2.15  -0.98     0.35
  SINCE MAR 1      3.22          4.76  -1.54     5.20
  SINCE JAN 1      4.24          5.38  -1.14     6.71

DEGREE DAYS
 HEATING
  YESTERDAY       10             9      1        0
  MONTH TO DATE  205           253    -48      234
  SINCE MAR 1   1678          1864   -186     1571
  SINCE JUL 1   7029          7552   -523     6517

 COOLING
  YESTERDAY        0             0      0        2
  MONTH TO DATE   12             0     12        2
  SINCE MAR 1     12             1     11        2
  SINCE JAN 1     12             1     11        2
......................................................


WIND (MPH)
  HIGHEST WIND SPEED    28   HIGHEST WIND DIRECTION     N (10)
  HIGHEST GUST SPEED    37   HIGHEST GUST DIRECTION     N (10)
  AVERAGE WIND SPEED    16.3




RELATIVE HUMIDITY (PERCENT)
 HIGHEST   100           400 AM
 LOWEST     36           300 PM
 AVERAGE    68

..........................................................




SUNRISE AND SUNSET
MAY 23 2017...........SUNRISE   511 AM MDT   SUNSET   820 PM MDT
MAY 24 2017...........SUNRISE   510 AM MDT   SUNSET   821 PM MDT


-  INDICATES NEGATIVE NUMBERS.
R  INDICATES RECORD WAS SET OR TIED.
MM INDICATES DATA IS MISSING.
T  INDICATES TRACE AMOUNT.




$$
