000
CDUS43 KUNR 290842
CLID07


CLIMATE REPORT
NATIONAL WEATHER SERVICE RAPID CITY SD
238 AM MDT SUN MAR 29 2015


...................................

...THE FAITH SD CLIMATE SUMMARY FOR MARCH 28 2015...

CLIMATE NORMAL PERIOD 1981 TO 2010
CLIMATE RECORD PERIOD 9999 TO 9999


WEATHER ITEM   OBSERVED TIME   NORMAL DEPARTURE LAST
                VALUE   (LST)  VALUE  FROM      YEAR
                                      NORMAL
......................................................
TEMPERATURE (F)
 YESTERDAY
  MAXIMUM         79    348 PM  48     31       32
  MINIMUM         32    618 AM  26      6       20
  AVERAGE         56            37     19       26

PRECIPITATION (IN)
  YESTERDAY        0.00          0.05  -0.05     0.09
  MONTH TO DATE    0.15          0.84  -0.69     1.02
  SINCE MAR 1      0.15          0.84  -0.69     1.02
  SINCE JAN 1      0.58          1.46  -0.88     1.92

DEGREE DAYS
 HEATING
  YESTERDAY        9            28    -19       39
  MONTH TO DATE  696           923   -227     1028
  SINCE MAR 1    696           923   -227     1028
  SINCE JUL 1   6195          6611   -416     7114

 COOLING
  YESTERDAY        0             0      0        0
  MONTH TO DATE    2             0      2        0
  SINCE MAR 1      2             0      2        0
  SINCE JAN 1      2             0      2        0
......................................................


WIND (MPH)
  HIGHEST WIND SPEED    45   HIGHEST WIND DIRECTION    NW (320)
  HIGHEST GUST SPEED    53   HIGHEST GUST DIRECTION    NW (320)
  AVERAGE WIND SPEED    18.6




RELATIVE HUMIDITY (PERCENT)
 HIGHEST    85           600 AM
 LOWEST     16           200 PM
 AVERAGE    51

..........................................................




SUNRISE AND SUNSET
MARCH 29 2015.........SUNRISE   635 AM MDT   SUNSET   712 PM MDT
MARCH 30 2015.........SUNRISE   633 AM MDT   SUNSET   713 PM MDT


-  INDICATES NEGATIVE NUMBERS.
R  INDICATES RECORD WAS SET OR TIED.
MM INDICATES DATA IS MISSING.
T  INDICATES TRACE AMOUNT.




$$
