000
CDUS42 KMLB 270626
CLIDAB


CLIMATE REPORT
NATIONAL WEATHER SERVICE MELBOURNE FL
226 AM EDT TUE SEP 27 2016


...................................

...THE DAYTONA BEACH CLIMATE SUMMARY FOR SEPTEMBER 26 2016...

CLIMATE NORMAL PERIOD 1981 TO 2010
CLIMATE RECORD PERIOD 1923 TO 2016


WEATHER ITEM   OBSERVED TIME   RECORD YEAR NORMAL DEPARTURE LAST
                VALUE   (LST)  VALUE       VALUE  FROM      YEAR
                                                  NORMAL
..................................................................
TEMPERATURE (F)
 YESTERDAY
  MAXIMUM         90    132 PM  93    1989  86      4       87
                                      1941
  MINIMUM         72    616 AM  57    1956  71      1       73
  AVERAGE         81                        78      3       80

PRECIPITATION (IN)
  YESTERDAY        0.14          4.12 1924   0.21  -0.07     0.01
  MONTH TO DATE    5.79                      6.11  -0.32     4.91
  SINCE SEP 1      5.79                      6.11  -0.32     4.91
  SINCE JAN 1     33.42                     39.24  -5.82    36.20

SNOWFALL (IN)
  YESTERDAY        0.0
  MONTH TO DATE    0.0
  SINCE JUL 1      0.0

DEGREE DAYS
 HEATING
  YESTERDAY        0                         0      0        0
  MONTH TO DATE    0                         0      0        0
  SINCE SEP 1      0                         0      0        0
  SINCE JUL 1      0                         0      0        0

 COOLING
  YESTERDAY       16                        13      3       15
  MONTH TO DATE  420                       385     35      402
  SINCE SEP 1    420                       385     35      402
  SINCE JAN 1   2885                      2459    426     2896
..................................................................


WIND (MPH)
  HIGHEST WIND SPEED    16   HIGHEST WIND DIRECTION     N (350)
  HIGHEST GUST SPEED    20   HIGHEST GUST DIRECTION     N (350)
  AVERAGE WIND SPEED     2.8


SKY COVER
  AVERAGE SKY COVER 0.5


WEATHER CONDITIONS
 THE FOLLOWING WEATHER WAS RECORDED YESTERDAY.
  THUNDERSTORM
  HEAVY RAIN
  RAIN
  FOG


RELATIVE HUMIDITY (PERCENT)
 HIGHEST   100           700 AM
 LOWEST     52           100 PM
 AVERAGE    76

..........................................................


THE DAYTONA BEACH CLIMATE NORMALS FOR TODAY
                         NORMAL    RECORD    YEAR
 MAXIMUM TEMPERATURE (F)   86        94      1939
 MINIMUM TEMPERATURE (F)   71        52      1956


SUNRISE AND SUNSET
SEPTEMBER 27 2016.....SUNRISE   715 AM EDT   SUNSET   714 PM EDT
SEPTEMBER 28 2016.....SUNRISE   716 AM EDT   SUNSET   713 PM EDT


-  INDICATES NEGATIVE NUMBERS.
R  INDICATES RECORD WAS SET OR TIED.
MM INDICATES DATA IS MISSING.
T  INDICATES TRACE AMOUNT.




$$
