000
CDUS42 KMLB 220635
CLIDAB


CLIMATE REPORT
NATIONAL WEATHER SERVICE MELBOURNE FL
235 AM EDT FRI MAY 22 2015


...................................

...THE DAYTONA BEACH CLIMATE SUMMARY FOR MAY 21 2015...

CLIMATE NORMAL PERIOD 1981 TO 2010
CLIMATE RECORD PERIOD 1923 TO 2015


WEATHER ITEM   OBSERVED TIME   RECORD YEAR NORMAL DEPARTURE LAST
                VALUE   (LST)  VALUE       VALUE  FROM      YEAR
                                                  NORMAL
..................................................................
TEMPERATURE (F)
 YESTERDAY
  MAXIMUM         92    209 PM  97    1998  86      6       82
  MINIMUM         71    523 AM  55    1940  67      4       60
  AVERAGE         82                        76      6       71

PRECIPITATION (IN)
  YESTERDAY        0.00          2.00 1923   0.11  -0.11     0.00
  MONTH TO DATE    2.15                      1.72   0.43     2.68
  SINCE MAR 1      8.44                      8.14   0.30    11.74
  SINCE JAN 1     13.87                     13.66   0.21    18.32

SNOWFALL (IN)
  YESTERDAY        0.0
  MONTH TO DATE    0.0
  SINCE JUL 1      0.0

DEGREE DAYS
 HEATING
  YESTERDAY        0                         0      0        0
  MONTH TO DATE    0                         0      0        0
  SINCE MAR 1     35                       125    -90       89
  SINCE JUL 1    682                       807   -125      602

 COOLING
  YESTERDAY       17                        11      6        6
  MONTH TO DATE  227                       190     37      192
  SINCE MAR 1    732                       412    320      443
  SINCE JAN 1    772                       477    295      527
..................................................................


WIND (MPH)
  HIGHEST WIND SPEED    14   HIGHEST WIND DIRECTION     W (260)
  HIGHEST GUST SPEED    18   HIGHEST GUST DIRECTION     W (290)
  AVERAGE WIND SPEED     6.4


SKY COVER
  AVERAGE SKY COVER 0.5


WEATHER CONDITIONS
 THE FOLLOWING WEATHER WAS RECORDED YESTERDAY.
  NO SIGNIFICANT WEATHER WAS OBSERVED.


RELATIVE HUMIDITY (PERCENT)
 HIGHEST    93           200 AM
 LOWEST     41           200 PM
 AVERAGE    67

..........................................................


THE DAYTONA BEACH CLIMATE NORMALS FOR TODAY
                         NORMAL    RECORD    YEAR
 MAXIMUM TEMPERATURE (F)   86        97      1962
                                             1940
                                             1938
 MINIMUM TEMPERATURE (F)   67        55      1954


SUNRISE AND SUNSET
MAY 22 2015...........SUNRISE   629 AM EDT   SUNSET   813 PM EDT
MAY 23 2015...........SUNRISE   628 AM EDT   SUNSET   814 PM EDT


-  INDICATES NEGATIVE NUMBERS.
R  INDICATES RECORD WAS SET OR TIED.
MM INDICATES DATA IS MISSING.
T  INDICATES TRACE AMOUNT.




$$
