000
CDUS42 KMLB 270635
CLIDAB


CLIMATE REPORT
NATIONAL WEATHER SERVICE MELBOURNE FL
135 AM EST SAT DEC 27 2014


...................................

...THE DAYTONA BEACH CLIMATE SUMMARY FOR DECEMBER 26 2014...

CLIMATE NORMAL PERIOD 1981 TO 2010
CLIMATE RECORD PERIOD 1923 TO 2014


WEATHER ITEM   OBSERVED TIME   RECORD YEAR NORMAL DEPARTURE LAST
                VALUE   (LST)  VALUE       VALUE  FROM      YEAR
                                                  NORMAL
..................................................................
TEMPERATURE (F)
 YESTERDAY
  MAXIMUM         71    114 PM  82    1987  69      2       69
  MINIMUM         48    534 AM  19    1983  48      0       56
  AVERAGE         60                        59      1       63

PRECIPITATION (IN)
  YESTERDAY        0.00          1.00 1930   0.09  -0.09      T
  MONTH TO DATE    2.78                      2.20   0.58     1.27
  SINCE DEC 1      2.78                      2.20   0.58     1.27
  SINCE JAN 1     63.77                     49.19  14.58    47.63

SNOWFALL (IN)
  YESTERDAY        0.0
  MONTH TO DATE    0.0
  SINCE JUL 1      0.0

DEGREE DAYS
 HEATING
  YESTERDAY        5                         8     -3        2
  MONTH TO DATE  114                       152    -38       65
  SINCE DEC 1    114                       152    -38       65
  SINCE JUL 1    243                       226     17       96

 COOLING
  YESTERDAY        0                         1     -1        0
  MONTH TO DATE   63                        42     21      101
  SINCE DEC 1     63                        42     21      101
  SINCE JAN 1   3045                      2954     91     3243
..................................................................


WIND (MPH)
  HIGHEST WIND SPEED    15   HIGHEST WIND DIRECTION     N (10)
  HIGHEST GUST SPEED    18   HIGHEST GUST DIRECTION     N (10)
  AVERAGE WIND SPEED     4.7


SKY COVER
  AVERAGE SKY COVER 0.6


WEATHER CONDITIONS
 THE FOLLOWING WEATHER WAS RECORDED YESTERDAY.
  NO SIGNIFICANT WEATHER WAS OBSERVED.


RELATIVE HUMIDITY (PERCENT)
 HIGHEST    93          1200 AM
 LOWEST     66           100 PM
 AVERAGE    80

..........................................................


THE DAYTONA BEACH CLIMATE NORMALS FOR TODAY
                         NORMAL    RECORD    YEAR
 MAXIMUM TEMPERATURE (F)   69        82      1941
 MINIMUM TEMPERATURE (F)   48        23      1985


SUNRISE AND SUNSET
DECEMBER 27 2014......SUNRISE   717 AM EST   SUNSET   534 PM EST
DECEMBER 28 2014......SUNRISE   717 AM EST   SUNSET   535 PM EST


-  INDICATES NEGATIVE NUMBERS.
R  INDICATES RECORD WAS SET OR TIED.
MM INDICATES DATA IS MISSING.
T  INDICATES TRACE AMOUNT.




$$
