000
CDUS42 KMLB 060626
CLIDAB


CLIMATE REPORT
NATIONAL WEATHER SERVICE MELBOURNE FL
226 AM EDT MON JUL 6 2015


...................................

...THE DAYTONA BEACH CLIMATE SUMMARY FOR JULY 5 2015...

CLIMATE NORMAL PERIOD 1981 TO 2010
CLIMATE RECORD PERIOD 1923 TO 2015


WEATHER ITEM   OBSERVED TIME   RECORD YEAR NORMAL DEPARTURE LAST
                VALUE   (LST)  VALUE       VALUE  FROM      YEAR
                                                  NORMAL
..................................................................
TEMPERATURE (F)
 YESTERDAY
  MAXIMUM         90    154 PM  96    1970  90      0       89
                                      1953
  MINIMUM         72   1159 PM  66    1984  73     -1       71
  AVERAGE         81                        81      0       80

PRECIPITATION (IN)
  YESTERDAY        0.18          2.40 1933   0.19  -0.01     0.31
  MONTH TO DATE    0.50                      0.95  -0.45     0.68
  SINCE JUN 1      5.89                      6.78  -0.89     4.43
  SINCE JAN 1     20.23                     21.85  -1.62    24.18

SNOWFALL (IN)
  YESTERDAY        0.0
  MONTH TO DATE    0.0
  SINCE JUL 1      0.0

DEGREE DAYS
 HEATING
  YESTERDAY        0                         0      0        0
  MONTH TO DATE    0                         0      0        0
  SINCE JUN 1      0                         0      0        0
  SINCE JUL 1      0                         0      0        0

 COOLING
  YESTERDAY       16                        16      0       15
  MONTH TO DATE   83                        80      3       84
  SINCE JUN 1    580                       527     53      532
  SINCE JAN 1   1493                      1128    365     1198
..................................................................


WIND (MPH)
  HIGHEST WIND SPEED    15   HIGHEST WIND DIRECTION     W (290)
  HIGHEST GUST SPEED    20   HIGHEST GUST DIRECTION     E (110)
  AVERAGE WIND SPEED     4.0


SKY COVER
  AVERAGE SKY COVER 0.8


WEATHER CONDITIONS
 THE FOLLOWING WEATHER WAS RECORDED YESTERDAY.
  THUNDERSTORM
  LIGHT RAIN
  FOG
  HAZE


RELATIVE HUMIDITY (PERCENT)
 HIGHEST    94           100 AM
 LOWEST     59          1100 AM
 AVERAGE    77

..........................................................


THE DAYTONA BEACH CLIMATE NORMALS FOR TODAY
                         NORMAL    RECORD    YEAR
 MAXIMUM TEMPERATURE (F)   90        98      1998
 MINIMUM TEMPERATURE (F)   73        65      1986


SUNRISE AND SUNSET
JULY  6 2015..........SUNRISE   631 AM EDT   SUNSET   827 PM EDT
JULY  7 2015..........SUNRISE   631 AM EDT   SUNSET   827 PM EDT


-  INDICATES NEGATIVE NUMBERS.
R  INDICATES RECORD WAS SET OR TIED.
MM INDICATES DATA IS MISSING.
T  INDICATES TRACE AMOUNT.




$$
