000
CDUS41 KRNK 242127
CLIDAN


CLIMATE REPORT
NATIONAL WEATHER SERVICE BLACKSBURG VA
522 PM EDT SUN MAY 24 2015


...................................

...THE DANVILLE VA CLIMATE SUMMARY FOR MAY 24 2015...
VALID TODAY AS OF 0500 PM LOCAL TIME.

CLIMATE NORMAL PERIOD 1981 TO 2010
CLIMATE RECORD PERIOD 1948 TO 2015


WEATHER ITEM   OBSERVED TIME   RECORD YEAR NORMAL DEPARTURE LAST
                VALUE   (LST)  VALUE       VALUE  FROM      YEAR
                                                  NORMAL
..................................................................
TEMPERATURE (F)
 TODAY
  MAXIMUM         82    358 PM  93    1964  79      3       79
  MINIMUM         50    452 AM  41    2006  58     -8       51
                                      1961
  AVERAGE         66                        68     -2       65

PRECIPITATION (IN)
  TODAY            0.00          1.37 2011   0.13  -0.13     0.00
  MONTH TO DATE    1.09                      2.90  -1.81     3.80
  SINCE MAR 1      6.06                     10.47  -4.41    12.76
  SINCE JAN 1      9.85                     16.90  -7.05    17.88

SNOWFALL (IN)
  TODAY            0.0                                       0.0
  MONTH TO DATE    0.0                                       0.0
  SINCE MAR 1      T                                         5.5
  SINCE JUL 1      9.8                                      13.4
  SNOW DEPTH       0                                         0

DEGREE DAYS
 HEATING
  TODAY            0                         1     -1        0
  MONTH TO DATE   24                        62    -38       35
  SINCE MAR 1    680                       804   -124      889
  SINCE JUL 1   3774                      3805    -31     3894

 COOLING
  TODAY            1                         5     -4        0
  MONTH TO DATE  119                        72     47       99
  SINCE MAR 1    153                       106     47      114
  SINCE JAN 1    153                       106     47      114
..................................................................


WIND (MPH)
  HIGHEST WIND SPEED    14   HIGHEST WIND DIRECTION    SW (230)
  HIGHEST GUST SPEED    18   HIGHEST GUST DIRECTION    SW (240)
  AVERAGE WIND SPEED     4.0


SKY COVER
  AVERAGE SKY COVER 0.0


WEATHER CONDITIONS
 THE FOLLOWING WEATHER WAS RECORDED TODAY.
  NO SIGNIFICANT WEATHER WAS OBSERVED.


RELATIVE HUMIDITY (PERCENT)
 HIGHEST    89           100 AM
 LOWEST     39           200 PM
 AVERAGE    64

..........................................................


THE DANVILLE VA CLIMATE NORMALS FOR TOMORROW
                         NORMAL    RECORD    YEAR
 MAXIMUM TEMPERATURE (F)   79        93      1970
 MINIMUM TEMPERATURE (F)   58        40      2013


SUNRISE AND SUNSET
MAY 24 2015...........SUNRISE   604 AM EDT   SUNSET   824 PM EDT
MAY 25 2015...........SUNRISE   604 AM EDT   SUNSET   825 PM EDT


-  INDICATES NEGATIVE NUMBERS.
R  INDICATES RECORD WAS SET OR TIED.
MM INDICATES DATA IS MISSING.
T  INDICATES TRACE AMOUNT.


REMARKS:
DUE TO EQUIPMENT FAILURE RESULTING IN MISSING TEMPERATURE DATA ON
FEBRUARY 15...THE SEASONAL TOTAL AND DEPARTURE FROM NORMAL FOR HDD
WILL BE CALCULATED WITHOUT DATA FROM THIS DATE. ALSO...DUE TO A
TIPPING BUCKET FAILURE RESULTING IN MISSING PRECIPITATION DATA ON
MARCH 14 AND 19-20...THE SEASONAL AND ANNUAL TOTALS AND DEPARTURES
FROM NORMAL FOR PRECIPITATION WILL BE CALCULATED WITHOUT DATA FROM
THESE DATES.


$$

PW
