000
CDUS41 KRNK 240922
CLIDAN


CLIMATE REPORT
NATIONAL WEATHER SERVICE BLACKSBURG VA
518 AM EDT FRI OCT 24 2014


...................................

...THE DANVILLE VA CLIMATE SUMMARY FOR OCTOBER 23 2014...

CLIMATE NORMAL PERIOD 1981 TO 2010
CLIMATE RECORD PERIOD 1948 TO 2014


WEATHER ITEM   OBSERVED TIME   RECORD YEAR NORMAL DEPARTURE LAST
                VALUE   (LST)  VALUE       VALUE  FROM      YEAR
                                                  NORMAL
..................................................................
TEMPERATURE (F)
 YESTERDAY
  MAXIMUM         70    317 PM  84    1979  68      2       66
  MINIMUM         44    557 AM  25    1974  46     -2       42
  AVERAGE         57                        57      0

PRECIPITATION (IN)
  YESTERDAY        0.00          3.80 1990   0.11  -0.11      T
  MONTH TO DATE    4.12                      2.65   1.47     1.20
  SINCE SEP 1      8.00                      6.61   1.39     2.35
  SINCE JAN 1     37.75                     36.90   0.85    43.66

SNOWFALL (IN)
  YESTERDAY        0.0
  MONTH TO DATE    0.0
  SINCE SEP 1      0.0
  SINCE JUL 1      0.0
  SNOW DEPTH       0

DEGREE DAYS
 HEATING
  YESTERDAY        8                         8      0
  MONTH TO DATE   95                       128    -33
  SINCE SEP 1    107                       156    -49
  SINCE JUL 1    107                       156    -49

 COOLING
  YESTERDAY        0                         1     -1
  MONTH TO DATE   32                        30      2
  SINCE SEP 1    228                       206     22
  SINCE JAN 1   1417                      1433    -16
..................................................................


WIND (MPH)
  HIGHEST WIND SPEED    20   HIGHEST WIND DIRECTION    NW (330)
  HIGHEST GUST SPEED    27   HIGHEST GUST DIRECTION    NW (330)
  AVERAGE WIND SPEED    10.4


SKY COVER
  POSSIBLE SUNSHINE  MM
  AVERAGE SKY COVER 0.0


WEATHER CONDITIONS
 THE FOLLOWING WEATHER WAS RECORDED YESTERDAY.
  NO SIGNIFICANT WEATHER WAS OBSERVED.


RELATIVE HUMIDITY (PERCENT)
 HIGHEST    83           700 AM
 LOWEST     37           200 PM
 AVERAGE    60

..........................................................


THE DANVILLE VA CLIMATE NORMALS FOR TODAY
                         NORMAL    RECORD    YEAR
 MAXIMUM TEMPERATURE (F)   68        84      2012
                                             1978
 MINIMUM TEMPERATURE (F)   46        28      1987


SUNRISE AND SUNSET
OCTOBER 24 2014.......SUNRISE   733 AM EDT   SUNSET   630 PM EDT
OCTOBER 25 2014.......SUNRISE   734 AM EDT   SUNSET   628 PM EDT


-  INDICATES NEGATIVE NUMBERS.
R  INDICATES RECORD WAS SET OR TIED.
MM INDICATES DATA IS MISSING.
T  INDICATES TRACE AMOUNT.



$$
