000
CDUS41 KRNK 310616
CLIDAN


CLIMATE REPORT
NATIONAL WEATHER SERVICE BLACKSBURG VA
213 AM EDT MON AUG 31 2015


...................................

...THE DANVILLE VA CLIMATE SUMMARY FOR AUGUST 30 2015...

CLIMATE NORMAL PERIOD 1981 TO 2010
CLIMATE RECORD PERIOD 1948 TO 2015


WEATHER ITEM   OBSERVED TIME   RECORD YEAR NORMAL DEPARTURE LAST
                VALUE   (LST)  VALUE       VALUE  FROM      YEAR
                                                  NORMAL
..................................................................
TEMPERATURE (F)
 YESTERDAY
  MAXIMUM         85   1214 PM 100    1953  85      0       89
  MINIMUM         66    617 AM  47    1986  66      0       72
  AVERAGE         76                        75      1       81

PRECIPITATION (IN)
  YESTERDAY        0.00          0.91 2006   0.13  -0.13      T
  MONTH TO DATE    2.99                      3.82  -0.83     6.23
  SINCE JUN 1     18.35                     12.26   6.09    11.19
  SINCE JAN 1     28.23                     30.14  -1.91    29.75

SNOWFALL (IN)
  YESTERDAY        0.0                                       0.0
  MONTH TO DATE    0.0                                       0.0
  SINCE JUN 1      0.0                                       0.0
  SINCE JUL 1      0.0                                       0.0
  SNOW DEPTH       0

DEGREE DAYS
 HEATING
  YESTERDAY        0                         0      0        0
  MONTH TO DATE    0                         0      0        0
  SINCE JUN 1      5                         3      2        0
  SINCE JUL 1      0                         0      0        0

 COOLING
  YESTERDAY       11                        10      1       16
  MONTH TO DATE  352                       365    -13      284
  SINCE JUN 1   1155                      1074     81     1012
  SINCE JAN 1   1382                      1218    164     1173
..................................................................


WIND (MPH)
  HIGHEST WIND SPEED     9   HIGHEST WIND DIRECTION     W (260)
  HIGHEST GUST SPEED    10   HIGHEST GUST DIRECTION     W (270)
  AVERAGE WIND SPEED     2.7


SKY COVER
  AVERAGE SKY COVER 0.3


WEATHER CONDITIONS
 THE FOLLOWING WEATHER WAS RECORDED YESTERDAY.
  NO SIGNIFICANT WEATHER WAS OBSERVED.


RELATIVE HUMIDITY (PERCENT)
 HIGHEST    93           400 AM
 LOWEST     48          1200 PM
 AVERAGE    71

..........................................................


THE DANVILLE VA CLIMATE NORMALS FOR TODAY
                         NORMAL    RECORD    YEAR
 MAXIMUM TEMPERATURE (F)   85       101      1953
 MINIMUM TEMPERATURE (F)   65        47      1986


SUNRISE AND SUNSET
AUGUST 31 2015........SUNRISE   648 AM EDT   SUNSET   747 PM EDT
SEPTEMBER  1 2015.....SUNRISE   648 AM EDT   SUNSET   746 PM EDT


-  INDICATES NEGATIVE NUMBERS.
R  INDICATES RECORD WAS SET OR TIED.
MM INDICATES DATA IS MISSING.
T  INDICATES TRACE AMOUNT.

REMARKS:

DUE TO A TIPPING BUCKET FAILURE CAUSING MISSING PRECIPITATION ON
MARCH 14 AND 19-20...THE ANNUAL PRECIPITATION TOTAL AND DEPARTURE
FROM NORMAL WILL BE CALCULATED WITHOUT DATA FROM THESE DATES.

$$

RAB
