000
CDUS41 KRNK 281011
CLIDAN


CLIMATE REPORT
NATIONAL WEATHER SERVICE BLACKSBURG VA
508 AM EST FRI NOV 28 2014


...................................

...THE DANVILLE VA CLIMATE SUMMARY FOR NOVEMBER 27 2014...

CLIMATE NORMAL PERIOD 1981 TO 2010
CLIMATE RECORD PERIOD 1948 TO 2014


WEATHER ITEM   OBSERVED TIME   RECORD YEAR NORMAL DEPARTURE LAST
                VALUE   (LST)  VALUE       VALUE  FROM      YEAR
                                                  NORMAL
..................................................................
TEMPERATURE (F)
 YESTERDAY
  MAXIMUM         48    214 PM  74    1990  56     -8       45
  MINIMUM         35   1153 PM  18    1991  35      0       29
  AVERAGE         42                        45     -3

PRECIPITATION (IN)
  YESTERDAY        0.38          1.04 1999   0.11   0.27     0.56
  MONTH TO DATE    2.72                      3.04  -0.32     2.89
  SINCE SEP 1     10.73                     10.53   0.20     5.24
  SINCE JAN 1     40.48                     40.82  -0.34    46.55

SNOWFALL (IN)
  YESTERDAY        0.0
  MONTH TO DATE    0.0
  SINCE SEP 1      0.0
  SINCE JUL 1      0.0
  SNOW DEPTH       0

DEGREE DAYS
 HEATING
  YESTERDAY       23                        20      3
  MONTH TO DATE  521                       414    107
  SINCE SEP 1    690                       647     43
  SINCE JUL 1    690                       647     43

 COOLING
  YESTERDAY        0                         0      0
  MONTH TO DATE    1                         0      1
  SINCE SEP 1    230                       209     21
  SINCE JAN 1   1419                      1436    -17
..................................................................


WIND (MPH)
  HIGHEST WIND SPEED    16   HIGHEST WIND DIRECTION    NW (300)
  HIGHEST GUST SPEED    23   HIGHEST GUST DIRECTION     W (290)
  AVERAGE WIND SPEED     6.1


SKY COVER
  POSSIBLE SUNSHINE  MM
  AVERAGE SKY COVER 0.9


WEATHER CONDITIONS
 THE FOLLOWING WEATHER WAS RECORDED YESTERDAY.
  LIGHT RAIN
  FOG


RELATIVE HUMIDITY (PERCENT)
 HIGHEST    93           900 AM
 LOWEST     49           400 PM
 AVERAGE    71

..........................................................


THE DANVILLE VA CLIMATE NORMALS FOR TODAY
                         NORMAL    RECORD    YEAR
 MAXIMUM TEMPERATURE (F)   55        81      1963
 MINIMUM TEMPERATURE (F)   34        17      1991


SUNRISE AND SUNSET
NOVEMBER 28 2014......SUNRISE   708 AM EST   SUNSET   502 PM EST
NOVEMBER 29 2014......SUNRISE   709 AM EST   SUNSET   502 PM EST


-  INDICATES NEGATIVE NUMBERS.
R  INDICATES RECORD WAS SET OR TIED.
MM INDICATES DATA IS MISSING.
T  INDICATES TRACE AMOUNT.




$$
