000
CDUS41 KRNK 102207
CLIDAN


CLIMATE REPORT
NATIONAL WEATHER SERVICE BLACKSBURG VA
505 PM EST SAT DEC 10 2016


...................................

...THE DANVILLE VA CLIMATE SUMMARY FOR DECEMBER 10 2016...
VALID TODAY AS OF 0500 PM LOCAL TIME.

CLIMATE NORMAL PERIOD 1981 TO 2010
CLIMATE RECORD PERIOD 1948 TO 2016


WEATHER ITEM   OBSERVED TIME   RECORD YEAR NORMAL DEPARTURE LAST
                VALUE   (LST)  VALUE       VALUE  FROM      YEAR
                                                  NORMAL
..................................................................
TEMPERATURE (F)
 TODAY
  MAXIMUM         40    346 PM  80    2007  51    -11       66
  MINIMUM         16R   726 AM  18    1977  31    -15       39
  AVERAGE         28                        41    -13       53

PRECIPITATION (IN)
  TODAY            0.00          1.20 1978   0.11  -0.11     0.00
  MONTH TO DATE    1.28                      1.14   0.14     0.73
  SINCE DEC 1      1.28                      1.14   0.14     0.73
  SINCE JAN 1     46.49                     42.28   4.21    47.21

SNOWFALL (IN)
  TODAY            0.0                                       0.0
  MONTH TO DATE    0.0                                       0.0
  SINCE DEC 1      0.0                                       0.0
  SINCE JUL 1      0.0                                       0.0
  SNOW DEPTH       0

DEGREE DAYS
 HEATING
  TODAY           37                        24     13       12
  MONTH TO DATE  238                       227     11      187
  SINCE DEC 1    238                       227     11      187
  SINCE JUL 1    808                       936   -128      729

 COOLING
  TODAY            0                         0      0        0
  MONTH TO DATE    0                         0      0        0
  SINCE DEC 1      0                         0      0        0
  SINCE JAN 1   1651                      1439    212     1643
..................................................................


WIND (MPH)
  HIGHEST WIND SPEED    12   HIGHEST WIND DIRECTION     W (260)
  HIGHEST GUST SPEED    15   HIGHEST GUST DIRECTION     W (280)
  AVERAGE WIND SPEED     4.6


SKY COVER
  AVERAGE SKY COVER 0.0


WEATHER CONDITIONS
 THE FOLLOWING WEATHER WAS RECORDED TODAY.
  NO SIGNIFICANT WEATHER WAS OBSERVED.


RELATIVE HUMIDITY (PERCENT)
 HIGHEST    92           700 AM
 LOWEST     33           300 PM
 AVERAGE    63

..........................................................


THE DANVILLE VA CLIMATE NORMALS FOR TOMORROW
                         NORMAL    RECORD    YEAR
 MAXIMUM TEMPERATURE (F)   51        72      2015
 MINIMUM TEMPERATURE (F)   31        14      1962


SUNRISE AND SUNSET
DECEMBER 10 2016......SUNRISE   719 AM EST   SUNSET   502 PM EST
DECEMBER 11 2016......SUNRISE   720 AM EST   SUNSET   502 PM EST


-  INDICATES NEGATIVE NUMBERS.
R  INDICATES RECORD WAS SET OR TIED.
MM INDICATES DATA IS MISSING.
T  INDICATES TRACE AMOUNT.




$$
