000
CDUS41 KRNK 291022
CLIDAN


CLIMATE REPORT
NATIONAL WEATHER SERVICE BLACKSBURG VA
519 AM EST THU JAN 29 2015


...................................

...THE DANVILLE VA CLIMATE SUMMARY FOR JANUARY 28 2015...

CLIMATE NORMAL PERIOD 1981 TO 2010
CLIMATE RECORD PERIOD 1948 TO 2015


WEATHER ITEM   OBSERVED TIME   RECORD YEAR NORMAL DEPARTURE LAST
                VALUE   (LST)  VALUE       VALUE  FROM      YEAR
                                                  NORMAL
..................................................................
TEMPERATURE (F)
 YESTERDAY
  MAXIMUM         46    346 PM  74    1974  47     -1       28
  MINIMUM         24   1159 PM   6    2000  30     -6       18
  AVERAGE         35                        38     -3

PRECIPITATION (IN)
  YESTERDAY        0.00          2.40 1998   0.12  -0.12     0.03
  MONTH TO DATE    1.50                      3.05  -1.55     3.28
  SINCE DEC 1      4.17                      6.32  -2.15     7.51
  SINCE JAN 1      1.50                      3.05  -1.55     3.28

SNOWFALL (IN)
  YESTERDAY        0.0
  MONTH TO DATE    T
  SINCE DEC 1      T
  SINCE JUL 1      T
  SNOW DEPTH       0

DEGREE DAYS
 HEATING
  YESTERDAY       30                        27      3
  MONTH TO DATE  740                       767    -27
  SINCE DEC 1   1401                      1540   -139
  SINCE JUL 1   2161                      2249    -88

 COOLING
  YESTERDAY        0                         0      0
  MONTH TO DATE    0                         0      0
  SINCE DEC 1      0                         0      0
  SINCE JAN 1      0                         0      0
..................................................................


WIND (MPH)
  HIGHEST WIND SPEED    16   HIGHEST WIND DIRECTION    NW (320)
  HIGHEST GUST SPEED    23   HIGHEST GUST DIRECTION    NW (320)
  AVERAGE WIND SPEED     6.0


SKY COVER
  POSSIBLE SUNSHINE  MM
  AVERAGE SKY COVER 0.0


WEATHER CONDITIONS
 THE FOLLOWING WEATHER WAS RECORDED YESTERDAY.
  NO SIGNIFICANT WEATHER WAS OBSERVED.


RELATIVE HUMIDITY (PERCENT)
 HIGHEST    62          1100 PM
 LOWEST     22           400 PM
 AVERAGE    42

..........................................................


THE DANVILLE VA CLIMATE NORMALS FOR TODAY
                         NORMAL    RECORD    YEAR
 MAXIMUM TEMPERATURE (F)   47        76      2002
 MINIMUM TEMPERATURE (F)   30         5      1963


SUNRISE AND SUNSET
JANUARY 29 2015.......SUNRISE   721 AM EST   SUNSET   540 PM EST
JANUARY 30 2015.......SUNRISE   721 AM EST   SUNSET   541 PM EST


-  INDICATES NEGATIVE NUMBERS.
R  INDICATES RECORD WAS SET OR TIED.
MM INDICATES DATA IS MISSING.
T  INDICATES TRACE AMOUNT.


$$
