000
CDUS41 KRNK 211026
CLIDAN


CLIMATE REPORT
NATIONAL WEATHER SERVICE BLACKSBURG VA
520 AM EST SUN DEC 21 2014


...................................

...THE DANVILLE VA CLIMATE SUMMARY FOR DECEMBER 20 2014...

CLIMATE NORMAL PERIOD 1981 TO 2010
CLIMATE RECORD PERIOD 1948 TO 2014


WEATHER ITEM   OBSERVED TIME   RECORD YEAR NORMAL DEPARTURE LAST
                VALUE   (LST)  VALUE       VALUE  FROM      YEAR
                                                  NORMAL
..................................................................
TEMPERATURE (F)
 YESTERDAY
  MAXIMUM         40    417 PM  70    1984  48     -8       67
  MINIMUM         33    757 AM  11    2004  30      3       39
  AVERAGE         37                        39     -2

PRECIPITATION (IN)
  YESTERDAY        T             0.51 1951   0.10  -0.10     0.00
  MONTH TO DATE    0.53                      2.21  -1.68     1.05
  SINCE DEC 1      0.53                      2.21  -1.68     1.05
  SINCE JAN 1     41.01                     43.35  -2.34    47.60

SNOWFALL (IN)
  YESTERDAY        T
  MONTH TO DATE    T
  SINCE DEC 1      T
  SINCE JUL 1      T
  SNOW DEPTH       0

DEGREE DAYS
 HEATING
  YESTERDAY       28                        26      2
  MONTH TO DATE  420                       479    -59
  SINCE DEC 1    420                       479    -59
  SINCE JUL 1   1180                      1188     -8

 COOLING
  YESTERDAY        0                         0      0
  MONTH TO DATE    0                         0      0
  SINCE DEC 1      0                         0      0
  SINCE JAN 1   1419                      1439    -20
..................................................................


WIND (MPH)
  HIGHEST WIND SPEED     9   HIGHEST WIND DIRECTION    NE (60)
  HIGHEST GUST SPEED    13   HIGHEST GUST DIRECTION    NE (40)
  AVERAGE WIND SPEED     3.3


SKY COVER
  POSSIBLE SUNSHINE  MM
  AVERAGE SKY COVER 0.7


WEATHER CONDITIONS
 THE FOLLOWING WEATHER WAS RECORDED YESTERDAY.
  LIGHT RAIN
  LIGHT SNOW


RELATIVE HUMIDITY (PERCENT)
 HIGHEST    82          1100 PM
 LOWEST     59          1200 PM
 AVERAGE    71

..........................................................


THE DANVILLE VA CLIMATE NORMALS FOR TODAY
                         NORMAL    RECORD    YEAR
 MAXIMUM TEMPERATURE (F)   48        73      2013
 MINIMUM TEMPERATURE (F)   30        10      1981


SUNRISE AND SUNSET
DECEMBER 21 2014......SUNRISE   726 AM EST   SUNSET   505 PM EST
DECEMBER 22 2014......SUNRISE   726 AM EST   SUNSET   506 PM EST


-  INDICATES NEGATIVE NUMBERS.
R  INDICATES RECORD WAS SET OR TIED.
MM INDICATES DATA IS MISSING.
T  INDICATES TRACE AMOUNT.



$$
