531
CDUS41 KRNK 280751
CLIDAN


CLIMATE REPORT
NATIONAL WEATHER SERVICE BLACKSBURG VA
349 AM EDT THU JUL 28 2016


...................................

...THE DANVILLE VA CLIMATE SUMMARY FOR JULY 27 2016...

CLIMATE NORMAL PERIOD 1981 TO 2010
CLIMATE RECORD PERIOD 1948 TO 2016


WEATHER ITEM   OBSERVED TIME   RECORD YEAR NORMAL DEPARTURE LAST
                VALUE   (LST)  VALUE       VALUE  FROM      YEAR
                                                  NORMAL
..................................................................
TEMPERATURE (F)
 YESTERDAY
  MAXIMUM         96    400 PM 102    1952  88      8       88
  MINIMUM         72   1159 PM  50    1962  69      3       69
  AVERAGE         84                        78      6       79

PRECIPITATION (IN)
  YESTERDAY        0.91          2.75 1965   0.13   0.78     0.82
  MONTH TO DATE    4.00                      4.02  -0.02     6.42
  SINCE JUN 1     11.70                      7.87   3.83    14.54
  SINCE JAN 1     31.25                     25.75   5.50    24.42

SNOWFALL (IN)
  YESTERDAY        0.0                                       0.0
  MONTH TO DATE    0.0                                       0.0
  SINCE JUN 1      0.0                                       0.0
  SINCE JUL 1      0.0                                       0.0
  SNOW DEPTH       0

DEGREE DAYS
 HEATING
  YESTERDAY        0                         0      0        0
  MONTH TO DATE    0                         0      0        0
  SINCE JUN 1      0                         3     -3        5
  SINCE JUL 1      0                         0      0        0

 COOLING
  YESTERDAY       19                        13      6       14
  MONTH TO DATE  384                       351     33      363
  SINCE JUN 1    660                       648     12      741
  SINCE JAN 1    799                       792      7      968
..................................................................


WIND (MPH)
  HIGHEST WIND SPEED    38   HIGHEST WIND DIRECTION    NW (330)
  HIGHEST GUST SPEED    48   HIGHEST GUST DIRECTION     N (340)
  AVERAGE WIND SPEED     3.4


SKY COVER
  AVERAGE SKY COVER 0.1


WEATHER CONDITIONS
 THE FOLLOWING WEATHER WAS RECORDED YESTERDAY.
  THUNDERSTORM
  HEAVY RAIN
  RAIN
  LIGHT RAIN
  FOG
  FOG W/VISIBILITY <= 1/4 MILE


RELATIVE HUMIDITY (PERCENT)
 HIGHEST   100           600 AM
 LOWEST     46           400 PM
 AVERAGE    73

..........................................................


THE DANVILLE VA CLIMATE NORMALS FOR TODAY
                         NORMAL    RECORD    YEAR
 MAXIMUM TEMPERATURE (F)   87       104      1952
 MINIMUM TEMPERATURE (F)   69        51      1962


SUNRISE AND SUNSET
JULY 28 2016..........SUNRISE   621 AM EDT   SUNSET   826 PM EDT
JULY 29 2016..........SUNRISE   621 AM EDT   SUNSET   826 PM EDT


-  INDICATES NEGATIVE NUMBERS.
R  INDICATES RECORD WAS SET OR TIED.
MM INDICATES DATA IS MISSING.
T  INDICATES TRACE AMOUNT.




$$
