000
CDUS41 KILN 230554
CLIDAY


CLIMATE REPORT
NATIONAL WEATHER SERVICE WILMINGTON OH
145 AM EDT WED JUL 23 2014


...................................

...THE DAYTON OH CLIMATE SUMMARY FOR JULY 22 2014...

CLIMATE NORMAL PERIOD 1981 TO 2010
CLIMATE RECORD PERIOD 1869 TO 2014


WEATHER ITEM   OBSERVED TIME   RECORD YEAR NORMAL DEPARTURE LAST
                VALUE   (LST)  VALUE       VALUE  FROM      YEAR
                                                  NORMAL
..................................................................
TEMPERATURE (F)
 YESTERDAY
  MAXIMUM         89    431 PM 108    1901  84      5       79
  MINIMUM         66    551 AM  50    2007  65      1       69
  AVERAGE         78                        74      4       74

PRECIPITATION (IN)
  YESTERDAY        0.00          1.59 2008   0.13  -0.13     0.45
  MONTH TO DATE    2.91                      3.04  -0.13     2.25
  SINCE JUN 1      6.44                      7.21  -0.77     5.37
  SINCE JAN 1     24.52                     24.25   0.27    19.67

SNOWFALL (IN)
  YESTERDAY        0.0           0.0         0.0    0.0      0.0
  MONTH TO DATE    0.0                       0.0    0.0      0.0
  SINCE JUN 1      0.0                       0.0    0.0      0.0
  SINCE JUL 1      0.0                       0.0    0.0      0.0
  SNOW DEPTH       0

DEGREE DAYS
 HEATING
  YESTERDAY        0                         0      0        0
  MONTH TO DATE    2                         0      2        0
  SINCE JUN 1      4                        22    -18       11
  SINCE JUL 1      2                         0      2        0

 COOLING
  YESTERDAY       13                         9      4        9
  MONTH TO DATE  152                       198    -46      258
  SINCE JUN 1    415                       388     27      466
  SINCE JAN 1    544                       458     86      597
..................................................................


WIND (MPH)
  RESULTANT WIND SPEED   5   RESULTANT WIND DIRECTION  SW (220)
  HIGHEST WIND SPEED    16   HIGHEST WIND DIRECTION    SW (240)
  HIGHEST GUST SPEED    20   HIGHEST GUST DIRECTION     W (260)
  AVERAGE WIND SPEED     5.9



WEATHER CONDITIONS
 THE FOLLOWING WEATHER WAS RECORDED YESTERDAY.
  FOG
  HAZE


RELATIVE HUMIDITY (PERCENT)
 HIGHEST    93           500 AM
 LOWEST     50           100 PM
 AVERAGE    72

..........................................................


THE DAYTON OH CLIMATE NORMALS FOR TODAY
                         NORMAL    RECORD    YEAR
 MAXIMUM TEMPERATURE (F)   84       100      1933
 MINIMUM TEMPERATURE (F)   65        52      1985


SUNRISE AND SUNSET
JULY 23 2014..........SUNRISE   627 AM EDT   SUNSET   859 PM EDT
JULY 24 2014..........SUNRISE   628 AM EDT   SUNSET   858 PM EDT


-  INDICATES NEGATIVE NUMBERS.
R  INDICATES RECORD WAS SET OR TIED.
MM INDICATES DATA IS MISSING.
T  INDICATES TRACE AMOUNT.




$$
