000
CDUS41 KILN 290547
CLIDAY


CLIMATE REPORT
NATIONAL WEATHER SERVICE WILMINGTON OH
145 AM EDT FRI AUG 29 2014


...................................

...THE DAYTON OH CLIMATE SUMMARY FOR AUGUST 28 2014...

CLIMATE NORMAL PERIOD 1981 TO 2010
CLIMATE RECORD PERIOD 1869 TO 2014


WEATHER ITEM   OBSERVED TIME   RECORD YEAR NORMAL DEPARTURE LAST
                VALUE   (LST)  VALUE       VALUE  FROM      YEAR
                                                  NORMAL
..................................................................
TEMPERATURE (F)
 YESTERDAY
  MAXIMUM         81    452 PM  96    1953  82     -1       91
  MINIMUM         64    631 AM  40    1910  61      3       73
                                      1894
  AVERAGE         73                        71      2       82

PRECIPITATION (IN)
  YESTERDAY        0.00          2.47 1912   0.10  -0.10      T
  MONTH TO DATE    2.76                      2.67   0.09     1.38
  SINCE JUN 1      9.52                     10.95  -1.43     8.08
  SINCE JAN 1     27.60                     27.99  -0.39    22.38

SNOWFALL (IN)
  YESTERDAY        0.0           0.0    MM   0.0    0.0      0.0
  MONTH TO DATE    0.0                       0.0    0.0      0.0
  SINCE JUN 1      0.0                       0.0    0.0      0.0
  SINCE JUL 1      0.0                       0.0    0.0      0.0
  SNOW DEPTH       0

DEGREE DAYS
 HEATING
  YESTERDAY        0                         0      0        0
  MONTH TO DATE    3                         0      3        9
  SINCE JUN 1      9                        22    -13       23
  SINCE JUL 1      7                         0      7       12

 COOLING
  YESTERDAY        8                         7      1       17
  MONTH TO DATE  250                       224     26      218
  SINCE JUN 1    705                       693     12      715
  SINCE JAN 1    834                       763     71      846
..................................................................


WIND (MPH)
  RESULTANT WIND SPEED   6   RESULTANT WIND DIRECTION   E (70)
  HIGHEST WIND SPEED    12   HIGHEST WIND DIRECTION    NE (60)
  HIGHEST GUST SPEED    17   HIGHEST GUST DIRECTION     E (110)
  AVERAGE WIND SPEED     6.6



WEATHER CONDITIONS
 THE FOLLOWING WEATHER WAS RECORDED YESTERDAY.
  FOG


RELATIVE HUMIDITY (PERCENT)
 HIGHEST    93           500 AM
 LOWEST     54          1200 PM
 AVERAGE    74

..........................................................


THE DAYTON OH CLIMATE NORMALS FOR TODAY
                         NORMAL    RECORD    YEAR
 MAXIMUM TEMPERATURE (F)   82        96      1953
 MINIMUM TEMPERATURE (F)   61        41      1986


SUNRISE AND SUNSET
AUGUST 29 2014........SUNRISE   702 AM EDT   SUNSET   813 PM EDT
AUGUST 30 2014........SUNRISE   703 AM EDT   SUNSET   811 PM EDT


-  INDICATES NEGATIVE NUMBERS.
R  INDICATES RECORD WAS SET OR TIED.
MM INDICATES DATA IS MISSING.
T  INDICATES TRACE AMOUNT.




$$
