056
CDUS41 KILN 210556
CLIDAY


CLIMATE REPORT
NATIONAL WEATHER SERVICE WILMINGTON OH
149 AM EDT MON AUG 21 2017


...................................

...THE DAYTON OH CLIMATE SUMMARY FOR AUGUST 20 2017...

CLIMATE NORMAL PERIOD 1981 TO 2010
CLIMATE RECORD PERIOD 1869 TO 2017


WEATHER ITEM   OBSERVED TIME   RECORD YEAR NORMAL DEPARTURE LAST
                VALUE   (LST)  VALUE       VALUE  FROM      YEAR
                                                  NORMAL
..................................................................
TEMPERATURE (F)
 YESTERDAY
  MAXIMUM         89    253 PM  98    1983  83      6       83
                                      1962
  MINIMUM         65    511 AM  50    1897  63      2       68
  AVERAGE         77                        72      5       76

PRECIPITATION (IN)
  YESTERDAY        0.00          2.69 2004   0.10  -0.10     0.36
  MONTH TO DATE    1.03                      1.91  -0.88     2.89
  SINCE JUN 1     13.26                     10.19   3.07     9.46
  SINCE JAN 1     35.11                     27.23   7.88    25.68

SNOWFALL (IN)
  YESTERDAY        0.0           0.0    MM   0.0    0.0      0.0
  MONTH TO DATE    0.0                       0.0    0.0      0.0
  SINCE JUN 1      0.0                       0.0    0.0      0.0
  SINCE JUL 1      0.0                       0.0    0.0      0.0
  SNOW DEPTH       0

DEGREE DAYS
 HEATING
  YESTERDAY        0                         0      0        0
  MONTH TO DATE    0                         0      0        0
  SINCE JUN 1     14                        22     -8        7
  SINCE JUL 1      0                         0      0        3

 COOLING
  YESTERDAY       12                         8      4       11
  MONTH TO DATE  147                       166    -19      257
  SINCE JUN 1    616                       635    -19      834
  SINCE JAN 1    708                       705      3      913
..................................................................


WIND (MPH)
  RESULTANT WIND SPEED   4   RESULTANT WIND DIRECTION   S (200)
  HIGHEST WIND SPEED    14   HIGHEST WIND DIRECTION     W (250)
  HIGHEST GUST SPEED    20   HIGHEST GUST DIRECTION    SW (230)
  AVERAGE WIND SPEED     6.5



WEATHER CONDITIONS
 THE FOLLOWING WEATHER WAS RECORDED YESTERDAY.
  NO SIGNIFICANT WEATHER WAS OBSERVED.


RELATIVE HUMIDITY (PERCENT)
 HIGHEST    87           500 AM
 LOWEST     40           500 PM
 AVERAGE    64

..........................................................


THE DAYTON OH CLIMATE NORMALS FOR TODAY
                         NORMAL    RECORD    YEAR
 MAXIMUM TEMPERATURE (F)   83       100      1936
 MINIMUM TEMPERATURE (F)   62        46      1950


SUNRISE AND SUNSET
AUGUST 21 2017........SUNRISE   655 AM EDT   SUNSET   824 PM EDT
AUGUST 22 2017........SUNRISE   655 AM EDT   SUNSET   823 PM EDT


-  INDICATES NEGATIVE NUMBERS.
R  INDICATES RECORD WAS SET OR TIED.
MM INDICATES DATA IS MISSING.
T  INDICATES TRACE AMOUNT.




$$
