000
CDUS41 KILN 200545
CLIDAY


CLIMATE REPORT
NATIONAL WEATHER SERVICE WILMINGTON OH
145 AM EDT SAT SEP 20 2014


...................................

...THE DAYTON OH CLIMATE SUMMARY FOR SEPTEMBER 19 2014...

CLIMATE NORMAL PERIOD 1981 TO 2010
CLIMATE RECORD PERIOD 1869 TO 2014


WEATHER ITEM   OBSERVED TIME   RECORD YEAR NORMAL DEPARTURE LAST
                VALUE   (LST)  VALUE       VALUE  FROM      YEAR
                                                  NORMAL
..................................................................
TEMPERATURE (F)
 YESTERDAY
  MAXIMUM         75    300 PM  95    1908  75      0       79
                                      1895
  MINIMUM         50    651 AM  34    1901  54     -4       67
  AVERAGE         63                        64     -1       73

PRECIPITATION (IN)
  YESTERDAY        0.00          0.94 1966   0.11  -0.11     0.62
  MONTH TO DATE    0.88                      2.11  -1.23     1.08
  SINCE SEP 1      0.88                      2.11  -1.23     1.08
  SINCE JAN 1     28.78                     30.42  -1.64    23.46

SNOWFALL (IN)
  YESTERDAY        0.0          MM      MM   0.0    0.0      0.0
  MONTH TO DATE    0.0                       0.0    0.0      0.0
  SINCE SEP 1      0.0                       0.0    0.0      0.0
  SINCE JUL 1      0.0                       0.0    0.0      0.0
  SNOW DEPTH       0

DEGREE DAYS
 HEATING
  YESTERDAY        2                         3     -1        0
  MONTH TO DATE   49                        32     17       25
  SINCE SEP 1     49                        32     17       25
  SINCE JUL 1     56                        34     22       37

 COOLING
  YESTERDAY        0                         3     -3        8
  MONTH TO DATE   80                        80      0      126
  SINCE SEP 1     80                        80      0      126
  SINCE JAN 1    950                       862     88     1013
..................................................................


WIND (MPH)
  RESULTANT WIND SPEED   6   RESULTANT WIND DIRECTION   E (100)
  HIGHEST WIND SPEED    16   HIGHEST WIND DIRECTION     E (100)
  HIGHEST GUST SPEED    20   HIGHEST GUST DIRECTION    SE (120)
  AVERAGE WIND SPEED     6.5



WEATHER CONDITIONS
 THE FOLLOWING WEATHER WAS RECORDED YESTERDAY.
  NO SIGNIFICANT WEATHER WAS OBSERVED.


RELATIVE HUMIDITY (PERCENT)
 HIGHEST    93           400 AM
 LOWEST     35           200 PM
 AVERAGE    64

..........................................................


THE DAYTON OH CLIMATE NORMALS FOR TODAY
                         NORMAL    RECORD    YEAR
 MAXIMUM TEMPERATURE (F)   74        95      1908
                                             1895
 MINIMUM TEMPERATURE (F)   53        36      1991


SUNRISE AND SUNSET
SEPTEMBER 20 2014.....SUNRISE   722 AM EDT   SUNSET   737 PM EDT
SEPTEMBER 21 2014.....SUNRISE   723 AM EDT   SUNSET   736 PM EDT


-  INDICATES NEGATIVE NUMBERS.
R  INDICATES RECORD WAS SET OR TIED.
MM INDICATES DATA IS MISSING.
T  INDICATES TRACE AMOUNT.




$$
