000
CDUS41 KILN 300552
CLIDAY


CLIMATE REPORT
NATIONAL WEATHER SERVICE WILMINGTON OH
151 AM EDT FRI SEP 30 2016


...................................

...THE DAYTON OH CLIMATE SUMMARY FOR SEPTEMBER 29 2016...

CLIMATE NORMAL PERIOD 1981 TO 2010
CLIMATE RECORD PERIOD 1869 TO 2016


WEATHER ITEM   OBSERVED TIME   RECORD YEAR NORMAL DEPARTURE LAST
                VALUE   (LST)  VALUE       VALUE  FROM      YEAR
                                                  NORMAL
..................................................................
TEMPERATURE (F)
 YESTERDAY
  MAXIMUM         65   1228 PM  94    1953  70     -5       73
  MINIMUM         49    112 AM  34    1951  50     -1       60
  AVERAGE         57                        60     -3       67

PRECIPITATION (IN)
  YESTERDAY        0.07          1.16 1936   0.10  -0.03     0.09
  MONTH TO DATE    3.11                      3.20  -0.09     0.86
  SINCE SEP 1      3.11                      3.20  -0.09     0.86
  SINCE JAN 1     29.64                     31.51  -1.87    30.60

SNOWFALL (IN)
  YESTERDAY        0.0                       0.0    0.0      0.0
  MONTH TO DATE    0.0                       0.0    0.0      0.0
  SINCE SEP 1      0.0                       0.0    0.0      0.0
  SINCE JUL 1      0.0                       0.0    0.0      0.0
  SNOW DEPTH       0

DEGREE DAYS
 HEATING
  YESTERDAY        8                         6      2        0
  MONTH TO DATE   24                        81    -57       23
  SINCE SEP 1     24                        81    -57       23
  SINCE JUL 1     27                        83    -56       32

 COOLING
  YESTERDAY        0                         1     -1        2
  MONTH TO DATE  175                        98     77      165
  SINCE SEP 1    175                        98     77      165
  SINCE JAN 1   1203                       880    323     1066
..................................................................


WIND (MPH)
  RESULTANT WIND SPEED   4   RESULTANT WIND DIRECTION  NE (40)
  HIGHEST WIND SPEED    14   HIGHEST WIND DIRECTION    NE (40)
  HIGHEST GUST SPEED    19   HIGHEST GUST DIRECTION    NE (40)
  AVERAGE WIND SPEED     5.6



WEATHER CONDITIONS
 THE FOLLOWING WEATHER WAS RECORDED YESTERDAY.
  RAIN
  LIGHT RAIN
  FOG
  FOG W/VISIBILITY <= 1/4 MILE


RELATIVE HUMIDITY (PERCENT)
 HIGHEST   100           200 AM
 LOWEST     67          1100 AM
 AVERAGE    84

..........................................................


THE DAYTON OH CLIMATE NORMALS FOR TODAY
                         NORMAL    RECORD    YEAR
 MAXIMUM TEMPERATURE (F)   70        94      1897
 MINIMUM TEMPERATURE (F)   49        30      1899


SUNRISE AND SUNSET
SEPTEMBER 30 2016.....SUNRISE   733 AM EDT   SUNSET   720 PM EDT
OCTOBER  1 2016.......SUNRISE   734 AM EDT   SUNSET   718 PM EDT


-  INDICATES NEGATIVE NUMBERS.
R  INDICATES RECORD WAS SET OR TIED.
MM INDICATES DATA IS MISSING.
T  INDICATES TRACE AMOUNT.




$$
