000
CDUS41 KILN 022052
CLIDAY


CLIMATE REPORT
NATIONAL WEATHER SERVICE WILMINGTON OH
451 PM EDT MON MAY 2 2016


...................................

...THE DAYTON OH CLIMATE SUMMARY FOR MAY 2 2016...
VALID TODAY AS OF 0400 PM LOCAL TIME.

CLIMATE NORMAL PERIOD 1981 TO 2010
CLIMATE RECORD PERIOD 1869 TO 2016


WEATHER ITEM   OBSERVED TIME   RECORD YEAR NORMAL DEPARTURE LAST
                VALUE   (LST)  VALUE       VALUE  FROM      YEAR
                                                  NORMAL
..................................................................
TEMPERATURE (F)
 TODAY
  MAXIMUM         61   1211 AM  87    1959  68     -7       75
                                      1951
                                      1901
  MINIMUM         52    654 AM  31    1994  47      5       50
                                      1961
  AVERAGE         57                        57      0       63

PRECIPITATION (IN)
  TODAY            0.13          2.61 1935   0.14  -0.01     0.00
  MONTH TO DATE    0.70                      0.29   0.41     0.00
  SINCE MAR 1      9.15                      7.72   1.43     9.17
  SINCE JAN 1     13.97                     12.67   1.30    13.53

SNOWFALL (IN)
  TODAY            0.0           0.5  1897   0.0    0.0      0.0
  MONTH TO DATE    0.0                       0.0    0.0      0.0
  SINCE MAR 1      2.1                       4.0   -1.9      5.7
  SINCE JUL 1     12.7                      23.3  -10.6     27.7
  SNOW DEPTH       0

DEGREE DAYS
 HEATING
  TODAY            8                         8      0        2
  MONTH TO DATE    8                        17     -9        8
  SINCE MAR 1    956                      1193   -237     1139
  SINCE JUL 1   4497                      5468   -971     5702

 COOLING
  TODAY            0                         1     -1        0
  MONTH TO DATE    3                         2      1        0
  SINCE MAR 1      7                        12     -5        4
  SINCE JAN 1      7                        12     -5        4
..................................................................


WIND (MPH)
  RESULTANT WIND SPEED   5   RESULTANT WIND DIRECTION   N (350)
  HIGHEST WIND SPEED    21   HIGHEST WIND DIRECTION    SW (230)
  HIGHEST GUST SPEED    25   HIGHEST GUST DIRECTION    SW (220)
  AVERAGE WIND SPEED     6.4


SKY COVER
  POSSIBLE SUNSHINE  MM
  AVERAGE SKY COVER 0.8


WEATHER CONDITIONS
 THE FOLLOWING WEATHER WAS RECORDED TODAY.
  THUNDERSTORM
  RAIN
  LIGHT RAIN
  FOG
  FOG W/VISIBILITY <= 1/4 MILE


RELATIVE HUMIDITY (PERCENT)
 HIGHEST   100           300 AM
 LOWEST     75           200 PM
 AVERAGE    88

..........................................................


THE DAYTON OH CLIMATE NORMALS FOR TOMORROW
                         NORMAL    RECORD    YEAR
 MAXIMUM TEMPERATURE (F)   68        90      1899
 MINIMUM TEMPERATURE (F)   47        32      2005


SUNRISE AND SUNSET
MAY  2 2016...........SUNRISE   635 AM EDT   SUNSET   833 PM EDT
MAY  3 2016...........SUNRISE   634 AM EDT   SUNSET   834 PM EDT


-  INDICATES NEGATIVE NUMBERS.
R  INDICATES RECORD WAS SET OR TIED.
MM INDICATES DATA IS MISSING.
T  INDICATES TRACE AMOUNT.




$$
