359
CDUS41 KILN 170535
CLIDAY


CLIMATE REPORT
NATIONAL WEATHER SERVICE WILMINGTON OH
135 AM EDT TUE OCT 17 2017


...................................

...THE DAYTON OH CLIMATE SUMMARY FOR OCTOBER 16 2017...

CLIMATE NORMAL PERIOD 1981 TO 2010
CLIMATE RECORD PERIOD 1869 TO 2017


WEATHER ITEM   OBSERVED TIME   RECORD YEAR NORMAL DEPARTURE LAST
                VALUE   (LST)  VALUE       VALUE  FROM      YEAR
                                                  NORMAL
..................................................................
TEMPERATURE (F)
 YESTERDAY
  MAXIMUM         60    252 PM  89    1897  64     -4       78
  MINIMUM         42    701 AM  28    1991  44     -2       61
  AVERAGE         51                        54     -3       70

PRECIPITATION (IN)
  YESTERDAY        0.00          1.13 1928   0.09  -0.09     0.00
  MONTH TO DATE    2.52                      1.55   0.97     0.28
  SINCE SEP 1      4.68                      4.85  -0.17     3.56
  SINCE JAN 1     41.79                     33.16   8.63    30.09

SNOWFALL (IN)
  YESTERDAY        0.0          MM      MM   0.0    0.0      0.0
  MONTH TO DATE    0.0                       0.0    0.0      0.0
  SINCE SEP 1      0.0                       0.0    0.0      0.0
  SINCE JUL 1      0.0                       0.0    0.0      0.0
  SNOW DEPTH       0

DEGREE DAYS
 HEATING
  YESTERDAY       14                        11      3        0
  MONTH TO DATE   40                       149   -109       74
  SINCE SEP 1    113                       237   -124      104
  SINCE JUL 1    118                       239   -121      107

 COOLING
  YESTERDAY        0                         0      0        5
  MONTH TO DATE   28                        10     18       19
  SINCE SEP 1    150                       109     41      194
  SINCE JAN 1    899                       891      8     1222
..................................................................


WIND (MPH)
  RESULTANT WIND SPEED   5   RESULTANT WIND DIRECTION  NW (320)
  HIGHEST WIND SPEED    15   HIGHEST WIND DIRECTION    NW (330)
  HIGHEST GUST SPEED    18   HIGHEST GUST DIRECTION     N (340)
  AVERAGE WIND SPEED     6.2



WEATHER CONDITIONS
 THE FOLLOWING WEATHER WAS RECORDED YESTERDAY.
  NO SIGNIFICANT WEATHER WAS OBSERVED.


RELATIVE HUMIDITY (PERCENT)
 HIGHEST   100           100 AM
 LOWEST     47           300 PM
 AVERAGE    74

..........................................................


THE DAYTON OH CLIMATE NORMALS FOR TODAY
                         NORMAL    RECORD    YEAR
 MAXIMUM TEMPERATURE (F)   63        86      1910
 MINIMUM TEMPERATURE (F)   44        25      1977


SUNRISE AND SUNSET
OCTOBER 17 2017.......SUNRISE   750 AM EDT   SUNSET   654 PM EDT
OCTOBER 18 2017.......SUNRISE   751 AM EDT   SUNSET   653 PM EDT


-  INDICATES NEGATIVE NUMBERS.
R  INDICATES RECORD WAS SET OR TIED.
MM INDICATES DATA IS MISSING.
T  INDICATES TRACE AMOUNT.




$$
