000
CDUS43 KDVN 302124
CLIDBQ


CLIMATE REPORT
NATIONAL WEATHER SERVICE QUAD CITIES IA IL
422 PM CDT MON MAY 30 2016


...................................

...THE DUBUQUE IA CLIMATE SUMMARY FOR MAY 30 2016...
VALID TODAY AS OF 0400 PM LOCAL TIME.

CLIMATE NORMAL PERIOD 1981 TO 2010
CLIMATE RECORD PERIOD 1873 TO 2016


WEATHER ITEM   OBSERVED TIME   RECORD YEAR NORMAL DEPARTURE LAST
                VALUE   (LST)  VALUE       VALUE  FROM      YEAR
                                                  NORMAL
..................................................................
TEMPERATURE (F)
 TODAY
  MAXIMUM         83    256 PM  94    1934  74      9       66
  MINIMUM         58    500 AM  37    1965  53      5       48
  AVERAGE         71                        63      8       57

PRECIPITATION (IN)
  TODAY            0.00          1.87 1957   0.15  -0.15     0.07
  MONTH TO DATE    3.79                      4.05  -0.26     5.78
  SINCE MAR 1      9.33                     10.12  -0.79     8.48
  SINCE JAN 1     10.41                     12.73  -2.32    10.77

SNOWFALL (IN)
  TODAY            0.0          MM      MM   0.0    0.0      0.0
  MONTH TO DATE    0.0                       0.1   -0.1      0.0
  SINCE MAR 1      3.3                       8.4   -5.1      4.1
  SINCE JUL 1     34.8                      42.0   -7.2     33.7
  SNOW DEPTH       0

DEGREE DAYS
 HEATING
  TODAY            0                         4     -4        8
  MONTH TO DATE  229                       221      8      171
  SINCE MAR 1   1490                      1649   -159     1526
  SINCE JUL 1   5967                      7042  -1075     7374

 COOLING
  TODAY            6                         2      4        0
  MONTH TO DATE   44                        30     14       36
  SINCE MAR 1     47                        35     12       36
  SINCE JAN 1     47                        35     12       36
..................................................................


WIND (MPH)
  HIGHEST WIND SPEED    12   HIGHEST WIND DIRECTION     N (340)
  HIGHEST GUST SPEED    14   HIGHEST GUST DIRECTION     N (350)
  AVERAGE WIND SPEED     3.7


SKY COVER
  POSSIBLE SUNSHINE  MM
  AVERAGE SKY COVER 0.1


WEATHER CONDITIONS
 THE FOLLOWING WEATHER WAS RECORDED TODAY.
  HAZE


RELATIVE HUMIDITY (PERCENT)
 HIGHEST    93           500 AM
 LOWEST     33           100 PM
 AVERAGE    63

..........................................................


THE DUBUQUE IA CLIMATE NORMALS FOR TOMORROW
                         NORMAL    RECORD    YEAR
 MAXIMUM TEMPERATURE (F)   74       104      1934
 MINIMUM TEMPERATURE (F)   53        36      1897


SUNRISE AND SUNSET
MAY 30 2016...........SUNRISE   529 AM CDT   SUNSET   832 PM CDT
MAY 31 2016...........SUNRISE   529 AM CDT   SUNSET   833 PM CDT


-  INDICATES NEGATIVE NUMBERS.
R  INDICATES RECORD WAS SET OR TIED.
MM INDICATES DATA IS MISSING.
T  INDICATES TRACE AMOUNT.




$$
