000
CDUS43 KDVN 311020
CLIDBQ


CLIMATE REPORT
NATIONAL WEATHER SERVICE QUAD CITIES IA IL
418 AM CST SAT JAN 31 2015


...................................

...THE DUBUQUE IA CLIMATE SUMMARY FOR JANUARY 30 2015...

CLIMATE NORMAL PERIOD 1981 TO 2010
CLIMATE RECORD PERIOD 1873 TO 2015


WEATHER ITEM   OBSERVED TIME   RECORD YEAR NORMAL DEPARTURE LAST
                VALUE   (LST)  VALUE       VALUE  FROM      YEAR
                                                  NORMAL
..................................................................
TEMPERATURE (F)
 YESTERDAY
  MAXIMUM         26    442 PM  52    1890  28     -2       31
  MINIMUM         11    709 AM -25    1951  12     -1        9
  AVERAGE         19                        20     -1       20

PRECIPITATION (IN)
  YESTERDAY        0.00          0.52 1937   0.04  -0.04     0.07
  MONTH TO DATE    0.61                      1.13  -0.52     0.95
  SINCE DEC 1      1.54                      2.97  -1.43     2.19
  SINCE JAN 1      0.61                      1.13  -0.52     0.95

SNOWFALL (IN)
  YESTERDAY        0.0          MM      MM   0.3   -0.3      1.1
  MONTH TO DATE    7.9                       9.6   -1.7     14.1
  SINCE DEC 1      7.9                      21.4  -13.5     32.5
  SINCE JUL 1     11.4                      24.2  -12.8     36.4
  SNOW DEPTH       1

DEGREE DAYS
 HEATING
  YESTERDAY       46                        45      1       45
  MONTH TO DATE 1365                      1378    -13     1657
  SINCE DEC 1   2509                      2688   -179     3183
  SINCE JUL 1   4291                      4188    103     4782

 COOLING
  YESTERDAY        0                         0      0        0
  MONTH TO DATE    0                         0      0        0
  SINCE DEC 1      0                         0      0        0
  SINCE JAN 1      0                         0      0        0
..................................................................


WIND (MPH)
  HIGHEST WIND SPEED    17   HIGHEST WIND DIRECTION     N (350)
  HIGHEST GUST SPEED    22   HIGHEST GUST DIRECTION     N (350)
  AVERAGE WIND SPEED     7.5


SKY COVER
  POSSIBLE SUNSHINE  MM
  AVERAGE SKY COVER 0.1


WEATHER CONDITIONS
 THE FOLLOWING WEATHER WAS RECORDED YESTERDAY.
  NO SIGNIFICANT WEATHER WAS OBSERVED.


RELATIVE HUMIDITY (PERCENT)
 HIGHEST    80           600 AM
 LOWEST     55           300 PM
 AVERAGE    68

..........................................................


THE DUBUQUE IA CLIMATE NORMALS FOR TODAY
                         NORMAL    RECORD    YEAR
 MAXIMUM TEMPERATURE (F)   28        60      1989
 MINIMUM TEMPERATURE (F)   12       -24      1996


SUNRISE AND SUNSET
JANUARY 31 2015.......SUNRISE   718 AM CST   SUNSET   515 PM CST
FEBRUARY  1 2015......SUNRISE   717 AM CST   SUNSET   517 PM CST


-  INDICATES NEGATIVE NUMBERS.
R  INDICATES RECORD WAS SET OR TIED.
MM INDICATES DATA IS MISSING.
T  INDICATES TRACE AMOUNT.




$$
