000
CDUS43 KDVN 220910
CLIDBQ


CLIMATE REPORT
NATIONAL WEATHER SERVICE QUAD CITIES IA IL
409 AM CDT SUN OCT 22 2017


...................................

...THE DUBUQUE IA CLIMATE SUMMARY FOR OCTOBER 21 2017...

CLIMATE NORMAL PERIOD 1981 TO 2010
CLIMATE RECORD PERIOD 1873 TO 2017


WEATHER ITEM   OBSERVED TIME   RECORD YEAR NORMAL DEPARTURE LAST
                VALUE   (LST)  VALUE       VALUE  FROM      YEAR
                                                  NORMAL
..................................................................
TEMPERATURE (F)
 YESTERDAY
  MAXIMUM         76    222 PM  86    1947  58     18       53
  MINIMUM         60    715 AM  16    1952  39     21       33
  AVERAGE         68                        48     20       43

PRECIPITATION (IN)
  YESTERDAY        T             2.24 1965   0.09  -0.09     0.00
  MONTH TO DATE    6.04                      1.80   4.24     1.42
  SINCE SEP 1      7.06                      5.26   1.80     6.59
  SINCE JAN 1     34.48                     31.24   3.24    35.75

SNOWFALL (IN)
  YESTERDAY        0.0          MM      MM   0.0    0.0      0.0
  MONTH TO DATE    0.0                       0.0    0.0      0.0
  SINCE SEP 1      0.0                       0.0    0.0      0.0
  SINCE JUL 1      0.0                       0.0    0.0      0.0
  SNOW DEPTH       0

DEGREE DAYS
 HEATING
  YESTERDAY        0                        17    -17       22
  MONTH TO DATE  136                       283   -147      171
  SINCE SEP 1    225                       434   -209      222
  SINCE JUL 1    251                       461   -210      229

 COOLING
  YESTERDAY        3                         0      3        0
  MONTH TO DATE   12                         4      8       14
  SINCE SEP 1    114                        65     49      101
  SINCE JAN 1    569                       641    -72      781
..................................................................


WIND (MPH)
  HIGHEST WIND SPEED    28   HIGHEST WIND DIRECTION     S (200)
  HIGHEST GUST SPEED    36   HIGHEST GUST DIRECTION     S (180)
  AVERAGE WIND SPEED    16.1


SKY COVER
  POSSIBLE SUNSHINE  MM
  AVERAGE SKY COVER 0.4


WEATHER CONDITIONS
 THE FOLLOWING WEATHER WAS RECORDED YESTERDAY.
  NO SIGNIFICANT WEATHER WAS OBSERVED.


RELATIVE HUMIDITY (PERCENT)
 HIGHEST    81          1100 PM
 LOWEST     54           100 PM
 AVERAGE    68

..........................................................


THE DUBUQUE IA CLIMATE NORMALS FOR TODAY
                         NORMAL    RECORD    YEAR
 MAXIMUM TEMPERATURE (F)   58        83      1947
                                             1899
 MINIMUM TEMPERATURE (F)   38        19      1976


SUNRISE AND SUNSET
OCTOBER 22 2017.......SUNRISE   724 AM CDT   SUNSET   609 PM CDT
OCTOBER 23 2017.......SUNRISE   725 AM CDT   SUNSET   608 PM CDT


-  INDICATES NEGATIVE NUMBERS.
R  INDICATES RECORD WAS SET OR TIED.
MM INDICATES DATA IS MISSING.
T  INDICATES TRACE AMOUNT.




$$
