000
CDUS43 KDVN 161031
CLIDBQ


CLIMATE REPORT
NATIONAL WEATHER SERVICE QUAD CITIES IA IL
429 AM CST SAT DEC 16 2017


...................................

...THE DUBUQUE IA CLIMATE SUMMARY FOR DECEMBER 15 2017...

CLIMATE NORMAL PERIOD 1981 TO 2010
CLIMATE RECORD PERIOD 1873 TO 2017


WEATHER ITEM   OBSERVED TIME   RECORD YEAR NORMAL DEPARTURE LAST
                VALUE   (LST)  VALUE       VALUE  FROM      YEAR
                                                  NORMAL
..................................................................
TEMPERATURE (F)
 YESTERDAY
  MAXIMUM         36   1022 PM  53    1939  30      6        7
  MINIMUM         21    610 AM -19    1989  15      6       -9
  AVERAGE         29                        22      7       -1

PRECIPITATION (IN)
  YESTERDAY        T             1.93 1971   0.06  -0.06     0.00
  MONTH TO DATE    0.39                      1.04  -0.65     0.79
  SINCE DEC 1      0.39                      1.04  -0.65     0.79
  SINCE JAN 1     35.68                     35.49   0.19    40.22

SNOWFALL (IN)
  YESTERDAY        T            MM      MM   0.4   -0.4      0.0
  MONTH TO DATE    1.4                       5.6   -4.2     11.3
  SINCE DEC 1      1.4                       5.6   -4.2     11.3
  SINCE JUL 1      1.4                       8.4   -7.0     11.3
  SNOW DEPTH       T

DEGREE DAYS
 HEATING
  YESTERDAY       36                        43     -7       66
  MONTH TO DATE  542                       599    -57      670
  SINCE DEC 1    542                       599    -57      670
  SINCE JUL 1   1907                      2099   -192     1662

 COOLING
  YESTERDAY        0                         0      0        0
  MONTH TO DATE    0                         0      0        0
  SINCE DEC 1      0                         0      0        0
  SINCE JAN 1    569                       643    -74      781
..................................................................


WIND (MPH)
  HIGHEST WIND SPEED    21   HIGHEST WIND DIRECTION    NW (300)
  HIGHEST GUST SPEED    26   HIGHEST GUST DIRECTION    NW (300)
  AVERAGE WIND SPEED    12.3


SKY COVER
  POSSIBLE SUNSHINE  MM
  AVERAGE SKY COVER 0.9


WEATHER CONDITIONS
 THE FOLLOWING WEATHER WAS RECORDED YESTERDAY.
  LIGHT SNOW
  FOG
  HAZE


RELATIVE HUMIDITY (PERCENT)
 HIGHEST    85           200 PM
 LOWEST     59          1100 PM
 AVERAGE    72

..........................................................


THE DUBUQUE IA CLIMATE NORMALS FOR TODAY
                         NORMAL    RECORD    YEAR
 MAXIMUM TEMPERATURE (F)   30        58      1939
 MINIMUM TEMPERATURE (F)   15       -17      1951


SUNRISE AND SUNSET
DECEMBER 16 2017......SUNRISE   726 AM CST   SUNSET   431 PM CST
DECEMBER 17 2017......SUNRISE   727 AM CST   SUNSET   432 PM CST


-  INDICATES NEGATIVE NUMBERS.
R  INDICATES RECORD WAS SET OR TIED.
MM INDICATES DATA IS MISSING.
T  INDICATES TRACE AMOUNT.




$$
