000
CDUS43 KDVN 260925
CLIDBQ


CLIMATE REPORT
NATIONAL WEATHER SERVICE QUAD CITIES IA IL
422 AM CDT MON JUN 26 2017


...................................

...THE DUBUQUE IA CLIMATE SUMMARY FOR JUNE 25 2017...

CLIMATE NORMAL PERIOD 1981 TO 2010
CLIMATE RECORD PERIOD 1873 TO 2017


WEATHER ITEM   OBSERVED TIME   RECORD YEAR NORMAL DEPARTURE LAST
                VALUE   (LST)  VALUE       VALUE  FROM      YEAR
                                                  NORMAL
..................................................................
TEMPERATURE (F)
 YESTERDAY
  MAXIMUM         66    608 PM 102    1931  81    -15       89
  MINIMUM         49    411 AM  41    2004  61    -12       67
  AVERAGE         58                        71    -13       78

PRECIPITATION (IN)
  YESTERDAY        0.00          1.85 1969   0.14  -0.14     0.00
  MONTH TO DATE    1.69                      3.70  -2.01     6.36
  SINCE JUN 1      1.69                      3.70  -2.01     6.36
  SINCE JAN 1     15.40                     16.57  -1.17    17.31

SNOWFALL (IN)
  YESTERDAY        0.0          MM      MM   0.0    0.0      0.0
  MONTH TO DATE    0.0                       0.0    0.0      0.0
  SINCE JUN 1      0.0                       0.0    0.0      0.0
  SINCE JUL 1     27.2                      41.9  -14.7     34.8
  SNOW DEPTH       0

DEGREE DAYS
 HEATING
  YESTERDAY        7                         1      6        0
  MONTH TO DATE   15                        40    -25        9
  SINCE JUN 1     15                        40    -25        9
  SINCE JUL 1   6067                      7086  -1019     5976

 COOLING
  YESTERDAY        0                         6     -6       13
  MONTH TO DATE  158                       106     52      151
  SINCE JUN 1    158                       106     52      151
  SINCE JAN 1    182                       143     39      202
..................................................................


WIND (MPH)
  HIGHEST WIND SPEED    22   HIGHEST WIND DIRECTION    NW (300)
  HIGHEST GUST SPEED    29   HIGHEST GUST DIRECTION    NW (300)
  AVERAGE WIND SPEED    10.5


SKY COVER
  POSSIBLE SUNSHINE  MM
  AVERAGE SKY COVER 0.3


WEATHER CONDITIONS
 THE FOLLOWING WEATHER WAS RECORDED YESTERDAY.
  NO SIGNIFICANT WEATHER WAS OBSERVED.


RELATIVE HUMIDITY (PERCENT)
 HIGHEST    96           100 AM
 LOWEST     52           600 PM
 AVERAGE    74

..........................................................


THE DUBUQUE IA CLIMATE NORMALS FOR TODAY
                         NORMAL    RECORD    YEAR
 MAXIMUM TEMPERATURE (F)   81       102      1931
 MINIMUM TEMPERATURE (F)   61        47      2004
                                             1926


SUNRISE AND SUNSET
JUNE 26 2017..........SUNRISE   528 AM CDT   SUNSET   844 PM CDT
JUNE 27 2017..........SUNRISE   528 AM CDT   SUNSET   844 PM CDT


-  INDICATES NEGATIVE NUMBERS.
R  INDICATES RECORD WAS SET OR TIED.
MM INDICATES DATA IS MISSING.
T  INDICATES TRACE AMOUNT.




$$
