000
CDUS41 KLWX 060525
CLIDCA


CLIMATE REPORT
NATIONAL WEATHER SERVICE BALTIMORE MD/WASHINGTON DC
1225 AM EST FRI MAR 6 2015


...................................

...THE WASHINGTON NATIONAL DC CLIMATE SUMMARY FOR MARCH 5 2015...

CLIMATE NORMAL PERIOD 1981 TO 2010
CLIMATE RECORD PERIOD 1871 TO 2015


WEATHER ITEM   OBSERVED TIME   RECORD YEAR NORMAL DEPARTURE LAST
                VALUE   (LST)  VALUE       VALUE  FROM      YEAR
                                                  NORMAL
..................................................................
TEMPERATURE (F)
 YESTERDAY
  MAXIMUM         45   1243 AM  83    1976  52     -7       46
  MINIMUM         23   1159 PM   6    1872  35    -12       24
  AVERAGE         34                        43     -9       35

PRECIPITATION (IN)
  YESTERDAY        0.87          1.52 1965   0.10   0.77     0.00
  MONTH TO DATE    1.76                      0.47   1.29     0.78
  SINCE MAR 1      1.76                      0.47   1.29     0.78
  SINCE JAN 1      7.17                      5.90   1.27     7.38

SNOWFALL (IN)
  YESTERDAY        4.8 R         4.4  1888   0.0    4.8
  MONTH TO DATE    4.9                       0.4    4.5
  SINCE JUL 1     18.3                      14.5    3.8
  SNOW DEPTH       0

DEGREE DAYS
 HEATING
  YESTERDAY       31                        22      9       30
  MONTH TO DATE  141                       112     29      158
  SINCE MAR 1    141                       112     29      158
  SINCE JUL 1   3265                      3220     45     3324

 COOLING
  YESTERDAY        0                         0      0        0
  MONTH TO DATE    0                         0      0        0
  SINCE MAR 1      0                         0      0        0
  SINCE JAN 1      0                         0      0        0
..................................................................


WIND (MPH)
  HIGHEST WIND SPEED    21   HIGHEST WIND DIRECTION     N (360)
  HIGHEST GUST SPEED    24   HIGHEST GUST DIRECTION     N (360)
  AVERAGE WIND SPEED    12.7


SKY COVER
  POSSIBLE SUNSHINE  MM
  AVERAGE SKY COVER 1.0


WEATHER CONDITIONS
 THE FOLLOWING WEATHER WAS RECORDED YESTERDAY.
  LIGHT RAIN
  HEAVY SNOW
  SNOW
  LIGHT SNOW
  SLEET
  FOG
  FOG W/VISIBILITY <= 1/4 MILE
  HAZE


RELATIVE HUMIDITY (PERCENT)
 HIGHEST    89          1200 AM
 LOWEST     55          1100 PM
 AVERAGE    72

..........................................................


THE WASHINGTON NATIONAL DC CLIMATE NORMALS FOR TODAY
                         NORMAL    RECORD    YEAR
 MAXIMUM TEMPERATURE (F)   52        81      1961
 MINIMUM TEMPERATURE (F)   35        10      1888


SUNRISE AND SUNSET
MARCH  6 2015.........SUNRISE   634 AM EST   SUNSET   606 PM EST
MARCH  7 2015.........SUNRISE   632 AM EST   SUNSET   607 PM EST


-  INDICATES NEGATIVE NUMBERS.
R  INDICATES RECORD WAS SET OR TIED.
MM INDICATES DATA IS MISSING.
T  INDICATES TRACE AMOUNT.




$$
