000
CDUS41 KALY 310625
CLIDDH


CLIMATE REPORT
NATIONAL WEATHER SERVICE ALBANY NY
224 AM EDT TUE MAY 31 2016


...................................

...THE BENNINGTON VT CLIMATE SUMMARY FOR MAY 30 2016...

CLIMATE NORMAL PERIOD 1981 TO 2010
CLIMATE RECORD PERIOD 9999 TO 9999


WEATHER ITEM   OBSERVED TIME   NORMAL DEPARTURE LAST
                VALUE   (LST)  VALUE  FROM      YEAR
                                      NORMAL
......................................................
TEMPERATURE (F)
 YESTERDAY
  MAXIMUM         84    348 PM  71     13       86
  MINIMUM         62   1159 PM  47     15       58
  AVERAGE         73            59     14       72

PRECIPITATION (IN)
  YESTERDAY        0.04          0.15  -0.11     0.01
  MONTH TO DATE    2.92          3.51  -0.59     0.43
  SINCE MAR 1      8.01          9.93  -1.92     3.61
  SINCE JAN 1     13.05         14.92  -1.87     7.02

DEGREE DAYS
 HEATING
  YESTERDAY        0             7     -7        0
  MONTH TO DATE  295           310    -15      155
  SINCE MAR 1   1703          1882   -179     1935
  SINCE JUL 1   6036          7133  -1097     7437

 COOLING
  YESTERDAY        8             1      7        7
  MONTH TO DATE   40             3     37       64
  SINCE MAR 1     41             6     35       64
  SINCE JAN 1     41             6     35       64
......................................................


WIND (MPH)
  HIGHEST WIND SPEED    13   HIGHEST WIND DIRECTION    SW (220)
  HIGHEST GUST SPEED    18   HIGHEST GUST DIRECTION    SW (210)
  AVERAGE WIND SPEED     3.0


SKY COVER
  AVERAGE SKY COVER 0.4



RELATIVE HUMIDITY (PERCENT)
 HIGHEST    93           500 AM
 LOWEST     47           300 PM
 AVERAGE    70

..........................................................


THE BENNINGTON VT CLIMATE NORMALS FOR TODAY
                         NORMAL
 MAXIMUM TEMPERATURE (F)   71
 MINIMUM TEMPERATURE (F)   48


SUNRISE AND SUNSET
MAY 31 2016...........SUNRISE   517 AM EDT   SUNSET   825 PM EDT
JUNE  1 2016..........SUNRISE   517 AM EDT   SUNSET   825 PM EDT


-  INDICATES NEGATIVE NUMBERS.
R  INDICATES RECORD WAS SET OR TIED.
MM INDICATES DATA IS MISSING.
T  INDICATES TRACE AMOUNT.




$$
