000
CDUS41 KALY 300640
CLIDDH


CLIMATE REPORT
NATIONAL WEATHER SERVICE ALBANY NY
240 AM EDT SAT AUG 30 2014


...................................

...THE BENNINGTON VT CLIMATE SUMMARY FOR AUGUST 29 2014...

CLIMATE NORMAL PERIOD 1981 TO 2010
CLIMATE RECORD PERIOD 9999 TO 9999


WEATHER ITEM   OBSERVED TIME   NORMAL DEPARTURE LAST
                VALUE   (LST)  VALUE  FROM      YEAR
                                      NORMAL
......................................................
TEMPERATURE (F)
 YESTERDAY
  MAXIMUM         76    328 PM  76      0       78
  MINIMUM         47    326 AM  53     -6       58
  AVERAGE         62            64     -2       68

PRECIPITATION (IN)
  YESTERDAY        0.00          0.11  -0.11     0.00
  MONTH TO DATE    1.84          3.77  -1.93     3.42
  SINCE JUN 1     13.12         12.24   0.88    16.31
  SINCE JAN 1     25.95         27.31  -1.36    30.78

DEGREE DAYS
 HEATING
  YESTERDAY        3             2      1        0
  MONTH TO DATE   42            38      4       53
  SINCE JUN 1    100           159    -59      163
  SINCE JUL 1     53            62     -9       63

 COOLING
  YESTERDAY        0             2     -2        3
  MONTH TO DATE   44            91    -47       67
  SINCE JUN 1    230           272    -42      413
  SINCE JAN 1    246           286    -40      445
......................................................


WIND (MPH)
  HIGHEST WIND SPEED     8   HIGHEST WIND DIRECTION     E (90)
  HIGHEST GUST SPEED    14   HIGHEST GUST DIRECTION     N (350)
  AVERAGE WIND SPEED     2.3


SKY COVER
  AVERAGE SKY COVER 0.2



RELATIVE HUMIDITY (PERCENT)
 HIGHEST   100           500 AM
 LOWEST     50           300 PM
 AVERAGE    75

..........................................................


THE BENNINGTON VT CLIMATE NORMALS FOR TODAY
                         NORMAL
 MAXIMUM TEMPERATURE (F)   76
 MINIMUM TEMPERATURE (F)   53


SUNRISE AND SUNSET
AUGUST 30 2014........SUNRISE   615 AM EDT   SUNSET   731 PM EDT
AUGUST 31 2014........SUNRISE   616 AM EDT   SUNSET   729 PM EDT


-  INDICATES NEGATIVE NUMBERS.
R  INDICATES RECORD WAS SET OR TIED.
MM INDICATES DATA IS MISSING.
T  INDICATES TRACE AMOUNT.




$$
