000
CDUS41 KALY 302042
CLIDDH


CLIMATE REPORT
NATIONAL WEATHER SERVICE ALBANY NY
441 PM EDT SAT JUL 30 2016


...................................

...THE BENNINGTON VT CLIMATE SUMMARY FOR JULY 30 2016...
VALID TODAY AS OF 0400 PM LOCAL TIME.

CLIMATE NORMAL PERIOD 1981 TO 2010
CLIMATE RECORD PERIOD 9999 TO 9999


WEATHER ITEM   OBSERVED TIME   NORMAL DEPARTURE LAST
                VALUE   (LST)  VALUE  FROM      YEAR
                                      NORMAL
......................................................
TEMPERATURE (F)
 TODAY
  MAXIMUM         81    253 PM  79      2       87
  MINIMUM         54    439 AM  57     -3       63
  AVERAGE         68            68      0       75

PRECIPITATION (IN)
  TODAY            0.00          0.14  -0.14     0.07
  MONTH TO DATE    1.60          4.20  -2.60     1.99
  SINCE JUN 1      3.34          8.33  -4.99     4.94
  SINCE JAN 1     16.39         23.40  -7.01    12.50

DEGREE DAYS
 HEATING
  TODAY            0             1     -1        0
  MONTH TO DATE   10            30    -20       27
  SINCE JUN 1     79           127    -48      122
  SINCE JUL 1     10            30    -20       27

 COOLING
  TODAY            3             4     -1       10
  MONTH TO DATE  162           119     43      132
  SINCE JUN 1    220           177     43      179
  SINCE JAN 1    262           191     71      243
......................................................


WIND (MPH)
  HIGHEST WIND SPEED     7   HIGHEST WIND DIRECTION     W (280)
  HIGHEST GUST SPEED    11   HIGHEST GUST DIRECTION    NW (320)
  AVERAGE WIND SPEED     2.0


SKY COVER
  AVERAGE SKY COVER 0.1



RELATIVE HUMIDITY (PERCENT)
 HIGHEST    93
 LOWEST     42
 AVERAGE    68

..........................................................


THE BENNINGTON VT CLIMATE NORMALS FOR TOMORROW
                         NORMAL
 MAXIMUM TEMPERATURE (F)   79
 MINIMUM TEMPERATURE (F)   57


SUNRISE AND SUNSET
JULY 30 2016..........SUNRISE   543 AM EDT   SUNSET   816 PM EDT
JULY 31 2016..........SUNRISE   544 AM EDT   SUNSET   814 PM EDT


-  INDICATES NEGATIVE NUMBERS.
R  INDICATES RECORD WAS SET OR TIED.
MM INDICATES DATA IS MISSING.
T  INDICATES TRACE AMOUNT.




$$
